[INFO] fetching crate can-socket 0.3.0...
[INFO] testing can-socket-0.3.0 against nightly-2024-10-28 for randomize-layout
[INFO] extracting crate can-socket 0.3.0 into /workspace/builds/worker-1-tc1/source
[INFO] validating manifest of crates.io crate can-socket 0.3.0 on toolchain nightly-2024-10-28
[INFO] running `Command { std: CARGO_HOME="/workspace/cargo-home" RUSTUP_HOME="/workspace/rustup-home" "/workspace/cargo-home/bin/cargo" "+nightly-2024-10-28" "metadata" "--manifest-path" "Cargo.toml" "--no-deps", kill_on_drop: false }`
[INFO] started tweaking crates.io crate can-socket 0.3.0
[INFO] removed 0 missing examples
[INFO] removed 0 missing tests
[INFO] finished tweaking crates.io crate can-socket 0.3.0
[INFO] tweaked toml for crates.io crate can-socket 0.3.0 written to /workspace/builds/worker-1-tc1/source/Cargo.toml
[INFO] crate crates.io crate can-socket 0.3.0 already has a lockfile, it will not be regenerated
[INFO] running `Command { std: CARGO_HOME="/workspace/cargo-home" RUSTUP_HOME="/workspace/rustup-home" "/workspace/cargo-home/bin/cargo" "+nightly-2024-10-28" "fetch" "--manifest-path" "Cargo.toml", kill_on_drop: false }`
[INFO] [stderr]     Updating crates.io index
[INFO] [stderr]  Downloading crates ...
[INFO] [stderr]   Downloaded toml v0.8.12
[INFO] [stderr]   Downloaded target-triple v0.1.3
[INFO] [stderr]   Downloaded is-terminal v0.4.12
[INFO] [stderr]   Downloaded trybuild v1.0.101
[INFO] [stderr]   Downloaded assert2-macros v0.3.14
[INFO] [stderr]   Downloaded filedesc v0.6.3
[INFO] [stderr]   Downloaded tokio-macros v2.2.0
[INFO] [stderr]   Downloaded yansi v0.5.1
[INFO] [stderr]   Downloaded dissimilar v1.0.8
[INFO] [stderr]   Downloaded getrandom v0.2.14
[INFO] [stderr]   Downloaded assert2 v0.3.14
[INFO] [stderr]   Downloaded socket2 v0.5.6
[INFO] [stderr]   Downloaded toml_edit v0.22.12
[INFO] [stderr]   Downloaded strsim v0.11.0
[INFO] [stderr]   Downloaded syn v2.0.55
[INFO] [stderr]   Downloaded tokio v1.36.0
[INFO] running `Command { std: "docker" "create" "-v" "/var/lib/crater-agent-workspace/builds/worker-1-tc1/target:/opt/rustwide/target:rw,Z" "-v" "/var/lib/crater-agent-workspace/builds/worker-1-tc1/source:/opt/rustwide/workdir:ro,Z" "-v" "/var/lib/crater-agent-workspace/cargo-home:/opt/rustwide/cargo-home:ro,Z" "-v" "/var/lib/crater-agent-workspace/rustup-home:/opt/rustwide/rustup-home:ro,Z" "-e" "SOURCE_DIR=/opt/rustwide/workdir" "-e" "CARGO_TARGET_DIR=/opt/rustwide/target" "-e" "CARGO_HOME=/opt/rustwide/cargo-home" "-e" "RUSTUP_HOME=/opt/rustwide/rustup-home" "-w" "/opt/rustwide/workdir" "-m" "1610612736" "--user" "0:0" "--network" "none" "ghcr.io/rust-lang/crates-build-env/linux@sha256:4a844ea9eb2546a2d2c7022eacef16ef2e8229c7fbb2c7d4d55a9ceca922f72d" "/opt/rustwide/cargo-home/bin/cargo" "+nightly-2024-10-28" "metadata" "--no-deps" "--format-version=1", kill_on_drop: false }`
[INFO] [stdout] 80bc4225ff26a68a392a54ef2440138545e22e150c01a139db51878f5cff2251
[INFO] running `Command { std: "docker" "start" "-a" "80bc4225ff26a68a392a54ef2440138545e22e150c01a139db51878f5cff2251", kill_on_drop: false }`
[INFO] running `Command { std: "docker" "inspect" "80bc4225ff26a68a392a54ef2440138545e22e150c01a139db51878f5cff2251", kill_on_drop: false }`
[INFO] running `Command { std: "docker" "rm" "-f" "80bc4225ff26a68a392a54ef2440138545e22e150c01a139db51878f5cff2251", kill_on_drop: false }`
[INFO] [stdout] 80bc4225ff26a68a392a54ef2440138545e22e150c01a139db51878f5cff2251
[INFO] running `Command { std: "docker" "create" "-v" "/var/lib/crater-agent-workspace/builds/worker-1-tc1/target:/opt/rustwide/target:rw,Z" "-v" "/var/lib/crater-agent-workspace/builds/worker-1-tc1/source:/opt/rustwide/workdir:ro,Z" "-v" "/var/lib/crater-agent-workspace/cargo-home:/opt/rustwide/cargo-home:ro,Z" "-v" "/var/lib/crater-agent-workspace/rustup-home:/opt/rustwide/rustup-home:ro,Z" "-e" "SOURCE_DIR=/opt/rustwide/workdir" "-e" "CARGO_TARGET_DIR=/opt/rustwide/target" "-e" "CARGO_INCREMENTAL=0" "-e" "RUST_BACKTRACE=full" "-e" "RUSTFLAGS=--cap-lints=forbid" "-e" "RUSTDOCFLAGS=--cap-lints=forbid" "-e" "CARGO_HOME=/opt/rustwide/cargo-home" "-e" "RUSTUP_HOME=/opt/rustwide/rustup-home" "-w" "/opt/rustwide/workdir" "-m" "1610612736" "--user" "0:0" "--network" "none" "ghcr.io/rust-lang/crates-build-env/linux@sha256:4a844ea9eb2546a2d2c7022eacef16ef2e8229c7fbb2c7d4d55a9ceca922f72d" "/opt/rustwide/cargo-home/bin/cargo" "+nightly-2024-10-28" "build" "--frozen" "--message-format=json", kill_on_drop: false }`
[INFO] [stdout] 0c75a1c5188bf12c7564386f92acf2a81991e6ec1543e6403aa157151c028e35
[INFO] running `Command { std: "docker" "start" "-a" "0c75a1c5188bf12c7564386f92acf2a81991e6ec1543e6403aa157151c028e35", kill_on_drop: false }`
[INFO] [stderr]    Compiling libc v0.2.153
[INFO] [stderr]    Compiling filedesc v0.6.3
[INFO] [stderr]    Compiling can-socket v0.3.0 (/opt/rustwide/workdir)
[INFO] [stderr]     Finished `dev` profile [unoptimized + debuginfo] target(s) in 0.82s
[INFO] running `Command { std: "docker" "inspect" "0c75a1c5188bf12c7564386f92acf2a81991e6ec1543e6403aa157151c028e35", kill_on_drop: false }`
[INFO] running `Command { std: "docker" "rm" "-f" "0c75a1c5188bf12c7564386f92acf2a81991e6ec1543e6403aa157151c028e35", kill_on_drop: false }`
[INFO] [stdout] 0c75a1c5188bf12c7564386f92acf2a81991e6ec1543e6403aa157151c028e35
[INFO] running `Command { std: "docker" "create" "-v" "/var/lib/crater-agent-workspace/builds/worker-1-tc1/target:/opt/rustwide/target:rw,Z" "-v" "/var/lib/crater-agent-workspace/builds/worker-1-tc1/source:/opt/rustwide/workdir:ro,Z" "-v" "/var/lib/crater-agent-workspace/cargo-home:/opt/rustwide/cargo-home:ro,Z" "-v" "/var/lib/crater-agent-workspace/rustup-home:/opt/rustwide/rustup-home:ro,Z" "-e" "SOURCE_DIR=/opt/rustwide/workdir" "-e" "CARGO_TARGET_DIR=/opt/rustwide/target" "-e" "CARGO_INCREMENTAL=0" "-e" "RUST_BACKTRACE=full" "-e" "RUSTFLAGS=--cap-lints=forbid" "-e" "RUSTDOCFLAGS=--cap-lints=forbid" "-e" "CARGO_HOME=/opt/rustwide/cargo-home" "-e" "RUSTUP_HOME=/opt/rustwide/rustup-home" "-w" "/opt/rustwide/workdir" "-m" "1610612736" "--user" "0:0" "--network" "none" "ghcr.io/rust-lang/crates-build-env/linux@sha256:4a844ea9eb2546a2d2c7022eacef16ef2e8229c7fbb2c7d4d55a9ceca922f72d" "/opt/rustwide/cargo-home/bin/cargo" "+nightly-2024-10-28" "test" "--frozen" "--no-run" "--message-format=json", kill_on_drop: false }`
[INFO] [stdout] 3427ee9a42710e654f79e0df02d66a50027ed6184f49f5457e2c1a773d0503e5
[INFO] running `Command { std: "docker" "start" "-a" "3427ee9a42710e654f79e0df02d66a50027ed6184f49f5457e2c1a773d0503e5", kill_on_drop: false }`
[INFO] [stderr]    Compiling proc-macro2 v1.0.79
[INFO] [stderr]    Compiling unicode-ident v1.0.12
[INFO] [stderr]    Compiling serde v1.0.210
[INFO] [stderr]    Compiling semver v1.0.22
[INFO] [stderr]    Compiling equivalent v1.0.1
[INFO] [stderr]    Compiling hashbrown v0.14.3
[INFO] [stderr]    Compiling syn v1.0.109
[INFO] [stderr]    Compiling byteorder v1.5.0
[INFO] [stderr]    Compiling cfg-if v1.0.0
[INFO] [stderr]    Compiling utf8parse v0.2.1
[INFO] [stderr]    Compiling anstyle v1.0.6
[INFO] [stderr]    Compiling anstyle-query v1.0.2
[INFO] [stderr]    Compiling colorchoice v1.0.0
[INFO] [stderr]    Compiling winnow v0.6.20
[INFO] [stderr]    Compiling target-triple v0.1.3
[INFO] [stderr]    Compiling serde_json v1.0.132
[INFO] [stderr]    Compiling getrandom v0.2.14
[INFO] [stderr]    Compiling itoa v1.0.11
[INFO] [stderr]    Compiling anstyle-parse v0.2.3
[INFO] [stderr]    Compiling heck v0.5.0
[INFO] [stderr]    Compiling strsim v0.11.0
[INFO] [stderr]    Compiling ryu v1.0.18
[INFO] [stderr]    Compiling rand_core v0.6.4
[INFO] [stderr]    Compiling memchr v2.7.2
[INFO] [stderr]    Compiling clap_lex v0.7.0
[INFO] [stderr]    Compiling anstream v0.6.13
[INFO] [stderr]    Compiling is-terminal v0.4.12
[INFO] [stderr]    Compiling num_cpus v1.16.0
[INFO] [stderr]    Compiling glob v0.3.1
[INFO] [stderr]    Compiling diff v0.1.13
[INFO] [stderr]    Compiling pin-project-lite v0.2.13
[INFO] [stderr]    Compiling yansi v0.5.1
[INFO] [stderr]    Compiling termcolor v1.4.1
[INFO] [stderr]    Compiling dissimilar v1.0.8
[INFO] [stderr]    Compiling rustc_version v0.4.0
[INFO] [stderr]    Compiling clap_builder v4.5.2
[INFO] [stderr]    Compiling quote v1.0.35
[INFO] [stderr]    Compiling assert2-macros v0.3.14
[INFO] [stderr]    Compiling indexmap v2.2.6
[INFO] [stderr]    Compiling syn v2.0.55
[INFO] [stderr]    Compiling serde_spanned v0.6.8
[INFO] [stderr]    Compiling toml_datetime v0.6.5
[INFO] [stderr]    Compiling toml_edit v0.22.12
[INFO] [stderr]    Compiling zerocopy-derive v0.7.35
[INFO] [stderr]    Compiling tokio-macros v2.2.0
[INFO] [stderr]    Compiling serde_derive v1.0.210
[INFO] [stderr]    Compiling clap_derive v4.5.4
[INFO] [stderr]    Compiling tokio v1.36.0
[INFO] [stderr]    Compiling zerocopy v0.7.35
[INFO] [stderr]    Compiling assert2 v0.3.14
[INFO] [stderr]    Compiling ppv-lite86 v0.2.20
[INFO] [stderr]    Compiling clap v4.5.4
[INFO] [stderr]    Compiling toml v0.8.12
[INFO] [stderr]    Compiling rand_chacha v0.3.1
[INFO] [stderr]    Compiling rand v0.8.5
[INFO] [stderr]    Compiling trybuild v1.0.101
[INFO] [stderr]    Compiling can-socket v0.3.0 (/opt/rustwide/workdir)
[INFO] [stdout] error[E0432]: unresolved import `can_socket::tokio`
[INFO] [stdout]   --> examples/read-tokio.rs:1:17
[INFO] [stdout]    |
[INFO] [stdout] 1  | use can_socket::tokio::CanSocket;
[INFO] [stdout]    |                 ^^^^^ could not find `tokio` in `can_socket`
[INFO] [stdout]    |
[INFO] [stdout] note: found an item that was configured out
[INFO] [stdout]   --> /opt/rustwide/workdir/src/lib.rs:29:9
[INFO] [stdout]    |
[INFO] [stdout] 29 | pub mod tokio;
[INFO] [stdout]    |         ^^^^^
[INFO] [stdout] note: the item is gated behind the `tokio` feature
[INFO] [stdout]   --> /opt/rustwide/workdir/src/lib.rs:27:7
[INFO] [stdout]    |
[INFO] [stdout] 27 | #[cfg(feature = "tokio")]
[INFO] [stdout]    |       ^^^^^^^^^^^^^^^^^
[INFO] [stdout] 
[INFO] [stdout] 
[INFO] [stdout] error[E0432]: unresolved import `can_socket::tokio`
[INFO] [stdout]   --> examples/write-tokio.rs:2:17
[INFO] [stdout]    |
[INFO] [stdout] 2  | use can_socket::tokio::CanSocket;
[INFO] [stdout]    |                 ^^^^^ could not find `tokio` in `can_socket`
[INFO] [stdout]    |
[INFO] [stdout] note: found an item that was configured out
[INFO] [stdout]   --> /opt/rustwide/workdir/src/lib.rs:29:9
[INFO] [stdout]    |
[INFO] [stdout] 29 | pub mod tokio;
[INFO] [stdout]    |         ^^^^^
[INFO] [stdout] note: the item is gated behind the `tokio` feature
[INFO] [stdout]   --> /opt/rustwide/workdir/src/lib.rs:27:7
[INFO] [stdout]    |
[INFO] [stdout] 27 | #[cfg(feature = "tokio")]
[INFO] [stdout]    |       ^^^^^^^^^^^^^^^^^
[INFO] [stdout] 
[INFO] [stdout] 
[INFO] [stdout] error[E0599]: no method named `full_build` found for struct `TestCases` in the current scope
[INFO] [stdout]  --> tests/compile_fail.rs:4:12
[INFO] [stdout]   |
[INFO] [stdout] 4 |     try_build.full_build(true);
[INFO] [stdout]   |               ^^^^^^^^^^ method not found in `TestCases`
[INFO] [stdout] 
[INFO] [stdout] 
[INFO] [stdout] For more information about this error, try `rustc --explain E0599`.
[INFO] [stdout] 
[INFO] [stderr] error: could not compile `can-socket` (test "compile_fail") due to 1 previous error
[INFO] [stderr] warning: build failed, waiting for other jobs to finish...
[INFO] [stdout] For more information about this error, try `rustc --explain E0432`.
[INFO] [stdout] 
[INFO] [stderr] error: could not compile `can-socket` (example "read-tokio") due to 1 previous error
[INFO] [stdout] For more information about this error, try `rustc --explain E0432`.
[INFO] [stdout] 
[INFO] [stderr] error: could not compile `can-socket` (example "write-tokio") due to 1 previous error
[INFO] running `Command { std: "docker" "inspect" "3427ee9a42710e654f79e0df02d66a50027ed6184f49f5457e2c1a773d0503e5", kill_on_drop: false }`
[INFO] running `Command { std: "docker" "rm" "-f" "3427ee9a42710e654f79e0df02d66a50027ed6184f49f5457e2c1a773d0503e5", kill_on_drop: false }`
[INFO] [stdout] 3427ee9a42710e654f79e0df02d66a50027ed6184f49f5457e2c1a773d0503e5
