[INFO] fetching crate caligula 0.4.7...
[INFO] testing caligula-0.4.7 against nightly-2024-10-28 for randomize-layout
[INFO] extracting crate caligula 0.4.7 into /workspace/builds/worker-5-tc1/source
[INFO] validating manifest of crates.io crate caligula 0.4.7 on toolchain nightly-2024-10-28
[INFO] running `Command { std: CARGO_HOME="/workspace/cargo-home" RUSTUP_HOME="/workspace/rustup-home" "/workspace/cargo-home/bin/cargo" "+nightly-2024-10-28" "metadata" "--manifest-path" "Cargo.toml" "--no-deps", kill_on_drop: false }`
[INFO] removed /workspace/builds/worker-5-tc1/source/.cargo/config.toml
[INFO] started tweaking crates.io crate caligula 0.4.7
[INFO] finished tweaking crates.io crate caligula 0.4.7
[INFO] tweaked toml for crates.io crate caligula 0.4.7 written to /workspace/builds/worker-5-tc1/source/Cargo.toml
[INFO] crate crates.io crate caligula 0.4.7 already has a lockfile, it will not be regenerated
[INFO] running `Command { std: CARGO_HOME="/workspace/cargo-home" RUSTUP_HOME="/workspace/rustup-home" "/workspace/cargo-home/bin/cargo" "+nightly-2024-10-28" "fetch" "--manifest-path" "Cargo.toml", kill_on_drop: false }`
[INFO] [stderr]     Updating crates.io index
[INFO] [stderr]  Downloading crates ...
[INFO] [stderr]   Downloaded tracing-unwrap v1.0.1
[INFO] [stderr]   Downloaded ruzstd v0.6.0
[INFO] [stderr]   Downloaded unicode-truncate v1.0.0
[INFO] [stderr]   Downloaded format-bytes v0.3.0
[INFO] [stderr]   Downloaded doctest-file v1.0.0
[INFO] [stderr]   Downloaded format-bytes-macros v0.4.0
[INFO] [stderr]   Downloaded newline-converter v0.3.0
[INFO] [stderr]   Downloaded base16 v0.2.1
[INFO] [stderr]   Downloaded recvmsg v1.0.0
[INFO] [stderr]   Downloaded yansi v0.5.1
[INFO] [stderr]   Downloaded rstest v0.19.0
[INFO] [stderr]   Downloaded rstest_macros v0.19.0
[INFO] [stderr]   Downloaded inquire v0.7.5
[INFO] [stderr]   Downloaded pretty_assertions v1.4.0
[INFO] [stderr]   Downloaded crossterm v0.25.0
[INFO] [stderr]   Downloaded interprocess v2.1.1
[INFO] [stderr]   Downloaded process_path v0.1.4
[INFO] [stderr]   Downloaded ratatui v0.26.3
[INFO] running `Command { std: "docker" "create" "-v" "/var/lib/crater-agent-workspace/builds/worker-5-tc1/target:/opt/rustwide/target:rw,Z" "-v" "/var/lib/crater-agent-workspace/builds/worker-5-tc1/source:/opt/rustwide/workdir:ro,Z" "-v" "/var/lib/crater-agent-workspace/cargo-home:/opt/rustwide/cargo-home:ro,Z" "-v" "/var/lib/crater-agent-workspace/rustup-home:/opt/rustwide/rustup-home:ro,Z" "-e" "SOURCE_DIR=/opt/rustwide/workdir" "-e" "CARGO_TARGET_DIR=/opt/rustwide/target" "-e" "CARGO_HOME=/opt/rustwide/cargo-home" "-e" "RUSTUP_HOME=/opt/rustwide/rustup-home" "-w" "/opt/rustwide/workdir" "-m" "1610612736" "--user" "0:0" "--network" "none" "ghcr.io/rust-lang/crates-build-env/linux@sha256:4a844ea9eb2546a2d2c7022eacef16ef2e8229c7fbb2c7d4d55a9ceca922f72d" "/opt/rustwide/cargo-home/bin/cargo" "+nightly-2024-10-28" "metadata" "--no-deps" "--format-version=1", kill_on_drop: false }`
[INFO] [stdout] 9b3c91d542a44e330764076f393fa9942de06d01c3baa8ebd588be0c237a7826
[INFO] running `Command { std: "docker" "start" "-a" "9b3c91d542a44e330764076f393fa9942de06d01c3baa8ebd588be0c237a7826", kill_on_drop: false }`
[INFO] running `Command { std: "docker" "inspect" "9b3c91d542a44e330764076f393fa9942de06d01c3baa8ebd588be0c237a7826", kill_on_drop: false }`
[INFO] running `Command { std: "docker" "rm" "-f" "9b3c91d542a44e330764076f393fa9942de06d01c3baa8ebd588be0c237a7826", kill_on_drop: false }`
[INFO] [stdout] 9b3c91d542a44e330764076f393fa9942de06d01c3baa8ebd588be0c237a7826
[INFO] running `Command { std: "docker" "create" "-v" "/var/lib/crater-agent-workspace/builds/worker-5-tc1/target:/opt/rustwide/target:rw,Z" "-v" "/var/lib/crater-agent-workspace/builds/worker-5-tc1/source:/opt/rustwide/workdir:ro,Z" "-v" "/var/lib/crater-agent-workspace/cargo-home:/opt/rustwide/cargo-home:ro,Z" "-v" "/var/lib/crater-agent-workspace/rustup-home:/opt/rustwide/rustup-home:ro,Z" "-e" "SOURCE_DIR=/opt/rustwide/workdir" "-e" "CARGO_TARGET_DIR=/opt/rustwide/target" "-e" "CARGO_INCREMENTAL=0" "-e" "RUST_BACKTRACE=full" "-e" "RUSTFLAGS=--cap-lints=forbid" "-e" "RUSTDOCFLAGS=--cap-lints=forbid" "-e" "CARGO_HOME=/opt/rustwide/cargo-home" "-e" "RUSTUP_HOME=/opt/rustwide/rustup-home" "-w" "/opt/rustwide/workdir" "-m" "1610612736" "--user" "0:0" "--network" "none" "ghcr.io/rust-lang/crates-build-env/linux@sha256:4a844ea9eb2546a2d2c7022eacef16ef2e8229c7fbb2c7d4d55a9ceca922f72d" "/opt/rustwide/cargo-home/bin/cargo" "+nightly-2024-10-28" "build" "--frozen" "--message-format=json", kill_on_drop: false }`
[INFO] [stdout] 9c979e57cb7c6140f4d1b7fe205c0a46c4e3891244e7958c466e4a3d2bfaf242
[INFO] running `Command { std: "docker" "start" "-a" "9c979e57cb7c6140f4d1b7fe205c0a46c4e3891244e7958c466e4a3d2bfaf242", kill_on_drop: false }`
[INFO] [stderr]    Compiling proc-macro2 v1.0.83
[INFO] [stderr]    Compiling libc v0.2.155
[INFO] [stderr]    Compiling autocfg v1.3.0
[INFO] [stderr]    Compiling version_check v0.9.4
[INFO] [stderr]    Compiling bitflags v2.5.0
[INFO] [stderr]    Compiling log v0.4.21
[INFO] [stderr]    Compiling once_cell v1.19.0
[INFO] [stderr]    Compiling syn v1.0.109
[INFO] [stderr]    Compiling cc v1.0.98
[INFO] [stderr]    Compiling either v1.12.0
[INFO] [stderr]    Compiling pin-project-lite v0.2.14
[INFO] [stderr]    Compiling pkg-config v0.3.30
[INFO] [stderr]    Compiling futures-core v0.3.30
[INFO] [stderr]    Compiling rustversion v1.0.17
[INFO] [stderr]    Compiling signal-hook v0.3.17
[INFO] [stderr]    Compiling lazy_static v1.4.0
[INFO] [stderr]    Compiling clang-sys v1.7.0
[INFO] [stderr]    Compiling rustix v0.38.34
[INFO] [stderr]    Compiling regex-syntax v0.8.3
[INFO] [stderr]    Compiling unicode-width v0.1.12
[INFO] [stderr]    Compiling minimal-lexical v0.2.1
[INFO] [stderr]    Compiling home v0.5.9
[INFO] [stderr]    Compiling memchr v2.7.2
[INFO] [stderr]    Compiling tracing-core v0.1.32
[INFO] [stderr]    Compiling generic-array v0.14.7
[INFO] [stderr]    Compiling ahash v0.8.11
[INFO] [stderr]    Compiling lock_api v0.4.12
[INFO] [stderr]    Compiling slab v0.4.9
[INFO] [stderr]    Compiling libloading v0.8.3
[INFO] [stderr]    Compiling utf8parse v0.2.1
[INFO] [stderr]    Compiling serde v1.0.202
[INFO] [stderr]    Compiling futures-sink v0.3.30
[INFO] [stderr]    Compiling zerocopy v0.7.34
[INFO] [stderr]    Compiling bindgen v0.64.0
[INFO] [stderr]    Compiling futures-channel v0.3.30
[INFO] [stderr]    Compiling nom v7.1.3
[INFO] [stderr]    Compiling quote v1.0.36
[INFO] [stderr]    Compiling anstyle-parse v0.2.4
[INFO] [stderr]    Compiling thread_local v1.1.8
[INFO] [stderr]    Compiling syn v2.0.66
[INFO] [stderr]    Compiling allocator-api2 v0.2.18
[INFO] [stderr]    Compiling block-buffer v0.10.4
[INFO] [stderr]    Compiling crypto-common v0.1.6
[INFO] [stderr]    Compiling futures-io v0.3.30
[INFO] [stderr]    Compiling is_terminal_polyfill v1.70.0
[INFO] [stderr]    Compiling digest v0.10.7
[INFO] [stderr]    Compiling unicode-segmentation v1.11.0
[INFO] [stderr]    Compiling futures-task v0.3.30
[INFO] [stderr]    Compiling portable-atomic v1.6.0
[INFO] [stderr]    Compiling peeking_take_while v0.1.2
[INFO] [stderr]    Compiling lazycell v1.3.0
[INFO] [stderr]    Compiling anstyle v1.0.7
[INFO] [stderr]    Compiling anstyle-query v1.0.3
[INFO] [stderr]    Compiling colorchoice v1.0.1
[INFO] [stderr]    Compiling heck v0.4.1
[INFO] [stderr]    Compiling lzma-sys v0.1.20
[INFO] [stderr]    Compiling bzip2-sys v0.1.11+1.0.8
[INFO] [stderr]    Compiling regex-syntax v0.6.29
[INFO] [stderr]    Compiling rustc-hash v1.1.0
[INFO] [stderr]    Compiling anstream v0.6.14
[INFO] [stderr]    Compiling signal-hook-registry v1.4.2
[INFO] [stderr]    Compiling mio v0.8.11
[INFO] [stderr]    Compiling parking_lot_core v0.9.10
[INFO] [stderr]    Compiling parking_lot v0.12.2
[INFO] [stderr]    Compiling which v4.4.2
[INFO] [stderr]    Compiling regex-automata v0.4.6
[INFO] [stderr]    Compiling signal-hook-mio v0.2.3
[INFO] [stderr]    Compiling cexpr v0.6.0
[INFO] [stderr]    Compiling terminal_size v0.3.0
[INFO] [stderr]    Compiling num_cpus v1.16.0
[INFO] [stderr]    Compiling socket2 v0.5.7
[INFO] [stderr]    Compiling hashbrown v0.14.5
[INFO] [stderr]    Compiling castaway v0.2.2
[INFO] [stderr]    Compiling itertools v0.12.1
[INFO] [stderr]    Compiling twox-hash v1.6.3
[INFO] [stderr]    Compiling cpufeatures v0.2.12
[INFO] [stderr]    Compiling thiserror v1.0.61
[INFO] [stderr]    Compiling valuable v0.1.0
[INFO] [stderr]    Compiling bytes v1.6.0
[INFO] [stderr]    Compiling overload v0.1.1
[INFO] [stderr]    Compiling anyhow v1.0.86
[INFO] [stderr]    Compiling serde_json v1.0.117
[INFO] [stderr]    Compiling convert_case v0.4.0
[INFO] [stderr]    Compiling clap_lex v0.7.0
[INFO] [stderr]    Compiling adler v1.0.2
[INFO] [stderr]    Compiling regex-automata v0.1.10
[INFO] [stderr]    Compiling miniz_oxide v0.7.3
[INFO] [stderr]    Compiling clap_builder v4.5.2
[INFO] [stderr]    Compiling nu-ansi-term v0.46.0
[INFO] [stderr]    Compiling lru v0.12.3
[INFO] [stderr]    Compiling compact_str v0.7.1
[INFO] [stderr]    Compiling crossterm v0.25.0
[INFO] [stderr]    Compiling crossterm v0.27.0
[INFO] [stderr]    Compiling regex v1.10.4
[INFO] [stderr]    Compiling matchers v0.1.0
[INFO] [stderr]    Compiling unicode-truncate v1.0.0
[INFO] [stderr]    Compiling console v0.15.8
[INFO] [stderr]    Compiling newline-converter v0.3.0
[INFO] [stderr]    Compiling fxhash v0.2.1
[INFO] [stderr]    Compiling fuzzy-matcher v0.3.7
[INFO] [stderr]    Compiling tracing-log v0.2.0
[INFO] [stderr]    Compiling sharded-slab v0.1.7
[INFO] [stderr]    Compiling crc32fast v1.4.2
[INFO] [stderr]    Compiling doctest-file v1.0.0
[INFO] [stderr]    Compiling dyn-clone v1.0.17
[INFO] [stderr]    Compiling cassowary v0.3.0
[INFO] [stderr]    Compiling number_prefix v0.4.0
[INFO] [stderr]    Compiling inquire v0.7.5
[INFO] [stderr]    Compiling flate2 v1.0.30
[INFO] [stderr]    Compiling bzip2 v0.4.4
[INFO] [stderr]    Compiling indicatif v0.17.8
[INFO] [stderr]    Compiling sha1 v0.10.6
[INFO] [stderr]    Compiling sha2 v0.10.8
[INFO] [stderr]    Compiling lz4_flex v0.11.3
[INFO] [stderr]    Compiling which v6.0.1
[INFO] [stderr]    Compiling process_path v0.1.4
[INFO] [stderr]    Compiling is-terminal v0.4.12
[INFO] [stderr]    Compiling md-5 v0.10.6
[INFO] [stderr]    Compiling aligned-vec v0.5.0
[INFO] [stderr]    Compiling bytesize v1.3.0
[INFO] [stderr]    Compiling shell-words v1.1.0
[INFO] [stderr]    Compiling base16 v0.2.1
[INFO] [stderr]    Compiling base64 v0.22.1
[INFO] [stderr]    Compiling derive_more v0.99.17
[INFO] [stderr]    Compiling format-bytes-macros v0.4.0
[INFO] [stderr]    Compiling valuable-derive v0.1.0
[INFO] [stderr]    Compiling futures-macro v0.3.30
[INFO] [stderr]    Compiling tracing-attributes v0.1.27
[INFO] [stderr]    Compiling serde_derive v1.0.202
[INFO] [stderr]    Compiling strum_macros v0.26.2
[INFO] [stderr]    Compiling tokio-macros v2.2.0
[INFO] [stderr]    Compiling thiserror-impl v1.0.61
[INFO] [stderr]    Compiling clap_derive v4.5.4
[INFO] [stderr]    Compiling stability v0.2.0
[INFO] [stderr]    Compiling format-bytes v0.3.0
[INFO] [stderr]    Compiling tokio v1.37.0
[INFO] [stderr]    Compiling futures-util v0.3.30
[INFO] [stderr]    Compiling tracing v0.1.40
[INFO] [stderr]    Compiling tracing-subscriber v0.3.18
[INFO] [stderr]    Compiling tracing-unwrap v1.0.1
[INFO] [stderr]    Compiling strum v0.26.2
[INFO] [stderr]    Compiling ratatui v0.26.3
[INFO] [stderr]    Compiling clap v4.5.4
[INFO] [stderr]    Compiling xz2 v0.1.7
[INFO] [stderr]    Compiling ruzstd v0.6.0
[INFO] [stderr]    Compiling caligula v0.4.7 (/opt/rustwide/workdir)
[INFO] [stderr]    Compiling futures-executor v0.3.30
[INFO] [stderr]    Compiling futures v0.3.30
[INFO] [stderr]    Compiling bincode v1.3.3
[INFO] [stderr]    Compiling interprocess v2.1.1
[INFO] [stdout] warning: unexpected `cfg` condition value: `std`
[INFO] [stdout]    --> src/compression/zstd_streaming_decoder.rs:130:27
[INFO] [stdout]     |
[INFO] [stdout] 130 |                     #[cfg(feature = "std")]
[INFO] [stdout]     |                           ^^^^^^^^^^^^^^^ help: remove the condition
[INFO] [stdout]     |
[INFO] [stdout]     = note: no expected values for `feature`
[INFO] [stdout]     = help: consider adding `std` as a feature in `Cargo.toml`
[INFO] [stdout]     = note: see <https://doc.rust-lang.org/nightly/rustc/check-cfg/cargo-specifics.html> for more information about checking conditional configuration
[INFO] [stdout]     = note: `#[warn(unexpected_cfgs)]` on by default
[INFO] [stdout] 
[INFO] [stdout] 
[INFO] [stdout] warning: unexpected `cfg` condition value: `std`
[INFO] [stdout]    --> src/compression/zstd_streaming_decoder.rs:134:31
[INFO] [stdout]     |
[INFO] [stdout] 134 |                     #[cfg(not(feature = "std"))]
[INFO] [stdout]     |                               ^^^^^^^^^^^^^^^ help: remove the condition
[INFO] [stdout]     |
[INFO] [stdout]     = note: no expected values for `feature`
[INFO] [stdout]     = help: consider adding `std` as a feature in `Cargo.toml`
[INFO] [stdout]     = note: see <https://doc.rust-lang.org/nightly/rustc/check-cfg/cargo-specifics.html> for more information about checking conditional configuration
[INFO] [stdout] 
[INFO] [stdout] 
[INFO] [stdout] error[E0277]: the trait bound `valuable::Value<'_>: tracing::Value` is not satisfied
[INFO] [stdout]   --> src/escalated_daemon/mod.rs:54:9
[INFO] [stdout]    |
[INFO] [stdout] 54 |         info!(msg = msg.as_value(), "Received SpawnWriter request");
[INFO] [stdout]    |         ^^^^^^^^^^^^^^^^^^^^^^^^^^^^^^^^^^^^^^^^^^^^^^^^^^^^^^^^^^^ the trait `tracing::Value` is not implemented for `valuable::Value<'_>`
[INFO] [stdout]    |
[INFO] [stdout]    = help: the following other types implement trait `tracing::Value`:
[INFO] [stdout]              &'a T
[INFO] [stdout]              &'a mut T
[INFO] [stdout]              (dyn StdError + 'static)
[INFO] [stdout]              (dyn StdError + std::marker::Send + 'static)
[INFO] [stdout]              (dyn StdError + std::marker::Send + std::marker::Sync + 'static)
[INFO] [stdout]              (dyn StdError + std::marker::Sync + 'static)
[INFO] [stdout]              Arguments<'a>
[INFO] [stdout]              Box<T>
[INFO] [stdout]            and 34 others
[INFO] [stdout]    = note: required for the cast from `&valuable::Value<'_>` to `&dyn tracing::Value`
[INFO] [stdout]    = note: this error originates in the macro `$crate::valueset` which comes from the expansion of the macro `info` (in Nightly builds, run with -Z macro-backtrace for more info)
[INFO] [stdout] 
[INFO] [stdout] 
[INFO] [stdout] error[E0277]: the trait bound `valuable::Value<'_>: tracing::Value` is not satisfied
[INFO] [stdout]   --> src/escalated_daemon/mod.rs:54:9
[INFO] [stdout]    |
[INFO] [stdout] 54 |         info!(msg = msg.as_value(), "Received SpawnWriter request");
[INFO] [stdout]    |         ^^^^^^^^^^^^^^^^^^^^^^^^^^^^^^^^^^^^^^^^^^^^^^^^^^^^^^^^^^^ the trait `tracing::Value` is not implemented for `valuable::Value<'_>`
[INFO] [stdout]    |
[INFO] [stdout]    = help: the following other types implement trait `tracing::Value`:
[INFO] [stdout]              &'a T
[INFO] [stdout]              &'a mut T
[INFO] [stdout]              (dyn StdError + 'static)
[INFO] [stdout]              (dyn StdError + std::marker::Send + 'static)
[INFO] [stdout]              (dyn StdError + std::marker::Send + std::marker::Sync + 'static)
[INFO] [stdout]              (dyn StdError + std::marker::Sync + 'static)
[INFO] [stdout]              Arguments<'a>
[INFO] [stdout]              Box<T>
[INFO] [stdout]            and 34 others
[INFO] [stdout]    = note: required for the cast from `&valuable::Value<'_>` to `&dyn tracing::Value`
[INFO] [stdout]    = note: this error originates in the macro `$crate::valueset` which comes from the expansion of the macro `info` (in Nightly builds, run with -Z macro-backtrace for more info)
[INFO] [stdout] 
[INFO] [stdout] 
[INFO] [stdout] error[E0277]: the trait bound `valuable::Value<'_>: tracing::Value` is not satisfied
[INFO] [stdout]    --> src/ui/herder/herder.rs:109:9
[INFO] [stdout]     |
[INFO] [stdout] 109 | /         debug!(
[INFO] [stdout] 110 | |             first_msg = first_msg.as_value(),
[INFO] [stdout] 111 | |             "Read raw result from child"
[INFO] [stdout] 112 | |         );
[INFO] [stdout]     | |_________^ the trait `tracing::Value` is not implemented for `valuable::Value<'_>`
[INFO] [stdout]     |
[INFO] [stdout]     = help: the following other types implement trait `tracing::Value`:
[INFO] [stdout]               &'a T
[INFO] [stdout]               &'a mut T
[INFO] [stdout]               (dyn StdError + 'static)
[INFO] [stdout]               (dyn StdError + std::marker::Send + 'static)
[INFO] [stdout]               (dyn StdError + std::marker::Send + std::marker::Sync + 'static)
[INFO] [stdout]               (dyn StdError + std::marker::Sync + 'static)
[INFO] [stdout]               Arguments<'a>
[INFO] [stdout]               Box<T>
[INFO] [stdout]             and 34 others
[INFO] [stdout]     = note: required for the cast from `&valuable::Value<'_>` to `&dyn tracing::Value`
[INFO] [stdout]     = note: this error originates in the macro `$crate::valueset` which comes from the expansion of the macro `debug` (in Nightly builds, run with -Z macro-backtrace for more info)
[INFO] [stdout] 
[INFO] [stdout] 
[INFO] [stdout] error[E0277]: the trait bound `valuable::Value<'_>: tracing::Value` is not satisfied
[INFO] [stdout]    --> src/ui/herder/herder.rs:109:9
[INFO] [stdout]     |
[INFO] [stdout] 109 | /         debug!(
[INFO] [stdout] 110 | |             first_msg = first_msg.as_value(),
[INFO] [stdout] 111 | |             "Read raw result from child"
[INFO] [stdout] 112 | |         );
[INFO] [stdout]     | |_________^ the trait `tracing::Value` is not implemented for `valuable::Value<'_>`
[INFO] [stdout]     |
[INFO] [stdout]     = help: the following other types implement trait `tracing::Value`:
[INFO] [stdout]               &'a T
[INFO] [stdout]               &'a mut T
[INFO] [stdout]               (dyn StdError + 'static)
[INFO] [stdout]               (dyn StdError + std::marker::Send + 'static)
[INFO] [stdout]               (dyn StdError + std::marker::Send + std::marker::Sync + 'static)
[INFO] [stdout]               (dyn StdError + std::marker::Sync + 'static)
[INFO] [stdout]               Arguments<'a>
[INFO] [stdout]               Box<T>
[INFO] [stdout]             and 34 others
[INFO] [stdout]     = note: required for the cast from `&valuable::Value<'_>` to `&dyn tracing::Value`
[INFO] [stdout]     = note: this error originates in the macro `$crate::valueset` which comes from the expansion of the macro `debug` (in Nightly builds, run with -Z macro-backtrace for more info)
[INFO] [stdout] 
[INFO] [stdout] 
[INFO] [stdout] error[E0277]: the trait bound `valuable::Value<'_>: tracing::Value` is not satisfied
[INFO] [stdout]   --> src/childproc_common.rs:34:5
[INFO] [stdout]    |
[INFO] [stdout] 34 | /     info!(
[INFO] [stdout] 35 | |         ?socket_path,
[INFO] [stdout] 36 | |         args = args.as_value(),
[INFO] [stdout] 37 | |         "We are in child process mode"
[INFO] [stdout] 38 | |     );
[INFO] [stdout]    | |_____^ the trait `tracing::Value` is not implemented for `valuable::Value<'_>`
[INFO] [stdout]    |
[INFO] [stdout]    = help: the following other types implement trait `tracing::Value`:
[INFO] [stdout]              &'a T
[INFO] [stdout]              &'a mut T
[INFO] [stdout]              (dyn StdError + 'static)
[INFO] [stdout]              (dyn StdError + std::marker::Send + 'static)
[INFO] [stdout]              (dyn StdError + std::marker::Send + std::marker::Sync + 'static)
[INFO] [stdout]              (dyn StdError + std::marker::Sync + 'static)
[INFO] [stdout]              Arguments<'a>
[INFO] [stdout]              Box<T>
[INFO] [stdout]            and 34 others
[INFO] [stdout]    = note: required for the cast from `&valuable::Value<'_>` to `&dyn tracing::Value`
[INFO] [stdout]    = note: this error originates in the macro `$crate::valueset` which comes from the expansion of the macro `info` (in Nightly builds, run with -Z macro-backtrace for more info)
[INFO] [stdout] 
[INFO] [stdout] 
[INFO] [stdout] error[E0277]: the trait bound `valuable::Value<'_>: tracing::Value` is not satisfied
[INFO] [stdout]   --> src/childproc_common.rs:34:5
[INFO] [stdout]    |
[INFO] [stdout] 34 | /     info!(
[INFO] [stdout] 35 | |         ?socket_path,
[INFO] [stdout] 36 | |         args = args.as_value(),
[INFO] [stdout] 37 | |         "We are in child process mode"
[INFO] [stdout] 38 | |     );
[INFO] [stdout]    | |_____^ the trait `tracing::Value` is not implemented for `valuable::Value<'_>`
[INFO] [stdout]    |
[INFO] [stdout]    = help: the following other types implement trait `tracing::Value`:
[INFO] [stdout]              &'a T
[INFO] [stdout]              &'a mut T
[INFO] [stdout]              (dyn StdError + 'static)
[INFO] [stdout]              (dyn StdError + std::marker::Send + 'static)
[INFO] [stdout]              (dyn StdError + std::marker::Send + std::marker::Sync + 'static)
[INFO] [stdout]              (dyn StdError + std::marker::Sync + 'static)
[INFO] [stdout]              Arguments<'a>
[INFO] [stdout]              Box<T>
[INFO] [stdout]            and 34 others
[INFO] [stdout]    = note: required for the cast from `&valuable::Value<'_>` to `&dyn tracing::Value`
[INFO] [stdout]    = note: this error originates in the macro `$crate::valueset` which comes from the expansion of the macro `info` (in Nightly builds, run with -Z macro-backtrace for more info)
[INFO] [stdout] 
[INFO] [stdout] 
[INFO] [stdout] For more information about this error, try `rustc --explain E0277`.
[INFO] [stdout] 
[INFO] [stderr] error: could not compile `caligula` (bin "caligula") due to 6 previous errors; 2 warnings emitted
[INFO] running `Command { std: "docker" "inspect" "9c979e57cb7c6140f4d1b7fe205c0a46c4e3891244e7958c466e4a3d2bfaf242", kill_on_drop: false }`
[INFO] running `Command { std: "docker" "rm" "-f" "9c979e57cb7c6140f4d1b7fe205c0a46c4e3891244e7958c466e4a3d2bfaf242", kill_on_drop: false }`
[INFO] [stdout] 9c979e57cb7c6140f4d1b7fe205c0a46c4e3891244e7958c466e4a3d2bfaf242
