[INFO] fetching crate caja 0.2.1...
[INFO] testing caja-0.2.1 against nightly-2024-10-28 for randomize-layout
[INFO] extracting crate caja 0.2.1 into /workspace/builds/worker-5-tc1/source
[INFO] validating manifest of crates.io crate caja 0.2.1 on toolchain nightly-2024-10-28
[INFO] running `Command { std: CARGO_HOME="/workspace/cargo-home" RUSTUP_HOME="/workspace/rustup-home" "/workspace/cargo-home/bin/cargo" "+nightly-2024-10-28" "metadata" "--manifest-path" "Cargo.toml" "--no-deps", kill_on_drop: false }`
[INFO] started tweaking crates.io crate caja 0.2.1
[INFO] finished tweaking crates.io crate caja 0.2.1
[INFO] tweaked toml for crates.io crate caja 0.2.1 written to /workspace/builds/worker-5-tc1/source/Cargo.toml
[INFO] crate crates.io crate caja 0.2.1 already has a lockfile, it will not be regenerated
[INFO] running `Command { std: CARGO_HOME="/workspace/cargo-home" RUSTUP_HOME="/workspace/rustup-home" "/workspace/cargo-home/bin/cargo" "+nightly-2024-10-28" "fetch" "--manifest-path" "Cargo.toml", kill_on_drop: false }`
[INFO] running `Command { std: "docker" "create" "-v" "/var/lib/crater-agent-workspace/builds/worker-5-tc1/target:/opt/rustwide/target:rw,Z" "-v" "/var/lib/crater-agent-workspace/builds/worker-5-tc1/source:/opt/rustwide/workdir:ro,Z" "-v" "/var/lib/crater-agent-workspace/cargo-home:/opt/rustwide/cargo-home:ro,Z" "-v" "/var/lib/crater-agent-workspace/rustup-home:/opt/rustwide/rustup-home:ro,Z" "-e" "SOURCE_DIR=/opt/rustwide/workdir" "-e" "CARGO_TARGET_DIR=/opt/rustwide/target" "-e" "CARGO_HOME=/opt/rustwide/cargo-home" "-e" "RUSTUP_HOME=/opt/rustwide/rustup-home" "-w" "/opt/rustwide/workdir" "-m" "1610612736" "--user" "0:0" "--network" "none" "ghcr.io/rust-lang/crates-build-env/linux@sha256:4a844ea9eb2546a2d2c7022eacef16ef2e8229c7fbb2c7d4d55a9ceca922f72d" "/opt/rustwide/cargo-home/bin/cargo" "+nightly-2024-10-28" "metadata" "--no-deps" "--format-version=1", kill_on_drop: false }`
[INFO] [stdout] 1ec7e05904a8ef0dc94773ad58447c367e83f5a31dccec74711072359e914680
[INFO] running `Command { std: "docker" "start" "-a" "1ec7e05904a8ef0dc94773ad58447c367e83f5a31dccec74711072359e914680", kill_on_drop: false }`
[INFO] running `Command { std: "docker" "inspect" "1ec7e05904a8ef0dc94773ad58447c367e83f5a31dccec74711072359e914680", kill_on_drop: false }`
[INFO] running `Command { std: "docker" "rm" "-f" "1ec7e05904a8ef0dc94773ad58447c367e83f5a31dccec74711072359e914680", kill_on_drop: false }`
[INFO] [stdout] 1ec7e05904a8ef0dc94773ad58447c367e83f5a31dccec74711072359e914680
[INFO] running `Command { std: "docker" "create" "-v" "/var/lib/crater-agent-workspace/builds/worker-5-tc1/target:/opt/rustwide/target:rw,Z" "-v" "/var/lib/crater-agent-workspace/builds/worker-5-tc1/source:/opt/rustwide/workdir:ro,Z" "-v" "/var/lib/crater-agent-workspace/cargo-home:/opt/rustwide/cargo-home:ro,Z" "-v" "/var/lib/crater-agent-workspace/rustup-home:/opt/rustwide/rustup-home:ro,Z" "-e" "SOURCE_DIR=/opt/rustwide/workdir" "-e" "CARGO_TARGET_DIR=/opt/rustwide/target" "-e" "CARGO_INCREMENTAL=0" "-e" "RUST_BACKTRACE=full" "-e" "RUSTFLAGS=--cap-lints=forbid" "-e" "RUSTDOCFLAGS=--cap-lints=forbid" "-e" "CARGO_HOME=/opt/rustwide/cargo-home" "-e" "RUSTUP_HOME=/opt/rustwide/rustup-home" "-w" "/opt/rustwide/workdir" "-m" "1610612736" "--user" "0:0" "--network" "none" "ghcr.io/rust-lang/crates-build-env/linux@sha256:4a844ea9eb2546a2d2c7022eacef16ef2e8229c7fbb2c7d4d55a9ceca922f72d" "/opt/rustwide/cargo-home/bin/cargo" "+nightly-2024-10-28" "build" "--frozen" "--message-format=json", kill_on_drop: false }`
[INFO] [stdout] 01f445b4e5f339da45055a59916d3aed85b752b8dcd0ed579b312bb9e3efcafa
[INFO] running `Command { std: "docker" "start" "-a" "01f445b4e5f339da45055a59916d3aed85b752b8dcd0ed579b312bb9e3efcafa", kill_on_drop: false }`
[INFO] [stderr]    Compiling caja v0.2.1 (/opt/rustwide/workdir)
[INFO] [stderr]     Finished `dev` profile [unoptimized + debuginfo] target(s) in 0.11s
[INFO] running `Command { std: "docker" "inspect" "01f445b4e5f339da45055a59916d3aed85b752b8dcd0ed579b312bb9e3efcafa", kill_on_drop: false }`
[INFO] running `Command { std: "docker" "rm" "-f" "01f445b4e5f339da45055a59916d3aed85b752b8dcd0ed579b312bb9e3efcafa", kill_on_drop: false }`
[INFO] [stdout] 01f445b4e5f339da45055a59916d3aed85b752b8dcd0ed579b312bb9e3efcafa
[INFO] running `Command { std: "docker" "create" "-v" "/var/lib/crater-agent-workspace/builds/worker-5-tc1/target:/opt/rustwide/target:rw,Z" "-v" "/var/lib/crater-agent-workspace/builds/worker-5-tc1/source:/opt/rustwide/workdir:ro,Z" "-v" "/var/lib/crater-agent-workspace/cargo-home:/opt/rustwide/cargo-home:ro,Z" "-v" "/var/lib/crater-agent-workspace/rustup-home:/opt/rustwide/rustup-home:ro,Z" "-e" "SOURCE_DIR=/opt/rustwide/workdir" "-e" "CARGO_TARGET_DIR=/opt/rustwide/target" "-e" "CARGO_INCREMENTAL=0" "-e" "RUST_BACKTRACE=full" "-e" "RUSTFLAGS=--cap-lints=forbid" "-e" "RUSTDOCFLAGS=--cap-lints=forbid" "-e" "CARGO_HOME=/opt/rustwide/cargo-home" "-e" "RUSTUP_HOME=/opt/rustwide/rustup-home" "-w" "/opt/rustwide/workdir" "-m" "1610612736" "--user" "0:0" "--network" "none" "ghcr.io/rust-lang/crates-build-env/linux@sha256:4a844ea9eb2546a2d2c7022eacef16ef2e8229c7fbb2c7d4d55a9ceca922f72d" "/opt/rustwide/cargo-home/bin/cargo" "+nightly-2024-10-28" "test" "--frozen" "--no-run" "--message-format=json", kill_on_drop: false }`
[INFO] [stdout] 92ceb9c2a7a781b0566653bbeaa293f9a88d96bb41db2eb6aeae0996208f3dc8
[INFO] running `Command { std: "docker" "start" "-a" "92ceb9c2a7a781b0566653bbeaa293f9a88d96bb41db2eb6aeae0996208f3dc8", kill_on_drop: false }`
[INFO] [stderr]    Compiling caja v0.2.1 (/opt/rustwide/workdir)
[INFO] [stdout] error[E0599]: no method named `unwrap` found for struct `Caja` in the current scope
[INFO] [stdout]  --> tests/alloc_tests.rs:9:59
[INFO] [stdout]   |
[INFO] [stdout] 9 |     let mut c = caja::Caja::<u8>::new_uninitialized(0xFF).unwrap();
[INFO] [stdout]   |                                                           ^^^^^^ method not found in `Caja<u8>`
[INFO] [stdout] 
[INFO] [stdout] 
[INFO] [stdout] error[E0599]: no method named `unwrap` found for struct `Caja` in the current scope
[INFO] [stdout]  --> examples/exam.rs:8:48
[INFO] [stdout]   |
[INFO] [stdout] 8 |     let bool_caja = Caja::<bool>::new(6, true).unwrap();
[INFO] [stdout]   |                                                ^^^^^^ method not found in `Caja<bool>`
[INFO] [stdout] 
[INFO] [stdout] 
[INFO] [stdout] error[E0599]: no method named `unwrap` found for struct `Caja` in the current scope
[INFO] [stdout]   --> examples/exam.rs:13:48
[INFO] [stdout]    |
[INFO] [stdout] 13 |     let int_caja = Caja::<u32>::new_zeroed(47).unwrap();
[INFO] [stdout]    |                                                ^^^^^^ method not found in `Caja<u32>`
[INFO] [stdout] 
[INFO] [stdout] 
[INFO] [stdout] error[E0599]: no method named `unwrap` found for struct `Caja` in the current scope
[INFO] [stdout]   --> tests/alloc_tests.rs:15:48
[INFO] [stdout]    |
[INFO] [stdout] 15 |     let d = caja::Caja::<u8>::new_zeroed(0xFF).unwrap();
[INFO] [stdout]    |                                                ^^^^^^ method not found in `Caja<u8>`
[INFO] [stdout] 
[INFO] [stdout] 
[INFO] [stdout] error[E0599]: no method named `unwrap` found for struct `Caja` in the current scope
[INFO] [stdout]   --> examples/exam.rs:24:77
[INFO] [stdout]    |
[INFO] [stdout] 24 |     let caja_value = Caja::<f32>::new_uninitialized(some_size_that_changes).unwrap();
[INFO] [stdout]    |                                                                             ^^^^^^ method not found in `Caja<f32>`
[INFO] [stdout] 
[INFO] [stdout] 
[INFO] [stdout] error[E0599]: no method named `unwrap` found for struct `Caja` in the current scope
[INFO] [stdout]   --> tests/alloc_tests.rs:20:47
[INFO] [stdout]    |
[INFO] [stdout] 20 |     let e = caja::Caja::<u8>::new(0xFF, 0xAE).unwrap();
[INFO] [stdout]    |                                               ^^^^^^ method not found in `Caja<u8>`
[INFO] [stdout] 
[INFO] [stdout] 
[INFO] [stdout] For more information about this error, try `rustc --explain E0599`.
[INFO] [stdout] 
[INFO] [stdout] error[E0599]: no method named `unwrap` found for struct `Caja` in the current scope
[INFO] [stdout]   --> tests/alloc_tests.rs:39:61
[INFO] [stdout]    |
[INFO] [stdout] 39 |     let mut caj = caja::Caja::<u16>::new_uninitialized(564).unwrap();
[INFO] [stdout]    |                                                             ^^^^^^ method not found in `Caja<u16>`
[INFO] [stdout] 
[INFO] [stdout] 
[INFO] [stderr] error: could not compile `caja` (example "exam") due to 3 previous errors
[INFO] [stderr] warning: build failed, waiting for other jobs to finish...
[INFO] [stdout] For more information about this error, try `rustc --explain E0599`.
[INFO] [stdout] 
[INFO] [stderr] error: could not compile `caja` (test "alloc_tests") due to 4 previous errors
[INFO] running `Command { std: "docker" "inspect" "92ceb9c2a7a781b0566653bbeaa293f9a88d96bb41db2eb6aeae0996208f3dc8", kill_on_drop: false }`
[INFO] running `Command { std: "docker" "rm" "-f" "92ceb9c2a7a781b0566653bbeaa293f9a88d96bb41db2eb6aeae0996208f3dc8", kill_on_drop: false }`
[INFO] [stdout] 92ceb9c2a7a781b0566653bbeaa293f9a88d96bb41db2eb6aeae0996208f3dc8
