[INFO] fetching crate cairo-lang-starknet-classes 2.9.0-dev.0...
[INFO] testing cairo-lang-starknet-classes-2.9.0-dev.0 against nightly-2024-10-28+rustflags=-Zrandomize-layout for randomize-layout
[INFO] extracting crate cairo-lang-starknet-classes 2.9.0-dev.0 into /workspace/builds/worker-3-tc2/source
[INFO] validating manifest of crates.io crate cairo-lang-starknet-classes 2.9.0-dev.0 on toolchain nightly-2024-10-28
[INFO] running `Command { std: CARGO_HOME="/workspace/cargo-home" RUSTUP_HOME="/workspace/rustup-home" "/workspace/cargo-home/bin/cargo" "+nightly-2024-10-28" "metadata" "--manifest-path" "Cargo.toml" "--no-deps", kill_on_drop: false }`
[INFO] started tweaking crates.io crate cairo-lang-starknet-classes 2.9.0-dev.0
[INFO] finished tweaking crates.io crate cairo-lang-starknet-classes 2.9.0-dev.0
[INFO] tweaked toml for crates.io crate cairo-lang-starknet-classes 2.9.0-dev.0 written to /workspace/builds/worker-3-tc2/source/Cargo.toml
[INFO] running `Command { std: CARGO_HOME="/workspace/cargo-home" RUSTUP_HOME="/workspace/rustup-home" "/workspace/cargo-home/bin/cargo" "+nightly-2024-10-28" "generate-lockfile" "--manifest-path" "Cargo.toml", kill_on_drop: false }`
[INFO] [stderr]     Updating crates.io index
[INFO] [stderr]      Locking 183 packages to latest compatible versions
[INFO] [stderr]       Adding itertools v0.12.1 (available: v0.13.0)
[INFO] [stderr]       Adding smol_str v0.2.2 (available: v0.3.2)
[INFO] running `Command { std: CARGO_HOME="/workspace/cargo-home" RUSTUP_HOME="/workspace/rustup-home" "/workspace/cargo-home/bin/cargo" "+nightly-2024-10-28" "fetch" "--manifest-path" "Cargo.toml", kill_on_drop: false }`
[INFO] running `Command { std: "docker" "create" "-v" "/var/lib/crater-agent-workspace/builds/worker-3-tc2/target:/opt/rustwide/target:rw,Z" "-v" "/var/lib/crater-agent-workspace/builds/worker-3-tc2/source:/opt/rustwide/workdir:ro,Z" "-v" "/var/lib/crater-agent-workspace/cargo-home:/opt/rustwide/cargo-home:ro,Z" "-v" "/var/lib/crater-agent-workspace/rustup-home:/opt/rustwide/rustup-home:ro,Z" "-e" "SOURCE_DIR=/opt/rustwide/workdir" "-e" "CARGO_TARGET_DIR=/opt/rustwide/target" "-e" "CARGO_HOME=/opt/rustwide/cargo-home" "-e" "RUSTUP_HOME=/opt/rustwide/rustup-home" "-w" "/opt/rustwide/workdir" "-m" "1610612736" "--user" "0:0" "--network" "none" "ghcr.io/rust-lang/crates-build-env/linux@sha256:4a844ea9eb2546a2d2c7022eacef16ef2e8229c7fbb2c7d4d55a9ceca922f72d" "/opt/rustwide/cargo-home/bin/cargo" "+nightly-2024-10-28" "metadata" "--no-deps" "--format-version=1", kill_on_drop: false }`
[INFO] [stdout] 513d0fcc33c8cb65c48253e9948e1e69b8eb7c5a910b9fe108eee0be28c5d252
[INFO] running `Command { std: "docker" "start" "-a" "513d0fcc33c8cb65c48253e9948e1e69b8eb7c5a910b9fe108eee0be28c5d252", kill_on_drop: false }`
[INFO] running `Command { std: "docker" "inspect" "513d0fcc33c8cb65c48253e9948e1e69b8eb7c5a910b9fe108eee0be28c5d252", kill_on_drop: false }`
[INFO] running `Command { std: "docker" "rm" "-f" "513d0fcc33c8cb65c48253e9948e1e69b8eb7c5a910b9fe108eee0be28c5d252", kill_on_drop: false }`
[INFO] [stdout] 513d0fcc33c8cb65c48253e9948e1e69b8eb7c5a910b9fe108eee0be28c5d252
[INFO] running `Command { std: "docker" "create" "-v" "/var/lib/crater-agent-workspace/builds/worker-3-tc2/target:/opt/rustwide/target:rw,Z" "-v" "/var/lib/crater-agent-workspace/builds/worker-3-tc2/source:/opt/rustwide/workdir:ro,Z" "-v" "/var/lib/crater-agent-workspace/cargo-home:/opt/rustwide/cargo-home:ro,Z" "-v" "/var/lib/crater-agent-workspace/rustup-home:/opt/rustwide/rustup-home:ro,Z" "-e" "SOURCE_DIR=/opt/rustwide/workdir" "-e" "CARGO_TARGET_DIR=/opt/rustwide/target" "-e" "CARGO_INCREMENTAL=0" "-e" "RUST_BACKTRACE=full" "-e" "RUSTFLAGS=--cap-lints=forbid -Zrandomize-layout" "-e" "RUSTDOCFLAGS=--cap-lints=forbid" "-e" "CARGO_HOME=/opt/rustwide/cargo-home" "-e" "RUSTUP_HOME=/opt/rustwide/rustup-home" "-w" "/opt/rustwide/workdir" "-m" "1610612736" "--user" "0:0" "--network" "none" "ghcr.io/rust-lang/crates-build-env/linux@sha256:4a844ea9eb2546a2d2c7022eacef16ef2e8229c7fbb2c7d4d55a9ceca922f72d" "/opt/rustwide/cargo-home/bin/cargo" "+nightly-2024-10-28" "build" "--frozen" "--message-format=json", kill_on_drop: false }`
[INFO] [stdout] 342010af60bcb5f30ce0a22d2f5cbaf6f4b9c2b371590174dbd6bbcd8c0b2a7f
[INFO] running `Command { std: "docker" "start" "-a" "342010af60bcb5f30ce0a22d2f5cbaf6f4b9c2b371590174dbd6bbcd8c0b2a7f", kill_on_drop: false }`
[INFO] [stderr]    Compiling memchr v2.7.4
[INFO] [stderr]    Compiling indexmap v1.9.3
[INFO] [stderr]    Compiling crunchy v0.2.2
[INFO] [stderr]    Compiling siphasher v0.3.11
[INFO] [stderr]    Compiling schemars v0.8.21
[INFO] [stderr]    Compiling num-integer v0.1.46
[INFO] [stderr]    Compiling dirs-sys-next v0.1.2
[INFO] [stderr]    Compiling zerocopy v0.7.35
[INFO] [stderr]    Compiling tiny-keccak v2.0.2
[INFO] [stderr]    Compiling indexmap v2.6.0
[INFO] [stderr]    Compiling precomputed-hash v0.1.1
[INFO] [stderr]    Compiling crypto-common v0.1.6
[INFO] [stderr]    Compiling serde_derive_internals v0.29.1
[INFO] [stderr]    Compiling allocator-api2 v0.2.18
[INFO] [stderr]    Compiling serde v1.0.214
[INFO] [stderr]    Compiling bit-vec v0.6.3
[INFO] [stderr]    Compiling new_debug_unreachable v1.0.6
[INFO] [stderr]    Compiling ndarray v0.13.1
[INFO] [stderr]    Compiling dyn-clone v1.0.17
[INFO] [stderr]    Compiling dirs-next v2.0.0
[INFO] [stderr]    Compiling digest v0.10.7
[INFO] [stderr]    Compiling term v0.7.0
[INFO] [stderr]    Compiling phf_shared v0.10.0
[INFO] [stderr]    Compiling bit-set v0.5.3
[INFO] [stderr]    Compiling matrixmultiply v0.2.4
[INFO] [stderr]    Compiling num-complex v0.2.4
[INFO] [stderr]    Compiling ena v0.14.3
[INFO] [stderr]    Compiling itertools v0.12.1
[INFO] [stderr]    Compiling itertools v0.11.0
[INFO] [stderr]    Compiling syn v1.0.109
[INFO] [stderr]    Compiling string_cache v0.8.7
[INFO] [stderr]    Compiling pico-args v0.5.0
[INFO] [stderr]    Compiling ahash v0.8.11
[INFO] [stderr]    Compiling unicode-xid v0.2.6
[INFO] [stderr]    Compiling sha2 v0.10.8
[INFO] [stderr]    Compiling ascii-canvas v3.0.0
[INFO] [stderr]    Compiling petgraph v0.6.5
[INFO] [stderr]    Compiling sha3 v0.10.8
[INFO] [stderr]    Compiling num-traits v0.1.43
[INFO] [stderr]    Compiling regex-syntax v0.8.5
[INFO] [stderr]    Compiling lambdaworks-math v0.10.0
[INFO] [stderr]    Compiling rust-analyzer-salsa-macros v0.17.0-pre.6
[INFO] [stderr]    Compiling aho-corasick v1.1.3
[INFO] [stderr]    Compiling thiserror-impl v1.0.66
[INFO] [stderr]    Compiling unicode-segmentation v1.12.0
[INFO] [stderr]    Compiling oorandom v11.1.4
[INFO] [stderr]    Compiling const-fnv1a-hash v1.1.0
[INFO] [stderr]    Compiling indoc v2.0.5
[INFO] [stderr]    Compiling schemars_derive v0.8.21
[INFO] [stderr]    Compiling convert_case v0.6.0
[INFO] [stderr]    Compiling regex-automata v0.4.8
[INFO] [stderr]    Compiling thiserror v1.0.66
[INFO] [stderr]    Compiling derivative v2.2.0
[INFO] [stderr]    Compiling lambdaworks-crypto v0.10.0
[INFO] [stderr]    Compiling serde_json v1.0.132
[INFO] [stderr]    Compiling num-bigint v0.4.6
[INFO] [stderr]    Compiling hashbrown v0.14.5
[INFO] [stderr]    Compiling triomphe v0.1.14
[INFO] [stderr]    Compiling smol_str v0.2.2
[INFO] [stderr]    Compiling sprs v0.7.1
[INFO] [stderr]    Compiling rust-analyzer-salsa v0.17.0-pre.6
[INFO] [stderr]    Compiling starknet-types-core v0.1.7
[INFO] [stderr]    Compiling lalrpop-util v0.20.2
[INFO] [stderr]    Compiling regex v1.11.1
[INFO] [stderr]    Compiling minilp v0.2.2
[INFO] [stderr]    Compiling lalrpop v0.20.2
[INFO] [stderr]    Compiling good_lp v1.8.1
[INFO] [stderr]    Compiling cairo-lang-utils v2.9.0-dev.0
[INFO] [stderr]    Compiling cairo-lang-eq-solver v2.9.0-dev.0
[INFO] [stderr]    Compiling cairo-lang-casm v2.9.0-dev.0
[INFO] [stderr]    Compiling cairo-lang-sierra v2.9.0-dev.0
[INFO] [stderr]    Compiling cairo-lang-sierra-type-size v2.9.0-dev.0
[INFO] [stderr]    Compiling cairo-lang-sierra-ap-change v2.9.0-dev.0
[INFO] [stderr]    Compiling cairo-lang-sierra-gas v2.9.0-dev.0
[INFO] [stderr]    Compiling cairo-lang-sierra-to-casm v2.9.0-dev.0
[INFO] [stderr]    Compiling cairo-lang-starknet-classes v2.9.0-dev.0 (/opt/rustwide/workdir)
[INFO] [stderr]     Finished `dev` profile [unoptimized + debuginfo] target(s) in 35.60s
[INFO] running `Command { std: "docker" "inspect" "342010af60bcb5f30ce0a22d2f5cbaf6f4b9c2b371590174dbd6bbcd8c0b2a7f", kill_on_drop: false }`
[INFO] running `Command { std: "docker" "rm" "-f" "342010af60bcb5f30ce0a22d2f5cbaf6f4b9c2b371590174dbd6bbcd8c0b2a7f", kill_on_drop: false }`
[INFO] [stdout] 342010af60bcb5f30ce0a22d2f5cbaf6f4b9c2b371590174dbd6bbcd8c0b2a7f
[INFO] running `Command { std: "docker" "create" "-v" "/var/lib/crater-agent-workspace/builds/worker-3-tc2/target:/opt/rustwide/target:rw,Z" "-v" "/var/lib/crater-agent-workspace/builds/worker-3-tc2/source:/opt/rustwide/workdir:ro,Z" "-v" "/var/lib/crater-agent-workspace/cargo-home:/opt/rustwide/cargo-home:ro,Z" "-v" "/var/lib/crater-agent-workspace/rustup-home:/opt/rustwide/rustup-home:ro,Z" "-e" "SOURCE_DIR=/opt/rustwide/workdir" "-e" "CARGO_TARGET_DIR=/opt/rustwide/target" "-e" "CARGO_INCREMENTAL=0" "-e" "RUST_BACKTRACE=full" "-e" "RUSTFLAGS=--cap-lints=forbid -Zrandomize-layout" "-e" "RUSTDOCFLAGS=--cap-lints=forbid" "-e" "CARGO_HOME=/opt/rustwide/cargo-home" "-e" "RUSTUP_HOME=/opt/rustwide/rustup-home" "-w" "/opt/rustwide/workdir" "-m" "1610612736" "--user" "0:0" "--network" "none" "ghcr.io/rust-lang/crates-build-env/linux@sha256:4a844ea9eb2546a2d2c7022eacef16ef2e8229c7fbb2c7d4d55a9ceca922f72d" "/opt/rustwide/cargo-home/bin/cargo" "+nightly-2024-10-28" "test" "--frozen" "--no-run" "--message-format=json", kill_on_drop: false }`
[INFO] [stdout] 5d6a729cfb3d6e4d21e01e7b968a3ea7bdc7579be6772fa540f03cb8919e9b6f
[INFO] running `Command { std: "docker" "start" "-a" "5d6a729cfb3d6e4d21e01e7b968a3ea7bdc7579be6772fa540f03cb8919e9b6f", kill_on_drop: false }`
[INFO] [stderr]    Compiling regex-automata v0.4.8
[INFO] [stderr]    Compiling ena v0.14.3
[INFO] [stderr]    Compiling minilp v0.2.2
[INFO] [stderr]    Compiling utf8parse v0.2.2
[INFO] [stderr]    Compiling anstyle v1.0.9
[INFO] [stderr]    Compiling colorchoice v1.0.3
[INFO] [stderr]    Compiling is_terminal_polyfill v1.70.1
[INFO] [stderr]    Compiling anstyle-query v1.1.2
[INFO] [stderr]    Compiling test-case-core v3.3.1
[INFO] [stderr]    Compiling test-log-macros v0.2.16
[INFO] [stderr]    Compiling diff v0.1.13
[INFO] [stderr]    Compiling yansi v1.0.1
[INFO] [stderr]    Compiling anstyle-parse v0.2.6
[INFO] [stderr]    Compiling pretty_assertions v1.4.1
[INFO] [stderr]    Compiling anstream v0.6.17
[INFO] [stderr]    Compiling good_lp v1.8.1
[INFO] [stderr]    Compiling test-case-macros v3.3.1
[INFO] [stderr]    Compiling cairo-lang-eq-solver v2.9.0-dev.0
[INFO] [stderr]    Compiling test-case v3.3.1
[INFO] [stderr]    Compiling lalrpop-util v0.20.2
[INFO] [stderr]    Compiling regex v1.11.1
[INFO] [stderr]    Compiling lalrpop v0.20.2
[INFO] [stderr]    Compiling env_filter v0.1.2
[INFO] [stderr]    Compiling env_logger v0.11.5
[INFO] [stderr]    Compiling test-log v0.2.16
[INFO] [stderr]    Compiling cairo-lang-sierra v2.9.0-dev.0
[INFO] [stderr]    Compiling cairo-lang-sierra-type-size v2.9.0-dev.0
[INFO] [stderr]    Compiling cairo-lang-sierra-gas v2.9.0-dev.0
[INFO] [stderr]    Compiling cairo-lang-sierra-ap-change v2.9.0-dev.0
[INFO] [stderr]    Compiling cairo-lang-sierra-to-casm v2.9.0-dev.0
[INFO] [stderr]    Compiling cairo-lang-starknet-classes v2.9.0-dev.0 (/opt/rustwide/workdir)
[INFO] [stdout] error[E0433]: failed to resolve: use of undeclared crate or module `cairo_lang_sierra_generator`
[INFO] [stdout]  --> src/felt252_serde_test.rs:6:5
[INFO] [stdout]   |
[INFO] [stdout] 6 | use cairo_lang_sierra_generator::canonical_id_replacer::CanonicalReplacer;
[INFO] [stdout]   |     ^^^^^^^^^^^^^^^^^^^^^^^^^^^ use of undeclared crate or module `cairo_lang_sierra_generator`
[INFO] [stdout]   |
[INFO] [stdout] help: there is a crate or module with a similar name
[INFO] [stdout]   |
[INFO] [stdout] 6 | use cairo_lang_sierra_to_casm::canonical_id_replacer::CanonicalReplacer;
[INFO] [stdout]   |     ~~~~~~~~~~~~~~~~~~~~~~~~~
[INFO] [stdout] 
[INFO] [stdout] 
[INFO] [stdout] error[E0433]: failed to resolve: use of undeclared crate or module `cairo_lang_sierra_generator`
[INFO] [stdout]  --> src/felt252_serde_test.rs:7:5
[INFO] [stdout]   |
[INFO] [stdout] 7 | use cairo_lang_sierra_generator::replace_ids::SierraIdReplacer;
[INFO] [stdout]   |     ^^^^^^^^^^^^^^^^^^^^^^^^^^^ use of undeclared crate or module `cairo_lang_sierra_generator`
[INFO] [stdout]   |
[INFO] [stdout] help: there is a crate or module with a similar name
[INFO] [stdout]   |
[INFO] [stdout] 7 | use cairo_lang_sierra_to_casm::replace_ids::SierraIdReplacer;
[INFO] [stdout]   |     ~~~~~~~~~~~~~~~~~~~~~~~~~
[INFO] [stdout] 
[INFO] [stdout] 
[INFO] [stdout] error[E0433]: failed to resolve: use of undeclared crate or module `cairo_lang_test_utils`
[INFO] [stdout]  --> src/contract_segmentation_test.rs:3:5
[INFO] [stdout]   |
[INFO] [stdout] 3 | use cairo_lang_test_utils::parse_test_file::{TestFileRunner, TestRunnerResult};
[INFO] [stdout]   |     ^^^^^^^^^^^^^^^^^^^^^ use of undeclared crate or module `cairo_lang_test_utils`
[INFO] [stdout]   |
[INFO] [stdout] help: there is a crate or module with a similar name
[INFO] [stdout]   |
[INFO] [stdout] 3 | use cairo_lang_utils::parse_test_file::{TestFileRunner, TestRunnerResult};
[INFO] [stdout]   |     ~~~~~~~~~~~~~~~~
[INFO] [stdout] 
[INFO] [stdout] 
[INFO] [stdout] error[E0432]: unresolved import `cairo_lang_test_utils`
[INFO] [stdout]  --> src/casm_contract_class_test.rs:5:5
[INFO] [stdout]   |
[INFO] [stdout] 5 | use cairo_lang_test_utils::compare_contents_or_fix_with_path;
[INFO] [stdout]   |     ^^^^^^^^^^^^^^^^^^^^^ use of undeclared crate or module `cairo_lang_test_utils`
[INFO] [stdout]   |
[INFO] [stdout] help: there is a crate or module with a similar name
[INFO] [stdout]   |
[INFO] [stdout] 5 | use cairo_lang_utils::compare_contents_or_fix_with_path;
[INFO] [stdout]   |     ~~~~~~~~~~~~~~~~
[INFO] [stdout] 
[INFO] [stdout] 
[INFO] [stdout] error[E0433]: failed to resolve: use of undeclared crate or module `cairo_lang_test_utils`
[INFO] [stdout]   --> src/contract_segmentation_test.rs:60:1
[INFO] [stdout]    |
[INFO] [stdout] 60 | cairo_lang_test_utils::test_file_test_with_runner!(
[INFO] [stdout]    | ^^^^^^^^^^^^^^^^^^^^^ use of undeclared crate or module `cairo_lang_test_utils`
[INFO] [stdout] 
[INFO] [stdout] 
[INFO] [stdout] Some errors have detailed explanations: E0432, E0433.
[INFO] [stdout] 
[INFO] [stdout] For more information about an error, try `rustc --explain E0432`.
[INFO] [stdout] 
[INFO] [stderr] error: could not compile `cairo-lang-starknet-classes` (lib test) due to 5 previous errors
[INFO] running `Command { std: "docker" "inspect" "5d6a729cfb3d6e4d21e01e7b968a3ea7bdc7579be6772fa540f03cb8919e9b6f", kill_on_drop: false }`
[INFO] running `Command { std: "docker" "rm" "-f" "5d6a729cfb3d6e4d21e01e7b968a3ea7bdc7579be6772fa540f03cb8919e9b6f", kill_on_drop: false }`
[INFO] [stdout] 5d6a729cfb3d6e4d21e01e7b968a3ea7bdc7579be6772fa540f03cb8919e9b6f
