[INFO] fetching crate cairo-lang-plugins 2.9.0-dev.0...
[INFO] testing cairo-lang-plugins-2.9.0-dev.0 against nightly-2024-10-28+rustflags=-Zrandomize-layout for randomize-layout
[INFO] extracting crate cairo-lang-plugins 2.9.0-dev.0 into /workspace/builds/worker-6-tc2/source
[INFO] validating manifest of crates.io crate cairo-lang-plugins 2.9.0-dev.0 on toolchain nightly-2024-10-28
[INFO] running `Command { std: CARGO_HOME="/workspace/cargo-home" RUSTUP_HOME="/workspace/rustup-home" "/workspace/cargo-home/bin/cargo" "+nightly-2024-10-28" "metadata" "--manifest-path" "Cargo.toml" "--no-deps", kill_on_drop: false }`
[INFO] started tweaking crates.io crate cairo-lang-plugins 2.9.0-dev.0
[INFO] finished tweaking crates.io crate cairo-lang-plugins 2.9.0-dev.0
[INFO] tweaked toml for crates.io crate cairo-lang-plugins 2.9.0-dev.0 written to /workspace/builds/worker-6-tc2/source/Cargo.toml
[INFO] running `Command { std: CARGO_HOME="/workspace/cargo-home" RUSTUP_HOME="/workspace/rustup-home" "/workspace/cargo-home/bin/cargo" "+nightly-2024-10-28" "generate-lockfile" "--manifest-path" "Cargo.toml", kill_on_drop: false }`
[INFO] [stderr]     Updating crates.io index
[INFO] [stderr]      Locking 124 packages to latest compatible versions
[INFO] [stderr]       Adding itertools v0.12.1 (available: v0.13.0)
[INFO] [stderr]       Adding smol_str v0.2.2 (available: v0.3.2)
[INFO] running `Command { std: CARGO_HOME="/workspace/cargo-home" RUSTUP_HOME="/workspace/rustup-home" "/workspace/cargo-home/bin/cargo" "+nightly-2024-10-28" "fetch" "--manifest-path" "Cargo.toml", kill_on_drop: false }`
[INFO] running `Command { std: "docker" "create" "-v" "/var/lib/crater-agent-workspace/builds/worker-6-tc2/target:/opt/rustwide/target:rw,Z" "-v" "/var/lib/crater-agent-workspace/builds/worker-6-tc2/source:/opt/rustwide/workdir:ro,Z" "-v" "/var/lib/crater-agent-workspace/cargo-home:/opt/rustwide/cargo-home:ro,Z" "-v" "/var/lib/crater-agent-workspace/rustup-home:/opt/rustwide/rustup-home:ro,Z" "-e" "SOURCE_DIR=/opt/rustwide/workdir" "-e" "CARGO_TARGET_DIR=/opt/rustwide/target" "-e" "CARGO_HOME=/opt/rustwide/cargo-home" "-e" "RUSTUP_HOME=/opt/rustwide/rustup-home" "-w" "/opt/rustwide/workdir" "-m" "1610612736" "--user" "0:0" "--network" "none" "ghcr.io/rust-lang/crates-build-env/linux@sha256:4a844ea9eb2546a2d2c7022eacef16ef2e8229c7fbb2c7d4d55a9ceca922f72d" "/opt/rustwide/cargo-home/bin/cargo" "+nightly-2024-10-28" "metadata" "--no-deps" "--format-version=1", kill_on_drop: false }`
[INFO] [stdout] 2f93392e8be8b98d821685a10c913ffe1d8adc0fc0c7bf7365ac288461778808
[INFO] running `Command { std: "docker" "start" "-a" "2f93392e8be8b98d821685a10c913ffe1d8adc0fc0c7bf7365ac288461778808", kill_on_drop: false }`
[INFO] running `Command { std: "docker" "inspect" "2f93392e8be8b98d821685a10c913ffe1d8adc0fc0c7bf7365ac288461778808", kill_on_drop: false }`
[INFO] running `Command { std: "docker" "rm" "-f" "2f93392e8be8b98d821685a10c913ffe1d8adc0fc0c7bf7365ac288461778808", kill_on_drop: false }`
[INFO] [stdout] 2f93392e8be8b98d821685a10c913ffe1d8adc0fc0c7bf7365ac288461778808
[INFO] running `Command { std: "docker" "create" "-v" "/var/lib/crater-agent-workspace/builds/worker-6-tc2/target:/opt/rustwide/target:rw,Z" "-v" "/var/lib/crater-agent-workspace/builds/worker-6-tc2/source:/opt/rustwide/workdir:ro,Z" "-v" "/var/lib/crater-agent-workspace/cargo-home:/opt/rustwide/cargo-home:ro,Z" "-v" "/var/lib/crater-agent-workspace/rustup-home:/opt/rustwide/rustup-home:ro,Z" "-e" "SOURCE_DIR=/opt/rustwide/workdir" "-e" "CARGO_TARGET_DIR=/opt/rustwide/target" "-e" "CARGO_INCREMENTAL=0" "-e" "RUST_BACKTRACE=full" "-e" "RUSTFLAGS=--cap-lints=forbid -Zrandomize-layout" "-e" "RUSTDOCFLAGS=--cap-lints=forbid" "-e" "CARGO_HOME=/opt/rustwide/cargo-home" "-e" "RUSTUP_HOME=/opt/rustwide/rustup-home" "-w" "/opt/rustwide/workdir" "-m" "1610612736" "--user" "0:0" "--network" "none" "ghcr.io/rust-lang/crates-build-env/linux@sha256:4a844ea9eb2546a2d2c7022eacef16ef2e8229c7fbb2c7d4d55a9ceca922f72d" "/opt/rustwide/cargo-home/bin/cargo" "+nightly-2024-10-28" "build" "--frozen" "--message-format=json", kill_on_drop: false }`
[INFO] [stdout] ed94ff5fa32ec5b18e2012cc9be7caeb2c72dda723732573abbaf42a924d40e8
[INFO] running `Command { std: "docker" "start" "-a" "ed94ff5fa32ec5b18e2012cc9be7caeb2c72dda723732573abbaf42a924d40e8", kill_on_drop: false }`
[INFO] [stderr]    Compiling syn v2.0.86
[INFO] [stderr]    Compiling serde v1.0.214
[INFO] [stderr]    Compiling num-traits v0.2.19
[INFO] [stderr]    Compiling ahash v0.8.11
[INFO] [stderr]    Compiling smallvec v1.13.2
[INFO] [stderr]    Compiling zerocopy v0.7.35
[INFO] [stderr]    Compiling itertools v0.12.1
[INFO] [stderr]    Compiling tracing-core v0.1.32
[INFO] [stderr]    Compiling parking_lot_core v0.9.10
[INFO] [stderr]    Compiling stable_deref_trait v1.2.0
[INFO] [stderr]    Compiling heck v0.4.1
[INFO] [stderr]    Compiling semver v1.0.23
[INFO] [stderr]    Compiling rustc-hash v1.1.0
[INFO] [stderr]    Compiling oorandom v11.1.4
[INFO] [stderr]    Compiling parking_lot v0.12.3
[INFO] [stderr]    Compiling genco-macros v0.17.9
[INFO] [stderr]    Compiling path-clean v1.0.1
[INFO] [stderr]    Compiling relative-path v1.9.3
[INFO] [stderr]    Compiling xshell-macros v0.2.6
[INFO] [stderr]    Compiling colored v2.1.0
[INFO] [stderr]    Compiling indent v0.1.1
[INFO] [stderr]    Compiling indoc v2.0.5
[INFO] [stderr]    Compiling xshell v0.2.6
[INFO] [stderr]    Compiling num-integer v0.1.46
[INFO] [stderr]    Compiling serde_derive v1.0.214
[INFO] [stderr]    Compiling tracing-attributes v0.1.27
[INFO] [stderr]    Compiling rust-analyzer-salsa-macros v0.17.0-pre.6
[INFO] [stderr]    Compiling thiserror-impl v1.0.66
[INFO] [stderr]    Compiling genco v0.17.9
[INFO] [stderr]    Compiling tracing v0.1.40
[INFO] [stderr]    Compiling thiserror v1.0.66
[INFO] [stderr]    Compiling unescaper v0.1.5
[INFO] [stderr]    Compiling cairo-lang-syntax-codegen v2.9.0-dev.0
[INFO] [stderr]    Compiling indexmap v2.6.0
[INFO] [stderr]    Compiling serde_spanned v0.6.8
[INFO] [stderr]    Compiling hashbrown v0.14.5
[INFO] [stderr]    Compiling num-bigint v0.4.6
[INFO] [stderr]    Compiling toml_datetime v0.6.8
[INFO] [stderr]    Compiling triomphe v0.1.14
[INFO] [stderr]    Compiling smol_str v0.2.2
[INFO] [stderr]    Compiling toml_edit v0.22.22
[INFO] [stderr]    Compiling rust-analyzer-salsa v0.17.0-pre.6
[INFO] [stderr]    Compiling cairo-lang-utils v2.9.0-dev.0
[INFO] [stderr]    Compiling cairo-lang-debug v2.9.0-dev.0
[INFO] [stderr]    Compiling toml v0.8.19
[INFO] [stderr]    Compiling cairo-lang-filesystem v2.9.0-dev.0
[INFO] [stderr]    Compiling cairo-lang-syntax v2.9.0-dev.0
[INFO] [stderr]    Compiling cairo-lang-diagnostics v2.9.0-dev.0
[INFO] [stderr]    Compiling cairo-lang-parser v2.9.0-dev.0
[INFO] [stderr]    Compiling cairo-lang-defs v2.9.0-dev.0
[INFO] [stderr]    Compiling cairo-lang-plugins v2.9.0-dev.0 (/opt/rustwide/workdir)
[INFO] [stderr]     Finished `dev` profile [unoptimized + debuginfo] target(s) in 50.49s
[INFO] running `Command { std: "docker" "inspect" "ed94ff5fa32ec5b18e2012cc9be7caeb2c72dda723732573abbaf42a924d40e8", kill_on_drop: false }`
[INFO] running `Command { std: "docker" "rm" "-f" "ed94ff5fa32ec5b18e2012cc9be7caeb2c72dda723732573abbaf42a924d40e8", kill_on_drop: false }`
[INFO] [stdout] ed94ff5fa32ec5b18e2012cc9be7caeb2c72dda723732573abbaf42a924d40e8
[INFO] running `Command { std: "docker" "create" "-v" "/var/lib/crater-agent-workspace/builds/worker-6-tc2/target:/opt/rustwide/target:rw,Z" "-v" "/var/lib/crater-agent-workspace/builds/worker-6-tc2/source:/opt/rustwide/workdir:ro,Z" "-v" "/var/lib/crater-agent-workspace/cargo-home:/opt/rustwide/cargo-home:ro,Z" "-v" "/var/lib/crater-agent-workspace/rustup-home:/opt/rustwide/rustup-home:ro,Z" "-e" "SOURCE_DIR=/opt/rustwide/workdir" "-e" "CARGO_TARGET_DIR=/opt/rustwide/target" "-e" "CARGO_INCREMENTAL=0" "-e" "RUST_BACKTRACE=full" "-e" "RUSTFLAGS=--cap-lints=forbid -Zrandomize-layout" "-e" "RUSTDOCFLAGS=--cap-lints=forbid" "-e" "CARGO_HOME=/opt/rustwide/cargo-home" "-e" "RUSTUP_HOME=/opt/rustwide/rustup-home" "-w" "/opt/rustwide/workdir" "-m" "1610612736" "--user" "0:0" "--network" "none" "ghcr.io/rust-lang/crates-build-env/linux@sha256:4a844ea9eb2546a2d2c7022eacef16ef2e8229c7fbb2c7d4d55a9ceca922f72d" "/opt/rustwide/cargo-home/bin/cargo" "+nightly-2024-10-28" "test" "--frozen" "--no-run" "--message-format=json", kill_on_drop: false }`
[INFO] [stdout] b6b8965370ce70c4479052bf33b738fb1ccbe284001a344b8d3d0ed472b61418
[INFO] running `Command { std: "docker" "start" "-a" "b6b8965370ce70c4479052bf33b738fb1ccbe284001a344b8d3d0ed472b61418", kill_on_drop: false }`
[INFO] [stderr]    Compiling aho-corasick v1.1.3
[INFO] [stderr]    Compiling regex-syntax v0.8.5
[INFO] [stderr]    Compiling utf8parse v0.2.2
[INFO] [stderr]    Compiling is_terminal_polyfill v1.70.1
[INFO] [stderr]    Compiling anstyle-query v1.1.2
[INFO] [stderr]    Compiling anstyle v1.0.9
[INFO] [stderr]    Compiling colorchoice v1.0.3
[INFO] [stderr]    Compiling humantime v2.1.0
[INFO] [stderr]    Compiling test-log-macros v0.2.16
[INFO] [stderr]    Compiling serde_json v1.0.132
[INFO] [stderr]    Compiling anstyle-parse v0.2.6
[INFO] [stderr]    Compiling anstream v0.6.17
[INFO] [stderr]    Compiling regex-automata v0.4.8
[INFO] [stderr]    Compiling regex v1.11.1
[INFO] [stderr]    Compiling env_filter v0.1.2
[INFO] [stderr]    Compiling env_logger v0.11.5
[INFO] [stderr]    Compiling test-log v0.2.16
[INFO] [stderr]    Compiling cairo-lang-plugins v2.9.0-dev.0 (/opt/rustwide/workdir)
[INFO] [stdout] error[E0433]: failed to resolve: use of undeclared crate or module `cairo_lang_test_utils`
[INFO] [stdout]   --> src/test.rs:18:5
[INFO] [stdout]    |
[INFO] [stdout] 18 | use cairo_lang_test_utils::parse_test_file::TestRunnerResult;
[INFO] [stdout]    |     ^^^^^^^^^^^^^^^^^^^^^ use of undeclared crate or module `cairo_lang_test_utils`
[INFO] [stdout]    |
[INFO] [stdout] help: there is a crate or module with a similar name
[INFO] [stdout]    |
[INFO] [stdout] 18 | use cairo_lang_utils::parse_test_file::TestRunnerResult;
[INFO] [stdout]    |     ~~~~~~~~~~~~~~~~
[INFO] [stdout] 
[INFO] [stdout] 
[INFO] [stdout] error[E0432]: unresolved import `cairo_lang_test_utils`
[INFO] [stdout]   --> src/test.rs:19:5
[INFO] [stdout]    |
[INFO] [stdout] 19 | use cairo_lang_test_utils::verify_diagnostics_expectation;
[INFO] [stdout]    |     ^^^^^^^^^^^^^^^^^^^^^ use of undeclared crate or module `cairo_lang_test_utils`
[INFO] [stdout]    |
[INFO] [stdout] help: there is a crate or module with a similar name
[INFO] [stdout]    |
[INFO] [stdout] 19 | use cairo_lang_utils::verify_diagnostics_expectation;
[INFO] [stdout]    |     ~~~~~~~~~~~~~~~~
[INFO] [stdout] 
[INFO] [stdout] 
[INFO] [stdout] error[E0433]: failed to resolve: use of undeclared crate or module `cairo_lang_test_utils`
[INFO] [stdout]   --> src/test.rs:26:1
[INFO] [stdout]    |
[INFO] [stdout] 26 | cairo_lang_test_utils::test_file_test!(
[INFO] [stdout]    | ^^^^^^^^^^^^^^^^^^^^^ use of undeclared crate or module `cairo_lang_test_utils`
[INFO] [stdout] 
[INFO] [stdout] 
[INFO] [stdout] error[E0433]: failed to resolve: use of undeclared crate or module `cairo_lang_test_utils`
[INFO] [stdout]   --> src/test.rs:40:1
[INFO] [stdout]    |
[INFO] [stdout] 40 | cairo_lang_test_utils::test_file_test!(
[INFO] [stdout]    | ^^^^^^^^^^^^^^^^^^^^^ use of undeclared crate or module `cairo_lang_test_utils`
[INFO] [stdout] 
[INFO] [stdout] 
[INFO] [stdout] Some errors have detailed explanations: E0432, E0433.
[INFO] [stdout] 
[INFO] [stdout] For more information about an error, try `rustc --explain E0432`.
[INFO] [stdout] 
[INFO] [stderr] error: could not compile `cairo-lang-plugins` (lib test) due to 4 previous errors
[INFO] running `Command { std: "docker" "inspect" "b6b8965370ce70c4479052bf33b738fb1ccbe284001a344b8d3d0ed472b61418", kill_on_drop: false }`
[INFO] running `Command { std: "docker" "rm" "-f" "b6b8965370ce70c4479052bf33b738fb1ccbe284001a344b8d3d0ed472b61418", kill_on_drop: false }`
[INFO] [stdout] b6b8965370ce70c4479052bf33b738fb1ccbe284001a344b8d3d0ed472b61418
