[INFO] fetching crate cabin 0.2.0...
[INFO] testing cabin-0.2.0 against nightly-2024-10-28+rustflags=-Zrandomize-layout for randomize-layout
[INFO] extracting crate cabin 0.2.0 into /workspace/builds/worker-0-tc2/source
[INFO] validating manifest of crates.io crate cabin 0.2.0 on toolchain nightly-2024-10-28
[INFO] running `Command { std: CARGO_HOME="/workspace/cargo-home" RUSTUP_HOME="/workspace/rustup-home" "/workspace/cargo-home/bin/cargo" "+nightly-2024-10-28" "metadata" "--manifest-path" "Cargo.toml" "--no-deps", kill_on_drop: false }`
[INFO] started tweaking crates.io crate cabin 0.2.0
[INFO] finished tweaking crates.io crate cabin 0.2.0
[INFO] tweaked toml for crates.io crate cabin 0.2.0 written to /workspace/builds/worker-0-tc2/source/Cargo.toml
[INFO] crate crates.io crate cabin 0.2.0 already has a lockfile, it will not be regenerated
[INFO] running `Command { std: CARGO_HOME="/workspace/cargo-home" RUSTUP_HOME="/workspace/rustup-home" "/workspace/cargo-home/bin/cargo" "+nightly-2024-10-28" "fetch" "--manifest-path" "Cargo.toml", kill_on_drop: false }`
[INFO] running `Command { std: "docker" "create" "-v" "/var/lib/crater-agent-workspace/builds/worker-0-tc2/target:/opt/rustwide/target:rw,Z" "-v" "/var/lib/crater-agent-workspace/builds/worker-0-tc2/source:/opt/rustwide/workdir:ro,Z" "-v" "/var/lib/crater-agent-workspace/cargo-home:/opt/rustwide/cargo-home:ro,Z" "-v" "/var/lib/crater-agent-workspace/rustup-home:/opt/rustwide/rustup-home:ro,Z" "-e" "SOURCE_DIR=/opt/rustwide/workdir" "-e" "CARGO_TARGET_DIR=/opt/rustwide/target" "-e" "CARGO_HOME=/opt/rustwide/cargo-home" "-e" "RUSTUP_HOME=/opt/rustwide/rustup-home" "-w" "/opt/rustwide/workdir" "-m" "1610612736" "--user" "0:0" "--network" "none" "ghcr.io/rust-lang/crates-build-env/linux@sha256:4a844ea9eb2546a2d2c7022eacef16ef2e8229c7fbb2c7d4d55a9ceca922f72d" "/opt/rustwide/cargo-home/bin/cargo" "+nightly-2024-10-28" "metadata" "--no-deps" "--format-version=1", kill_on_drop: false }`
[INFO] [stdout] e68ad941c2bf6331bcc6176d7a28ae779e2d88fac15fb037c4fa0165d17cceed
[INFO] running `Command { std: "docker" "start" "-a" "e68ad941c2bf6331bcc6176d7a28ae779e2d88fac15fb037c4fa0165d17cceed", kill_on_drop: false }`
[INFO] running `Command { std: "docker" "inspect" "e68ad941c2bf6331bcc6176d7a28ae779e2d88fac15fb037c4fa0165d17cceed", kill_on_drop: false }`
[INFO] running `Command { std: "docker" "rm" "-f" "e68ad941c2bf6331bcc6176d7a28ae779e2d88fac15fb037c4fa0165d17cceed", kill_on_drop: false }`
[INFO] [stdout] e68ad941c2bf6331bcc6176d7a28ae779e2d88fac15fb037c4fa0165d17cceed
[INFO] running `Command { std: "docker" "create" "-v" "/var/lib/crater-agent-workspace/builds/worker-0-tc2/target:/opt/rustwide/target:rw,Z" "-v" "/var/lib/crater-agent-workspace/builds/worker-0-tc2/source:/opt/rustwide/workdir:ro,Z" "-v" "/var/lib/crater-agent-workspace/cargo-home:/opt/rustwide/cargo-home:ro,Z" "-v" "/var/lib/crater-agent-workspace/rustup-home:/opt/rustwide/rustup-home:ro,Z" "-e" "SOURCE_DIR=/opt/rustwide/workdir" "-e" "CARGO_TARGET_DIR=/opt/rustwide/target" "-e" "CARGO_INCREMENTAL=0" "-e" "RUST_BACKTRACE=full" "-e" "RUSTFLAGS=--cap-lints=forbid -Zrandomize-layout" "-e" "RUSTDOCFLAGS=--cap-lints=forbid" "-e" "CARGO_HOME=/opt/rustwide/cargo-home" "-e" "RUSTUP_HOME=/opt/rustwide/rustup-home" "-w" "/opt/rustwide/workdir" "-m" "1610612736" "--user" "0:0" "--network" "none" "ghcr.io/rust-lang/crates-build-env/linux@sha256:4a844ea9eb2546a2d2c7022eacef16ef2e8229c7fbb2c7d4d55a9ceca922f72d" "/opt/rustwide/cargo-home/bin/cargo" "+nightly-2024-10-28" "build" "--frozen" "--message-format=json", kill_on_drop: false }`
[INFO] [stdout] 5fc296fe0b0e18117c67b08cab8e130f7a1656f20089d8da95c7385b085abe45
[INFO] running `Command { std: "docker" "start" "-a" "5fc296fe0b0e18117c67b08cab8e130f7a1656f20089d8da95c7385b085abe45", kill_on_drop: false }`
[INFO] [stderr]    Compiling proc-macro2 v1.0.69
[INFO] [stderr]    Compiling libc v0.2.150
[INFO] [stderr]    Compiling itoa v1.0.9
[INFO] [stderr]    Compiling futures-core v0.3.29
[INFO] [stderr]    Compiling futures-task v0.3.29
[INFO] [stderr]    Compiling serde v1.0.192
[INFO] [stderr]    Compiling futures-util v0.3.29
[INFO] [stderr]    Compiling ryu v1.0.15
[INFO] [stderr]    Compiling http v0.2.11
[INFO] [stderr]    Compiling serde_json v1.0.108
[INFO] [stderr]    Compiling ppv-lite86 v0.2.17
[INFO] [stderr]    Compiling multer v2.1.0
[INFO] [stderr]    Compiling once_cell v1.18.0
[INFO] [stderr]    Compiling percent-encoding v2.3.0
[INFO] [stderr]    Compiling tokio v1.34.0
[INFO] [stderr]    Compiling encoding_rs v0.8.33
[INFO] [stderr]    Compiling form_urlencoded v1.2.0
[INFO] [stderr]    Compiling tracing-core v0.1.32
[INFO] [stderr]    Compiling futures-sink v0.3.29
[INFO] [stderr]    Compiling spin v0.9.8
[INFO] [stderr]    Compiling mime v0.3.17
[INFO] [stderr]    Compiling static_assertions v1.1.0
[INFO] [stderr]    Compiling quote v1.0.33
[INFO] [stderr]    Compiling getrandom v0.2.11
[INFO] [stderr]    Compiling syn v2.0.39
[INFO] [stderr]    Compiling memchr v2.6.4
[INFO] [stderr]    Compiling rand_core v0.6.4
[INFO] [stderr]    Compiling num_cpus v1.16.0
[INFO] [stderr]    Compiling http-error v0.1.0
[INFO] [stderr]    Compiling rand_chacha v0.3.1
[INFO] [stderr]    Compiling http-body v0.4.5
[INFO] [stderr]    Compiling rand v0.8.5
[INFO] [stderr]    Compiling twox-hash v1.6.3
[INFO] [stderr]    Compiling serde_derive v1.0.192
[INFO] [stderr]    Compiling futures-macro v0.3.29
[INFO] [stderr]    Compiling tracing-attributes v0.1.27
[INFO] [stderr]    Compiling linkme-impl v0.3.17
[INFO] [stderr]    Compiling cabin-macros v0.2.0
[INFO] [stderr]    Compiling linkme v0.3.17
[INFO] [stderr]    Compiling tracing v0.1.40
[INFO] [stderr]    Compiling tokio-util v0.7.10
[INFO] [stderr]    Compiling serde_urlencoded v0.7.1
[INFO] [stderr]    Compiling cabin v0.2.0 (/opt/rustwide/workdir)
[INFO] [stdout] warning: struct `HashFmt` is never constructed
[INFO] [stdout]   --> src/view/text.rs:61:8
[INFO] [stdout]    |
[INFO] [stdout] 61 | struct HashFmt<'a>(&'a mut dyn std::hash::Hasher);
[INFO] [stdout]    |        ^^^^^^^
[INFO] [stdout]    |
[INFO] [stdout]    = note: `#[warn(dead_code)]` on by default
[INFO] [stdout] 
[INFO] [stdout] 
[INFO] [stderr]     Finished `dev` profile [unoptimized + debuginfo] target(s) in 12.19s
[INFO] running `Command { std: "docker" "inspect" "5fc296fe0b0e18117c67b08cab8e130f7a1656f20089d8da95c7385b085abe45", kill_on_drop: false }`
[INFO] running `Command { std: "docker" "rm" "-f" "5fc296fe0b0e18117c67b08cab8e130f7a1656f20089d8da95c7385b085abe45", kill_on_drop: false }`
[INFO] [stdout] 5fc296fe0b0e18117c67b08cab8e130f7a1656f20089d8da95c7385b085abe45
[INFO] running `Command { std: "docker" "create" "-v" "/var/lib/crater-agent-workspace/builds/worker-0-tc2/target:/opt/rustwide/target:rw,Z" "-v" "/var/lib/crater-agent-workspace/builds/worker-0-tc2/source:/opt/rustwide/workdir:ro,Z" "-v" "/var/lib/crater-agent-workspace/cargo-home:/opt/rustwide/cargo-home:ro,Z" "-v" "/var/lib/crater-agent-workspace/rustup-home:/opt/rustwide/rustup-home:ro,Z" "-e" "SOURCE_DIR=/opt/rustwide/workdir" "-e" "CARGO_TARGET_DIR=/opt/rustwide/target" "-e" "CARGO_INCREMENTAL=0" "-e" "RUST_BACKTRACE=full" "-e" "RUSTFLAGS=--cap-lints=forbid -Zrandomize-layout" "-e" "RUSTDOCFLAGS=--cap-lints=forbid" "-e" "CARGO_HOME=/opt/rustwide/cargo-home" "-e" "RUSTUP_HOME=/opt/rustwide/rustup-home" "-w" "/opt/rustwide/workdir" "-m" "1610612736" "--user" "0:0" "--network" "none" "ghcr.io/rust-lang/crates-build-env/linux@sha256:4a844ea9eb2546a2d2c7022eacef16ef2e8229c7fbb2c7d4d55a9ceca922f72d" "/opt/rustwide/cargo-home/bin/cargo" "+nightly-2024-10-28" "test" "--frozen" "--no-run" "--message-format=json", kill_on_drop: false }`
[INFO] [stdout] a909e59bee538faf303f11b4e30696888f8a130df2570f27e4f3063f64336273
[INFO] running `Command { std: "docker" "start" "-a" "a909e59bee538faf303f11b4e30696888f8a130df2570f27e4f3063f64336273", kill_on_drop: false }`
[INFO] [stderr]    Compiling rustversion v1.0.14
[INFO] [stderr]    Compiling mio v0.8.9
[INFO] [stderr]    Compiling socket2 v0.5.5
[INFO] [stderr]    Compiling tokio-macros v2.2.0
[INFO] [stderr]    Compiling tracing v0.1.40
[INFO] [stderr]    Compiling async-trait v0.1.74
[INFO] [stderr]    Compiling percent-encoding v2.3.0
[INFO] [stderr]    Compiling futures-channel v0.3.29
[INFO] [stderr]    Compiling form_urlencoded v1.2.0
[INFO] [stderr]    Compiling pin-project-internal v1.1.3
[INFO] [stderr]    Compiling tower-layer v0.3.2
[INFO] [stderr]    Compiling try-lock v0.2.4
[INFO] [stderr]    Compiling want v0.3.1
[INFO] [stderr]    Compiling serde_urlencoded v0.7.1
[INFO] [stderr]    Compiling socket2 v0.4.10
[INFO] [stderr]    Compiling lazy_static v1.4.0
[INFO] [stderr]    Compiling overload v0.1.1
[INFO] [stderr]    Compiling tokio v1.34.0
[INFO] [stderr]    Compiling serde_path_to_error v0.1.14
[INFO] [stderr]    Compiling nu-ansi-term v0.46.0
[INFO] [stderr]    Compiling sharded-slab v0.1.7
[INFO] [stderr]    Compiling axum-core v0.3.4
[INFO] [stderr]    Compiling axum v0.6.20
[INFO] [stderr]    Compiling thread_local v1.1.7
[INFO] [stderr]    Compiling bitflags v1.3.2
[INFO] [stderr]    Compiling sync_wrapper v0.1.2
[INFO] [stderr]    Compiling matchit v0.7.3
[INFO] [stderr]    Compiling tracing-subscriber v0.3.18
[INFO] [stderr]    Compiling pin-project v1.1.3
[INFO] [stderr]    Compiling tokio-util v0.7.10
[INFO] [stderr]    Compiling hyper v0.14.27
[INFO] [stderr]    Compiling tower v0.4.13
[INFO] [stderr]    Compiling cabin v0.2.0 (/opt/rustwide/workdir)
[INFO] [stdout] warning: struct `HashFmt` is never constructed
[INFO] [stdout]   --> src/view/text.rs:61:8
[INFO] [stdout]    |
[INFO] [stdout] 61 | struct HashFmt<'a>(&'a mut dyn std::hash::Hasher);
[INFO] [stdout]    |        ^^^^^^^
[INFO] [stdout]    |
[INFO] [stdout]    = note: `#[warn(dead_code)]` on by default
[INFO] [stdout] 
[INFO] [stdout] 
[INFO] [stdout] error[E0433]: failed to resolve: use of undeclared crate or module `cabin_service`
[INFO] [stdout]   --> examples/concurrency.rs:49:16
[INFO] [stdout]    |
[INFO] [stdout] 49 |         .layer(cabin_service::framework());
[INFO] [stdout]    |                ^^^^^^^^^^^^^ use of undeclared crate or module `cabin_service`
[INFO] [stdout] 
[INFO] [stdout] 
[INFO] [stdout] error[E0433]: failed to resolve: use of undeclared crate or module `cabin_service`
[INFO] [stdout]   --> examples/boundary.rs:48:16
[INFO] [stdout]    |
[INFO] [stdout] 48 |         .layer(cabin_service::framework());
[INFO] [stdout]    |                ^^^^^^^^^^^^^ use of undeclared crate or module `cabin_service`
[INFO] [stdout] 
[INFO] [stdout] 
[INFO] [stdout] For more information about this error, try `rustc --explain E0433`.
[INFO] [stdout] 
[INFO] [stdout] error[E0433]: failed to resolve: use of undeclared crate or module `cabin_service`
[INFO] [stdout]   --> examples/dropdown.rs:68:16
[INFO] [stdout]    |
[INFO] [stdout] 68 |         .layer(cabin_service::framework());
[INFO] [stdout]    |                ^^^^^^^^^^^^^ use of undeclared crate or module `cabin_service`
[INFO] [stdout] 
[INFO] [stdout] 
[INFO] [stderr] error: could not compile `cabin` (example "concurrency") due to 1 previous error
[INFO] [stderr] warning: build failed, waiting for other jobs to finish...
[INFO] [stdout] error[E0433]: failed to resolve: use of undeclared crate or module `cabin_service`
[INFO] [stdout]   --> examples/error.rs:55:16
[INFO] [stdout]    |
[INFO] [stdout] 55 |         .layer(cabin_service::framework());
[INFO] [stdout]    |                ^^^^^^^^^^^^^ use of undeclared crate or module `cabin_service`
[INFO] [stdout] 
[INFO] [stdout] 
[INFO] [stdout] error[E0433]: failed to resolve: use of undeclared crate or module `cabin_service`
[INFO] [stdout]   --> examples/list.rs:83:16
[INFO] [stdout]    |
[INFO] [stdout] 83 |         .layer(cabin_service::framework());
[INFO] [stdout]    |                ^^^^^^^^^^^^^ use of undeclared crate or module `cabin_service`
[INFO] [stdout] 
[INFO] [stdout] 
[INFO] [stdout] error[E0433]: failed to resolve: use of undeclared crate or module `cabin_service`
[INFO] [stdout]   --> examples/dialog.rs:44:16
[INFO] [stdout]    |
[INFO] [stdout] 44 |         .layer(cabin_service::framework());
[INFO] [stdout]    |                ^^^^^^^^^^^^^ use of undeclared crate or module `cabin_service`
[INFO] [stdout] 
[INFO] [stdout] 
[INFO] [stdout] For more information about this error, try `rustc --explain E0433`.
[INFO] [stdout] 
[INFO] [stdout] For more information about this error, try `rustc --explain E0433`.
[INFO] [stdout] 
[INFO] [stderr] error: could not compile `cabin` (example "boundary") due to 1 previous error
[INFO] [stdout] For more information about this error, try `rustc --explain E0433`.
[INFO] [stdout] 
[INFO] [stderr] error: could not compile `cabin` (example "dropdown") due to 1 previous error
[INFO] [stdout] error[E0433]: failed to resolve: use of undeclared crate or module `cabin_service`
[INFO] [stdout]   --> examples/counter.rs:42:16
[INFO] [stdout]    |
[INFO] [stdout] 42 |         .layer(cabin_service::framework());
[INFO] [stdout]    |                ^^^^^^^^^^^^^ use of undeclared crate or module `cabin_service`
[INFO] [stdout] 
[INFO] [stdout] 
[INFO] [stderr] error: could not compile `cabin` (example "error") due to 1 previous error
[INFO] [stdout] For more information about this error, try `rustc --explain E0433`.
[INFO] [stdout] 
[INFO] [stdout] error[E0433]: failed to resolve: use of undeclared crate or module `cabin_service`
[INFO] [stdout]   --> examples/form.rs:57:16
[INFO] [stdout]    |
[INFO] [stdout] 57 |         .layer(cabin_service::framework());
[INFO] [stdout]    |                ^^^^^^^^^^^^^ use of undeclared crate or module `cabin_service`
[INFO] [stdout] 
[INFO] [stdout] 
[INFO] [stderr] error: could not compile `cabin` (example "dialog") due to 1 previous error
[INFO] [stdout] For more information about this error, try `rustc --explain E0433`.
[INFO] [stdout] 
[INFO] [stdout] For more information about this error, try `rustc --explain E0433`.
[INFO] [stdout] 
[INFO] [stderr] error: could not compile `cabin` (example "list") due to 1 previous error
[INFO] [stderr] error: could not compile `cabin` (example "counter") due to 1 previous error
[INFO] [stdout] For more information about this error, try `rustc --explain E0433`.
[INFO] [stdout] 
[INFO] [stderr] error: could not compile `cabin` (example "form") due to 1 previous error
[INFO] running `Command { std: "docker" "inspect" "a909e59bee538faf303f11b4e30696888f8a130df2570f27e4f3063f64336273", kill_on_drop: false }`
[INFO] running `Command { std: "docker" "rm" "-f" "a909e59bee538faf303f11b4e30696888f8a130df2570f27e4f3063f64336273", kill_on_drop: false }`
[INFO] [stdout] a909e59bee538faf303f11b4e30696888f8a130df2570f27e4f3063f64336273
