[INFO] fetching crate bva_cli 0.1.5...
[INFO] testing bva_cli-0.1.5 against nightly-2024-10-28+rustflags=-Zrandomize-layout for randomize-layout
[INFO] extracting crate bva_cli 0.1.5 into /workspace/builds/worker-4-tc2/source
[INFO] validating manifest of crates.io crate bva_cli 0.1.5 on toolchain nightly-2024-10-28
[INFO] running `Command { std: CARGO_HOME="/workspace/cargo-home" RUSTUP_HOME="/workspace/rustup-home" "/workspace/cargo-home/bin/cargo" "+nightly-2024-10-28" "metadata" "--manifest-path" "Cargo.toml" "--no-deps", kill_on_drop: false }`
[INFO] started tweaking crates.io crate bva_cli 0.1.5
[INFO] finished tweaking crates.io crate bva_cli 0.1.5
[INFO] tweaked toml for crates.io crate bva_cli 0.1.5 written to /workspace/builds/worker-4-tc2/source/Cargo.toml
[INFO] crate crates.io crate bva_cli 0.1.5 already has a lockfile, it will not be regenerated
[INFO] running `Command { std: CARGO_HOME="/workspace/cargo-home" RUSTUP_HOME="/workspace/rustup-home" "/workspace/cargo-home/bin/cargo" "+nightly-2024-10-28" "fetch" "--manifest-path" "Cargo.toml", kill_on_drop: false }`
[INFO] running `Command { std: "docker" "create" "-v" "/var/lib/crater-agent-workspace/builds/worker-4-tc2/target:/opt/rustwide/target:rw,Z" "-v" "/var/lib/crater-agent-workspace/builds/worker-4-tc2/source:/opt/rustwide/workdir:ro,Z" "-v" "/var/lib/crater-agent-workspace/cargo-home:/opt/rustwide/cargo-home:ro,Z" "-v" "/var/lib/crater-agent-workspace/rustup-home:/opt/rustwide/rustup-home:ro,Z" "-e" "SOURCE_DIR=/opt/rustwide/workdir" "-e" "CARGO_TARGET_DIR=/opt/rustwide/target" "-e" "CARGO_HOME=/opt/rustwide/cargo-home" "-e" "RUSTUP_HOME=/opt/rustwide/rustup-home" "-w" "/opt/rustwide/workdir" "-m" "1610612736" "--user" "0:0" "--network" "none" "ghcr.io/rust-lang/crates-build-env/linux@sha256:4a844ea9eb2546a2d2c7022eacef16ef2e8229c7fbb2c7d4d55a9ceca922f72d" "/opt/rustwide/cargo-home/bin/cargo" "+nightly-2024-10-28" "metadata" "--no-deps" "--format-version=1", kill_on_drop: false }`
[INFO] [stdout] 81468240ca18d5b59392bd3a02ecc3bb1639cfbf2aeff5762de3a6591b13d2af
[INFO] running `Command { std: "docker" "start" "-a" "81468240ca18d5b59392bd3a02ecc3bb1639cfbf2aeff5762de3a6591b13d2af", kill_on_drop: false }`
[INFO] running `Command { std: "docker" "inspect" "81468240ca18d5b59392bd3a02ecc3bb1639cfbf2aeff5762de3a6591b13d2af", kill_on_drop: false }`
[INFO] running `Command { std: "docker" "rm" "-f" "81468240ca18d5b59392bd3a02ecc3bb1639cfbf2aeff5762de3a6591b13d2af", kill_on_drop: false }`
[INFO] [stdout] 81468240ca18d5b59392bd3a02ecc3bb1639cfbf2aeff5762de3a6591b13d2af
[INFO] running `Command { std: "docker" "create" "-v" "/var/lib/crater-agent-workspace/builds/worker-4-tc2/target:/opt/rustwide/target:rw,Z" "-v" "/var/lib/crater-agent-workspace/builds/worker-4-tc2/source:/opt/rustwide/workdir:ro,Z" "-v" "/var/lib/crater-agent-workspace/cargo-home:/opt/rustwide/cargo-home:ro,Z" "-v" "/var/lib/crater-agent-workspace/rustup-home:/opt/rustwide/rustup-home:ro,Z" "-e" "SOURCE_DIR=/opt/rustwide/workdir" "-e" "CARGO_TARGET_DIR=/opt/rustwide/target" "-e" "CARGO_INCREMENTAL=0" "-e" "RUST_BACKTRACE=full" "-e" "RUSTFLAGS=--cap-lints=forbid -Zrandomize-layout" "-e" "RUSTDOCFLAGS=--cap-lints=forbid" "-e" "CARGO_HOME=/opt/rustwide/cargo-home" "-e" "RUSTUP_HOME=/opt/rustwide/rustup-home" "-w" "/opt/rustwide/workdir" "-m" "1610612736" "--user" "0:0" "--network" "none" "ghcr.io/rust-lang/crates-build-env/linux@sha256:4a844ea9eb2546a2d2c7022eacef16ef2e8229c7fbb2c7d4d55a9ceca922f72d" "/opt/rustwide/cargo-home/bin/cargo" "+nightly-2024-10-28" "build" "--frozen" "--message-format=json", kill_on_drop: false }`
[INFO] [stdout] 8769f26dfcf786e1273ee64b6f1f6383b02dd3878e83875ae596bfa9c88058b8
[INFO] running `Command { std: "docker" "start" "-a" "8769f26dfcf786e1273ee64b6f1f6383b02dd3878e83875ae596bfa9c88058b8", kill_on_drop: false }`
[INFO] [stderr]    Compiling cfg-if v1.0.0
[INFO] [stderr]    Compiling proc-macro2 v1.0.75
[INFO] [stderr]    Compiling unicode-ident v1.0.12
[INFO] [stderr]    Compiling libc v0.2.151
[INFO] [stderr]    Compiling version_check v0.9.4
[INFO] [stderr]    Compiling serde v1.0.194
[INFO] [stderr]    Compiling once_cell v1.19.0
[INFO] [stderr]    Compiling pin-project-lite v0.2.13
[INFO] [stderr]    Compiling crossbeam-utils v0.8.18
[INFO] [stderr]    Compiling equivalent v1.0.1
[INFO] [stderr]    Compiling parking v2.2.0
[INFO] [stderr]    Compiling futures-core v0.3.30
[INFO] [stderr]    Compiling hashbrown v0.14.3
[INFO] [stderr]    Compiling futures-io v0.3.30
[INFO] [stderr]    Compiling toml_datetime v0.6.5
[INFO] [stderr]    Compiling winnow v0.5.32
[INFO] [stderr]    Compiling fastrand v2.0.1
[INFO] [stderr]    Compiling rustc-hash v1.1.0
[INFO] [stderr]    Compiling zerocopy v0.7.32
[INFO] [stderr]    Compiling typenum v1.17.0
[INFO] [stderr]    Compiling event-listener v2.5.3
[INFO] [stderr]    Compiling tracing-core v0.1.32
[INFO] [stderr]    Compiling allocator-api2 v0.2.16
[INFO] [stderr]    Compiling thiserror v1.0.56
[INFO] [stderr]    Compiling slab v0.4.9
[INFO] [stderr]    Compiling async-task v4.7.0
[INFO] [stderr]    Compiling futures-lite v2.1.0
[INFO] [stderr]    Compiling fastrand v1.9.0
[INFO] [stderr]    Compiling waker-fn v1.1.1
[INFO] [stderr]    Compiling ahash v0.8.7
[INFO] [stderr]    Compiling generic-array v0.14.7
[INFO] [stderr]    Compiling memchr v2.7.1
[INFO] [stderr]    Compiling fixedbitset v0.4.2
[INFO] [stderr]    Compiling bytemuck v1.14.0
[INFO] [stderr]    Compiling instant v0.1.12
[INFO] [stderr]    Compiling nonmax v0.5.5
[INFO] [stderr]    Compiling tracing v0.1.40
[INFO] [stderr]    Compiling thread_local v1.1.7
[INFO] [stderr]    Compiling bevy_ptr v0.12.1
[INFO] [stderr]    Compiling smol_str v0.2.0
[INFO] [stderr]    Compiling concurrent-queue v2.4.0
[INFO] [stderr]    Compiling downcast-rs v1.2.0
[INFO] [stderr]    Compiling quote v1.0.35
[INFO] [stderr]    Compiling log v0.4.20
[INFO] [stderr]    Compiling indexmap v2.1.0
[INFO] [stderr]    Compiling regex-syntax v0.6.29
[INFO] [stderr]    Compiling event-listener v4.0.2
[INFO] [stderr]    Compiling async-channel v1.9.0
[INFO] [stderr]    Compiling regex-syntax v0.8.2
[INFO] [stderr]    Compiling lazy_static v1.4.0
[INFO] [stderr]    Compiling overload v0.1.1
[INFO] [stderr]    Compiling sharded-slab v0.1.7
[INFO] [stderr]    Compiling nu-ansi-term v0.46.0
[INFO] [stderr]    Compiling tracing-log v0.2.0
[INFO] [stderr]    Compiling semver v1.0.21
[INFO] [stderr]    Compiling cpufeatures v0.2.12
[INFO] [stderr]    Compiling tracing-log v0.1.4
[INFO] [stderr]    Compiling syn v2.0.48
[INFO] [stderr]    Compiling event-listener-strategy v0.4.0
[INFO] [stderr]    Compiling getrandom v0.2.11
[INFO] [stderr]    Compiling futures-lite v1.13.0
[INFO] [stderr]    Compiling lock_api v0.4.11
[INFO] [stderr]    Compiling async-lock v3.2.0
[INFO] [stderr]    Compiling parking_lot_core v0.9.9
[INFO] [stderr]    Compiling rand_core v0.6.4
[INFO] [stderr]    Compiling subtle v2.5.0
[INFO] [stderr]    Compiling uuid v1.6.1
[INFO] [stderr]    Compiling cc v1.0.83
[INFO] [stderr]    Compiling scopeguard v1.2.0
[INFO] [stderr]    Compiling atomic-waker v1.1.2
[INFO] [stderr]    Compiling piper v0.2.1
[INFO] [stderr]    Compiling async-channel v2.1.1
[INFO] [stderr]    Compiling crossbeam-channel v0.5.10
[INFO] [stderr]    Compiling async-fs v1.6.0
[INFO] [stderr]    Compiling platforms v3.3.0
[INFO] [stderr]    Compiling async-lock v2.8.0
[INFO] [stderr]    Compiling async-executor v1.8.0
[INFO] [stderr]    Compiling rustc_version v0.4.0
[INFO] [stderr]    Compiling blocking v1.5.1
[INFO] [stderr]    Compiling accesskit v0.12.2
[INFO] [stderr]    Compiling constant_time_eq v0.3.0
[INFO] [stderr]    Compiling alloc-no-stdlib v2.0.4
[INFO] [stderr]    Compiling crypto-common v0.1.6
[INFO] [stderr]    Compiling inout v0.1.3
[INFO] [stderr]    Compiling block-buffer v0.10.4
[INFO] [stderr]    Compiling opaque-debug v0.3.0
[INFO] [stderr]    Compiling arrayvec v0.7.4
[INFO] [stderr]    Compiling base64 v0.21.5
[INFO] [stderr]    Compiling rustix v0.38.28
[INFO] [stderr]    Compiling digest v0.10.7
[INFO] [stderr]    Compiling universal-hash v0.5.1
[INFO] [stderr]    Compiling bevy_tasks v0.12.1
[INFO] [stderr]    Compiling curve25519-dalek v4.1.1
[INFO] [stderr]    Compiling cipher v0.4.4
[INFO] [stderr]    Compiling arrayref v0.3.7
[INFO] [stderr]    Compiling polyval v0.6.1
[INFO] [stderr]    Compiling alloc-stdlib v0.2.2
[INFO] [stderr]    Compiling sysinfo v0.29.11
[INFO] [stderr]    Compiling async-broadcast v0.5.1
[INFO] [stderr]    Compiling linux-raw-sys v0.4.12
[INFO] [stderr]    Compiling ppv-lite86 v0.2.17
[INFO] [stderr]    Compiling toml_edit v0.20.7
[INFO] [stderr]    Compiling regex-automata v0.1.10
[INFO] [stderr]    Compiling raw-window-handle v0.5.2
[INFO] [stderr]    Compiling utf8parse v0.2.1
[INFO] [stderr]    Compiling signature v2.2.0
[INFO] [stderr]    Compiling blake3 v1.5.0
[INFO] [stderr]    Compiling snap v1.1.1
[INFO] [stderr]    Compiling zeroize v1.7.0
[INFO] [stderr]    Compiling static_assertions v1.1.0
[INFO] [stderr]    Compiling anstyle-parse v0.2.3
[INFO] [stderr]    Compiling twox-hash v1.6.3
[INFO] [stderr]    Compiling ed25519 v2.2.3
[INFO] [stderr]    Compiling rand_chacha v0.3.1
[INFO] [stderr]    Compiling regex-automata v0.4.3
[INFO] [stderr]    Compiling aes v0.8.3
[INFO] [stderr]    Compiling ctr v0.9.2
[INFO] [stderr]    Compiling ghash v0.5.0
[INFO] [stderr]    Compiling brotli-decompressor v2.5.1
[INFO] [stderr]    Compiling sha2 v0.10.8
[INFO] [stderr]    Compiling aead v0.5.2
[INFO] [stderr]    Compiling anstyle-query v1.0.2
[INFO] [stderr]    Compiling colorchoice v1.0.0
[INFO] [stderr]    Compiling anstyle v1.0.4
[INFO] [stderr]    Compiling rand v0.8.5
[INFO] [stderr]    Compiling lz4_flex v0.11.1
[INFO] [stderr]    Compiling anstream v0.6.5
[INFO] [stderr]    Compiling matchers v0.1.0
[INFO] [stderr]    Compiling clap_lex v0.6.0
[INFO] [stderr]    Compiling anyhow v1.0.79
[INFO] [stderr]    Compiling aes-gcm v0.10.3
[INFO] [stderr]    Compiling heck v0.4.1
[INFO] [stderr]    Compiling strsim v0.10.0
[INFO] [stderr]    Compiling same-file v1.0.6
[INFO] [stderr]    Compiling path-slash v0.2.1
[INFO] [stderr]    Compiling normalize-path v0.2.1
[INFO] [stderr]    Compiling walkdir v2.4.0
[INFO] [stderr]    Compiling brotli v3.4.0
[INFO] [stderr]    Compiling bevy_macro_utils v0.12.1
[INFO] [stderr]    Compiling regex v1.10.2
[INFO] [stderr]    Compiling serde_derive v1.0.194
[INFO] [stderr]    Compiling thiserror-impl v1.0.56
[INFO] [stderr]    Compiling bevy_utils_proc_macros v0.12.1
[INFO] [stderr]    Compiling curve25519-dalek-derive v0.1.1
[INFO] [stderr]    Compiling clap_derive v4.4.7
[INFO] [stderr]    Compiling bevy_reflect_derive v0.12.1
[INFO] [stderr]    Compiling bevy_ecs_macros v0.12.1
[INFO] [stderr]    Compiling bevy_derive v0.12.1
[INFO] [stderr]    Compiling bevy_asset_macros v0.12.1
[INFO] [stdout] error[E0658]: use of unstable library feature 'stdarch_x86_avx512'
[INFO] [stdout]   --> /opt/rustwide/cargo-home/registry/src/index.crates.io-6f17d22bba15001f/curve25519-dalek-4.1.1/src/backend/vector/ifma/field.rs:26:5
[INFO] [stdout]    |
[INFO] [stdout] 26 |     _mm256_madd52lo_epu64(z.into(), x.into(), y.into()).into()
[INFO] [stdout]    |     ^^^^^^^^^^^^^^^^^^^^^
[INFO] [stdout]    |
[INFO] [stdout]    = note: see issue #111137 <https://github.com/rust-lang/rust/issues/111137> for more information
[INFO] [stdout]    = help: add `#![feature(stdarch_x86_avx512)]` to the crate attributes to enable
[INFO] [stdout]    = note: this compiler was built on 2024-10-27; consider upgrading it if it is out of date
[INFO] [stdout] 
[INFO] [stdout] 
[INFO] [stdout] error[E0658]: use of unstable library feature 'stdarch_x86_avx512'
[INFO] [stdout]   --> /opt/rustwide/cargo-home/registry/src/index.crates.io-6f17d22bba15001f/curve25519-dalek-4.1.1/src/backend/vector/ifma/field.rs:25:9
[INFO] [stdout]    |
[INFO] [stdout] 25 |     use core::arch::x86_64::_mm256_madd52lo_epu64;
[INFO] [stdout]    |         ^^^^^^^^^^^^^^^^^^^^^^^^^^^^^^^^^^^^^^^^^
[INFO] [stdout]    |
[INFO] [stdout]    = note: see issue #111137 <https://github.com/rust-lang/rust/issues/111137> for more information
[INFO] [stdout]    = help: add `#![feature(stdarch_x86_avx512)]` to the crate attributes to enable
[INFO] [stdout]    = note: this compiler was built on 2024-10-27; consider upgrading it if it is out of date
[INFO] [stdout] 
[INFO] [stdout] 
[INFO] [stdout] error[E0658]: use of unstable library feature 'stdarch_x86_avx512'
[INFO] [stdout]   --> /opt/rustwide/cargo-home/registry/src/index.crates.io-6f17d22bba15001f/curve25519-dalek-4.1.1/src/backend/vector/ifma/field.rs:34:5
[INFO] [stdout]    |
[INFO] [stdout] 34 |     _mm256_madd52hi_epu64(z.into(), x.into(), y.into()).into()
[INFO] [stdout]    |     ^^^^^^^^^^^^^^^^^^^^^
[INFO] [stdout]    |
[INFO] [stdout]    = note: see issue #111137 <https://github.com/rust-lang/rust/issues/111137> for more information
[INFO] [stdout]    = help: add `#![feature(stdarch_x86_avx512)]` to the crate attributes to enable
[INFO] [stdout]    = note: this compiler was built on 2024-10-27; consider upgrading it if it is out of date
[INFO] [stdout] 
[INFO] [stdout] 
[INFO] [stdout] error[E0658]: use of unstable library feature 'stdarch_x86_avx512'
[INFO] [stdout]   --> /opt/rustwide/cargo-home/registry/src/index.crates.io-6f17d22bba15001f/curve25519-dalek-4.1.1/src/backend/vector/ifma/field.rs:33:9
[INFO] [stdout]    |
[INFO] [stdout] 33 |     use core::arch::x86_64::_mm256_madd52hi_epu64;
[INFO] [stdout]    |         ^^^^^^^^^^^^^^^^^^^^^^^^^^^^^^^^^^^^^^^^^
[INFO] [stdout]    |
[INFO] [stdout]    = note: see issue #111137 <https://github.com/rust-lang/rust/issues/111137> for more information
[INFO] [stdout]    = help: add `#![feature(stdarch_x86_avx512)]` to the crate attributes to enable
[INFO] [stdout]    = note: this compiler was built on 2024-10-27; consider upgrading it if it is out of date
[INFO] [stdout] 
[INFO] [stdout] 
[INFO] [stdout] error[E0635]: unknown feature `stdsimd`
[INFO] [stdout]   --> /opt/rustwide/cargo-home/registry/src/index.crates.io-6f17d22bba15001f/curve25519-dalek-4.1.1/src/lib.rs:13:70
[INFO] [stdout]    |
[INFO] [stdout] 13 | #![cfg_attr(all(curve25519_dalek_backend = "simd", nightly), feature(stdsimd))]
[INFO] [stdout]    |                                                                      ^^^^^^^
[INFO] [stdout] 
[INFO] [stdout] 
[INFO] [stdout] Some errors have detailed explanations: E0635, E0658.
[INFO] [stdout] 
[INFO] [stdout] For more information about an error, try `rustc --explain E0635`.
[INFO] [stdout] 
[INFO] [stderr] error: could not compile `curve25519-dalek` (lib) due to 5 previous errors
[INFO] [stderr] warning: build failed, waiting for other jobs to finish...
[INFO] running `Command { std: "docker" "inspect" "8769f26dfcf786e1273ee64b6f1f6383b02dd3878e83875ae596bfa9c88058b8", kill_on_drop: false }`
[INFO] running `Command { std: "docker" "rm" "-f" "8769f26dfcf786e1273ee64b6f1f6383b02dd3878e83875ae596bfa9c88058b8", kill_on_drop: false }`
[INFO] [stdout] 8769f26dfcf786e1273ee64b6f1f6383b02dd3878e83875ae596bfa9c88058b8
