[INFO] fetching crate bulletin-board-mathematica 0.1.3...
[INFO] testing bulletin-board-mathematica-0.1.3 against nightly-2024-10-28 for randomize-layout
[INFO] extracting crate bulletin-board-mathematica 0.1.3 into /workspace/builds/worker-5-tc1/source
[INFO] validating manifest of crates.io crate bulletin-board-mathematica 0.1.3 on toolchain nightly-2024-10-28
[INFO] running `Command { std: CARGO_HOME="/workspace/cargo-home" RUSTUP_HOME="/workspace/rustup-home" "/workspace/cargo-home/bin/cargo" "+nightly-2024-10-28" "metadata" "--manifest-path" "Cargo.toml" "--no-deps", kill_on_drop: false }`
[INFO] started tweaking crates.io crate bulletin-board-mathematica 0.1.3
[INFO] finished tweaking crates.io crate bulletin-board-mathematica 0.1.3
[INFO] tweaked toml for crates.io crate bulletin-board-mathematica 0.1.3 written to /workspace/builds/worker-5-tc1/source/Cargo.toml
[INFO] running `Command { std: CARGO_HOME="/workspace/cargo-home" RUSTUP_HOME="/workspace/rustup-home" "/workspace/cargo-home/bin/cargo" "+nightly-2024-10-28" "generate-lockfile" "--manifest-path" "Cargo.toml", kill_on_drop: false }`
[INFO] [stderr]     Updating crates.io index
[INFO] [stderr]      Locking 81 packages to latest compatible versions
[INFO] running `Command { std: CARGO_HOME="/workspace/cargo-home" RUSTUP_HOME="/workspace/rustup-home" "/workspace/cargo-home/bin/cargo" "+nightly-2024-10-28" "fetch" "--manifest-path" "Cargo.toml", kill_on_drop: false }`
[INFO] [stderr]  Downloading crates ...
[INFO] [stderr]   Downloaded bulletin-board-client v0.1.4
[INFO] [stderr]   Downloaded wolfram-library-link-macros v0.2.10
[INFO] [stderr]   Downloaded bulletin-board-common v0.1.0
[INFO] [stderr]   Downloaded ghost v0.1.17
[INFO] [stderr]   Downloaded array-object v0.1.4
[INFO] [stderr]   Downloaded wolfram-expr v0.1.4
[INFO] [stderr]   Downloaded wstp v0.2.9
[INFO] [stderr]   Downloaded wolfram-app-discovery v0.4.8
[INFO] [stderr]   Downloaded wolfram-library-link v0.2.10
[INFO] [stderr]   Downloaded wolfram-library-link-sys v0.2.10
[INFO] [stderr]   Downloaded wstp-sys v0.2.8
[INFO] [stderr]   Downloaded inventory v0.2.3
[INFO] [stderr]   Downloaded process_path v0.1.4
[INFO] [stderr]   Downloaded link-cplusplus v1.0.9
[INFO] [stderr]   Downloaded windows_aarch64_msvc v0.32.0
[INFO] [stderr]   Downloaded windows_x86_64_msvc v0.32.0
[INFO] [stderr]   Downloaded windows_i686_msvc v0.32.0
[INFO] [stderr]   Downloaded windows_x86_64_gnu v0.32.0
[INFO] [stderr]   Downloaded windows_i686_gnu v0.32.0
[INFO] [stderr]   Downloaded windows v0.32.0
[INFO] running `Command { std: "docker" "create" "-v" "/var/lib/crater-agent-workspace/builds/worker-5-tc1/target:/opt/rustwide/target:rw,Z" "-v" "/var/lib/crater-agent-workspace/builds/worker-5-tc1/source:/opt/rustwide/workdir:ro,Z" "-v" "/var/lib/crater-agent-workspace/cargo-home:/opt/rustwide/cargo-home:ro,Z" "-v" "/var/lib/crater-agent-workspace/rustup-home:/opt/rustwide/rustup-home:ro,Z" "-e" "SOURCE_DIR=/opt/rustwide/workdir" "-e" "CARGO_TARGET_DIR=/opt/rustwide/target" "-e" "CARGO_HOME=/opt/rustwide/cargo-home" "-e" "RUSTUP_HOME=/opt/rustwide/rustup-home" "-w" "/opt/rustwide/workdir" "-m" "1610612736" "--user" "0:0" "--network" "none" "ghcr.io/rust-lang/crates-build-env/linux@sha256:4a844ea9eb2546a2d2c7022eacef16ef2e8229c7fbb2c7d4d55a9ceca922f72d" "/opt/rustwide/cargo-home/bin/cargo" "+nightly-2024-10-28" "metadata" "--no-deps" "--format-version=1", kill_on_drop: false }`
[INFO] [stdout] 85cce582597412f529e523a9d5ad4891ecb6f6f01c1391ad7de1e767133fb9a7
[INFO] running `Command { std: "docker" "start" "-a" "85cce582597412f529e523a9d5ad4891ecb6f6f01c1391ad7de1e767133fb9a7", kill_on_drop: false }`
[INFO] running `Command { std: "docker" "inspect" "85cce582597412f529e523a9d5ad4891ecb6f6f01c1391ad7de1e767133fb9a7", kill_on_drop: false }`
[INFO] running `Command { std: "docker" "rm" "-f" "85cce582597412f529e523a9d5ad4891ecb6f6f01c1391ad7de1e767133fb9a7", kill_on_drop: false }`
[INFO] [stdout] 85cce582597412f529e523a9d5ad4891ecb6f6f01c1391ad7de1e767133fb9a7
[INFO] running `Command { std: "docker" "create" "-v" "/var/lib/crater-agent-workspace/builds/worker-5-tc1/target:/opt/rustwide/target:rw,Z" "-v" "/var/lib/crater-agent-workspace/builds/worker-5-tc1/source:/opt/rustwide/workdir:ro,Z" "-v" "/var/lib/crater-agent-workspace/cargo-home:/opt/rustwide/cargo-home:ro,Z" "-v" "/var/lib/crater-agent-workspace/rustup-home:/opt/rustwide/rustup-home:ro,Z" "-e" "SOURCE_DIR=/opt/rustwide/workdir" "-e" "CARGO_TARGET_DIR=/opt/rustwide/target" "-e" "CARGO_INCREMENTAL=0" "-e" "RUST_BACKTRACE=full" "-e" "RUSTFLAGS=--cap-lints=forbid" "-e" "RUSTDOCFLAGS=--cap-lints=forbid" "-e" "CARGO_HOME=/opt/rustwide/cargo-home" "-e" "RUSTUP_HOME=/opt/rustwide/rustup-home" "-w" "/opt/rustwide/workdir" "-m" "1610612736" "--user" "0:0" "--network" "none" "ghcr.io/rust-lang/crates-build-env/linux@sha256:4a844ea9eb2546a2d2c7022eacef16ef2e8229c7fbb2c7d4d55a9ceca922f72d" "/opt/rustwide/cargo-home/bin/cargo" "+nightly-2024-10-28" "build" "--frozen" "--message-format=json", kill_on_drop: false }`
[INFO] [stdout] 08ea5363296ac1495b0a0fe8635f25cd83c7a79643249d3c94eb0d848859789a
[INFO] running `Command { std: "docker" "start" "-a" "08ea5363296ac1495b0a0fe8635f25cd83c7a79643249d3c94eb0d848859789a", kill_on_drop: false }`
[INFO] [stderr]    Compiling memchr v2.7.4
[INFO] [stderr]    Compiling regex-syntax v0.8.5
[INFO] [stderr]    Compiling log v0.4.22
[INFO] [stderr]    Compiling wolfram-app-discovery v0.4.8
[INFO] [stderr]    Compiling termcolor v1.4.1
[INFO] [stderr]    Compiling humantime v2.1.0
[INFO] [stderr]    Compiling ref-cast v1.0.23
[INFO] [stderr]    Compiling num-traits v0.2.19
[INFO] [stderr]    Compiling syn v2.0.86
[INFO] [stderr]    Compiling is-terminal v0.4.13
[INFO] [stderr]    Compiling link-cplusplus v1.0.9
[INFO] [stderr]    Compiling ctor v0.1.26
[INFO] [stderr]    Compiling wolfram-library-link-macros v0.2.10
[INFO] [stderr]    Compiling process_path v0.1.4
[INFO] [stderr]    Compiling static_assertions v1.1.0
[INFO] [stderr]    Compiling aho-corasick v1.1.3
[INFO] [stderr]    Compiling object v0.36.5
[INFO] [stderr]    Compiling ordered-float v3.9.2
[INFO] [stderr]    Compiling num-complex v0.4.6
[INFO] [stderr]    Compiling array-object v0.1.4
[INFO] [stderr]    Compiling wolfram-expr v0.1.4
[INFO] [stderr]    Compiling regex-automata v0.4.8
[INFO] [stderr]    Compiling serde_derive v1.0.214
[INFO] [stderr]    Compiling ref-cast-impl v1.0.23
[INFO] [stderr]    Compiling ghost v0.1.17
[INFO] [stderr]    Compiling inventory v0.2.3
[INFO] [stderr]    Compiling regex v1.11.1
[INFO] [stderr]    Compiling env_logger v0.10.2
[INFO] [stderr]    Compiling backtrace v0.3.74
[INFO] [stderr]    Compiling serde v1.0.214
[INFO] [stderr]    Compiling wstp-sys v0.2.8
[INFO] [stderr]    Compiling wolfram-library-link-sys v0.2.10
[INFO] [stderr] error: failed to run custom build command for `wstp-sys v0.2.8`
[INFO] [stderr] note: To improve backtraces for build dependencies, set the CARGO_PROFILE_DEV_BUILD_OVERRIDE_DEBUG=true environment variable to enable debug information generation.
[INFO] [stderr] 
[INFO] [stderr] Caused by:
[INFO] [stderr]   process didn't exit successfully: `/opt/rustwide/target/debug/build/wstp-sys-7e391906e0e8a88a/build-script-build` (exit status: 101)
[INFO] [stderr]   --- stdout
[INFO] [stderr]   cargo:rerun-if-env-changed=RUST_WOLFRAM_LOCATION
[INFO] [stderr]   cargo:rerun-if-env-changed=WOLFRAM_APP_DIRECTORY
[INFO] [stderr]   cargo:rerun-if-env-changed=WSTP_COMPILER_ADDITIONS_DIRECTORY
[INFO] [stderr]   cargo:rerun-if-env-changed=WSTP_COMPILER_ADDITIONS
[INFO] [stderr] 
[INFO] [stderr]   --- stderr
[INFO] [stderr]   warning: error looking for Wolfram apps in '/usr/local/Wolfram': No such file or directory (os error 2)
[INFO] [stderr]   warning: error looking for Wolfram apps in '/opt/Wolfram': No such file or directory (os error 2)
[INFO] [stderr]   thread 'main' panicked at /opt/rustwide/cargo-home/registry/src/index.crates.io-6f17d22bba15001f/wstp-sys-0.2.8/build.rs:175:10:
[INFO] [stderr]   unable to get WSTP static library path: Error(Undiscoverable { resource: "WSTP CompilerAdditions directory", environment_variable: Some("WSTP_COMPILER_ADDITIONS_DIRECTORY") })
[INFO] [stderr]   stack backtrace:
[INFO] [stderr]      0:     0x63eae5b648ea - std::backtrace_rs::backtrace::libunwind::trace::h207520d6e9873551
[INFO] [stderr]                                  at /rustc/df4ca44d3fbc9301ee17f30f4d474e6ae4b05252/library/std/src/../../backtrace/src/backtrace/libunwind.rs:116:5
[INFO] [stderr]      1:     0x63eae5b648ea - std::backtrace_rs::backtrace::trace_unsynchronized::h2ed7433f370e3eca
[INFO] [stderr]                                  at /rustc/df4ca44d3fbc9301ee17f30f4d474e6ae4b05252/library/std/src/../../backtrace/src/backtrace/mod.rs:66:5
[INFO] [stderr]      2:     0x63eae5b648ea - std::sys::backtrace::_print_fmt::h916fac51166b18d7
[INFO] [stderr]                                  at /rustc/df4ca44d3fbc9301ee17f30f4d474e6ae4b05252/library/std/src/sys/backtrace.rs:66:9
[INFO] [stderr]      3:     0x63eae5b648ea - <std::sys::backtrace::BacktraceLock::print::DisplayBacktrace as core::fmt::Display>::fmt::ha0a4c9b8ce3802e6
[INFO] [stderr]                                  at /rustc/df4ca44d3fbc9301ee17f30f4d474e6ae4b05252/library/std/src/sys/backtrace.rs:39:26
[INFO] [stderr]      4:     0x63eae5b869a3 - core::fmt::rt::Argument::fmt::h4cfc8587d52b3eb5
[INFO] [stderr]                                  at /rustc/df4ca44d3fbc9301ee17f30f4d474e6ae4b05252/library/core/src/fmt/rt.rs:177:76
[INFO] [stderr]      5:     0x63eae5b869a3 - core::fmt::write::h522cc39e5b36ae9f
[INFO] [stderr]                                  at /rustc/df4ca44d3fbc9301ee17f30f4d474e6ae4b05252/library/core/src/fmt/mod.rs:1190:21
[INFO] [stderr]      6:     0x63eae5b61883 - std::io::Write::write_fmt::hf1c1dcc8cc1287f0
[INFO] [stderr]                                  at /rustc/df4ca44d3fbc9301ee17f30f4d474e6ae4b05252/library/std/src/io/mod.rs:1839:15
[INFO] [stderr]      7:     0x63eae5b64732 - std::sys::backtrace::BacktraceLock::print::h4b9e00b29e9c0942
[INFO] [stderr]                                  at /rustc/df4ca44d3fbc9301ee17f30f4d474e6ae4b05252/library/std/src/sys/backtrace.rs:42:9
[INFO] [stderr]      8:     0x63eae5b656fc - std::panicking::default_hook::{{closure}}::hb59b88280d0324d9
[INFO] [stderr]                                  at /rustc/df4ca44d3fbc9301ee17f30f4d474e6ae4b05252/library/std/src/panicking.rs:268:22
[INFO] [stderr]      9:     0x63eae5b65542 - std::panicking::default_hook::he1dd496665be4a29
[INFO] [stderr]                                  at /rustc/df4ca44d3fbc9301ee17f30f4d474e6ae4b05252/library/std/src/panicking.rs:295:9
[INFO] [stderr]     10:     0x63eae5b65cf7 - std::panicking::rust_panic_with_hook::h2ff17fe8f26dfcf8
[INFO] [stderr]                                  at /rustc/df4ca44d3fbc9301ee17f30f4d474e6ae4b05252/library/std/src/panicking.rs:801:13
[INFO] [stderr]     11:     0x63eae5b65b8a - std::panicking::begin_panic_handler::{{closure}}::h4fad77951c07e101
[INFO] [stderr]                                  at /rustc/df4ca44d3fbc9301ee17f30f4d474e6ae4b05252/library/std/src/panicking.rs:674:13
[INFO] [stderr]     12:     0x63eae5b64dc9 - std::sys::backtrace::__rust_end_short_backtrace::hb1a25b3da5d0ea08
[INFO] [stderr]                                  at /rustc/df4ca44d3fbc9301ee17f30f4d474e6ae4b05252/library/std/src/sys/backtrace.rs:170:18
[INFO] [stderr]     13:     0x63eae5b6581c - rust_begin_unwind
[INFO] [stderr]                                  at /rustc/df4ca44d3fbc9301ee17f30f4d474e6ae4b05252/library/std/src/panicking.rs:665:5
[INFO] [stderr]     14:     0x63eae5b856e0 - core::panicking::panic_fmt::ha9db07b529f9b256
[INFO] [stderr]                                  at /rustc/df4ca44d3fbc9301ee17f30f4d474e6ae4b05252/library/core/src/panicking.rs:75:14
[INFO] [stderr]     15:     0x63eae5b85b26 - core::result::unwrap_failed::h5e8218e4d4338b8a
[INFO] [stderr]                                  at /rustc/df4ca44d3fbc9301ee17f30f4d474e6ae4b05252/library/core/src/result.rs:1698:5
[INFO] [stderr]     16:     0x63eae58ddc3b - core::result::Result<T,E>::expect::h6f2edf7dcc1818d3
[INFO] [stderr]     17:     0x63eae58dfde7 - build_script_build::link_to_wstp::h1c4c1b9afd43028d
[INFO] [stderr]     18:     0x63eae58df062 - build_script_build::main::h0ed1f1bfeb92beed
[INFO] [stderr]     19:     0x63eae58dd133 - core::ops::function::FnOnce::call_once::hed11ef2492e3df18
[INFO] [stderr]     20:     0x63eae58dcd16 - std::sys::backtrace::__rust_begin_short_backtrace::h4b589303ae856046
[INFO] [stderr]     21:     0x63eae58dcc59 - std::rt::lang_start::{{closure}}::h3b8e31b5801822ed
[INFO] [stderr]     22:     0x63eae5b5d397 - core::ops::function::impls::<impl core::ops::function::FnOnce<A> for &F>::call_once::hd87d66b906e0ccaf
[INFO] [stderr]                                  at /rustc/df4ca44d3fbc9301ee17f30f4d474e6ae4b05252/library/core/src/ops/function.rs:284:13
[INFO] [stderr]     23:     0x63eae5b5d397 - std::panicking::try::do_call::hae3703de71fc9e3a
[INFO] [stderr]                                  at /rustc/df4ca44d3fbc9301ee17f30f4d474e6ae4b05252/library/std/src/panicking.rs:557:40
[INFO] [stderr]     24:     0x63eae5b5d397 - std::panicking::try::h1178330e9a2b2645
[INFO] [stderr]                                  at /rustc/df4ca44d3fbc9301ee17f30f4d474e6ae4b05252/library/std/src/panicking.rs:520:19
[INFO] [stderr]     25:     0x63eae5b5d397 - std::panic::catch_unwind::h0acf49d2305d32ad
[INFO] [stderr]                                  at /rustc/df4ca44d3fbc9301ee17f30f4d474e6ae4b05252/library/std/src/panic.rs:358:14
[INFO] [stderr]     26:     0x63eae5b5d397 - std::rt::lang_start_internal::{{closure}}::h2d95182d798177be
[INFO] [stderr]                                  at /rustc/df4ca44d3fbc9301ee17f30f4d474e6ae4b05252/library/std/src/rt.rs:174:48
[INFO] [stderr]     27:     0x63eae5b5d397 - std::panicking::try::do_call::hb506f5bfe11fd30c
[INFO] [stderr]                                  at /rustc/df4ca44d3fbc9301ee17f30f4d474e6ae4b05252/library/std/src/panicking.rs:557:40
[INFO] [stderr]     28:     0x63eae5b5d397 - std::panicking::try::h54d825c46bd0fa95
[INFO] [stderr]                                  at /rustc/df4ca44d3fbc9301ee17f30f4d474e6ae4b05252/library/std/src/panicking.rs:520:19
[INFO] [stderr]     29:     0x63eae5b5d397 - std::panic::catch_unwind::hffbb0ad20c4e9fac
[INFO] [stderr]                                  at /rustc/df4ca44d3fbc9301ee17f30f4d474e6ae4b05252/library/std/src/panic.rs:358:14
[INFO] [stderr]     30:     0x63eae5b5d397 - std::rt::lang_start_internal::h52c291ef1962c925
[INFO] [stderr]                                  at /rustc/df4ca44d3fbc9301ee17f30f4d474e6ae4b05252/library/std/src/rt.rs:174:20
[INFO] [stderr]     31:     0x63eae58dcc37 - std::rt::lang_start::h74765eb230d4f4c6
[INFO] [stderr]     32:     0x63eae58e03f5 - main
[INFO] [stderr]     33:     0x76249628ad90 - <unknown>
[INFO] [stderr]     34:     0x76249628ae40 - __libc_start_main
[INFO] [stderr]     35:     0x63eae58dcb05 - _start
[INFO] [stderr]     36:                0x0 - <unknown>
[INFO] [stderr] warning: build failed, waiting for other jobs to finish...
[INFO] running `Command { std: "docker" "inspect" "08ea5363296ac1495b0a0fe8635f25cd83c7a79643249d3c94eb0d848859789a", kill_on_drop: false }`
[INFO] running `Command { std: "docker" "rm" "-f" "08ea5363296ac1495b0a0fe8635f25cd83c7a79643249d3c94eb0d848859789a", kill_on_drop: false }`
[INFO] [stdout] 08ea5363296ac1495b0a0fe8635f25cd83c7a79643249d3c94eb0d848859789a
