[INFO] fetching crate bugbite 0.0.12...
[INFO] testing bugbite-0.0.12 against nightly-2024-10-28 for randomize-layout
[INFO] extracting crate bugbite 0.0.12 into /workspace/builds/worker-2-tc1/source
[INFO] validating manifest of crates.io crate bugbite 0.0.12 on toolchain nightly-2024-10-28
[INFO] running `Command { std: CARGO_HOME="/workspace/cargo-home" RUSTUP_HOME="/workspace/rustup-home" "/workspace/cargo-home/bin/cargo" "+nightly-2024-10-28" "metadata" "--manifest-path" "Cargo.toml" "--no-deps", kill_on_drop: false }`
[INFO] started tweaking crates.io crate bugbite 0.0.12
[INFO] finished tweaking crates.io crate bugbite 0.0.12
[INFO] tweaked toml for crates.io crate bugbite 0.0.12 written to /workspace/builds/worker-2-tc1/source/Cargo.toml
[INFO] running `Command { std: CARGO_HOME="/workspace/cargo-home" RUSTUP_HOME="/workspace/rustup-home" "/workspace/cargo-home/bin/cargo" "+nightly-2024-10-28" "generate-lockfile" "--manifest-path" "Cargo.toml", kill_on_drop: false }`
[INFO] [stderr]     Updating crates.io index
[INFO] [stderr]      Locking 265 packages to latest compatible versions
[INFO] running `Command { std: CARGO_HOME="/workspace/cargo-home" RUSTUP_HOME="/workspace/rustup-home" "/workspace/cargo-home/bin/cargo" "+nightly-2024-10-28" "fetch" "--manifest-path" "Cargo.toml", kill_on_drop: false }`
[INFO] [stderr]  Downloading crates ...
[INFO] [stderr]   Downloaded hickory-resolver v0.24.1
[INFO] [stderr]   Downloaded assert-json-diff v2.0.2
[INFO] [stderr]   Downloaded serde_test v1.0.177
[INFO] [stderr]   Downloaded ipconfig v0.3.2
[INFO] [stderr]   Downloaded dlv-list v0.5.2
[INFO] [stderr]   Downloaded chronoutil v0.2.7
[INFO] [stderr]   Downloaded ordered-multimap v0.7.3
[INFO] [stderr]   Downloaded enum-as-inner v0.6.1
[INFO] [stderr]   Downloaded byte-unit v5.1.4
[INFO] [stderr]   Downloaded wiremock v0.6.2
[INFO] [stderr]   Downloaded cfb v0.7.3
[INFO] [stderr]   Downloaded publicsuffix v2.2.3
[INFO] [stderr]   Downloaded cookie v0.18.1
[INFO] [stderr]   Downloaded cookie_store v0.21.0
[INFO] [stderr]   Downloaded humansize v2.1.3
[INFO] [stderr]   Downloaded infer v0.16.0
[INFO] [stderr]   Downloaded resolv-conf v0.7.0
[INFO] [stderr]   Downloaded deadpool-runtime v0.1.4
[INFO] [stderr]   Downloaded deadpool v0.10.0
[INFO] [stderr]   Downloaded hickory-proto v0.24.1
[INFO] running `Command { std: "docker" "create" "-v" "/var/lib/crater-agent-workspace/builds/worker-2-tc1/target:/opt/rustwide/target:rw,Z" "-v" "/var/lib/crater-agent-workspace/builds/worker-2-tc1/source:/opt/rustwide/workdir:ro,Z" "-v" "/var/lib/crater-agent-workspace/cargo-home:/opt/rustwide/cargo-home:ro,Z" "-v" "/var/lib/crater-agent-workspace/rustup-home:/opt/rustwide/rustup-home:ro,Z" "-e" "SOURCE_DIR=/opt/rustwide/workdir" "-e" "CARGO_TARGET_DIR=/opt/rustwide/target" "-e" "CARGO_HOME=/opt/rustwide/cargo-home" "-e" "RUSTUP_HOME=/opt/rustwide/rustup-home" "-w" "/opt/rustwide/workdir" "-m" "1610612736" "--user" "0:0" "--network" "none" "ghcr.io/rust-lang/crates-build-env/linux@sha256:4a844ea9eb2546a2d2c7022eacef16ef2e8229c7fbb2c7d4d55a9ceca922f72d" "/opt/rustwide/cargo-home/bin/cargo" "+nightly-2024-10-28" "metadata" "--no-deps" "--format-version=1", kill_on_drop: false }`
[INFO] [stdout] 9fbcbc9b22d524bd0182956ec80883ac9958bbc2655bc2cd272377d15c13ec27
[INFO] running `Command { std: "docker" "start" "-a" "9fbcbc9b22d524bd0182956ec80883ac9958bbc2655bc2cd272377d15c13ec27", kill_on_drop: false }`
[INFO] running `Command { std: "docker" "inspect" "9fbcbc9b22d524bd0182956ec80883ac9958bbc2655bc2cd272377d15c13ec27", kill_on_drop: false }`
[INFO] running `Command { std: "docker" "rm" "-f" "9fbcbc9b22d524bd0182956ec80883ac9958bbc2655bc2cd272377d15c13ec27", kill_on_drop: false }`
[INFO] [stdout] 9fbcbc9b22d524bd0182956ec80883ac9958bbc2655bc2cd272377d15c13ec27
[INFO] running `Command { std: "docker" "create" "-v" "/var/lib/crater-agent-workspace/builds/worker-2-tc1/target:/opt/rustwide/target:rw,Z" "-v" "/var/lib/crater-agent-workspace/builds/worker-2-tc1/source:/opt/rustwide/workdir:ro,Z" "-v" "/var/lib/crater-agent-workspace/cargo-home:/opt/rustwide/cargo-home:ro,Z" "-v" "/var/lib/crater-agent-workspace/rustup-home:/opt/rustwide/rustup-home:ro,Z" "-e" "SOURCE_DIR=/opt/rustwide/workdir" "-e" "CARGO_TARGET_DIR=/opt/rustwide/target" "-e" "CARGO_INCREMENTAL=0" "-e" "RUST_BACKTRACE=full" "-e" "RUSTFLAGS=--cap-lints=forbid" "-e" "RUSTDOCFLAGS=--cap-lints=forbid" "-e" "CARGO_HOME=/opt/rustwide/cargo-home" "-e" "RUSTUP_HOME=/opt/rustwide/rustup-home" "-w" "/opt/rustwide/workdir" "-m" "1610612736" "--user" "0:0" "--network" "none" "ghcr.io/rust-lang/crates-build-env/linux@sha256:4a844ea9eb2546a2d2c7022eacef16ef2e8229c7fbb2c7d4d55a9ceca922f72d" "/opt/rustwide/cargo-home/bin/cargo" "+nightly-2024-10-28" "build" "--frozen" "--message-format=json", kill_on_drop: false }`
[INFO] [stdout] 97f73a959065b11f43400e9fffef146ee6af20fd1222c63a23358644b8301498
[INFO] running `Command { std: "docker" "start" "-a" "97f73a959065b11f43400e9fffef146ee6af20fd1222c63a23358644b8301498", kill_on_drop: false }`
[INFO] [stderr]    Compiling proc-macro2 v1.0.89
[INFO] [stderr]    Compiling unicode-ident v1.0.13
[INFO] [stderr]    Compiling libc v0.2.161
[INFO] [stderr]    Compiling autocfg v1.4.0
[INFO] [stderr]    Compiling serde v1.0.214
[INFO] [stderr]    Compiling pin-project-lite v0.2.15
[INFO] [stderr]    Compiling itoa v1.0.11
[INFO] [stderr]    Compiling futures-core v0.3.31
[INFO] [stderr]    Compiling bytes v1.8.0
[INFO] [stderr]    Compiling tinyvec_macros v0.1.1
[INFO] [stderr]    Compiling tinyvec v1.8.0
[INFO] [stderr]    Compiling shlex v1.3.0
[INFO] [stderr]    Compiling once_cell v1.20.2
[INFO] [stderr]    Compiling cc v1.1.31
[INFO] [stderr]    Compiling unicode-bidi v0.3.17
[INFO] [stderr]    Compiling byteorder v1.5.0
[INFO] [stderr]    Compiling slab v0.4.9
[INFO] [stderr]    Compiling futures-task v0.3.31
[INFO] [stderr]    Compiling percent-encoding v2.3.1
[INFO] [stderr]    Compiling quote v1.0.37
[INFO] [stderr]    Compiling crunchy v0.2.2
[INFO] [stderr]    Compiling syn v2.0.86
[INFO] [stderr]    Compiling getrandom v0.2.15
[INFO] [stderr]    Compiling unicode-normalization v0.1.24
[INFO] [stderr]    Compiling socket2 v0.5.7
[INFO] [stderr]    Compiling mio v1.0.2
[INFO] [stderr]    Compiling smallvec v1.13.2
[INFO] [stderr]    Compiling rustls-pki-types v1.10.0
[INFO] [stderr]    Compiling form_urlencoded v1.2.1
[INFO] [stderr]    Compiling http v1.1.0
[INFO] [stderr]    Compiling tokio v1.41.0
[INFO] [stderr]    Compiling num-traits v0.2.19
[INFO] [stderr]    Compiling tracing-core v0.1.32
[INFO] [stderr]    Compiling futures-channel v0.3.31
[INFO] [stderr]    Compiling spin v0.9.8
[INFO] [stderr]    Compiling ring v0.17.8
[INFO] [stderr]    Compiling untrusted v0.9.0
[INFO] [stderr]    Compiling tiny-keccak v2.0.2
[INFO] [stderr]    Compiling httparse v1.9.5
[INFO] [stderr]    Compiling heck v0.5.0
[INFO] [stderr]    Compiling memchr v2.7.4
[INFO] [stderr]    Compiling http-body v1.0.1
[INFO] [stderr]    Compiling idna v0.5.0
[INFO] [stderr]    Compiling rand_core v0.6.4
[INFO] [stderr]    Compiling lock_api v0.4.12
[INFO] [stderr]    Compiling rustls v0.23.16
[INFO] [stderr]    Compiling powerfmt v0.2.0
[INFO] [stderr]    Compiling num-conv v0.1.0
[INFO] [stderr]    Compiling strsim v0.11.1
[INFO] [stderr]    Compiling try-lock v0.2.5
[INFO] [stderr]    Compiling version_check v0.9.5
[INFO] [stderr]    Compiling time-core v0.1.2
[INFO] [stderr]    Compiling thiserror v1.0.66
[INFO] [stderr]    Compiling parking_lot_core v0.9.10
[INFO] [stderr]    Compiling ident_case v1.0.1
[INFO] [stderr]    Compiling time-macros v0.2.18
[INFO] [stderr]    Compiling want v0.3.1
[INFO] [stderr]    Compiling cookie v0.18.1
[INFO] [stderr]    Compiling deranged v0.3.11
[INFO] [stderr]    Compiling subtle v2.6.1
[INFO] [stderr]    Compiling ryu v1.0.18
[INFO] [stderr]    Compiling rustversion v1.0.18
[INFO] [stderr]    Compiling zeroize v1.8.1
[INFO] [stderr]    Compiling match_cfg v0.1.0
[INFO] [stderr]    Compiling serde_json v1.0.132
[INFO] [stderr]    Compiling scopeguard v1.2.0
[INFO] [stderr]    Compiling const-random-macro v0.1.16
[INFO] [stderr]    Compiling hostname v0.3.1
[INFO] [stderr]    Compiling idna v0.3.0
[INFO] [stderr]    Compiling idna v0.4.0
[INFO] [stderr]    Compiling psl-types v2.0.11
[INFO] [stderr]    Compiling data-encoding v2.6.0
[INFO] [stderr]    Compiling darling_core v0.20.10
[INFO] [stderr]    Compiling time v0.3.36
[INFO] [stderr]    Compiling libm v0.2.11
[INFO] [stderr]    Compiling tower-service v0.3.3
[INFO] [stderr]    Compiling futures-io v0.3.31
[INFO] [stderr]    Compiling hashbrown v0.15.0
[INFO] [stderr]    Compiling linked-hash-map v0.5.6
[INFO] [stderr]    Compiling rust_decimal v1.36.0
[INFO] [stderr]    Compiling ipnet v2.10.1
[INFO] [stderr]    Compiling equivalent v1.0.1
[INFO] [stderr]    Compiling quick-error v1.2.3
[INFO] [stderr]    Compiling rustix v0.38.38
[INFO] [stderr]    Compiling resolv-conf v0.7.0
[INFO] [stderr]    Compiling lru-cache v0.1.2
[INFO] [stderr]    Compiling rustls-webpki v0.102.8
[INFO] [stderr]    Compiling publicsuffix v2.2.3
[INFO] [stderr]    Compiling parking_lot v0.12.3
[INFO] [stderr]    Compiling serde_derive v1.0.214
[INFO] [stderr]    Compiling futures-macro v0.3.31
[INFO] [stderr]    Compiling zerocopy-derive v0.7.35
[INFO] [stderr]    Compiling tracing-attributes v0.1.27
[INFO] [stderr]    Compiling thiserror-impl v1.0.66
[INFO] [stderr]    Compiling darling_macro v0.20.10
[INFO] [stderr]    Compiling futures-util v0.3.31
[INFO] [stderr]    Compiling enum-as-inner v0.6.1
[INFO] [stderr]    Compiling async-trait v0.1.83
[INFO] [stderr]    Compiling zerocopy v0.7.35
[INFO] [stderr]    Compiling darling v0.20.10
[INFO] [stderr]    Compiling const-random v0.1.18
[INFO] [stderr]    Compiling ppv-lite86 v0.2.20
[INFO] [stderr]    Compiling aho-corasick v1.1.3
[INFO] [stderr]    Compiling tracing v0.1.40
[INFO] [stderr]    Compiling webpki-roots v0.26.6
[INFO] [stderr]    Compiling camino v1.1.9
[INFO] [stderr]    Compiling winnow v0.6.20
[INFO] [stderr]    Compiling arrayvec v0.7.6
[INFO] [stderr]    Compiling rand_chacha v0.3.1
[INFO] [stderr]    Compiling regex-syntax v0.8.5
[INFO] [stderr]    Compiling linux-raw-sys v0.4.14
[INFO] [stderr]    Compiling hyper v1.5.0
[INFO] [stderr]    Compiling rand v0.8.5
[INFO] [stderr]    Compiling iana-time-zone v0.1.61
[INFO] [stderr]    Compiling uuid v1.11.0
[INFO] [stderr]    Compiling log v0.4.22
[INFO] [stderr]    Compiling hyper-util v0.1.10
[INFO] [stderr]    Compiling bitflags v2.6.0
[INFO] [stderr]    Compiling tokio-rustls v0.26.0
[INFO] [stderr]    Compiling regex-automata v0.4.8
[INFO] [stderr]    Compiling cfb v0.7.3
[INFO] [stderr]    Compiling hyper-rustls v0.27.3
[INFO] [stderr]    Compiling http-body-util v0.1.2
[INFO] [stderr]    Compiling strum_macros v0.26.4
[INFO] [stderr]    Compiling dlv-list v0.5.2
[INFO] [stderr]    Compiling serde_with_macros v3.11.0
[INFO] [stderr]    Compiling async-stream-impl v0.3.6
[INFO] [stderr]    Compiling rustls-pemfile v2.2.0
[INFO] [stderr]    Compiling dirs-sys-next v0.1.2
[INFO] [stderr]    Compiling url v2.5.2
[INFO] [stderr]    Compiling toml_datetime v0.6.8
[INFO] [stderr]    Compiling indexmap v2.6.0
[INFO] [stderr]    Compiling serde_spanned v0.6.8
[INFO] [stderr]    Compiling serde_urlencoded v0.7.1
[INFO] [stderr]    Compiling chrono v0.4.38
[INFO] [stderr]    Compiling hickory-proto v0.24.1
[INFO] [stderr]    Compiling sync_wrapper v1.0.1
[INFO] [stderr]    Compiling toml_edit v0.22.22
[INFO] [stderr]    Compiling mime v0.3.17
[INFO] [stderr]    Compiling bugbite v0.0.12 (/opt/rustwide/workdir)
[INFO] [stderr]    Compiling either v1.13.0
[INFO] [stderr]    Compiling cookie_store v0.21.0
[INFO] [stderr]    Compiling utf8-width v0.1.7
[INFO] [stderr]    Compiling hashbrown v0.14.5
[INFO] [stderr]    Compiling base64 v0.22.1
[INFO] [stderr]    Compiling fastrand v2.1.1
[INFO] [stderr]    Compiling tempfile v3.13.0
[INFO] [stderr]    Compiling ordered-multimap v0.7.3
[INFO] [stderr]    Compiling chronoutil v0.2.7
[INFO] [stderr]    Compiling byte-unit v5.1.4
[INFO] [stderr]    Compiling itertools v0.13.0
[INFO] [stderr]    Compiling strum v0.26.3
[INFO] [stderr]    Compiling serde_with v3.11.0
[INFO] [stderr]    Compiling dirs-next v2.0.0
[INFO] [stderr]    Compiling humansize v2.1.3
[INFO] [stderr]    Compiling async-stream v0.3.6
[INFO] [stderr]    Compiling regex v1.11.1
[INFO] [stderr]    Compiling infer v0.16.0
[INFO] [stderr]    Compiling serde_repr v0.1.19
[INFO] [stderr]    Compiling hickory-resolver v0.24.1
[INFO] [stderr]    Compiling toml v0.8.19
[INFO] [stderr]    Compiling reqwest v0.12.9
[INFO] [stderr]     Finished `dev` profile [unoptimized + debuginfo] target(s) in 20.82s
[INFO] running `Command { std: "docker" "inspect" "97f73a959065b11f43400e9fffef146ee6af20fd1222c63a23358644b8301498", kill_on_drop: false }`
[INFO] running `Command { std: "docker" "rm" "-f" "97f73a959065b11f43400e9fffef146ee6af20fd1222c63a23358644b8301498", kill_on_drop: false }`
[INFO] [stdout] 97f73a959065b11f43400e9fffef146ee6af20fd1222c63a23358644b8301498
[INFO] running `Command { std: "docker" "create" "-v" "/var/lib/crater-agent-workspace/builds/worker-2-tc1/target:/opt/rustwide/target:rw,Z" "-v" "/var/lib/crater-agent-workspace/builds/worker-2-tc1/source:/opt/rustwide/workdir:ro,Z" "-v" "/var/lib/crater-agent-workspace/cargo-home:/opt/rustwide/cargo-home:ro,Z" "-v" "/var/lib/crater-agent-workspace/rustup-home:/opt/rustwide/rustup-home:ro,Z" "-e" "SOURCE_DIR=/opt/rustwide/workdir" "-e" "CARGO_TARGET_DIR=/opt/rustwide/target" "-e" "CARGO_INCREMENTAL=0" "-e" "RUST_BACKTRACE=full" "-e" "RUSTFLAGS=--cap-lints=forbid" "-e" "RUSTDOCFLAGS=--cap-lints=forbid" "-e" "CARGO_HOME=/opt/rustwide/cargo-home" "-e" "RUSTUP_HOME=/opt/rustwide/rustup-home" "-w" "/opt/rustwide/workdir" "-m" "1610612736" "--user" "0:0" "--network" "none" "ghcr.io/rust-lang/crates-build-env/linux@sha256:4a844ea9eb2546a2d2c7022eacef16ef2e8229c7fbb2c7d4d55a9ceca922f72d" "/opt/rustwide/cargo-home/bin/cargo" "+nightly-2024-10-28" "test" "--frozen" "--no-run" "--message-format=json", kill_on_drop: false }`
[INFO] [stdout] d15574183d6f8ff268df1c9f6bf92f4ddd32fab69f819d2eca7c31fd558467b0
[INFO] running `Command { std: "docker" "start" "-a" "d15574183d6f8ff268df1c9f6bf92f4ddd32fab69f819d2eca7c31fd558467b0", kill_on_drop: false }`
[INFO] [stderr]    Compiling tokio-macros v2.4.0
[INFO] [stderr]    Compiling signal-hook-registry v1.4.2
[INFO] [stderr]    Compiling serde_test v1.0.177
[INFO] [stderr]    Compiling indoc v2.0.5
[INFO] [stderr]    Compiling tokio v1.41.0
[INFO] [stderr]    Compiling hyper v1.5.0
[INFO] [stderr]    Compiling tokio-rustls v0.26.0
[INFO] [stderr]    Compiling hickory-proto v0.24.1
[INFO] [stderr]    Compiling hyper-util v0.1.10
[INFO] [stderr]    Compiling hyper-rustls v0.27.3
[INFO] [stderr]    Compiling hickory-resolver v0.24.1
[INFO] [stderr]    Compiling reqwest v0.12.9
[INFO] [stderr]    Compiling bugbite v0.0.12 (/opt/rustwide/workdir)
[INFO] [stdout] error[E0432]: unresolved import `crate::test`
[INFO] [stdout]    --> src/args/csv.rs:109:16
[INFO] [stdout]     |
[INFO] [stdout] 109 |     use crate::test::assert_ordered_eq;
[INFO] [stdout]     |                ^^^^ could not find `test` in the crate root
[INFO] [stdout]     |
[INFO] [stdout] note: found an item that was configured out
[INFO] [stdout]    --> src/lib.rs:9:9
[INFO] [stdout]     |
[INFO] [stdout] 9   | pub mod test;
[INFO] [stdout]     |         ^^^^
[INFO] [stdout] note: the item is gated behind the `test` feature
[INFO] [stdout]    --> src/lib.rs:8:7
[INFO] [stdout]     |
[INFO] [stdout] 8   | #[cfg(feature = "test")]
[INFO] [stdout]     |       ^^^^^^^^^^^^^^^^
[INFO] [stdout] 
[INFO] [stdout] 
[INFO] [stdout] error[E0432]: unresolved import `crate::test`
[INFO] [stdout]    --> src/service/bugzilla/attachment/create.rs:476:16
[INFO] [stdout]     |
[INFO] [stdout] 476 |     use crate::test::*;
[INFO] [stdout]     |                ^^^^ could not find `test` in the crate root
[INFO] [stdout] 
[INFO] [stdout] 
[INFO] [stdout] error[E0432]: unresolved import `crate::test`
[INFO] [stdout]   --> src/service/bugzilla/attachment/get.rs:98:16
[INFO] [stdout]    |
[INFO] [stdout] 98 |     use crate::test::*;
[INFO] [stdout]    |                ^^^^ could not find `test` in the crate root
[INFO] [stdout] 
[INFO] [stdout] 
[INFO] [stdout] error[E0432]: unresolved import `crate::test`
[INFO] [stdout]    --> src/service/bugzilla/attachment/get_item.rs:104:16
[INFO] [stdout]     |
[INFO] [stdout] 104 |     use crate::test::*;
[INFO] [stdout]     |                ^^^^ could not find `test` in the crate root
[INFO] [stdout] 
[INFO] [stdout] 
[INFO] [stdout] error[E0432]: unresolved import `crate::test`
[INFO] [stdout]    --> src/service/bugzilla/attachment/update.rs:143:16
[INFO] [stdout]     |
[INFO] [stdout] 143 |     use crate::test::*;
[INFO] [stdout]     |                ^^^^ could not find `test` in the crate root
[INFO] [stdout] 
[INFO] [stdout] 
[INFO] [stdout] error[E0432]: unresolved import `crate::test`
[INFO] [stdout]    --> src/service/bugzilla/comment.rs:145:16
[INFO] [stdout]     |
[INFO] [stdout] 145 |     use crate::test::*;
[INFO] [stdout]     |                ^^^^ could not find `test` in the crate root
[INFO] [stdout] 
[INFO] [stdout] 
[INFO] [stdout] error[E0432]: unresolved import `crate::test`
[INFO] [stdout]    --> src/service/bugzilla/create.rs:472:16
[INFO] [stdout]     |
[INFO] [stdout] 472 |     use crate::test::*;
[INFO] [stdout]     |                ^^^^ could not find `test` in the crate root
[INFO] [stdout] 
[INFO] [stdout] 
[INFO] [stdout] error[E0432]: unresolved import `crate::test`
[INFO] [stdout]   --> src/service/bugzilla/fields.rs:34:16
[INFO] [stdout]    |
[INFO] [stdout] 34 |     use crate::test::*;
[INFO] [stdout]    |                ^^^^ could not find `test` in the crate root
[INFO] [stdout] 
[INFO] [stdout] 
[INFO] [stdout] error[E0432]: unresolved import `crate::test`
[INFO] [stdout]    --> src/service/bugzilla/get.rs:135:16
[INFO] [stdout]     |
[INFO] [stdout] 135 |     use crate::test::*;
[INFO] [stdout]     |                ^^^^ could not find `test` in the crate root
[INFO] [stdout] 
[INFO] [stdout] 
[INFO] [stdout] error[E0432]: unresolved import `crate::test`
[INFO] [stdout]    --> src/service/bugzilla/history.rs:131:16
[INFO] [stdout]     |
[INFO] [stdout] 131 |     use crate::test::*;
[INFO] [stdout]     |                ^^^^ could not find `test` in the crate root
[INFO] [stdout] 
[INFO] [stdout] 
[INFO] [stdout] error[E0432]: unresolved import `crate::test`
[INFO] [stdout]     --> src/service/bugzilla/search.rs:2009:16
[INFO] [stdout]      |
[INFO] [stdout] 2009 |     use crate::test::*;
[INFO] [stdout]      |                ^^^^ could not find `test` in the crate root
[INFO] [stdout] 
[INFO] [stdout] 
[INFO] [stdout] error[E0432]: unresolved import `crate::test`
[INFO] [stdout]    --> src/service/bugzilla/update.rs:581:16
[INFO] [stdout]     |
[INFO] [stdout] 581 |     use crate::test::*;
[INFO] [stdout]     |                ^^^^ could not find `test` in the crate root
[INFO] [stdout] 
[INFO] [stdout] 
[INFO] [stdout] error[E0432]: unresolved import `crate::test`
[INFO] [stdout]    --> src/service/redmine/get.rs:150:16
[INFO] [stdout]     |
[INFO] [stdout] 150 |     use crate::test::*;
[INFO] [stdout]     |                ^^^^ could not find `test` in the crate root
[INFO] [stdout] 
[INFO] [stdout] 
[INFO] [stdout] error[E0432]: unresolved import `crate::test`
[INFO] [stdout]    --> src/service/redmine/search.rs:517:16
[INFO] [stdout]     |
[INFO] [stdout] 517 |     use crate::test::*;
[INFO] [stdout]     |                ^^^^ could not find `test` in the crate root
[INFO] [stdout] 
[INFO] [stdout] 
[INFO] [stdout] error[E0432]: unresolved import `crate::test`
[INFO] [stdout]   --> src/time/delta.rs:96:16
[INFO] [stdout]    |
[INFO] [stdout] 96 |     use crate::test::assert_err_re;
[INFO] [stdout]    |                ^^^^ could not find `test` in the crate root
[INFO] [stdout]    |
[INFO] [stdout] note: found an item that was configured out
[INFO] [stdout]   --> src/lib.rs:9:9
[INFO] [stdout]    |
[INFO] [stdout] 9  | pub mod test;
[INFO] [stdout]    |         ^^^^
[INFO] [stdout] note: the item is gated behind the `test` feature
[INFO] [stdout]   --> src/lib.rs:8:7
[INFO] [stdout]    |
[INFO] [stdout] 8  | #[cfg(feature = "test")]
[INFO] [stdout]    |       ^^^^^^^^^^^^^^^^
[INFO] [stdout] 
[INFO] [stdout] 
[INFO] [stdout] error[E0432]: unresolved import `crate::test`
[INFO] [stdout]   --> src/time.rs:65:16
[INFO] [stdout]    |
[INFO] [stdout] 65 |     use crate::test::assert_err_re;
[INFO] [stdout]    |                ^^^^ could not find `test` in the crate root
[INFO] [stdout]    |
[INFO] [stdout] note: found an item that was configured out
[INFO] [stdout]   --> src/lib.rs:9:9
[INFO] [stdout]    |
[INFO] [stdout] 9  | pub mod test;
[INFO] [stdout]    |         ^^^^
[INFO] [stdout] note: the item is gated behind the `test` feature
[INFO] [stdout]   --> src/lib.rs:8:7
[INFO] [stdout]    |
[INFO] [stdout] 8  | #[cfg(feature = "test")]
[INFO] [stdout]    |       ^^^^^^^^^^^^^^^^
[INFO] [stdout] 
[INFO] [stdout] 
[INFO] [stdout] error[E0432]: unresolved import `crate::test`
[INFO] [stdout]    --> src/traits.rs:216:16
[INFO] [stdout]     |
[INFO] [stdout] 216 |     use crate::test::*;
[INFO] [stdout]     |                ^^^^ could not find `test` in the crate root
[INFO] [stdout] 
[INFO] [stdout] 
[INFO] [stdout] error[E0432]: unresolved import `wiremock`
[INFO] [stdout]    --> src/service/redmine/get.rs:148:9
[INFO] [stdout]     |
[INFO] [stdout] 148 |     use wiremock::{matchers, ResponseTemplate};
[INFO] [stdout]     |         ^^^^^^^^ use of undeclared crate or module `wiremock`
[INFO] [stdout] 
[INFO] [stdout] 
[INFO] [stdout] error: cannot find macro `assert_err_re` in this scope
[INFO] [stdout]    --> src/service/bugzilla/attachment/create.rs:489:9
[INFO] [stdout]     |
[INFO] [stdout] 489 |         assert_err_re!(err, "no IDs specified");
[INFO] [stdout]     |         ^^^^^^^^^^^^^
[INFO] [stdout] 
[INFO] [stdout] 
[INFO] [stdout] error: cannot find macro `assert_err_re` in this scope
[INFO] [stdout]    --> src/service/bugzilla/attachment/create.rs:494:9
[INFO] [stdout]     |
[INFO] [stdout] 494 |         assert_err_re!(err, "no attachments specified");
[INFO] [stdout]     |         ^^^^^^^^^^^^^
[INFO] [stdout] 
[INFO] [stdout] 
[INFO] [stdout] error: cannot find macro `assert_err_re` in this scope
[INFO] [stdout]    --> src/service/bugzilla/attachment/get.rs:112:9
[INFO] [stdout]     |
[INFO] [stdout] 112 |         assert_err_re!(err, "no IDs specified");
[INFO] [stdout]     |         ^^^^^^^^^^^^^
[INFO] [stdout] 
[INFO] [stdout] 
[INFO] [stdout] error: cannot find macro `assert_err_re` in this scope
[INFO] [stdout]    --> src/service/bugzilla/attachment/get.rs:120:9
[INFO] [stdout]     |
[INFO] [stdout] 120 |         assert_err_re!(err, "nonexistent attachment: 1");
[INFO] [stdout]     |         ^^^^^^^^^^^^^
[INFO] [stdout] 
[INFO] [stdout] 
[INFO] [stdout] error: cannot find macro `assert_err_re` in this scope
[INFO] [stdout]    --> src/service/bugzilla/attachment/get.rs:130:9
[INFO] [stdout]     |
[INFO] [stdout] 130 |         assert_err_re!(err, "deleted attachment: 21");
[INFO] [stdout]     |         ^^^^^^^^^^^^^
[INFO] [stdout] 
[INFO] [stdout] 
[INFO] [stdout] error: cannot find macro `assert_err_re` in this scope
[INFO] [stdout]    --> src/service/bugzilla/attachment/get.rs:140:9
[INFO] [stdout]     |
[INFO] [stdout] 140 |         assert_err_re!(err, "failed deserializing attachment: 123");
[INFO] [stdout]     |         ^^^^^^^^^^^^^
[INFO] [stdout] 
[INFO] [stdout] 
[INFO] [stdout] error: cannot find macro `assert_ordered_eq` in this scope
[INFO] [stdout]    --> src/service/bugzilla/attachment/get.rs:186:9
[INFO] [stdout]     |
[INFO] [stdout] 186 |         assert_ordered_eq!(attachments.iter().map(|x| x.id), ids);
[INFO] [stdout]     |         ^^^^^^^^^^^^^^^^^
[INFO] [stdout] 
[INFO] [stdout] 
[INFO] [stdout] error: cannot find macro `assert_err_re` in this scope
[INFO] [stdout]    --> src/service/bugzilla/attachment/get_item.rs:118:9
[INFO] [stdout]     |
[INFO] [stdout] 118 |         assert_err_re!(err, "no IDs specified");
[INFO] [stdout]     |         ^^^^^^^^^^^^^
[INFO] [stdout] 
[INFO] [stdout] 
[INFO] [stdout] error: cannot find macro `assert_err_re` in this scope
[INFO] [stdout]    --> src/service/bugzilla/attachment/update.rs:156:9
[INFO] [stdout]     |
[INFO] [stdout] 156 |         assert_err_re!(err, "no IDs specified");
[INFO] [stdout]     |         ^^^^^^^^^^^^^
[INFO] [stdout] 
[INFO] [stdout] 
[INFO] [stdout] error: cannot find macro `assert_err_re` in this scope
[INFO] [stdout]    --> src/service/bugzilla/comment.rs:159:9
[INFO] [stdout]     |
[INFO] [stdout] 159 |         assert_err_re!(err, "no IDs specified");
[INFO] [stdout]     |         ^^^^^^^^^^^^^
[INFO] [stdout] 
[INFO] [stdout] 
[INFO] [stdout] error: cannot find macro `assert_ordered_eq` in this scope
[INFO] [stdout]    --> src/service/bugzilla/comment.rs:178:9
[INFO] [stdout]     |
[INFO] [stdout] 178 |         assert_ordered_eq!(comments[0].iter().map(|x| x.id), [1, 2, 3, 4, 5, 6, 7]);
[INFO] [stdout]     |         ^^^^^^^^^^^^^^^^^
[INFO] [stdout] 
[INFO] [stdout] 
[INFO] [stdout] error: cannot find macro `assert_ordered_eq` in this scope
[INFO] [stdout]    --> src/service/bugzilla/comment.rs:182:9
[INFO] [stdout]     |
[INFO] [stdout] 182 |         assert_ordered_eq!(comments[0].iter().map(|x| x.id), [2, 3, 4]);
[INFO] [stdout]     |         ^^^^^^^^^^^^^^^^^
[INFO] [stdout] 
[INFO] [stdout] 
[INFO] [stdout] error: cannot find macro `assert_ordered_eq` in this scope
[INFO] [stdout]    --> src/service/bugzilla/comment.rs:186:9
[INFO] [stdout]     |
[INFO] [stdout] 186 |         assert_ordered_eq!(comments[0].iter().map(|x| x.id), [1, 5, 6, 7]);
[INFO] [stdout]     |         ^^^^^^^^^^^^^^^^^
[INFO] [stdout] 
[INFO] [stdout] 
[INFO] [stdout] error: cannot find macro `assert_ordered_eq` in this scope
[INFO] [stdout]    --> src/service/bugzilla/comment.rs:190:9
[INFO] [stdout]     |
[INFO] [stdout] 190 |         assert_ordered_eq!(comments[0].iter().map(|x| x.id), [1, 2, 3, 7]);
[INFO] [stdout]     |         ^^^^^^^^^^^^^^^^^
[INFO] [stdout] 
[INFO] [stdout] 
[INFO] [stdout] error: cannot find macro `assert_ordered_eq` in this scope
[INFO] [stdout]    --> src/service/bugzilla/comment.rs:200:9
[INFO] [stdout]     |
[INFO] [stdout] 200 |         assert_ordered_eq!(comments[0].iter().map(|x| x.id), [4]);
[INFO] [stdout]     |         ^^^^^^^^^^^^^^^^^
[INFO] [stdout] 
[INFO] [stdout] 
[INFO] [stdout] error: cannot find macro `assert_err_re` in this scope
[INFO] [stdout]    --> src/service/bugzilla/create.rs:489:9
[INFO] [stdout]     |
[INFO] [stdout] 489 |         assert_err_re!(
[INFO] [stdout]     |         ^^^^^^^^^^^^^
[INFO] [stdout] 
[INFO] [stdout] 
[INFO] [stdout] error: cannot find macro `assert_err_re` in this scope
[INFO] [stdout]    --> src/service/bugzilla/create.rs:504:9
[INFO] [stdout]     |
[INFO] [stdout] 504 |         assert_err_re!(err, "missing required fields: component, os, product");
[INFO] [stdout]     |         ^^^^^^^^^^^^^
[INFO] [stdout] 
[INFO] [stdout] 
[INFO] [stdout] error: cannot find macro `assert_err_re` in this scope
[INFO] [stdout]    --> src/service/bugzilla/get.rs:149:9
[INFO] [stdout]     |
[INFO] [stdout] 149 |         assert_err_re!(err, "no IDs specified");
[INFO] [stdout]     |         ^^^^^^^^^^^^^
[INFO] [stdout] 
[INFO] [stdout] 
[INFO] [stdout] error: cannot find macro `assert_err_re` in this scope
[INFO] [stdout]    --> src/service/bugzilla/get.rs:170:9
[INFO] [stdout]     |
[INFO] [stdout] 170 |         assert_err_re!(err, "invalid service response");
[INFO] [stdout]     |         ^^^^^^^^^^^^^
[INFO] [stdout] 
[INFO] [stdout] 
[INFO] [stdout] error: cannot find macro `assert_ordered_eq` in this scope
[INFO] [stdout]    --> src/service/bugzilla/get.rs:178:9
[INFO] [stdout]     |
[INFO] [stdout] 178 |         assert_ordered_eq!(bugs.iter().map(|x| x.id), ids);
[INFO] [stdout]     |         ^^^^^^^^^^^^^^^^^
[INFO] [stdout] 
[INFO] [stdout] 
[INFO] [stdout] error: cannot find macro `assert_ordered_eq` in this scope
[INFO] [stdout]    --> src/service/bugzilla/get.rs:188:9
[INFO] [stdout]     |
[INFO] [stdout] 188 |         assert_ordered_eq!(bugs.iter().map(|x| x.id), ids);
[INFO] [stdout]     |         ^^^^^^^^^^^^^^^^^
[INFO] [stdout] 
[INFO] [stdout] 
[INFO] [stdout] error: cannot find macro `assert_err_re` in this scope
[INFO] [stdout]    --> src/service/bugzilla/history.rs:145:9
[INFO] [stdout]     |
[INFO] [stdout] 145 |         assert_err_re!(err, "no IDs specified");
[INFO] [stdout]     |         ^^^^^^^^^^^^^
[INFO] [stdout] 
[INFO] [stdout] 
[INFO] [stdout] error: cannot find macro `assert_err_re` in this scope
[INFO] [stdout]    --> src/service/bugzilla/update.rs:594:9
[INFO] [stdout]     |
[INFO] [stdout] 594 |         assert_err_re!(err, "no IDs specified");
[INFO] [stdout]     |         ^^^^^^^^^^^^^
[INFO] [stdout] 
[INFO] [stdout] 
[INFO] [stdout] error: cannot find macro `assert_err_re` in this scope
[INFO] [stdout]    --> src/service/redmine/get.rs:164:9
[INFO] [stdout]     |
[INFO] [stdout] 164 |         assert_err_re!(err, "no IDs specified");
[INFO] [stdout]     |         ^^^^^^^^^^^^^
[INFO] [stdout] 
[INFO] [stdout] 
[INFO] [stdout] error: cannot find macro `assert_err_re` in this scope
[INFO] [stdout]    --> src/service/redmine/get.rs:171:9
[INFO] [stdout]     |
[INFO] [stdout] 171 |         assert_err_re!(err, "nonexistent issue: 1");
[INFO] [stdout]     |         ^^^^^^^^^^^^^
[INFO] [stdout] 
[INFO] [stdout] 
[INFO] [stdout] error: cannot find macro `assert_ordered_eq` in this scope
[INFO] [stdout]    --> src/service/redmine/get.rs:179:9
[INFO] [stdout]     |
[INFO] [stdout] 179 |         assert_ordered_eq!(bugs.iter().map(|x| x.id), ids);
[INFO] [stdout]     |         ^^^^^^^^^^^^^^^^^
[INFO] [stdout] 
[INFO] [stdout] 
[INFO] [stdout] error: cannot find macro `assert_err_re` in this scope
[INFO] [stdout]    --> src/service/redmine/search.rs:566:9
[INFO] [stdout]     |
[INFO] [stdout] 566 |         assert_err_re!(err, "IDs and ID ranges specified");
[INFO] [stdout]     |         ^^^^^^^^^^^^^
[INFO] [stdout] 
[INFO] [stdout] 
[INFO] [stdout] error: cannot find macro `assert_err_re` in this scope
[INFO] [stdout]    --> src/service/redmine/search.rs:568:9
[INFO] [stdout]     |
[INFO] [stdout] 568 |         assert_err_re!(err, "multiple ID ranges specified");
[INFO] [stdout]     |         ^^^^^^^^^^^^^
[INFO] [stdout] 
[INFO] [stdout] 
[INFO] [stdout] error: cannot find macro `assert_err_re` in this scope
[INFO] [stdout]    --> src/traits.rs:230:13
[INFO] [stdout]     |
[INFO] [stdout] 230 |             assert_err_re!(err, "invalid template name: ");
[INFO] [stdout]     |             ^^^^^^^^^^^^^
[INFO] [stdout] 
[INFO] [stdout] 
[INFO] [stdout] error: cannot find macro `assert_err_re` in this scope
[INFO] [stdout]    --> src/traits.rs:232:13
[INFO] [stdout]     |
[INFO] [stdout] 232 |             assert_err_re!(err, "invalid template name: ");
[INFO] [stdout]     |             ^^^^^^^^^^^^^
[INFO] [stdout] 
[INFO] [stdout] 
[INFO] [stdout] error: cannot find macro `assert_err_re` in this scope
[INFO] [stdout]    --> src/traits.rs:237:9
[INFO] [stdout]     |
[INFO] [stdout] 237 |         assert_err_re!(err, "empty request template: test");
[INFO] [stdout]     |         ^^^^^^^^^^^^^
[INFO] [stdout] 
[INFO] [stdout] 
[INFO] [stdout] For more information about this error, try `rustc --explain E0432`.
[INFO] [stdout] 
[INFO] [stderr] error: could not compile `bugbite` (lib test) due to 49 previous errors
[INFO] [stderr] warning: build failed, waiting for other jobs to finish...
[INFO] running `Command { std: "docker" "inspect" "d15574183d6f8ff268df1c9f6bf92f4ddd32fab69f819d2eca7c31fd558467b0", kill_on_drop: false }`
[INFO] running `Command { std: "docker" "rm" "-f" "d15574183d6f8ff268df1c9f6bf92f4ddd32fab69f819d2eca7c31fd558467b0", kill_on_drop: false }`
[INFO] [stdout] d15574183d6f8ff268df1c9f6bf92f4ddd32fab69f819d2eca7c31fd558467b0
