[INFO] fetching crate bufferring 0.0.2...
[INFO] testing bufferring-0.0.2 against nightly-2024-10-28+rustflags=-Zrandomize-layout for randomize-layout
[INFO] extracting crate bufferring 0.0.2 into /workspace/builds/worker-2-tc2/source
[INFO] validating manifest of crates.io crate bufferring 0.0.2 on toolchain nightly-2024-10-28
[INFO] running `Command { std: CARGO_HOME="/workspace/cargo-home" RUSTUP_HOME="/workspace/rustup-home" "/workspace/cargo-home/bin/cargo" "+nightly-2024-10-28" "metadata" "--manifest-path" "Cargo.toml" "--no-deps", kill_on_drop: false }`
[INFO] started tweaking crates.io crate bufferring 0.0.2
[INFO] finished tweaking crates.io crate bufferring 0.0.2
[INFO] tweaked toml for crates.io crate bufferring 0.0.2 written to /workspace/builds/worker-2-tc2/source/Cargo.toml
[INFO] running `Command { std: CARGO_HOME="/workspace/cargo-home" RUSTUP_HOME="/workspace/rustup-home" "/workspace/cargo-home/bin/cargo" "+nightly-2024-10-28" "generate-lockfile" "--manifest-path" "Cargo.toml", kill_on_drop: false }`
[INFO] [stderr]     Updating crates.io index
[INFO] [stderr]      Locking 26 packages to latest compatible versions
[INFO] [stderr]       Adding bit-vec v0.6.3 (available: v0.8.0)
[INFO] [stderr]       Adding proptest v1.2.0 (available: v1.5.0)
[INFO] running `Command { std: CARGO_HOME="/workspace/cargo-home" RUSTUP_HOME="/workspace/rustup-home" "/workspace/cargo-home/bin/cargo" "+nightly-2024-10-28" "fetch" "--manifest-path" "Cargo.toml", kill_on_drop: false }`
[INFO] running `Command { std: "docker" "create" "-v" "/var/lib/crater-agent-workspace/builds/worker-2-tc2/target:/opt/rustwide/target:rw,Z" "-v" "/var/lib/crater-agent-workspace/builds/worker-2-tc2/source:/opt/rustwide/workdir:ro,Z" "-v" "/var/lib/crater-agent-workspace/cargo-home:/opt/rustwide/cargo-home:ro,Z" "-v" "/var/lib/crater-agent-workspace/rustup-home:/opt/rustwide/rustup-home:ro,Z" "-e" "SOURCE_DIR=/opt/rustwide/workdir" "-e" "CARGO_TARGET_DIR=/opt/rustwide/target" "-e" "CARGO_HOME=/opt/rustwide/cargo-home" "-e" "RUSTUP_HOME=/opt/rustwide/rustup-home" "-w" "/opt/rustwide/workdir" "-m" "1610612736" "--user" "0:0" "--network" "none" "ghcr.io/rust-lang/crates-build-env/linux@sha256:4a844ea9eb2546a2d2c7022eacef16ef2e8229c7fbb2c7d4d55a9ceca922f72d" "/opt/rustwide/cargo-home/bin/cargo" "+nightly-2024-10-28" "metadata" "--no-deps" "--format-version=1", kill_on_drop: false }`
[INFO] [stdout] 40dcce2d67da17505cac9d8207da0597e754269d6b808a6d7d92db3769678394
[INFO] running `Command { std: "docker" "start" "-a" "40dcce2d67da17505cac9d8207da0597e754269d6b808a6d7d92db3769678394", kill_on_drop: false }`
[INFO] running `Command { std: "docker" "inspect" "40dcce2d67da17505cac9d8207da0597e754269d6b808a6d7d92db3769678394", kill_on_drop: false }`
[INFO] running `Command { std: "docker" "rm" "-f" "40dcce2d67da17505cac9d8207da0597e754269d6b808a6d7d92db3769678394", kill_on_drop: false }`
[INFO] [stdout] 40dcce2d67da17505cac9d8207da0597e754269d6b808a6d7d92db3769678394
[INFO] running `Command { std: "docker" "create" "-v" "/var/lib/crater-agent-workspace/builds/worker-2-tc2/target:/opt/rustwide/target:rw,Z" "-v" "/var/lib/crater-agent-workspace/builds/worker-2-tc2/source:/opt/rustwide/workdir:ro,Z" "-v" "/var/lib/crater-agent-workspace/cargo-home:/opt/rustwide/cargo-home:ro,Z" "-v" "/var/lib/crater-agent-workspace/rustup-home:/opt/rustwide/rustup-home:ro,Z" "-e" "SOURCE_DIR=/opt/rustwide/workdir" "-e" "CARGO_TARGET_DIR=/opt/rustwide/target" "-e" "CARGO_INCREMENTAL=0" "-e" "RUST_BACKTRACE=full" "-e" "RUSTFLAGS=--cap-lints=forbid -Zrandomize-layout" "-e" "RUSTDOCFLAGS=--cap-lints=forbid" "-e" "CARGO_HOME=/opt/rustwide/cargo-home" "-e" "RUSTUP_HOME=/opt/rustwide/rustup-home" "-w" "/opt/rustwide/workdir" "-m" "1610612736" "--user" "0:0" "--network" "none" "ghcr.io/rust-lang/crates-build-env/linux@sha256:4a844ea9eb2546a2d2c7022eacef16ef2e8229c7fbb2c7d4d55a9ceca922f72d" "/opt/rustwide/cargo-home/bin/cargo" "+nightly-2024-10-28" "build" "--frozen" "--message-format=json", kill_on_drop: false }`
[INFO] [stdout] 999fb14aa1d9cc1f2e28a4a65d6de736564498983ed45debf8b29b2512c072f4
[INFO] running `Command { std: "docker" "start" "-a" "999fb14aa1d9cc1f2e28a4a65d6de736564498983ed45debf8b29b2512c072f4", kill_on_drop: false }`
[INFO] [stderr]    Compiling bufferring v0.0.2 (/opt/rustwide/workdir)
[INFO] [stderr]     Finished `dev` profile [unoptimized + debuginfo] target(s) in 0.09s
[INFO] running `Command { std: "docker" "inspect" "999fb14aa1d9cc1f2e28a4a65d6de736564498983ed45debf8b29b2512c072f4", kill_on_drop: false }`
[INFO] running `Command { std: "docker" "rm" "-f" "999fb14aa1d9cc1f2e28a4a65d6de736564498983ed45debf8b29b2512c072f4", kill_on_drop: false }`
[INFO] [stdout] 999fb14aa1d9cc1f2e28a4a65d6de736564498983ed45debf8b29b2512c072f4
[INFO] running `Command { std: "docker" "create" "-v" "/var/lib/crater-agent-workspace/builds/worker-2-tc2/target:/opt/rustwide/target:rw,Z" "-v" "/var/lib/crater-agent-workspace/builds/worker-2-tc2/source:/opt/rustwide/workdir:ro,Z" "-v" "/var/lib/crater-agent-workspace/cargo-home:/opt/rustwide/cargo-home:ro,Z" "-v" "/var/lib/crater-agent-workspace/rustup-home:/opt/rustwide/rustup-home:ro,Z" "-e" "SOURCE_DIR=/opt/rustwide/workdir" "-e" "CARGO_TARGET_DIR=/opt/rustwide/target" "-e" "CARGO_INCREMENTAL=0" "-e" "RUST_BACKTRACE=full" "-e" "RUSTFLAGS=--cap-lints=forbid -Zrandomize-layout" "-e" "RUSTDOCFLAGS=--cap-lints=forbid" "-e" "CARGO_HOME=/opt/rustwide/cargo-home" "-e" "RUSTUP_HOME=/opt/rustwide/rustup-home" "-w" "/opt/rustwide/workdir" "-m" "1610612736" "--user" "0:0" "--network" "none" "ghcr.io/rust-lang/crates-build-env/linux@sha256:4a844ea9eb2546a2d2c7022eacef16ef2e8229c7fbb2c7d4d55a9ceca922f72d" "/opt/rustwide/cargo-home/bin/cargo" "+nightly-2024-10-28" "test" "--frozen" "--no-run" "--message-format=json", kill_on_drop: false }`
[INFO] [stdout] 8f64924977e6cbe41a7c515f1199b91ac816ebc0fc0355a1bdb15c2fc01332f9
[INFO] running `Command { std: "docker" "start" "-a" "8f64924977e6cbe41a7c515f1199b91ac816ebc0fc0355a1bdb15c2fc01332f9", kill_on_drop: false }`
[INFO] [stderr]    Compiling bufferring v0.0.2 (/opt/rustwide/workdir)
[INFO] [stdout] error[E0432]: unresolved import `super::prop`
[INFO] [stdout]  --> src/masking/tests.rs:6:12
[INFO] [stdout]   |
[INFO] [stdout] 6 | use super::prop::*;
[INFO] [stdout]   |            ^^^^ could not find `prop` in `super`
[INFO] [stdout] 
[INFO] [stdout] 
[INFO] [stdout] error[E0433]: failed to resolve: use of undeclared crate or module `proptest`
[INFO] [stdout]  --> src/tests.rs:3:5
[INFO] [stdout]   |
[INFO] [stdout] 3 | use proptest::prelude::*;
[INFO] [stdout]   |     ^^^^^^^^ use of undeclared crate or module `proptest`
[INFO] [stdout] 
[INFO] [stdout] 
[INFO] [stdout] error[E0433]: failed to resolve: use of undeclared crate or module `proptest`
[INFO] [stdout]  --> src/masking/tests.rs:3:5
[INFO] [stdout]   |
[INFO] [stdout] 3 | use proptest::prelude::*;
[INFO] [stdout]   |     ^^^^^^^^ use of undeclared crate or module `proptest`
[INFO] [stdout] 
[INFO] [stdout] 
[INFO] [stdout] error[E0432]: unresolved import `crate::masking::prop`
[INFO] [stdout]  --> src/tests.rs:6:5
[INFO] [stdout]   |
[INFO] [stdout] 6 | use crate::masking::prop as masking;
[INFO] [stdout]   |     ^^^^^^^^^^^^^^^^^^^^^^^^^^^^^^^ no `prop` in `masking`
[INFO] [stdout]   |
[INFO] [stdout] note: found an item that was configured out
[INFO] [stdout]  --> src/masking/mod.rs:8:9
[INFO] [stdout]   |
[INFO] [stdout] 8 | pub mod prop;
[INFO] [stdout]   |         ^^^^
[INFO] [stdout] note: the item is gated behind the `proptest` feature
[INFO] [stdout]  --> src/masking/prop.rs:3:8
[INFO] [stdout]   |
[INFO] [stdout] 3 | #![cfg(feature = "proptest")]
[INFO] [stdout]   |        ^^^^^^^^^^^^^^^^^^^^
[INFO] [stdout] 
[INFO] [stdout] 
[INFO] [stdout] error: cannot find macro `prop_compose` in this scope
[INFO] [stdout]  --> src/masking/tests.rs:8:1
[INFO] [stdout]   |
[INFO] [stdout] 8 | prop_compose! {
[INFO] [stdout]   | ^^^^^^^^^^^^
[INFO] [stdout] 
[INFO] [stdout] 
[INFO] [stdout] error: cannot find macro `proptest` in this scope
[INFO] [stdout]   --> src/masking/tests.rs:15:1
[INFO] [stdout]    |
[INFO] [stdout] 15 | proptest! {
[INFO] [stdout]    | ^^^^^^^^
[INFO] [stdout] 
[INFO] [stdout] 
[INFO] [stdout] error: cannot find macro `proptest` in this scope
[INFO] [stdout]  --> src/tests.rs:8:1
[INFO] [stdout]   |
[INFO] [stdout] 8 | proptest! {
[INFO] [stdout]   | ^^^^^^^^
[INFO] [stdout] 
[INFO] [stdout] 
[INFO] [stdout] warning: unused imports: `MaskingBuffer`, `RingBuffer`, and `storage::HeapStorage`
[INFO] [stdout]  --> src/masking/tests.rs:5:13
[INFO] [stdout]   |
[INFO] [stdout] 5 | use crate::{RingBuffer, MaskingBuffer, storage::HeapStorage};
[INFO] [stdout]   |             ^^^^^^^^^^  ^^^^^^^^^^^^^  ^^^^^^^^^^^^^^^^^^^^
[INFO] [stdout]   |
[INFO] [stdout]   = note: `#[warn(unused_imports)]` on by default
[INFO] [stdout] 
[INFO] [stdout] 
[INFO] [stdout] warning: unused import: `crate::RingBuffer`
[INFO] [stdout]  --> src/tests.rs:5:5
[INFO] [stdout]   |
[INFO] [stdout] 5 | use crate::RingBuffer;
[INFO] [stdout]   |     ^^^^^^^^^^^^^^^^^
[INFO] [stdout] 
[INFO] [stdout] 
[INFO] [stdout] Some errors have detailed explanations: E0432, E0433.
[INFO] [stdout] 
[INFO] [stdout] For more information about an error, try `rustc --explain E0432`.
[INFO] [stdout] 
[INFO] [stderr] error: could not compile `bufferring` (lib test) due to 7 previous errors; 2 warnings emitted
[INFO] running `Command { std: "docker" "inspect" "8f64924977e6cbe41a7c515f1199b91ac816ebc0fc0355a1bdb15c2fc01332f9", kill_on_drop: false }`
[INFO] running `Command { std: "docker" "rm" "-f" "8f64924977e6cbe41a7c515f1199b91ac816ebc0fc0355a1bdb15c2fc01332f9", kill_on_drop: false }`
[INFO] [stdout] 8f64924977e6cbe41a7c515f1199b91ac816ebc0fc0355a1bdb15c2fc01332f9
