[INFO] fetching crate bsd_auth-sys 0.0.7...
[INFO] testing bsd_auth-sys-0.0.7 against nightly-2024-10-28+rustflags=-Zrandomize-layout for randomize-layout
[INFO] extracting crate bsd_auth-sys 0.0.7 into /workspace/builds/worker-7-tc2/source
[INFO] validating manifest of crates.io crate bsd_auth-sys 0.0.7 on toolchain nightly-2024-10-28
[INFO] running `Command { std: CARGO_HOME="/workspace/cargo-home" RUSTUP_HOME="/workspace/rustup-home" "/workspace/cargo-home/bin/cargo" "+nightly-2024-10-28" "metadata" "--manifest-path" "Cargo.toml" "--no-deps", kill_on_drop: false }`
[INFO] started tweaking crates.io crate bsd_auth-sys 0.0.7
[INFO] finished tweaking crates.io crate bsd_auth-sys 0.0.7
[INFO] tweaked toml for crates.io crate bsd_auth-sys 0.0.7 written to /workspace/builds/worker-7-tc2/source/Cargo.toml
[INFO] running `Command { std: CARGO_HOME="/workspace/cargo-home" RUSTUP_HOME="/workspace/rustup-home" "/workspace/cargo-home/bin/cargo" "+nightly-2024-10-28" "generate-lockfile" "--manifest-path" "Cargo.toml", kill_on_drop: false }`
[INFO] [stderr]     Updating crates.io index
[INFO] [stderr]      Locking 1 package to latest compatible version
[INFO] running `Command { std: CARGO_HOME="/workspace/cargo-home" RUSTUP_HOME="/workspace/rustup-home" "/workspace/cargo-home/bin/cargo" "+nightly-2024-10-28" "fetch" "--manifest-path" "Cargo.toml", kill_on_drop: false }`
[INFO] running `Command { std: "docker" "create" "-v" "/var/lib/crater-agent-workspace/builds/worker-7-tc2/target:/opt/rustwide/target:rw,Z" "-v" "/var/lib/crater-agent-workspace/builds/worker-7-tc2/source:/opt/rustwide/workdir:ro,Z" "-v" "/var/lib/crater-agent-workspace/cargo-home:/opt/rustwide/cargo-home:ro,Z" "-v" "/var/lib/crater-agent-workspace/rustup-home:/opt/rustwide/rustup-home:ro,Z" "-e" "SOURCE_DIR=/opt/rustwide/workdir" "-e" "CARGO_TARGET_DIR=/opt/rustwide/target" "-e" "CARGO_HOME=/opt/rustwide/cargo-home" "-e" "RUSTUP_HOME=/opt/rustwide/rustup-home" "-w" "/opt/rustwide/workdir" "-m" "1610612736" "--user" "0:0" "--network" "none" "ghcr.io/rust-lang/crates-build-env/linux@sha256:4a844ea9eb2546a2d2c7022eacef16ef2e8229c7fbb2c7d4d55a9ceca922f72d" "/opt/rustwide/cargo-home/bin/cargo" "+nightly-2024-10-28" "metadata" "--no-deps" "--format-version=1", kill_on_drop: false }`
[INFO] [stdout] c0641fb31f6f08c5c991f441cb053939b8001ce6c4212dba32abed3575305c53
[INFO] running `Command { std: "docker" "start" "-a" "c0641fb31f6f08c5c991f441cb053939b8001ce6c4212dba32abed3575305c53", kill_on_drop: false }`
[INFO] running `Command { std: "docker" "inspect" "c0641fb31f6f08c5c991f441cb053939b8001ce6c4212dba32abed3575305c53", kill_on_drop: false }`
[INFO] running `Command { std: "docker" "rm" "-f" "c0641fb31f6f08c5c991f441cb053939b8001ce6c4212dba32abed3575305c53", kill_on_drop: false }`
[INFO] [stdout] c0641fb31f6f08c5c991f441cb053939b8001ce6c4212dba32abed3575305c53
[INFO] running `Command { std: "docker" "create" "-v" "/var/lib/crater-agent-workspace/builds/worker-7-tc2/target:/opt/rustwide/target:rw,Z" "-v" "/var/lib/crater-agent-workspace/builds/worker-7-tc2/source:/opt/rustwide/workdir:ro,Z" "-v" "/var/lib/crater-agent-workspace/cargo-home:/opt/rustwide/cargo-home:ro,Z" "-v" "/var/lib/crater-agent-workspace/rustup-home:/opt/rustwide/rustup-home:ro,Z" "-e" "SOURCE_DIR=/opt/rustwide/workdir" "-e" "CARGO_TARGET_DIR=/opt/rustwide/target" "-e" "CARGO_INCREMENTAL=0" "-e" "RUST_BACKTRACE=full" "-e" "RUSTFLAGS=--cap-lints=forbid -Zrandomize-layout" "-e" "RUSTDOCFLAGS=--cap-lints=forbid" "-e" "CARGO_HOME=/opt/rustwide/cargo-home" "-e" "RUSTUP_HOME=/opt/rustwide/rustup-home" "-w" "/opt/rustwide/workdir" "-m" "1610612736" "--user" "0:0" "--network" "none" "ghcr.io/rust-lang/crates-build-env/linux@sha256:4a844ea9eb2546a2d2c7022eacef16ef2e8229c7fbb2c7d4d55a9ceca922f72d" "/opt/rustwide/cargo-home/bin/cargo" "+nightly-2024-10-28" "build" "--frozen" "--message-format=json", kill_on_drop: false }`
[INFO] [stdout] f53e591280d40a422b41144edc15b575e95361a1877a82dd51357dc6d5123ebe
[INFO] running `Command { std: "docker" "start" "-a" "f53e591280d40a422b41144edc15b575e95361a1877a82dd51357dc6d5123ebe", kill_on_drop: false }`
[INFO] [stderr]    Compiling bsd_auth-sys v0.0.7 (/opt/rustwide/workdir)
[INFO] [stderr]     Finished `dev` profile [unoptimized + debuginfo] target(s) in 0.06s
[INFO] running `Command { std: "docker" "inspect" "f53e591280d40a422b41144edc15b575e95361a1877a82dd51357dc6d5123ebe", kill_on_drop: false }`
[INFO] running `Command { std: "docker" "rm" "-f" "f53e591280d40a422b41144edc15b575e95361a1877a82dd51357dc6d5123ebe", kill_on_drop: false }`
[INFO] [stdout] f53e591280d40a422b41144edc15b575e95361a1877a82dd51357dc6d5123ebe
[INFO] running `Command { std: "docker" "create" "-v" "/var/lib/crater-agent-workspace/builds/worker-7-tc2/target:/opt/rustwide/target:rw,Z" "-v" "/var/lib/crater-agent-workspace/builds/worker-7-tc2/source:/opt/rustwide/workdir:ro,Z" "-v" "/var/lib/crater-agent-workspace/cargo-home:/opt/rustwide/cargo-home:ro,Z" "-v" "/var/lib/crater-agent-workspace/rustup-home:/opt/rustwide/rustup-home:ro,Z" "-e" "SOURCE_DIR=/opt/rustwide/workdir" "-e" "CARGO_TARGET_DIR=/opt/rustwide/target" "-e" "CARGO_INCREMENTAL=0" "-e" "RUST_BACKTRACE=full" "-e" "RUSTFLAGS=--cap-lints=forbid -Zrandomize-layout" "-e" "RUSTDOCFLAGS=--cap-lints=forbid" "-e" "CARGO_HOME=/opt/rustwide/cargo-home" "-e" "RUSTUP_HOME=/opt/rustwide/rustup-home" "-w" "/opt/rustwide/workdir" "-m" "1610612736" "--user" "0:0" "--network" "none" "ghcr.io/rust-lang/crates-build-env/linux@sha256:4a844ea9eb2546a2d2c7022eacef16ef2e8229c7fbb2c7d4d55a9ceca922f72d" "/opt/rustwide/cargo-home/bin/cargo" "+nightly-2024-10-28" "test" "--frozen" "--no-run" "--message-format=json", kill_on_drop: false }`
[INFO] [stdout] e9f2f4b26d2ccd4048cf648d56302a3b73baba69730acaac0baaa9d57804ed39
[INFO] running `Command { std: "docker" "start" "-a" "e9f2f4b26d2ccd4048cf648d56302a3b73baba69730acaac0baaa9d57804ed39", kill_on_drop: false }`
[INFO] [stderr]    Compiling bsd_auth-sys v0.0.7 (/opt/rustwide/workdir)
[INFO] [stdout] error: linking with `cc` failed: exit status: 1
[INFO] [stdout]   |
[INFO] [stdout]   = note: LC_ALL="C" PATH="/opt/rustwide/rustup-home/toolchains/nightly-2024-10-28-x86_64-unknown-linux-gnu/lib/rustlib/x86_64-unknown-linux-gnu/bin:/opt/rustwide/rustup-home/toolchains/nightly-2024-10-28-x86_64-unknown-linux-gnu/lib/rustlib/x86_64-unknown-linux-gnu/bin/self-contained:/opt/rustwide/cargo-home/bin:/usr/local/sbin:/usr/local/bin:/usr/sbin:/usr/bin:/sbin:/bin" VSLANG="1033" "cc" "-m64" "/tmp/rustcEzeKzH/symbols.o" "/opt/rustwide/target/debug/deps/bsd_auth_sys-3422462eb2c8896c.bsd_auth_sys.dea40d9ef16af29e-cgu.0.rcgu.o" "/opt/rustwide/target/debug/deps/bsd_auth_sys-3422462eb2c8896c.04cxd3ravl1xnmh36dc14wmbu.rcgu.o" "-Wl,--as-needed" "-Wl,-Bstatic" "/opt/rustwide/target/debug/deps/liblibc-663f09ba3db1840e.rlib" "/opt/rustwide/rustup-home/toolchains/nightly-2024-10-28-x86_64-unknown-linux-gnu/lib/rustlib/x86_64-unknown-linux-gnu/lib/libtest-a09fad3b5321e7d6.rlib" "/opt/rustwide/rustup-home/toolchains/nightly-2024-10-28-x86_64-unknown-linux-gnu/lib/rustlib/x86_64-unknown-linux-gnu/lib/libgetopts-f9c3dff41ad42661.rlib" "/opt/rustwide/rustup-home/toolchains/nightly-2024-10-28-x86_64-unknown-linux-gnu/lib/rustlib/x86_64-unknown-linux-gnu/lib/libunicode_width-ad2aef31af6addd3.rlib" "/opt/rustwide/rustup-home/toolchains/nightly-2024-10-28-x86_64-unknown-linux-gnu/lib/rustlib/x86_64-unknown-linux-gnu/lib/librustc_std_workspace_std-e3f907dc03deb913.rlib" "/opt/rustwide/rustup-home/toolchains/nightly-2024-10-28-x86_64-unknown-linux-gnu/lib/rustlib/x86_64-unknown-linux-gnu/lib/libstd-fb8c387236db3c10.rlib" "/opt/rustwide/rustup-home/toolchains/nightly-2024-10-28-x86_64-unknown-linux-gnu/lib/rustlib/x86_64-unknown-linux-gnu/lib/libpanic_unwind-b251837809b2f64b.rlib" "/opt/rustwide/rustup-home/toolchains/nightly-2024-10-28-x86_64-unknown-linux-gnu/lib/rustlib/x86_64-unknown-linux-gnu/lib/libobject-cbef83eaa4e01f04.rlib" "/opt/rustwide/rustup-home/toolchains/nightly-2024-10-28-x86_64-unknown-linux-gnu/lib/rustlib/x86_64-unknown-linux-gnu/lib/libmemchr-12a772286de2fca7.rlib" "/opt/rustwide/rustup-home/toolchains/nightly-2024-10-28-x86_64-unknown-linux-gnu/lib/rustlib/x86_64-unknown-linux-gnu/lib/libaddr2line-023bbe5ada7abfc3.rlib" "/opt/rustwide/rustup-home/toolchains/nightly-2024-10-28-x86_64-unknown-linux-gnu/lib/rustlib/x86_64-unknown-linux-gnu/lib/libgimli-de2bcdf10ec69c2b.rlib" "/opt/rustwide/rustup-home/toolchains/nightly-2024-10-28-x86_64-unknown-linux-gnu/lib/rustlib/x86_64-unknown-linux-gnu/lib/librustc_demangle-8e1754df350800fd.rlib" "/opt/rustwide/rustup-home/toolchains/nightly-2024-10-28-x86_64-unknown-linux-gnu/lib/rustlib/x86_64-unknown-linux-gnu/lib/libstd_detect-06c2ab7b9c32e037.rlib" "/opt/rustwide/rustup-home/toolchains/nightly-2024-10-28-x86_64-unknown-linux-gnu/lib/rustlib/x86_64-unknown-linux-gnu/lib/libhashbrown-51d2621fc57a281b.rlib" "/opt/rustwide/rustup-home/toolchains/nightly-2024-10-28-x86_64-unknown-linux-gnu/lib/rustlib/x86_64-unknown-linux-gnu/lib/librustc_std_workspace_alloc-54a930408793772f.rlib" "/opt/rustwide/rustup-home/toolchains/nightly-2024-10-28-x86_64-unknown-linux-gnu/lib/rustlib/x86_64-unknown-linux-gnu/lib/libminiz_oxide-0c7d01cba400dcb2.rlib" "/opt/rustwide/rustup-home/toolchains/nightly-2024-10-28-x86_64-unknown-linux-gnu/lib/rustlib/x86_64-unknown-linux-gnu/lib/libadler-b9f84d69e331b75b.rlib" "/opt/rustwide/rustup-home/toolchains/nightly-2024-10-28-x86_64-unknown-linux-gnu/lib/rustlib/x86_64-unknown-linux-gnu/lib/libunwind-eec95493246aae39.rlib" "/opt/rustwide/rustup-home/toolchains/nightly-2024-10-28-x86_64-unknown-linux-gnu/lib/rustlib/x86_64-unknown-linux-gnu/lib/libcfg_if-6f6676c475e08ab0.rlib" "/opt/rustwide/rustup-home/toolchains/nightly-2024-10-28-x86_64-unknown-linux-gnu/lib/rustlib/x86_64-unknown-linux-gnu/lib/liblibc-799d520624f8b2e0.rlib" "/opt/rustwide/rustup-home/toolchains/nightly-2024-10-28-x86_64-unknown-linux-gnu/lib/rustlib/x86_64-unknown-linux-gnu/lib/liballoc-fcf93d4842acd9a9.rlib" "/opt/rustwide/rustup-home/toolchains/nightly-2024-10-28-x86_64-unknown-linux-gnu/lib/rustlib/x86_64-unknown-linux-gnu/lib/librustc_std_workspace_core-395a38b8e0851c9b.rlib" "/opt/rustwide/rustup-home/toolchains/nightly-2024-10-28-x86_64-unknown-linux-gnu/lib/rustlib/x86_64-unknown-linux-gnu/lib/libcore-d453bab70303062c.rlib" "/opt/rustwide/rustup-home/toolchains/nightly-2024-10-28-x86_64-unknown-linux-gnu/lib/rustlib/x86_64-unknown-linux-gnu/lib/libcompiler_builtins-0e6386368b0a24e8.rlib" "-Wl,-Bdynamic" "-lgcc_s" "-lutil" "-lrt" "-lpthread" "-lm" "-ldl" "-lc" "-B/opt/rustwide/rustup-home/toolchains/nightly-2024-10-28-x86_64-unknown-linux-gnu/lib/rustlib/x86_64-unknown-linux-gnu/bin/gcc-ld" "-fuse-ld=lld" "-Wl,--eh-frame-hdr" "-Wl,-z,noexecstack" "-L" "/opt/rustwide/rustup-home/toolchains/nightly-2024-10-28-x86_64-unknown-linux-gnu/lib/rustlib/x86_64-unknown-linux-gnu/lib" "-o" "/opt/rustwide/target/debug/deps/bsd_auth_sys-3422462eb2c8896c" "-Wl,--gc-sections" "-pie" "-Wl,-z,relro,-z,now" "-nodefaultlibs"
[INFO] [stdout]   = note: rust-lld: error: undefined symbol: auth_open
[INFO] [stdout]           >>> referenced by lib.rs:323 (src/lib.rs:323)
[INFO] [stdout]           >>>               /opt/rustwide/target/debug/deps/bsd_auth_sys-3422462eb2c8896c.bsd_auth_sys.dea40d9ef16af29e-cgu.0.rcgu.o:(bsd_auth_sys::tests::test_auth_open::hd7d5fd8003a24087)
[INFO] [stdout]           >>> referenced by lib.rs:330 (src/lib.rs:330)
[INFO] [stdout]           >>>               /opt/rustwide/target/debug/deps/bsd_auth_sys-3422462eb2c8896c.bsd_auth_sys.dea40d9ef16af29e-cgu.0.rcgu.o:(bsd_auth_sys::tests::test_auth_setoption::h71fb9d234637a5ed)
[INFO] [stdout]           >>> referenced by lib.rs:341 (src/lib.rs:341)
[INFO] [stdout]           >>>               /opt/rustwide/target/debug/deps/bsd_auth_sys-3422462eb2c8896c.bsd_auth_sys.dea40d9ef16af29e-cgu.0.rcgu.o:(bsd_auth_sys::tests::test_auth_clroption::hb1007bd36da53fc1)
[INFO] [stdout]           >>> referenced 4 more times
[INFO] [stdout]           
[INFO] [stdout]           rust-lld: error: undefined symbol: auth_clean
[INFO] [stdout]           >>> referenced by lib.rs:325 (src/lib.rs:325)
[INFO] [stdout]           >>>               /opt/rustwide/target/debug/deps/bsd_auth_sys-3422462eb2c8896c.bsd_auth_sys.dea40d9ef16af29e-cgu.0.rcgu.o:(bsd_auth_sys::tests::test_auth_open::hd7d5fd8003a24087)
[INFO] [stdout]           >>> referenced by lib.rs:336 (src/lib.rs:336)
[INFO] [stdout]           >>>               /opt/rustwide/target/debug/deps/bsd_auth_sys-3422462eb2c8896c.bsd_auth_sys.dea40d9ef16af29e-cgu.0.rcgu.o:(bsd_auth_sys::tests::test_auth_setoption::h71fb9d234637a5ed)
[INFO] [stdout]           >>> referenced by lib.rs:348 (src/lib.rs:348)
[INFO] [stdout]           >>>               /opt/rustwide/target/debug/deps/bsd_auth_sys-3422462eb2c8896c.bsd_auth_sys.dea40d9ef16af29e-cgu.0.rcgu.o:(bsd_auth_sys::tests::test_auth_clroption::hb1007bd36da53fc1)
[INFO] [stdout]           >>> referenced 4 more times
[INFO] [stdout]           
[INFO] [stdout]           rust-lld: error: undefined symbol: auth_setoption
[INFO] [stdout]           >>> referenced by lib.rs:334 (src/lib.rs:334)
[INFO] [stdout]           >>>               /opt/rustwide/target/debug/deps/bsd_auth_sys-3422462eb2c8896c.bsd_auth_sys.dea40d9ef16af29e-cgu.0.rcgu.o:(bsd_auth_sys::tests::test_auth_setoption::h71fb9d234637a5ed)
[INFO] [stdout]           >>> referenced by lib.rs:345 (src/lib.rs:345)
[INFO] [stdout]           >>>               /opt/rustwide/target/debug/deps/bsd_auth_sys-3422462eb2c8896c.bsd_auth_sys.dea40d9ef16af29e-cgu.0.rcgu.o:(bsd_auth_sys::tests::test_auth_clroption::hb1007bd36da53fc1)
[INFO] [stdout]           >>> referenced by lib.rs:357 (src/lib.rs:357)
[INFO] [stdout]           >>>               /opt/rustwide/target/debug/deps/bsd_auth_sys-3422462eb2c8896c.bsd_auth_sys.dea40d9ef16af29e-cgu.0.rcgu.o:(bsd_auth_sys::tests::test_auth_clroptions::h714340a7f3fc34c8)
[INFO] [stdout]           
[INFO] [stdout]           rust-lld: error: undefined symbol: auth_clroption
[INFO] [stdout]           >>> referenced by lib.rs:347 (src/lib.rs:347)
[INFO] [stdout]           >>>               /opt/rustwide/target/debug/deps/bsd_auth_sys-3422462eb2c8896c.bsd_auth_sys.dea40d9ef16af29e-cgu.0.rcgu.o:(bsd_auth_sys::tests::test_auth_clroption::hb1007bd36da53fc1)
[INFO] [stdout]           
[INFO] [stdout]           rust-lld: error: undefined symbol: auth_clroptions
[INFO] [stdout]           >>> referenced by lib.rs:359 (src/lib.rs:359)
[INFO] [stdout]           >>>               /opt/rustwide/target/debug/deps/bsd_auth_sys-3422462eb2c8896c.bsd_auth_sys.dea40d9ef16af29e-cgu.0.rcgu.o:(bsd_auth_sys::tests::test_auth_clroptions::h714340a7f3fc34c8)
[INFO] [stdout]           
[INFO] [stdout]           rust-lld: error: undefined symbol: auth_setdata
[INFO] [stdout]           >>> referenced by lib.rs:369 (src/lib.rs:369)
[INFO] [stdout]           >>>               /opt/rustwide/target/debug/deps/bsd_auth_sys-3422462eb2c8896c.bsd_auth_sys.dea40d9ef16af29e-cgu.0.rcgu.o:(bsd_auth_sys::tests::test_auth_setdata::h149c68b22bf7fd6f)
[INFO] [stdout]           
[INFO] [stdout]           rust-lld: error: undefined symbol: auth_setitem
[INFO] [stdout]           >>> referenced by lib.rs:381 (src/lib.rs:381)
[INFO] [stdout]           >>>               /opt/rustwide/target/debug/deps/bsd_auth_sys-3422462eb2c8896c.bsd_auth_sys.dea40d9ef16af29e-cgu.0.rcgu.o:(bsd_auth_sys::tests::test_auth_setitem::hd0872ac64abacd31)
[INFO] [stdout]           >>> referenced by lib.rs:394 (src/lib.rs:394)
[INFO] [stdout]           >>>               /opt/rustwide/target/debug/deps/bsd_auth_sys-3422462eb2c8896c.bsd_auth_sys.dea40d9ef16af29e-cgu.0.rcgu.o:(bsd_auth_sys::tests::test_auth_setitem::hd0872ac64abacd31)
[INFO] [stdout]           >>> referenced by lib.rs:404 (src/lib.rs:404)
[INFO] [stdout]           >>>               /opt/rustwide/target/debug/deps/bsd_auth_sys-3422462eb2c8896c.bsd_auth_sys.dea40d9ef16af29e-cgu.0.rcgu.o:(bsd_auth_sys::tests::test_auth_setitem::hd0872ac64abacd31)
[INFO] [stdout]           >>> referenced 7 more times
[INFO] [stdout]           
[INFO] [stdout]           rust-lld: error: undefined symbol: auth_getitem
[INFO] [stdout]           >>> referenced by lib.rs:384 (src/lib.rs:384)
[INFO] [stdout]           >>>               /opt/rustwide/target/debug/deps/bsd_auth_sys-3422462eb2c8896c.bsd_auth_sys.dea40d9ef16af29e-cgu.0.rcgu.o:(bsd_auth_sys::tests::test_auth_setitem::hd0872ac64abacd31)
[INFO] [stdout]           >>> referenced by lib.rs:397 (src/lib.rs:397)
[INFO] [stdout]           >>>               /opt/rustwide/target/debug/deps/bsd_auth_sys-3422462eb2c8896c.bsd_auth_sys.dea40d9ef16af29e-cgu.0.rcgu.o:(bsd_auth_sys::tests::test_auth_setitem::hd0872ac64abacd31)
[INFO] [stdout]           >>> referenced by lib.rs:407 (src/lib.rs:407)
[INFO] [stdout]           >>>               /opt/rustwide/target/debug/deps/bsd_auth_sys-3422462eb2c8896c.bsd_auth_sys.dea40d9ef16af29e-cgu.0.rcgu.o:(bsd_auth_sys::tests::test_auth_setitem::hd0872ac64abacd31)
[INFO] [stdout]           >>> referenced 3 more times
[INFO] [stdout]           
[INFO] [stdout]           rust-lld: error: undefined symbol: auth_setpwd
[INFO] [stdout]           >>> referenced by lib.rs:468 (src/lib.rs:468)
[INFO] [stdout]           >>>               /opt/rustwide/target/debug/deps/bsd_auth_sys-3422462eb2c8896c.bsd_auth_sys.dea40d9ef16af29e-cgu.0.rcgu.o:(bsd_auth_sys::tests::test_auth_setpwd::h64e30bbe31a70471)
[INFO] [stdout]           >>> referenced by lib.rs:475 (src/lib.rs:475)
[INFO] [stdout]           >>>               /opt/rustwide/target/debug/deps/bsd_auth_sys-3422462eb2c8896c.bsd_auth_sys.dea40d9ef16af29e-cgu.0.rcgu.o:(bsd_auth_sys::tests::test_auth_setpwd::h64e30bbe31a70471)
[INFO] [stdout]           collect2: error: ld returned 1 exit status
[INFO] [stdout]           
[INFO] [stdout] 
[INFO] [stdout] 
[INFO] [stderr] error: could not compile `bsd_auth-sys` (lib test) due to 1 previous error
[INFO] running `Command { std: "docker" "inspect" "e9f2f4b26d2ccd4048cf648d56302a3b73baba69730acaac0baaa9d57804ed39", kill_on_drop: false }`
[INFO] running `Command { std: "docker" "rm" "-f" "e9f2f4b26d2ccd4048cf648d56302a3b73baba69730acaac0baaa9d57804ed39", kill_on_drop: false }`
[INFO] [stdout] e9f2f4b26d2ccd4048cf648d56302a3b73baba69730acaac0baaa9d57804ed39
