[INFO] fetching crate brush-shell 0.2.11...
[INFO] testing brush-shell-0.2.11 against nightly-2024-10-28+rustflags=-Zrandomize-layout for randomize-layout
[INFO] extracting crate brush-shell 0.2.11 into /workspace/builds/worker-3-tc2/source
[INFO] validating manifest of crates.io crate brush-shell 0.2.11 on toolchain nightly-2024-10-28
[INFO] running `Command { std: CARGO_HOME="/workspace/cargo-home" RUSTUP_HOME="/workspace/rustup-home" "/workspace/cargo-home/bin/cargo" "+nightly-2024-10-28" "metadata" "--manifest-path" "Cargo.toml" "--no-deps", kill_on_drop: false }`
[INFO] started tweaking crates.io crate brush-shell 0.2.11
[INFO] removed 0 missing tests
[INFO] finished tweaking crates.io crate brush-shell 0.2.11
[INFO] tweaked toml for crates.io crate brush-shell 0.2.11 written to /workspace/builds/worker-3-tc2/source/Cargo.toml
[INFO] crate crates.io crate brush-shell 0.2.11 already has a lockfile, it will not be regenerated
[INFO] running `Command { std: CARGO_HOME="/workspace/cargo-home" RUSTUP_HOME="/workspace/rustup-home" "/workspace/cargo-home/bin/cargo" "+nightly-2024-10-28" "fetch" "--manifest-path" "Cargo.toml", kill_on_drop: false }`
[INFO] [stderr]     Blocking waiting for file lock on package cache
[INFO] [stderr]     Blocking waiting for file lock on package cache
[INFO] running `Command { std: "docker" "create" "-v" "/var/lib/crater-agent-workspace/builds/worker-3-tc2/target:/opt/rustwide/target:rw,Z" "-v" "/var/lib/crater-agent-workspace/builds/worker-3-tc2/source:/opt/rustwide/workdir:ro,Z" "-v" "/var/lib/crater-agent-workspace/cargo-home:/opt/rustwide/cargo-home:ro,Z" "-v" "/var/lib/crater-agent-workspace/rustup-home:/opt/rustwide/rustup-home:ro,Z" "-e" "SOURCE_DIR=/opt/rustwide/workdir" "-e" "CARGO_TARGET_DIR=/opt/rustwide/target" "-e" "CARGO_HOME=/opt/rustwide/cargo-home" "-e" "RUSTUP_HOME=/opt/rustwide/rustup-home" "-w" "/opt/rustwide/workdir" "-m" "1610612736" "--user" "0:0" "--network" "none" "ghcr.io/rust-lang/crates-build-env/linux@sha256:4a844ea9eb2546a2d2c7022eacef16ef2e8229c7fbb2c7d4d55a9ceca922f72d" "/opt/rustwide/cargo-home/bin/cargo" "+nightly-2024-10-28" "metadata" "--no-deps" "--format-version=1", kill_on_drop: false }`
[INFO] [stdout] 68ff9a316c878e8430ecaa284fe4678a4a5d59eb6740257b4ba8550994c206d9
[INFO] running `Command { std: "docker" "start" "-a" "68ff9a316c878e8430ecaa284fe4678a4a5d59eb6740257b4ba8550994c206d9", kill_on_drop: false }`
[INFO] running `Command { std: "docker" "inspect" "68ff9a316c878e8430ecaa284fe4678a4a5d59eb6740257b4ba8550994c206d9", kill_on_drop: false }`
[INFO] running `Command { std: "docker" "rm" "-f" "68ff9a316c878e8430ecaa284fe4678a4a5d59eb6740257b4ba8550994c206d9", kill_on_drop: false }`
[INFO] [stdout] 68ff9a316c878e8430ecaa284fe4678a4a5d59eb6740257b4ba8550994c206d9
[INFO] running `Command { std: "docker" "create" "-v" "/var/lib/crater-agent-workspace/builds/worker-3-tc2/target:/opt/rustwide/target:rw,Z" "-v" "/var/lib/crater-agent-workspace/builds/worker-3-tc2/source:/opt/rustwide/workdir:ro,Z" "-v" "/var/lib/crater-agent-workspace/cargo-home:/opt/rustwide/cargo-home:ro,Z" "-v" "/var/lib/crater-agent-workspace/rustup-home:/opt/rustwide/rustup-home:ro,Z" "-e" "SOURCE_DIR=/opt/rustwide/workdir" "-e" "CARGO_TARGET_DIR=/opt/rustwide/target" "-e" "CARGO_INCREMENTAL=0" "-e" "RUST_BACKTRACE=full" "-e" "RUSTFLAGS=--cap-lints=forbid -Zrandomize-layout" "-e" "RUSTDOCFLAGS=--cap-lints=forbid" "-e" "CARGO_HOME=/opt/rustwide/cargo-home" "-e" "RUSTUP_HOME=/opt/rustwide/rustup-home" "-w" "/opt/rustwide/workdir" "-m" "1610612736" "--user" "0:0" "--network" "none" "ghcr.io/rust-lang/crates-build-env/linux@sha256:4a844ea9eb2546a2d2c7022eacef16ef2e8229c7fbb2c7d4d55a9ceca922f72d" "/opt/rustwide/cargo-home/bin/cargo" "+nightly-2024-10-28" "build" "--frozen" "--message-format=json", kill_on_drop: false }`
[INFO] [stdout] e3b25ba36801ef55935da46be8b1bed7268122fcfbe8f171b592507ceda583d2
[INFO] running `Command { std: "docker" "start" "-a" "e3b25ba36801ef55935da46be8b1bed7268122fcfbe8f171b592507ceda583d2", kill_on_drop: false }`
[INFO] [stderr]    Compiling proc-macro2 v1.0.88
[INFO] [stderr]    Compiling libc v0.2.160
[INFO] [stderr]    Compiling serde v1.0.210
[INFO] [stderr]    Compiling rustix v0.38.37
[INFO] [stderr]    Compiling once_cell v1.20.2
[INFO] [stderr]    Compiling linux-raw-sys v0.4.14
[INFO] [stderr]    Compiling pin-project-lite v0.2.14
[INFO] [stderr]    Compiling ident_case v1.0.1
[INFO] [stderr]    Compiling num-traits v0.2.19
[INFO] [stderr]    Compiling fnv v1.0.7
[INFO] [stderr]    Compiling thiserror v1.0.64
[INFO] [stderr]    Compiling slab v0.4.9
[INFO] [stderr]    Compiling ahash v0.8.11
[INFO] [stderr]    Compiling adler2 v2.0.0
[INFO] [stderr]    Compiling lock_api v0.4.12
[INFO] [stderr]    Compiling smallvec v1.13.2
[INFO] [stderr]    Compiling equivalent v1.0.1
[INFO] [stderr]    Compiling parking_lot_core v0.9.10
[INFO] [stderr]    Compiling miniz_oxide v0.8.0
[INFO] [stderr]    Compiling futures-sink v0.3.31
[INFO] [stderr]    Compiling futures-core v0.3.31
[INFO] [stderr]    Compiling hashbrown v0.15.0
[INFO] [stderr]    Compiling tracing-core v0.1.32
[INFO] [stderr]    Compiling signal-hook v0.3.17
[INFO] [stderr]    Compiling iana-time-zone v0.1.61
[INFO] [stderr]    Compiling futures-channel v0.3.31
[INFO] [stderr]    Compiling scopeguard v1.2.0
[INFO] [stderr]    Compiling cfg_aliases v0.2.1
[INFO] [stderr]    Compiling futures-task v0.3.31
[INFO] [stderr]    Compiling rustversion v1.0.18
[INFO] [stderr]    Compiling either v1.13.0
[INFO] [stderr]    Compiling peg-runtime v0.8.3
[INFO] [stderr]    Compiling pin-utils v0.1.0
[INFO] [stderr]    Compiling allocator-api2 v0.2.18
[INFO] [stderr]    Compiling futures-io v0.3.31
[INFO] [stderr]    Compiling nix v0.29.0
[INFO] [stderr]    Compiling crc32fast v1.4.2
[INFO] [stderr]    Compiling regex-syntax v0.8.5
[INFO] [stderr]    Compiling procfs v0.17.0
[INFO] [stderr]    Compiling cached_proc_macro_types v0.1.1
[INFO] [stderr]    Compiling arrayvec v0.7.6
[INFO] [stderr]    Compiling web-time v1.1.0
[INFO] [stderr]    Compiling quote v1.0.37
[INFO] [stderr]    Compiling bit-vec v0.6.3
[INFO] [stderr]    Compiling flate2 v1.0.34
[INFO] [stderr]    Compiling gimli v0.31.1
[INFO] [stderr]    Compiling bit-set v0.5.3
[INFO] [stderr]    Compiling utf8-chars v3.0.4
[INFO] [stderr]    Compiling syn v2.0.79
[INFO] [stderr]    Compiling indexmap v2.6.0
[INFO] [stderr]    Compiling bytes v1.7.2
[INFO] [stderr]    Compiling indenter v0.3.3
[INFO] [stderr]    Compiling itertools v0.13.0
[INFO] [stderr]    Compiling itertools v0.12.1
[INFO] [stderr]    Compiling peg-macros v0.8.4
[INFO] [stderr]    Compiling vte_generate_state_changes v0.1.2
[INFO] [stderr]    Compiling object v0.36.5
[INFO] [stderr]    Compiling nu-ansi-term v0.50.1
[INFO] [stderr]    Compiling overload v0.1.1
[INFO] [stderr]    Compiling unicode-segmentation v1.12.0
[INFO] [stderr]    Compiling strum v0.26.3
[INFO] [stderr]    Compiling unicode-xid v0.2.6
[INFO] [stderr]    Compiling unicode-width v0.1.14
[INFO] [stderr]    Compiling rustc-demangle v0.1.24
[INFO] [stderr]    Compiling vte v0.11.1
[INFO] [stderr]    Compiling const_format_proc_macros v0.2.33
[INFO] [stderr]    Compiling nu-ansi-term v0.46.0
[INFO] [stderr]    Compiling sharded-slab v0.1.7
[INFO] [stderr]    Compiling tracing-log v0.2.0
[INFO] [stderr]    Compiling thread_local v1.1.8
[INFO] [stderr]    Compiling getrandom v0.2.15
[INFO] [stderr]    Compiling signal-hook-registry v1.4.2
[INFO] [stderr]    Compiling mio v1.0.2
[INFO] [stderr]    Compiling rand_core v0.6.4
[INFO] [stderr]    Compiling uzers v0.12.1
[INFO] [stderr]    Compiling parking_lot v0.12.3
[INFO] [stderr]    Compiling hostname v0.4.0
[INFO] [stderr]    Compiling os_pipe v1.2.1
[INFO] [stderr]    Compiling signal-hook-mio v0.2.4
[INFO] [stderr]    Compiling strip-ansi-escapes v0.2.0
[INFO] [stderr]    Compiling uuid v1.11.0
[INFO] [stderr]    Compiling const_format v0.2.33
[INFO] [stderr]    Compiling tracing-subscriber v0.3.18
[INFO] [stderr]    Compiling regex-automata v0.4.8
[INFO] [stderr]    Compiling peg v0.8.4
[INFO] [stderr]    Compiling addr2line v0.24.2
[INFO] [stderr]    Compiling darling_core v0.20.10
[INFO] [stderr]    Compiling backtrace v0.3.74
[INFO] [stderr]    Compiling serde_derive v1.0.210
[INFO] [stderr]    Compiling zerocopy-derive v0.7.35
[INFO] [stderr]    Compiling thiserror-impl v1.0.64
[INFO] [stderr]    Compiling futures-macro v0.3.31
[INFO] [stderr]    Compiling tracing-attributes v0.1.27
[INFO] [stderr]    Compiling tokio-macros v2.4.0
[INFO] [stderr]    Compiling clap_derive v4.5.18
[INFO] [stderr]    Compiling async-recursion v1.1.1
[INFO] [stderr]    Compiling strum_macros v0.26.4
[INFO] [stderr]    Compiling async-trait v0.1.83
[INFO] [stderr]    Compiling git-version-macro v0.3.9
[INFO] [stderr]    Compiling tokio v1.40.0
[INFO] [stderr]    Compiling git-version v0.3.9
[INFO] [stderr]    Compiling futures-util v0.3.31
[INFO] [stderr]    Compiling fancy-regex v0.13.0
[INFO] [stderr]    Compiling zerocopy v0.7.35
[INFO] [stderr]    Compiling tracing v0.1.40
[INFO] [stderr]    Compiling ppv-lite86 v0.2.20
[INFO] [stderr]    Compiling darling_macro v0.20.10
[INFO] [stderr]    Compiling hashbrown v0.14.5
[INFO] [stderr]    Compiling darling v0.20.10
[INFO] [stderr]    Compiling cached_proc_macro v0.23.0
[INFO] [stderr]    Compiling rand_chacha v0.3.1
[INFO] [stderr]    Compiling rand v0.8.5
[INFO] [stderr]    Compiling cached v0.53.1
[INFO] [stderr]    Compiling brush-parser v0.2.9
[INFO] [stderr]    Compiling futures-executor v0.3.31
[INFO] [stderr]    Compiling futures v0.3.31
[INFO] [stderr]    Compiling bitflags v2.6.0
[INFO] [stderr]    Compiling chrono v0.4.38
[INFO] [stderr]    Compiling toml_datetime v0.6.8
[INFO] [stderr]    Compiling serde_spanned v0.6.8
[INFO] [stderr]    Compiling os_info v3.8.2
[INFO] [stderr]    Compiling nix v0.27.1
[INFO] [stderr]    Compiling toml_edit v0.22.22
[INFO] [stderr]    Compiling toml v0.8.19
[INFO] [stderr]    Compiling command-fds v0.3.0
[INFO] [stderr]    Compiling procfs-core v0.17.0
[INFO] [stderr]    Compiling human-panic v2.0.2
[INFO] [stderr]    Compiling terminal_size v0.4.0
[INFO] [stderr]    Compiling crossterm v0.28.1
[INFO] [stderr]    Compiling fd-lock v4.0.2
[INFO] [stderr]    Compiling clap_builder v4.5.20
[INFO] [stderr]    Compiling reedline v0.36.0
[INFO] [stderr]    Compiling clap v4.5.20
[INFO] [stderr]    Compiling brush-core v0.2.11
[INFO] [stderr]    Compiling brush-interactive v0.2.11
[INFO] [stderr]    Compiling brush-shell v0.2.11 (/opt/rustwide/workdir)
[INFO] [stderr]     Finished `dev` profile [unoptimized + debuginfo] target(s) in 25.53s
[INFO] running `Command { std: "docker" "inspect" "e3b25ba36801ef55935da46be8b1bed7268122fcfbe8f171b592507ceda583d2", kill_on_drop: false }`
[INFO] running `Command { std: "docker" "rm" "-f" "e3b25ba36801ef55935da46be8b1bed7268122fcfbe8f171b592507ceda583d2", kill_on_drop: false }`
[INFO] [stdout] e3b25ba36801ef55935da46be8b1bed7268122fcfbe8f171b592507ceda583d2
[INFO] running `Command { std: "docker" "create" "-v" "/var/lib/crater-agent-workspace/builds/worker-3-tc2/target:/opt/rustwide/target:rw,Z" "-v" "/var/lib/crater-agent-workspace/builds/worker-3-tc2/source:/opt/rustwide/workdir:ro,Z" "-v" "/var/lib/crater-agent-workspace/cargo-home:/opt/rustwide/cargo-home:ro,Z" "-v" "/var/lib/crater-agent-workspace/rustup-home:/opt/rustwide/rustup-home:ro,Z" "-e" "SOURCE_DIR=/opt/rustwide/workdir" "-e" "CARGO_TARGET_DIR=/opt/rustwide/target" "-e" "CARGO_INCREMENTAL=0" "-e" "RUST_BACKTRACE=full" "-e" "RUSTFLAGS=--cap-lints=forbid -Zrandomize-layout" "-e" "RUSTDOCFLAGS=--cap-lints=forbid" "-e" "CARGO_HOME=/opt/rustwide/cargo-home" "-e" "RUSTUP_HOME=/opt/rustwide/rustup-home" "-w" "/opt/rustwide/workdir" "-m" "1610612736" "--user" "0:0" "--network" "none" "ghcr.io/rust-lang/crates-build-env/linux@sha256:4a844ea9eb2546a2d2c7022eacef16ef2e8229c7fbb2c7d4d55a9ceca922f72d" "/opt/rustwide/cargo-home/bin/cargo" "+nightly-2024-10-28" "test" "--frozen" "--no-run" "--message-format=json", kill_on_drop: false }`
[INFO] [stdout] 3a8ef46e5cdcf847eb6eacf2aeb50190a6508f66b1d42ac0b87c9df271ec92fd
[INFO] running `Command { std: "docker" "start" "-a" "3a8ef46e5cdcf847eb6eacf2aeb50190a6508f66b1d42ac0b87c9df271ec92fd", kill_on_drop: false }`
[INFO] [stderr]    Compiling aho-corasick v1.1.3
[INFO] [stderr]    Compiling crossbeam-utils v0.8.20
[INFO] [stderr]    Compiling predicates-core v1.0.8
[INFO] [stderr]    Compiling doc-comment v0.3.3
[INFO] [stderr]    Compiling same-file v1.0.6
[INFO] [stderr]    Compiling syn v1.0.109
[INFO] [stderr]    Compiling powerfmt v0.2.0
[INFO] [stderr]    Compiling termtree v0.4.1
[INFO] [stderr]    Compiling difflib v0.4.0
[INFO] [stderr]    Compiling time-core v0.1.2
[INFO] [stderr]    Compiling itoa v1.0.11
[INFO] [stderr]    Compiling num-conv v0.1.0
[INFO] [stderr]    Compiling is-terminal v0.4.13
[INFO] [stderr]    Compiling fastrand v2.1.1
[INFO] [stderr]    Compiling assert_cmd v2.0.16
[INFO] [stderr]    Compiling termcolor v1.4.1
[INFO] [stderr]    Compiling walkdir v2.5.0
[INFO] [stderr]    Compiling predicates-tree v1.0.11
[INFO] [stderr]    Compiling wait-timeout v0.2.0
[INFO] [stderr]    Compiling quick-xml v0.31.0
[INFO] [stderr]    Compiling time-macros v0.2.18
[INFO] [stderr]    Compiling deranged v0.3.11
[INFO] [stderr]    Compiling ryu v1.0.18
[INFO] [stderr]    Compiling tempfile v3.13.0
[INFO] [stderr]    Compiling unsafe-libyaml v0.2.11
[INFO] [stderr]    Compiling predicates v3.1.2
[INFO] [stderr]    Compiling descape v2.0.3
[INFO] [stderr]    Compiling diff v0.1.13
[INFO] [stderr]    Compiling version-compare v0.2.0
[INFO] [stderr]    Compiling pathdiff v0.2.2
[INFO] [stderr]    Compiling indent v0.1.1
[INFO] [stderr]    Compiling glob v0.3.1
[INFO] [stderr]    Compiling crossbeam-epoch v0.9.18
[INFO] [stderr]    Compiling crossbeam-deque v0.8.5
[INFO] [stderr]    Compiling serde_yaml v0.9.34+deprecated
[INFO] [stderr]    Compiling regex-automata v0.4.8
[INFO] [stderr]    Compiling time v0.3.36
[INFO] [stderr]    Compiling derive-getters v0.3.0
[INFO] [stderr]    Compiling junit-report v0.8.3
[INFO] [stderr]    Compiling bstr v1.10.0
[INFO] [stderr]    Compiling fancy-regex v0.13.0
[INFO] [stderr]    Compiling regex v1.11.0
[INFO] [stderr]    Compiling env_logger v0.10.2
[INFO] [stderr]    Compiling globset v0.4.15
[INFO] [stderr]    Compiling brush-core v0.2.11
[INFO] [stderr]    Compiling dir-cmp v0.1.0
[INFO] [stderr]    Compiling ignore v0.4.23
[INFO] [stderr]    Compiling globwalk v0.9.1
[INFO] [stderr]    Compiling assert_fs v1.1.2
[INFO] [stderr]    Compiling brush-interactive v0.2.11
[INFO] [stderr]    Compiling brush-shell v0.2.11 (/opt/rustwide/workdir)
[INFO] [stdout] error[E0433]: failed to resolve: use of undeclared crate or module `expectrl`
[INFO] [stdout]  --> tests/interactive_tests.rs:4:5
[INFO] [stdout]   |
[INFO] [stdout] 4 | use expectrl::{
[INFO] [stdout]   |     ^^^^^^^^ use of undeclared crate or module `expectrl`
[INFO] [stdout] 
[INFO] [stdout] 
[INFO] [stdout] error[E0432]: unresolved import `expectrl`
[INFO] [stdout]  --> tests/interactive_tests.rs:4:5
[INFO] [stdout]   |
[INFO] [stdout] 4 | use expectrl::{
[INFO] [stdout]   |     ^^^^^^^^ use of undeclared crate or module `expectrl`
[INFO] [stdout] 
[INFO] [stdout] 
[INFO] [stdout] error[E0433]: failed to resolve: use of undeclared crate or module `expectrl`
[INFO] [stdout]    --> tests/interactive_tests.rs:132:19
[INFO] [stdout]     |
[INFO] [stdout] 132 |         self.send(expectrl::ControlCode::Substitute)?;
[INFO] [stdout]     |                   ^^^^^^^^ use of undeclared crate or module `expectrl`
[INFO] [stdout] 
[INFO] [stdout] 
[INFO] [stdout] error[E0433]: failed to resolve: use of undeclared crate or module `expectrl`
[INFO] [stdout]    --> tests/interactive_tests.rs:138:19
[INFO] [stdout]     |
[INFO] [stdout] 138 |         self.send(expectrl::ControlCode::EndOfText)?;
[INFO] [stdout]     |                   ^^^^^^^^ use of undeclared crate or module `expectrl`
[INFO] [stdout] 
[INFO] [stdout] 
[INFO] [stdout] error[E0433]: failed to resolve: use of undeclared crate or module `expectrl`
[INFO] [stdout]    --> tests/interactive_tests.rs:164:19
[INFO] [stdout]     |
[INFO] [stdout] 164 |     let session = expectrl::session::Session::spawn(cmd)?;
[INFO] [stdout]     |                   ^^^^^^^^ use of undeclared crate or module `expectrl`
[INFO] [stdout] 
[INFO] [stdout] 
[INFO] [stdout] error[E0433]: failed to resolve: use of undeclared crate or module `expectrl`
[INFO] [stdout]    --> tests/interactive_tests.rs:168:19
[INFO] [stdout]     |
[INFO] [stdout] 168 |     let session = expectrl::session::log(session, std::io::stdout())?;
[INFO] [stdout]     |                   ^^^^^^^^ use of undeclared crate or module `expectrl`
[INFO] [stdout] 
[INFO] [stdout] 
[INFO] [stdout] error[E0432]: unresolved import `expectrl`
[INFO] [stdout]    --> tests/compat_tests.rs:989:13
[INFO] [stdout]     |
[INFO] [stdout] 989 |         use expectrl::Expect;
[INFO] [stdout]     |             ^^^^^^^^ use of undeclared crate or module `expectrl`
[INFO] [stdout] 
[INFO] [stdout] 
[INFO] [stdout] error[E0433]: failed to resolve: use of undeclared crate or module `expectrl`
[INFO] [stdout]    --> tests/interactive_tests.rs:170:19
[INFO] [stdout]     |
[INFO] [stdout] 170 |     let session = expectrl::repl::ReplSession::new(session, DEFAULT_PROMPT);
[INFO] [stdout]     |                   ^^^^^^^^ use of undeclared crate or module `expectrl`
[INFO] [stdout] 
[INFO] [stdout] 
[INFO] [stdout] Some errors have detailed explanations: E0432, E0433.
[INFO] [stdout] 
[INFO] [stdout] For more information about an error, try `rustc --explain E0432`.
[INFO] [stdout] 
[INFO] [stdout] error[E0433]: failed to resolve: use of undeclared crate or module `expectrl`
[INFO] [stdout]    --> tests/compat_tests.rs:995:21
[INFO] [stdout]     |
[INFO] [stdout] 995 |         let mut p = expectrl::session::log(expectrl::Session::spawn(cmd)?, writer)?;
[INFO] [stdout]     |                     ^^^^^^^^ use of undeclared crate or module `expectrl`
[INFO] [stdout] 
[INFO] [stdout] 
[INFO] [stdout] error[E0433]: failed to resolve: use of undeclared crate or module `expectrl`
[INFO] [stdout]    --> tests/compat_tests.rs:995:44
[INFO] [stdout]     |
[INFO] [stdout] 995 |         let mut p = expectrl::session::log(expectrl::Session::spawn(cmd)?, writer)?;
[INFO] [stdout]     |                                            ^^^^^^^^ use of undeclared crate or module `expectrl`
[INFO] [stdout] 
[INFO] [stdout] 
[INFO] [stderr] error: could not compile `brush-shell` (test "brush-interactive-tests") due to 7 previous errors
[INFO] [stderr] warning: build failed, waiting for other jobs to finish...
[INFO] [stdout] error[E0433]: failed to resolve: use of undeclared crate or module `expectrl`
[INFO] [stdout]     --> tests/compat_tests.rs:1010:44
[INFO] [stdout]      |
[INFO] [stdout] 1010 |                         "ctrl+d" => p.send(expectrl::ControlCode::EndOfTransmission)?,
[INFO] [stdout]      |                                            ^^^^^^^^ use of undeclared crate or module `expectrl`
[INFO] [stdout] 
[INFO] [stdout] 
[INFO] [stdout] error[E0433]: failed to resolve: use of undeclared crate or module `expectrl`
[INFO] [stdout]     --> tests/compat_tests.rs:1011:41
[INFO] [stdout]      |
[INFO] [stdout] 1011 |                         "tab" => p.send(expectrl::ControlCode::HorizontalTabulation)?,
[INFO] [stdout]      |                                         ^^^^^^^^ use of undeclared crate or module `expectrl`
[INFO] [stdout] 
[INFO] [stdout] 
[INFO] [stdout] error[E0433]: failed to resolve: use of undeclared crate or module `expectrl`
[INFO] [stdout]     --> tests/compat_tests.rs:1012:43
[INFO] [stdout]      |
[INFO] [stdout] 1012 |                         "enter" => p.send(expectrl::ControlCode::LineFeed)?,
[INFO] [stdout]      |                                           ^^^^^^^^ use of undeclared crate or module `expectrl`
[INFO] [stdout] 
[INFO] [stdout] 
[INFO] [stdout] error[E0433]: failed to resolve: use of undeclared crate or module `expectrl`
[INFO] [stdout]     --> tests/compat_tests.rs:1041:34
[INFO] [stdout]      |
[INFO] [stdout] 1041 |         if matches!(wait_status, expectrl::process::unix::WaitStatus::StillAlive) {
[INFO] [stdout]      |                                  ^^^^^^^^ use of undeclared crate or module `expectrl`
[INFO] [stdout] 
[INFO] [stdout] 
[INFO] [stdout] error[E0433]: failed to resolve: use of undeclared crate or module `expectrl`
[INFO] [stdout]     --> tests/compat_tests.rs:1053:13
[INFO] [stdout]      |
[INFO] [stdout] 1053 |             expectrl::process::unix::WaitStatus::Exited(_, code) => Ok(RunResult {
[INFO] [stdout]      |             ^^^^^^^^ use of undeclared crate or module `expectrl`
[INFO] [stdout] 
[INFO] [stdout] 
[INFO] [stdout] error[E0433]: failed to resolve: use of undeclared crate or module `expectrl`
[INFO] [stdout]     --> tests/compat_tests.rs:1059:13
[INFO] [stdout]      |
[INFO] [stdout] 1059 |             expectrl::process::unix::WaitStatus::Signaled(_, _, _) => {
[INFO] [stdout]      |             ^^^^^^^^ use of undeclared crate or module `expectrl`
[INFO] [stdout] 
[INFO] [stdout] 
[INFO] [stdout] error[E0433]: failed to resolve: use of undeclared crate or module `expectrl`
[INFO] [stdout]     --> tests/compat_tests.rs:1044:23
[INFO] [stdout]      |
[INFO] [stdout] 1044 |                 .kill(expectrl::process::unix::Signal::SIGTERM)?;
[INFO] [stdout]      |                       ^^^^^^^^ use of undeclared crate or module `expectrl`
[INFO] [stdout]      |
[INFO] [stdout] help: consider importing this struct
[INFO] [stdout]      |
[INFO] [stdout] 3    + use tokio::signal::unix::Signal;
[INFO] [stdout]      |
[INFO] [stdout] help: if you import `Signal`, refer to it directly
[INFO] [stdout]      |
[INFO] [stdout] 1044 -                 .kill(expectrl::process::unix::Signal::SIGTERM)?;
[INFO] [stdout] 1044 +                 .kill(Signal::SIGTERM)?;
[INFO] [stdout]      |
[INFO] [stdout] 
[INFO] [stdout] 
[INFO] [stdout] error[E0433]: failed to resolve: use of undeclared crate or module `expectrl`
[INFO] [stdout]     --> tests/compat_tests.rs:1030:38
[INFO] [stdout]      |
[INFO] [stdout] 1030 |         if let Err(inner) = p.expect(expectrl::Eof) {
[INFO] [stdout]      |                                      ^^^^^^^^ use of undeclared crate or module `expectrl`
[INFO] [stdout] 
[INFO] [stdout] 
[INFO] [stdout] Some errors have detailed explanations: E0432, E0433.
[INFO] [stdout] 
[INFO] [stdout] For more information about an error, try `rustc --explain E0432`.
[INFO] [stdout] 
[INFO] [stderr] error: could not compile `brush-shell` (test "brush-compat-tests") due to 11 previous errors
[INFO] running `Command { std: "docker" "inspect" "3a8ef46e5cdcf847eb6eacf2aeb50190a6508f66b1d42ac0b87c9df271ec92fd", kill_on_drop: false }`
[INFO] running `Command { std: "docker" "rm" "-f" "3a8ef46e5cdcf847eb6eacf2aeb50190a6508f66b1d42ac0b87c9df271ec92fd", kill_on_drop: false }`
[INFO] [stdout] 3a8ef46e5cdcf847eb6eacf2aeb50190a6508f66b1d42ac0b87c9df271ec92fd
