[INFO] fetching crate brush-rustyline-fork 14.0.1...
[INFO] testing brush-rustyline-fork-14.0.1 against nightly-2024-10-28 for randomize-layout
[INFO] extracting crate brush-rustyline-fork 14.0.1 into /workspace/builds/worker-5-tc1/source
[INFO] validating manifest of crates.io crate brush-rustyline-fork 14.0.1 on toolchain nightly-2024-10-28
[INFO] running `Command { std: CARGO_HOME="/workspace/cargo-home" RUSTUP_HOME="/workspace/rustup-home" "/workspace/cargo-home/bin/cargo" "+nightly-2024-10-28" "metadata" "--manifest-path" "Cargo.toml" "--no-deps", kill_on_drop: false }`
[INFO] started tweaking crates.io crate brush-rustyline-fork 14.0.1
[INFO] removed 0 missing examples
[INFO] finished tweaking crates.io crate brush-rustyline-fork 14.0.1
[INFO] tweaked toml for crates.io crate brush-rustyline-fork 14.0.1 written to /workspace/builds/worker-5-tc1/source/Cargo.toml
[INFO] crate crates.io crate brush-rustyline-fork 14.0.1 already has a lockfile, it will not be regenerated
[INFO] running `Command { std: CARGO_HOME="/workspace/cargo-home" RUSTUP_HOME="/workspace/rustup-home" "/workspace/cargo-home/bin/cargo" "+nightly-2024-10-28" "fetch" "--manifest-path" "Cargo.toml", kill_on_drop: false }`
[INFO] [stderr]     Updating crates.io index
[INFO] [stderr]  Downloading crates ...
[INFO] [stderr]   Downloaded termios v0.3.3
[INFO] [stderr]   Downloaded tuikit v0.5.0
[INFO] [stderr]   Downloaded rustyline-derive v0.10.0
[INFO] [stderr]   Downloaded defer-drop v1.3.0
[INFO] [stderr]   Downloaded buffer-redux v1.0.1
[INFO] [stderr]   Downloaded timer v0.2.0
[INFO] [stderr]   Downloaded skim v0.10.4
[INFO] [stderr]   Downloaded syn v2.0.59
[INFO] running `Command { std: "docker" "create" "-v" "/var/lib/crater-agent-workspace/builds/worker-5-tc1/target:/opt/rustwide/target:rw,Z" "-v" "/var/lib/crater-agent-workspace/builds/worker-5-tc1/source:/opt/rustwide/workdir:ro,Z" "-v" "/var/lib/crater-agent-workspace/cargo-home:/opt/rustwide/cargo-home:ro,Z" "-v" "/var/lib/crater-agent-workspace/rustup-home:/opt/rustwide/rustup-home:ro,Z" "-e" "SOURCE_DIR=/opt/rustwide/workdir" "-e" "CARGO_TARGET_DIR=/opt/rustwide/target" "-e" "CARGO_HOME=/opt/rustwide/cargo-home" "-e" "RUSTUP_HOME=/opt/rustwide/rustup-home" "-w" "/opt/rustwide/workdir" "-m" "1610612736" "--user" "0:0" "--network" "none" "ghcr.io/rust-lang/crates-build-env/linux@sha256:4a844ea9eb2546a2d2c7022eacef16ef2e8229c7fbb2c7d4d55a9ceca922f72d" "/opt/rustwide/cargo-home/bin/cargo" "+nightly-2024-10-28" "metadata" "--no-deps" "--format-version=1", kill_on_drop: false }`
[INFO] [stdout] fb98bbd867e43ab0e5ea422038e11f599db4a7b17b6aa7b605620a28fe863edb
[INFO] running `Command { std: "docker" "start" "-a" "fb98bbd867e43ab0e5ea422038e11f599db4a7b17b6aa7b605620a28fe863edb", kill_on_drop: false }`
[INFO] running `Command { std: "docker" "inspect" "fb98bbd867e43ab0e5ea422038e11f599db4a7b17b6aa7b605620a28fe863edb", kill_on_drop: false }`
[INFO] running `Command { std: "docker" "rm" "-f" "fb98bbd867e43ab0e5ea422038e11f599db4a7b17b6aa7b605620a28fe863edb", kill_on_drop: false }`
[INFO] [stdout] fb98bbd867e43ab0e5ea422038e11f599db4a7b17b6aa7b605620a28fe863edb
[INFO] running `Command { std: "docker" "create" "-v" "/var/lib/crater-agent-workspace/builds/worker-5-tc1/target:/opt/rustwide/target:rw,Z" "-v" "/var/lib/crater-agent-workspace/builds/worker-5-tc1/source:/opt/rustwide/workdir:ro,Z" "-v" "/var/lib/crater-agent-workspace/cargo-home:/opt/rustwide/cargo-home:ro,Z" "-v" "/var/lib/crater-agent-workspace/rustup-home:/opt/rustwide/rustup-home:ro,Z" "-e" "SOURCE_DIR=/opt/rustwide/workdir" "-e" "CARGO_TARGET_DIR=/opt/rustwide/target" "-e" "CARGO_INCREMENTAL=0" "-e" "RUST_BACKTRACE=full" "-e" "RUSTFLAGS=--cap-lints=forbid" "-e" "RUSTDOCFLAGS=--cap-lints=forbid" "-e" "CARGO_HOME=/opt/rustwide/cargo-home" "-e" "RUSTUP_HOME=/opt/rustwide/rustup-home" "-w" "/opt/rustwide/workdir" "-m" "1610612736" "--user" "0:0" "--network" "none" "ghcr.io/rust-lang/crates-build-env/linux@sha256:4a844ea9eb2546a2d2c7022eacef16ef2e8229c7fbb2c7d4d55a9ceca922f72d" "/opt/rustwide/cargo-home/bin/cargo" "+nightly-2024-10-28" "build" "--frozen" "--message-format=json", kill_on_drop: false }`
[INFO] [stdout] dcfb43821039e39469d82b6e2b2c93220c055f4f78b5a47968b9b4dd3aaa9a44
[INFO] running `Command { std: "docker" "start" "-a" "dcfb43821039e39469d82b6e2b2c93220c055f4f78b5a47968b9b4dd3aaa9a44", kill_on_drop: false }`
[INFO] [stderr]    Compiling libc v0.2.155
[INFO] [stderr]    Compiling rustix v0.38.32
[INFO] [stderr]    Compiling bitflags v2.5.0
[INFO] [stderr]    Compiling cfg_aliases v0.2.1
[INFO] [stderr]    Compiling smallvec v1.13.2
[INFO] [stderr]    Compiling linux-raw-sys v0.4.13
[INFO] [stderr]    Compiling endian-type v0.1.2
[INFO] [stderr]    Compiling home v0.5.9
[INFO] [stderr]    Compiling memchr v2.7.2
[INFO] [stderr]    Compiling unicode-width v0.1.11
[INFO] [stderr]    Compiling unicode-segmentation v1.11.0
[INFO] [stderr]    Compiling nix v0.29.0
[INFO] [stderr]    Compiling nibble_vec v0.1.0
[INFO] [stderr]    Compiling radix_trie v0.2.1
[INFO] [stderr]    Compiling fd-lock v4.0.2
[INFO] [stderr]    Compiling brush-rustyline-fork v14.0.1 (/opt/rustwide/workdir)
[INFO] [stderr]     Finished `dev` profile [unoptimized + debuginfo] target(s) in 3.34s
[INFO] running `Command { std: "docker" "inspect" "dcfb43821039e39469d82b6e2b2c93220c055f4f78b5a47968b9b4dd3aaa9a44", kill_on_drop: false }`
[INFO] running `Command { std: "docker" "rm" "-f" "dcfb43821039e39469d82b6e2b2c93220c055f4f78b5a47968b9b4dd3aaa9a44", kill_on_drop: false }`
[INFO] [stdout] dcfb43821039e39469d82b6e2b2c93220c055f4f78b5a47968b9b4dd3aaa9a44
[INFO] running `Command { std: "docker" "create" "-v" "/var/lib/crater-agent-workspace/builds/worker-5-tc1/target:/opt/rustwide/target:rw,Z" "-v" "/var/lib/crater-agent-workspace/builds/worker-5-tc1/source:/opt/rustwide/workdir:ro,Z" "-v" "/var/lib/crater-agent-workspace/cargo-home:/opt/rustwide/cargo-home:ro,Z" "-v" "/var/lib/crater-agent-workspace/rustup-home:/opt/rustwide/rustup-home:ro,Z" "-e" "SOURCE_DIR=/opt/rustwide/workdir" "-e" "CARGO_TARGET_DIR=/opt/rustwide/target" "-e" "CARGO_INCREMENTAL=0" "-e" "RUST_BACKTRACE=full" "-e" "RUSTFLAGS=--cap-lints=forbid" "-e" "RUSTDOCFLAGS=--cap-lints=forbid" "-e" "CARGO_HOME=/opt/rustwide/cargo-home" "-e" "RUSTUP_HOME=/opt/rustwide/rustup-home" "-w" "/opt/rustwide/workdir" "-m" "1610612736" "--user" "0:0" "--network" "none" "ghcr.io/rust-lang/crates-build-env/linux@sha256:4a844ea9eb2546a2d2c7022eacef16ef2e8229c7fbb2c7d4d55a9ceca922f72d" "/opt/rustwide/cargo-home/bin/cargo" "+nightly-2024-10-28" "test" "--frozen" "--no-run" "--message-format=json", kill_on_drop: false }`
[INFO] [stdout] ad0580204be3b017349cd6c8481d09ed2c45224c7b6a4f94ea218936202c7a33
[INFO] running `Command { std: "docker" "start" "-a" "ad0580204be3b017349cd6c8481d09ed2c45224c7b6a4f94ea218936202c7a33", kill_on_drop: false }`
[INFO] [stderr]    Compiling doc-comment v0.3.3
[INFO] [stderr]    Compiling env_filter v0.1.0
[INFO] [stderr]    Compiling fastrand v2.0.2
[INFO] [stderr]    Compiling assert_matches v1.5.0
[INFO] [stderr]    Compiling getrandom v0.2.14
[INFO] [stderr]    Compiling brush-rustyline-fork v14.0.1 (/opt/rustwide/workdir)
[INFO] [stderr]    Compiling env_logger v0.11.3
[INFO] [stderr]    Compiling rand_core v0.6.4
[INFO] [stderr]    Compiling tempfile v3.10.1
[INFO] [stderr]    Compiling rand_chacha v0.3.1
[INFO] [stderr]    Compiling rand v0.8.5
[INFO] [stdout] error[E0432]: unresolved import `rustyline`
[INFO] [stdout]  --> examples/minimal.rs:1:5
[INFO] [stdout]   |
[INFO] [stdout] 1 | use rustyline::{DefaultEditor, Result};
[INFO] [stdout]   |     ^^^^^^^^^ use of undeclared crate or module `rustyline`
[INFO] [stdout] 
[INFO] [stdout] 
[INFO] [stdout] error[E0432]: unresolved import `rustyline`
[INFO] [stdout]  --> examples/numeric_input.rs:1:5
[INFO] [stdout]   |
[INFO] [stdout] 1 | use rustyline::{
[INFO] [stdout]   |     ^^^^^^^^^ use of undeclared crate or module `rustyline`
[INFO] [stdout] 
[INFO] [stdout] 
[INFO] [stdout] error[E0432]: unresolved import `rustyline`
[INFO] [stdout]  --> examples/external_print.rs:6:5
[INFO] [stdout]   |
[INFO] [stdout] 6 | use rustyline::{DefaultEditor, ExternalPrinter, Result};
[INFO] [stdout]   |     ^^^^^^^^^ use of undeclared crate or module `rustyline`
[INFO] [stdout] 
[INFO] [stdout] 
[INFO] [stdout] For more information about this error, try `rustc --explain E0432`.
[INFO] [stdout] 
[INFO] [stdout] For more information about this error, try `rustc --explain E0432`.
[INFO] [stdout] 
[INFO] [stderr] error: could not compile `brush-rustyline-fork` (example "numeric_input") due to 1 previous error
[INFO] [stdout] For more information about this error, try `rustc --explain E0432`.
[INFO] [stdout] 
[INFO] [stderr] warning: build failed, waiting for other jobs to finish...
[INFO] [stderr] error: could not compile `brush-rustyline-fork` (example "minimal") due to 1 previous error
[INFO] [stderr] error: could not compile `brush-rustyline-fork` (example "external_print") due to 1 previous error
[INFO] running `Command { std: "docker" "inspect" "ad0580204be3b017349cd6c8481d09ed2c45224c7b6a4f94ea218936202c7a33", kill_on_drop: false }`
[INFO] running `Command { std: "docker" "rm" "-f" "ad0580204be3b017349cd6c8481d09ed2c45224c7b6a4f94ea218936202c7a33", kill_on_drop: false }`
[INFO] [stdout] ad0580204be3b017349cd6c8481d09ed2c45224c7b6a4f94ea218936202c7a33
