[INFO] fetching crate brahe 0.0.1...
[INFO] testing brahe-0.0.1 against nightly-2024-10-28+rustflags=-Zrandomize-layout for randomize-layout
[INFO] extracting crate brahe 0.0.1 into /workspace/builds/worker-1-tc2/source
[INFO] validating manifest of crates.io crate brahe 0.0.1 on toolchain nightly-2024-10-28
[INFO] running `Command { std: CARGO_HOME="/workspace/cargo-home" RUSTUP_HOME="/workspace/rustup-home" "/workspace/cargo-home/bin/cargo" "+nightly-2024-10-28" "metadata" "--manifest-path" "Cargo.toml" "--no-deps", kill_on_drop: false }`
[INFO] started tweaking crates.io crate brahe 0.0.1
[INFO] finished tweaking crates.io crate brahe 0.0.1
[INFO] tweaked toml for crates.io crate brahe 0.0.1 written to /workspace/builds/worker-1-tc2/source/Cargo.toml
[INFO] running `Command { std: CARGO_HOME="/workspace/cargo-home" RUSTUP_HOME="/workspace/rustup-home" "/workspace/cargo-home/bin/cargo" "+nightly-2024-10-28" "generate-lockfile" "--manifest-path" "Cargo.toml", kill_on_drop: false }`
[INFO] [stderr]     Updating crates.io index
[INFO] [stderr]      Locking 102 packages to latest compatible versions
[INFO] [stderr]       Adding kd-tree v0.5.3 (available: v0.6.0)
[INFO] [stderr]       Adding nalgebra v0.32.6 (available: v0.33.2)
[INFO] [stderr]       Adding serial_test v2.0.0 (available: v3.1.1)
[INFO] running `Command { std: CARGO_HOME="/workspace/cargo-home" RUSTUP_HOME="/workspace/rustup-home" "/workspace/cargo-home/bin/cargo" "+nightly-2024-10-28" "fetch" "--manifest-path" "Cargo.toml", kill_on_drop: false }`
[INFO] running `Command { std: "docker" "create" "-v" "/var/lib/crater-agent-workspace/builds/worker-1-tc2/target:/opt/rustwide/target:rw,Z" "-v" "/var/lib/crater-agent-workspace/builds/worker-1-tc2/source:/opt/rustwide/workdir:ro,Z" "-v" "/var/lib/crater-agent-workspace/cargo-home:/opt/rustwide/cargo-home:ro,Z" "-v" "/var/lib/crater-agent-workspace/rustup-home:/opt/rustwide/rustup-home:ro,Z" "-e" "SOURCE_DIR=/opt/rustwide/workdir" "-e" "CARGO_TARGET_DIR=/opt/rustwide/target" "-e" "CARGO_HOME=/opt/rustwide/cargo-home" "-e" "RUSTUP_HOME=/opt/rustwide/rustup-home" "-w" "/opt/rustwide/workdir" "-m" "1610612736" "--user" "0:0" "--network" "none" "ghcr.io/rust-lang/crates-build-env/linux@sha256:4a844ea9eb2546a2d2c7022eacef16ef2e8229c7fbb2c7d4d55a9ceca922f72d" "/opt/rustwide/cargo-home/bin/cargo" "+nightly-2024-10-28" "metadata" "--no-deps" "--format-version=1", kill_on_drop: false }`
[INFO] [stdout] 22141f4d18909783084a30d3a2c156f9d85143cb0cea5f0fe8b7fcc554a5a835
[INFO] running `Command { std: "docker" "start" "-a" "22141f4d18909783084a30d3a2c156f9d85143cb0cea5f0fe8b7fcc554a5a835", kill_on_drop: false }`
[INFO] running `Command { std: "docker" "inspect" "22141f4d18909783084a30d3a2c156f9d85143cb0cea5f0fe8b7fcc554a5a835", kill_on_drop: false }`
[INFO] running `Command { std: "docker" "rm" "-f" "22141f4d18909783084a30d3a2c156f9d85143cb0cea5f0fe8b7fcc554a5a835", kill_on_drop: false }`
[INFO] [stdout] 22141f4d18909783084a30d3a2c156f9d85143cb0cea5f0fe8b7fcc554a5a835
[INFO] running `Command { std: "docker" "create" "-v" "/var/lib/crater-agent-workspace/builds/worker-1-tc2/target:/opt/rustwide/target:rw,Z" "-v" "/var/lib/crater-agent-workspace/builds/worker-1-tc2/source:/opt/rustwide/workdir:ro,Z" "-v" "/var/lib/crater-agent-workspace/cargo-home:/opt/rustwide/cargo-home:ro,Z" "-v" "/var/lib/crater-agent-workspace/rustup-home:/opt/rustwide/rustup-home:ro,Z" "-e" "SOURCE_DIR=/opt/rustwide/workdir" "-e" "CARGO_TARGET_DIR=/opt/rustwide/target" "-e" "CARGO_INCREMENTAL=0" "-e" "RUST_BACKTRACE=full" "-e" "RUSTFLAGS=--cap-lints=forbid -Zrandomize-layout" "-e" "RUSTDOCFLAGS=--cap-lints=forbid" "-e" "CARGO_HOME=/opt/rustwide/cargo-home" "-e" "RUSTUP_HOME=/opt/rustwide/rustup-home" "-w" "/opt/rustwide/workdir" "-m" "1610612736" "--user" "0:0" "--network" "none" "ghcr.io/rust-lang/crates-build-env/linux@sha256:4a844ea9eb2546a2d2c7022eacef16ef2e8229c7fbb2c7d4d55a9ceca922f72d" "/opt/rustwide/cargo-home/bin/cargo" "+nightly-2024-10-28" "build" "--frozen" "--message-format=json", kill_on_drop: false }`
[INFO] [stdout] 16c8d6f1655e0a698f5eb0315038c70d13788f34ee65160cda5beb53ab11e0b4
[INFO] running `Command { std: "docker" "start" "-a" "16c8d6f1655e0a698f5eb0315038c70d13788f34ee65160cda5beb53ab11e0b4", kill_on_drop: false }`
[INFO] [stderr]    Compiling num-traits v0.2.19
[INFO] [stderr]    Compiling libc v0.2.161
[INFO] [stderr]    Compiling regex-syntax v0.8.5
[INFO] [stderr]    Compiling hashbrown v0.12.3
[INFO] [stderr]    Compiling cfg-if v1.0.0
[INFO] [stderr]    Compiling indexmap v1.9.3
[INFO] [stderr]    Compiling bitflags v1.3.2
[INFO] [stderr]    Compiling paste v1.0.15
[INFO] [stderr]    Compiling log v0.4.22
[INFO] [stderr]    Compiling which v4.4.2
[INFO] [stderr]    Compiling cexpr v0.6.0
[INFO] [stderr]    Compiling bytemuck v1.19.0
[INFO] [stderr]    Compiling lazy_static v1.5.0
[INFO] [stderr]    Compiling matrixmultiply v0.3.9
[INFO] [stderr]    Compiling syn v2.0.86
[INFO] [stderr]    Compiling rawpointer v0.2.1
[INFO] [stderr]    Compiling pdqselect v0.1.1
[INFO] [stderr]    Compiling libloading v0.8.5
[INFO] [stderr]    Compiling safe_arch v0.7.2
[INFO] [stderr]    Compiling wide v0.7.28
[INFO] [stderr]    Compiling atty v0.2.14
[INFO] [stderr]    Compiling clang-sys v1.8.1
[INFO] [stderr]    Compiling clap v3.2.25
[INFO] [stderr]    Compiling approx v0.5.1
[INFO] [stderr]    Compiling num-complex v0.4.6
[INFO] [stderr]    Compiling num-integer v0.1.46
[INFO] [stderr]    Compiling ordered-float v3.9.2
[INFO] [stderr]    Compiling num-rational v0.4.2
[INFO] [stderr]    Compiling kd-tree v0.5.3
[INFO] [stderr]    Compiling regex-automata v0.4.8
[INFO] [stderr]    Compiling simba v0.8.1
[INFO] [stderr]    Compiling nalgebra-macros v0.2.2
[INFO] [stderr]    Compiling regex v1.11.1
[INFO] [stderr]    Compiling env_logger v0.9.3
[INFO] [stderr]    Compiling bindgen v0.60.1
[INFO] [stderr]    Compiling nalgebra v0.32.6
[INFO] [stderr]    Compiling rsofa v0.5.0
[INFO] [stderr]    Compiling brahe v0.0.1 (/opt/rustwide/workdir)
[INFO] [stdout] error[E0599]: no method named `key` found for struct `std::collections::btree_map::Cursor` in the current scope
[INFO] [stdout]    --> src/eop/file_provider.rs:752:41
[INFO] [stdout]     |
[INFO] [stdout] 752 |                     let t1: f64 = below.key().unwrap().0;
[INFO] [stdout]     |                                         ^^^ method not found in `Cursor<'_, EOPKey, (f64, f64, f64, Option<f64>, Option<f64>, Option<f64>)>`
[INFO] [stdout] 
[INFO] [stdout] 
[INFO] [stdout] error[E0599]: no method named `key` found for struct `std::collections::btree_map::Cursor` in the current scope
[INFO] [stdout]    --> src/eop/file_provider.rs:753:41
[INFO] [stdout]     |
[INFO] [stdout] 753 |                     let t2: f64 = above.key().unwrap().0;
[INFO] [stdout]     |                                         ^^^ method not found in `Cursor<'_, EOPKey, (f64, f64, f64, Option<f64>, Option<f64>, Option<f64>)>`
[INFO] [stdout] 
[INFO] [stdout] 
[INFO] [stdout] error[E0599]: no method named `value` found for struct `std::collections::btree_map::Cursor` in the current scope
[INFO] [stdout]    --> src/eop/file_provider.rs:754:41
[INFO] [stdout]     |
[INFO] [stdout] 754 |                     let y1: f64 = below.value().unwrap().2;
[INFO] [stdout]     |                                         ^^^^^ method not found in `Cursor<'_, EOPKey, (f64, f64, f64, Option<f64>, Option<f64>, Option<f64>)>`
[INFO] [stdout] 
[INFO] [stdout] 
[INFO] [stdout] error[E0599]: no method named `value` found for struct `std::collections::btree_map::Cursor` in the current scope
[INFO] [stdout]    --> src/eop/file_provider.rs:755:41
[INFO] [stdout]     |
[INFO] [stdout] 755 |                     let y2: f64 = above.value().unwrap().2;
[INFO] [stdout]     |                                         ^^^^^ method not found in `Cursor<'_, EOPKey, (f64, f64, f64, Option<f64>, Option<f64>, Option<f64>)>`
[INFO] [stdout] 
[INFO] [stdout] 
[INFO] [stdout] error[E0599]: no method named `value` found for struct `std::collections::btree_map::Cursor` in the current scope
[INFO] [stdout]    --> src/eop/file_provider.rs:765:77
[INFO] [stdout]     |
[INFO] [stdout] 765 |                     Ok(self.data.upper_bound(Bound::Included(&EOPKey(mjd))).value().unwrap().2)
[INFO] [stdout]     |                                                                             ^^^^^ method not found in `Cursor<'_, EOPKey, (f64, f64, f64, Option<f64>, Option<f64>, Option<f64>)>`
[INFO] [stdout] 
[INFO] [stdout] 
[INFO] [stdout] error[E0599]: no method named `key` found for struct `std::collections::btree_map::Cursor` in the current scope
[INFO] [stdout]    --> src/eop/file_provider.rs:828:41
[INFO] [stdout]     |
[INFO] [stdout] 828 |                     let t1: f64 = below.key().unwrap().0;
[INFO] [stdout]     |                                         ^^^ method not found in `Cursor<'_, EOPKey, (f64, f64, f64, Option<f64>, Option<f64>, Option<f64>)>`
[INFO] [stdout] 
[INFO] [stdout] 
[INFO] [stdout] error[E0599]: no method named `key` found for struct `std::collections::btree_map::Cursor` in the current scope
[INFO] [stdout]    --> src/eop/file_provider.rs:829:41
[INFO] [stdout]     |
[INFO] [stdout] 829 |                     let t2: f64 = above.key().unwrap().0;
[INFO] [stdout]     |                                         ^^^ method not found in `Cursor<'_, EOPKey, (f64, f64, f64, Option<f64>, Option<f64>, Option<f64>)>`
[INFO] [stdout] 
[INFO] [stdout] 
[INFO] [stdout] error[E0599]: no method named `value` found for struct `std::collections::btree_map::Cursor` in the current scope
[INFO] [stdout]    --> src/eop/file_provider.rs:830:44
[INFO] [stdout]     |
[INFO] [stdout] 830 |                     let pm_x1: f64 = below.value().unwrap().0;
[INFO] [stdout]     |                                            ^^^^^ method not found in `Cursor<'_, EOPKey, (f64, f64, f64, Option<f64>, Option<f64>, Option<f64>)>`
[INFO] [stdout] 
[INFO] [stdout] 
[INFO] [stdout] error[E0599]: no method named `value` found for struct `std::collections::btree_map::Cursor` in the current scope
[INFO] [stdout]    --> src/eop/file_provider.rs:831:44
[INFO] [stdout]     |
[INFO] [stdout] 831 |                     let pm_x2: f64 = above.value().unwrap().0;
[INFO] [stdout]     |                                            ^^^^^ method not found in `Cursor<'_, EOPKey, (f64, f64, f64, Option<f64>, Option<f64>, Option<f64>)>`
[INFO] [stdout] 
[INFO] [stdout] 
[INFO] [stdout] error[E0599]: no method named `value` found for struct `std::collections::btree_map::Cursor` in the current scope
[INFO] [stdout]    --> src/eop/file_provider.rs:832:44
[INFO] [stdout]     |
[INFO] [stdout] 832 |                     let pm_y1: f64 = below.value().unwrap().1;
[INFO] [stdout]     |                                            ^^^^^ method not found in `Cursor<'_, EOPKey, (f64, f64, f64, Option<f64>, Option<f64>, Option<f64>)>`
[INFO] [stdout] 
[INFO] [stdout] 
[INFO] [stdout] error[E0599]: no method named `value` found for struct `std::collections::btree_map::Cursor` in the current scope
[INFO] [stdout]    --> src/eop/file_provider.rs:833:44
[INFO] [stdout]     |
[INFO] [stdout] 833 |                     let pm_y2: f64 = above.value().unwrap().1;
[INFO] [stdout]     |                                            ^^^^^ method not found in `Cursor<'_, EOPKey, (f64, f64, f64, Option<f64>, Option<f64>, Option<f64>)>`
[INFO] [stdout] 
[INFO] [stdout] 
[INFO] [stdout] error[E0599]: no method named `value` found for struct `std::collections::btree_map::Cursor` in the current scope
[INFO] [stdout]    --> src/eop/file_provider.rs:847:31
[INFO] [stdout]     |
[INFO] [stdout] 847 |                     Ok((below.value().unwrap().0, below.value().unwrap().1))
[INFO] [stdout]     |                               ^^^^^ method not found in `Cursor<'_, EOPKey, (f64, f64, f64, Option<f64>, Option<f64>, Option<f64>)>`
[INFO] [stdout] 
[INFO] [stdout] 
[INFO] [stdout] error[E0599]: no method named `value` found for struct `std::collections::btree_map::Cursor` in the current scope
[INFO] [stdout]    --> src/eop/file_provider.rs:847:57
[INFO] [stdout]     |
[INFO] [stdout] 847 |                     Ok((below.value().unwrap().0, below.value().unwrap().1))
[INFO] [stdout]     |                                                         ^^^^^ method not found in `Cursor<'_, EOPKey, (f64, f64, f64, Option<f64>, Option<f64>, Option<f64>)>`
[INFO] [stdout] 
[INFO] [stdout] 
[INFO] [stdout] error[E0599]: no method named `key` found for struct `std::collections::btree_map::Cursor` in the current scope
[INFO] [stdout]    --> src/eop/file_provider.rs:911:41
[INFO] [stdout]     |
[INFO] [stdout] 911 |                     let t1: f64 = below.key().unwrap().0;
[INFO] [stdout]     |                                         ^^^ method not found in `Cursor<'_, EOPKey, (f64, f64, f64, Option<f64>, Option<f64>, Option<f64>)>`
[INFO] [stdout] 
[INFO] [stdout] 
[INFO] [stdout] error[E0599]: no method named `key` found for struct `std::collections::btree_map::Cursor` in the current scope
[INFO] [stdout]    --> src/eop/file_provider.rs:912:41
[INFO] [stdout]     |
[INFO] [stdout] 912 |                     let t2: f64 = above.key().unwrap().0;
[INFO] [stdout]     |                                         ^^^ method not found in `Cursor<'_, EOPKey, (f64, f64, f64, Option<f64>, Option<f64>, Option<f64>)>`
[INFO] [stdout] 
[INFO] [stdout] 
[INFO] [stdout] error[E0599]: no method named `value` found for struct `std::collections::btree_map::Cursor` in the current scope
[INFO] [stdout]    --> src/eop/file_provider.rs:913:42
[INFO] [stdout]     |
[INFO] [stdout] 913 |                     let dx1: f64 = below.value().unwrap().3.unwrap();
[INFO] [stdout]     |                                          ^^^^^ method not found in `Cursor<'_, EOPKey, (f64, f64, f64, Option<f64>, Option<f64>, Option<f64>)>`
[INFO] [stdout] 
[INFO] [stdout] 
[INFO] [stdout] error[E0599]: no method named `value` found for struct `std::collections::btree_map::Cursor` in the current scope
[INFO] [stdout]    --> src/eop/file_provider.rs:914:42
[INFO] [stdout]     |
[INFO] [stdout] 914 |                     let dx2: f64 = above.value().unwrap().3.unwrap();
[INFO] [stdout]     |                                          ^^^^^ method not found in `Cursor<'_, EOPKey, (f64, f64, f64, Option<f64>, Option<f64>, Option<f64>)>`
[INFO] [stdout] 
[INFO] [stdout] 
[INFO] [stdout] error[E0599]: no method named `value` found for struct `std::collections::btree_map::Cursor` in the current scope
[INFO] [stdout]    --> src/eop/file_provider.rs:915:42
[INFO] [stdout]     |
[INFO] [stdout] 915 |                     let dy1: f64 = below.value().unwrap().4.unwrap();
[INFO] [stdout]     |                                          ^^^^^ method not found in `Cursor<'_, EOPKey, (f64, f64, f64, Option<f64>, Option<f64>, Option<f64>)>`
[INFO] [stdout] 
[INFO] [stdout] 
[INFO] [stdout] error[E0599]: no method named `value` found for struct `std::collections::btree_map::Cursor` in the current scope
[INFO] [stdout]    --> src/eop/file_provider.rs:916:42
[INFO] [stdout]     |
[INFO] [stdout] 916 |                     let dy2: f64 = above.value().unwrap().4.unwrap();
[INFO] [stdout]     |                                          ^^^^^ method not found in `Cursor<'_, EOPKey, (f64, f64, f64, Option<f64>, Option<f64>, Option<f64>)>`
[INFO] [stdout] 
[INFO] [stdout] 
[INFO] [stdout] error[E0599]: no method named `value` found for struct `std::collections::btree_map::Cursor` in the current scope
[INFO] [stdout]    --> src/eop/file_provider.rs:930:31
[INFO] [stdout]     |
[INFO] [stdout] 930 |                     Ok((below.value().unwrap().3.unwrap(), below.value().unwrap().4.unwrap()))
[INFO] [stdout]     |                               ^^^^^ method not found in `Cursor<'_, EOPKey, (f64, f64, f64, Option<f64>, Option<f64>, Option<f64>)>`
[INFO] [stdout] 
[INFO] [stdout] 
[INFO] [stdout] error[E0599]: no method named `value` found for struct `std::collections::btree_map::Cursor` in the current scope
[INFO] [stdout]    --> src/eop/file_provider.rs:930:66
[INFO] [stdout]     |
[INFO] [stdout] 930 |                     Ok((below.value().unwrap().3.unwrap(), below.value().unwrap().4.unwrap()))
[INFO] [stdout]     |                                                                  ^^^^^ method not found in `Cursor<'_, EOPKey, (f64, f64, f64, Option<f64>, Option<f64>, Option<f64>)>`
[INFO] [stdout] 
[INFO] [stdout] 
[INFO] [stdout] error[E0599]: no method named `key` found for struct `std::collections::btree_map::Cursor` in the current scope
[INFO] [stdout]    --> src/eop/file_provider.rs:992:41
[INFO] [stdout]     |
[INFO] [stdout] 992 |                     let t1: f64 = below.key().unwrap().0;
[INFO] [stdout]     |                                         ^^^ method not found in `Cursor<'_, EOPKey, (f64, f64, f64, Option<f64>, Option<f64>, Option<f64>)>`
[INFO] [stdout] 
[INFO] [stdout] 
[INFO] [stdout] error[E0599]: no method named `key` found for struct `std::collections::btree_map::Cursor` in the current scope
[INFO] [stdout]    --> src/eop/file_provider.rs:993:41
[INFO] [stdout]     |
[INFO] [stdout] 993 |                     let t2: f64 = above.key().unwrap().0;
[INFO] [stdout]     |                                         ^^^ method not found in `Cursor<'_, EOPKey, (f64, f64, f64, Option<f64>, Option<f64>, Option<f64>)>`
[INFO] [stdout] 
[INFO] [stdout] 
[INFO] [stdout] error[E0599]: no method named `value` found for struct `std::collections::btree_map::Cursor` in the current scope
[INFO] [stdout]    --> src/eop/file_provider.rs:994:41
[INFO] [stdout]     |
[INFO] [stdout] 994 |                     let y1: f64 = below.value().unwrap().5.unwrap();
[INFO] [stdout]     |                                         ^^^^^ method not found in `Cursor<'_, EOPKey, (f64, f64, f64, Option<f64>, Option<f64>, Option<f64>)>`
[INFO] [stdout] 
[INFO] [stdout] 
[INFO] [stdout] error[E0599]: no method named `value` found for struct `std::collections::btree_map::Cursor` in the current scope
[INFO] [stdout]    --> src/eop/file_provider.rs:995:41
[INFO] [stdout]     |
[INFO] [stdout] 995 |                     let y2: f64 = above.value().unwrap().5.unwrap();
[INFO] [stdout]     |                                         ^^^^^ method not found in `Cursor<'_, EOPKey, (f64, f64, f64, Option<f64>, Option<f64>, Option<f64>)>`
[INFO] [stdout] 
[INFO] [stdout] 
[INFO] [stdout] error[E0599]: no method named `value` found for struct `std::collections::btree_map::Cursor` in the current scope
[INFO] [stdout]     --> src/eop/file_provider.rs:1005:77
[INFO] [stdout]      |
[INFO] [stdout] 1005 |                     Ok(self.data.upper_bound(Bound::Included(&EOPKey(mjd))).value().unwrap().5.unwrap())
[INFO] [stdout]      |                                                                             ^^^^^ method not found in `Cursor<'_, EOPKey, (f64, f64, f64, Option<f64>, Option<f64>, Option<f64>)>`
[INFO] [stdout] 
[INFO] [stdout] 
[INFO] [stdout] For more information about this error, try `rustc --explain E0599`.
[INFO] [stdout] 
[INFO] [stderr] error: could not compile `brahe` (lib) due to 26 previous errors
[INFO] running `Command { std: "docker" "inspect" "16c8d6f1655e0a698f5eb0315038c70d13788f34ee65160cda5beb53ab11e0b4", kill_on_drop: false }`
[INFO] running `Command { std: "docker" "rm" "-f" "16c8d6f1655e0a698f5eb0315038c70d13788f34ee65160cda5beb53ab11e0b4", kill_on_drop: false }`
[INFO] [stdout] 16c8d6f1655e0a698f5eb0315038c70d13788f34ee65160cda5beb53ab11e0b4
