[INFO] fetching crate boomnet 0.0.25...
[INFO] testing boomnet-0.0.25 against nightly-2024-10-28 for randomize-layout
[INFO] extracting crate boomnet 0.0.25 into /workspace/builds/worker-5-tc1/source
[INFO] validating manifest of crates.io crate boomnet 0.0.25 on toolchain nightly-2024-10-28
[INFO] running `Command { std: CARGO_HOME="/workspace/cargo-home" RUSTUP_HOME="/workspace/rustup-home" "/workspace/cargo-home/bin/cargo" "+nightly-2024-10-28" "metadata" "--manifest-path" "Cargo.toml" "--no-deps", kill_on_drop: false }`
[INFO] started tweaking crates.io crate boomnet 0.0.25
[INFO] finished tweaking crates.io crate boomnet 0.0.25
[INFO] tweaked toml for crates.io crate boomnet 0.0.25 written to /workspace/builds/worker-5-tc1/source/Cargo.toml
[INFO] crate crates.io crate boomnet 0.0.25 already has a lockfile, it will not be regenerated
[INFO] running `Command { std: CARGO_HOME="/workspace/cargo-home" RUSTUP_HOME="/workspace/rustup-home" "/workspace/cargo-home/bin/cargo" "+nightly-2024-10-28" "fetch" "--manifest-path" "Cargo.toml", kill_on_drop: false }`
[INFO] [stderr]     Updating crates.io index
[INFO] [stderr]  Downloading crates ...
[INFO] [stderr]   Downloaded pnet_datalink v0.34.0
[INFO] [stderr]   Downloaded idle v0.2.0
[INFO] [stderr]   Downloaded pnet_packet v0.34.0
[INFO] [stderr]   Downloaded pnet v0.34.0
[INFO] [stderr]   Downloaded pnet_sys v0.34.0
[INFO] [stderr]   Downloaded pnet_transport v0.34.0
[INFO] running `Command { std: "docker" "create" "-v" "/var/lib/crater-agent-workspace/builds/worker-5-tc1/target:/opt/rustwide/target:rw,Z" "-v" "/var/lib/crater-agent-workspace/builds/worker-5-tc1/source:/opt/rustwide/workdir:ro,Z" "-v" "/var/lib/crater-agent-workspace/cargo-home:/opt/rustwide/cargo-home:ro,Z" "-v" "/var/lib/crater-agent-workspace/rustup-home:/opt/rustwide/rustup-home:ro,Z" "-e" "SOURCE_DIR=/opt/rustwide/workdir" "-e" "CARGO_TARGET_DIR=/opt/rustwide/target" "-e" "CARGO_HOME=/opt/rustwide/cargo-home" "-e" "RUSTUP_HOME=/opt/rustwide/rustup-home" "-w" "/opt/rustwide/workdir" "-m" "1610612736" "--user" "0:0" "--network" "none" "ghcr.io/rust-lang/crates-build-env/linux@sha256:4a844ea9eb2546a2d2c7022eacef16ef2e8229c7fbb2c7d4d55a9ceca922f72d" "/opt/rustwide/cargo-home/bin/cargo" "+nightly-2024-10-28" "metadata" "--no-deps" "--format-version=1", kill_on_drop: false }`
[INFO] [stdout] 4fc77b33e25052f7f242fd69f823eec54708dde5d85d75ae7ec4beb4a425f9b3
[INFO] running `Command { std: "docker" "start" "-a" "4fc77b33e25052f7f242fd69f823eec54708dde5d85d75ae7ec4beb4a425f9b3", kill_on_drop: false }`
[INFO] running `Command { std: "docker" "inspect" "4fc77b33e25052f7f242fd69f823eec54708dde5d85d75ae7ec4beb4a425f9b3", kill_on_drop: false }`
[INFO] running `Command { std: "docker" "rm" "-f" "4fc77b33e25052f7f242fd69f823eec54708dde5d85d75ae7ec4beb4a425f9b3", kill_on_drop: false }`
[INFO] [stdout] 4fc77b33e25052f7f242fd69f823eec54708dde5d85d75ae7ec4beb4a425f9b3
[INFO] running `Command { std: "docker" "create" "-v" "/var/lib/crater-agent-workspace/builds/worker-5-tc1/target:/opt/rustwide/target:rw,Z" "-v" "/var/lib/crater-agent-workspace/builds/worker-5-tc1/source:/opt/rustwide/workdir:ro,Z" "-v" "/var/lib/crater-agent-workspace/cargo-home:/opt/rustwide/cargo-home:ro,Z" "-v" "/var/lib/crater-agent-workspace/rustup-home:/opt/rustwide/rustup-home:ro,Z" "-e" "SOURCE_DIR=/opt/rustwide/workdir" "-e" "CARGO_TARGET_DIR=/opt/rustwide/target" "-e" "CARGO_INCREMENTAL=0" "-e" "RUST_BACKTRACE=full" "-e" "RUSTFLAGS=--cap-lints=forbid" "-e" "RUSTDOCFLAGS=--cap-lints=forbid" "-e" "CARGO_HOME=/opt/rustwide/cargo-home" "-e" "RUSTUP_HOME=/opt/rustwide/rustup-home" "-w" "/opt/rustwide/workdir" "-m" "1610612736" "--user" "0:0" "--network" "none" "ghcr.io/rust-lang/crates-build-env/linux@sha256:4a844ea9eb2546a2d2c7022eacef16ef2e8229c7fbb2c7d4d55a9ceca922f72d" "/opt/rustwide/cargo-home/bin/cargo" "+nightly-2024-10-28" "build" "--frozen" "--message-format=json", kill_on_drop: false }`
[INFO] [stdout] 66944c87d3b406e60ca8c3b3e84602922849e808e4a049235e40cd57d5a2b7a1
[INFO] running `Command { std: "docker" "start" "-a" "66944c87d3b406e60ca8c3b3e84602922849e808e4a049235e40cd57d5a2b7a1", kill_on_drop: false }`
[INFO] [stderr]    Compiling proc-macro2 v1.0.79
[INFO] [stderr]    Compiling unicode-ident v1.0.12
[INFO] [stderr]    Compiling libc v0.2.153
[INFO] [stderr]    Compiling memchr v2.7.1
[INFO] [stderr]    Compiling no-std-net v0.6.0
[INFO] [stderr]    Compiling regex-syntax v0.8.2
[INFO] [stderr]    Compiling serde v1.0.197
[INFO] [stderr]    Compiling percent-encoding v2.3.1
[INFO] [stderr]    Compiling unicode-bidi v0.3.15
[INFO] [stderr]    Compiling pnet v0.34.0
[INFO] [stderr]    Compiling thiserror v1.0.58
[INFO] [stderr]    Compiling idle v0.2.0
[INFO] [stderr]    Compiling log v0.4.21
[INFO] [stderr]    Compiling tinyvec v1.6.0
[INFO] [stderr]    Compiling pnet_base v0.34.0
[INFO] [stderr]    Compiling form_urlencoded v1.2.1
[INFO] [stderr]    Compiling pnet_macros_support v0.34.0
[INFO] [stderr]    Compiling aho-corasick v1.1.2
[INFO] [stderr]    Compiling quote v1.0.35
[INFO] [stderr]    Compiling unicode-normalization v0.1.23
[INFO] [stderr]    Compiling syn v2.0.52
[INFO] [stderr]    Compiling pnet_sys v0.34.0
[INFO] [stderr]    Compiling socket2 v0.5.6
[INFO] [stderr]    Compiling idna v0.5.0
[INFO] [stderr]    Compiling url v2.5.0
[INFO] [stderr]    Compiling regex-automata v0.4.6
[INFO] [stderr]    Compiling ipnetwork v0.20.0
[INFO] [stderr]    Compiling pnet_datalink v0.34.0
[INFO] [stderr]    Compiling thiserror-impl v1.0.58
[INFO] [stderr]    Compiling regex v1.10.3
[INFO] [stderr]    Compiling pnet_macros v0.34.0
[INFO] [stderr]    Compiling pnet_packet v0.34.0
[INFO] [stderr]    Compiling pnet_transport v0.34.0
[INFO] [stderr]    Compiling boomnet v0.0.25 (/opt/rustwide/workdir)
[INFO] [stderr]     Finished `dev` profile [unoptimized + debuginfo] target(s) in 8.42s
[INFO] running `Command { std: "docker" "inspect" "66944c87d3b406e60ca8c3b3e84602922849e808e4a049235e40cd57d5a2b7a1", kill_on_drop: false }`
[INFO] running `Command { std: "docker" "rm" "-f" "66944c87d3b406e60ca8c3b3e84602922849e808e4a049235e40cd57d5a2b7a1", kill_on_drop: false }`
[INFO] [stdout] 66944c87d3b406e60ca8c3b3e84602922849e808e4a049235e40cd57d5a2b7a1
[INFO] running `Command { std: "docker" "create" "-v" "/var/lib/crater-agent-workspace/builds/worker-5-tc1/target:/opt/rustwide/target:rw,Z" "-v" "/var/lib/crater-agent-workspace/builds/worker-5-tc1/source:/opt/rustwide/workdir:ro,Z" "-v" "/var/lib/crater-agent-workspace/cargo-home:/opt/rustwide/cargo-home:ro,Z" "-v" "/var/lib/crater-agent-workspace/rustup-home:/opt/rustwide/rustup-home:ro,Z" "-e" "SOURCE_DIR=/opt/rustwide/workdir" "-e" "CARGO_TARGET_DIR=/opt/rustwide/target" "-e" "CARGO_INCREMENTAL=0" "-e" "RUST_BACKTRACE=full" "-e" "RUSTFLAGS=--cap-lints=forbid" "-e" "RUSTDOCFLAGS=--cap-lints=forbid" "-e" "CARGO_HOME=/opt/rustwide/cargo-home" "-e" "RUSTUP_HOME=/opt/rustwide/rustup-home" "-w" "/opt/rustwide/workdir" "-m" "1610612736" "--user" "0:0" "--network" "none" "ghcr.io/rust-lang/crates-build-env/linux@sha256:4a844ea9eb2546a2d2c7022eacef16ef2e8229c7fbb2c7d4d55a9ceca922f72d" "/opt/rustwide/cargo-home/bin/cargo" "+nightly-2024-10-28" "test" "--frozen" "--no-run" "--message-format=json", kill_on_drop: false }`
[INFO] [stdout] 32526675afcc4376603aded5080654ff445669d629cfb2d7f9a75e8c6c50cc5b
[INFO] running `Command { std: "docker" "start" "-a" "32526675afcc4376603aded5080654ff445669d629cfb2d7f9a75e8c6c50cc5b", kill_on_drop: false }`
[INFO] [stderr]    Compiling memchr v2.7.1
[INFO] [stderr]    Compiling serde v1.0.197
[INFO] [stderr]    Compiling version_check v0.9.4
[INFO] [stderr]    Compiling crossbeam-utils v0.8.19
[INFO] [stderr]    Compiling autocfg v1.2.0
[INFO] [stderr]    Compiling serde_json v1.0.115
[INFO] [stderr]    Compiling rayon-core v1.12.1
[INFO] [stderr]    Compiling either v1.10.0
[INFO] [stderr]    Compiling regex-syntax v0.8.2
[INFO] [stderr]    Compiling getrandom v0.2.12
[INFO] [stderr]    Compiling half v2.4.0
[INFO] [stderr]    Compiling httparse v1.8.0
[INFO] [stderr]    Compiling serde_derive v1.0.197
[INFO] [stderr]    Compiling plotters-backend v0.3.5
[INFO] [stderr]    Compiling log v0.4.21
[INFO] [stderr]    Compiling clap_lex v0.7.0
[INFO] [stderr]    Compiling ppv-lite86 v0.2.17
[INFO] [stderr]    Compiling rand_core v0.6.4
[INFO] [stderr]    Compiling anstyle v1.0.6
[INFO] [stderr]    Compiling ryu v1.0.17
[INFO] [stderr]    Compiling ciborium-io v0.2.2
[INFO] [stderr]    Compiling itertools v0.10.5
[INFO] [stderr]    Compiling plotters-svg v0.3.5
[INFO] [stderr]    Compiling is-terminal v0.4.12
[INFO] [stderr]    Compiling ciborium-ll v0.2.2
[INFO] [stderr]    Compiling fnv v1.0.7
[INFO] [stderr]    Compiling generic-array v0.14.7
[INFO] [stderr]    Compiling anyhow v1.0.81
[INFO] [stderr]    Compiling same-file v1.0.6
[INFO] [stderr]    Compiling num-traits v0.2.18
[INFO] [stderr]    Compiling bytes v1.5.0
[INFO] [stderr]    Compiling cast v0.3.0
[INFO] [stderr]    Compiling cpufeatures v0.2.12
[INFO] [stderr]    Compiling clap_builder v4.5.2
[INFO] [stderr]    Compiling walkdir v2.5.0
[INFO] [stderr]    Compiling data-encoding v2.5.0
[INFO] [stderr]    Compiling rand_chacha v0.3.1
[INFO] [stderr]    Compiling once_cell v1.19.0
[INFO] [stderr]    Compiling utf-8 v0.7.6
[INFO] [stderr]    Compiling aho-corasick v1.1.2
[INFO] [stderr]    Compiling crossbeam-epoch v0.9.18
[INFO] [stderr]    Compiling rand v0.8.5
[INFO] [stderr]    Compiling http v1.1.0
[INFO] [stderr]    Compiling humantime v2.1.0
[INFO] [stderr]    Compiling oorandom v11.1.3
[INFO] [stderr]    Compiling crossbeam-deque v0.8.5
[INFO] [stderr]    Compiling anes v0.1.6
[INFO] [stderr]    Compiling ansi_term v0.12.1
[INFO] [stderr]    Compiling crypto-common v0.1.6
[INFO] [stderr]    Compiling block-buffer v0.10.4
[INFO] [stderr]    Compiling digest v0.10.7
[INFO] [stderr]    Compiling sha1 v0.10.6
[INFO] [stderr]    Compiling criterion-plot v0.5.0
[INFO] [stderr]    Compiling rayon v1.10.0
[INFO] [stderr]    Compiling regex-automata v0.4.6
[INFO] [stderr]    Compiling tungstenite v0.21.0
[INFO] [stderr]    Compiling plotters v0.3.5
[INFO] [stderr]    Compiling clap v4.5.4
[INFO] [stderr]    Compiling regex v1.10.3
[INFO] [stderr]    Compiling env_logger v0.10.2
[INFO] [stderr]    Compiling pnet_macros v0.34.0
[INFO] [stderr]    Compiling pnet_packet v0.34.0
[INFO] [stderr]    Compiling ipnetwork v0.20.0
[INFO] [stderr]    Compiling ciborium v0.2.2
[INFO] [stderr]    Compiling pnet_datalink v0.34.0
[INFO] [stderr]    Compiling tinytemplate v1.2.1
[INFO] [stderr]    Compiling criterion v0.5.1
[INFO] [stderr]    Compiling pnet_transport v0.34.0
[INFO] [stderr]    Compiling pnet v0.34.0
[INFO] [stderr]    Compiling boomnet v0.0.25 (/opt/rustwide/workdir)
[INFO] [stdout] error[E0432]: unresolved import `boomnet::endpoint::ws`
[INFO] [stdout]    --> examples/io_service_with_context.rs:9:24
[INFO] [stdout]     |
[INFO] [stdout] 9   | use boomnet::endpoint::ws::{TlsWebsocket, TlsWebsocketEndpointWithContext};
[INFO] [stdout]     |                        ^^ could not find `ws` in `endpoint`
[INFO] [stdout]     |
[INFO] [stdout] note: found an item that was configured out
[INFO] [stdout]    --> /opt/rustwide/workdir/src/endpoint.rs:110:9
[INFO] [stdout]     |
[INFO] [stdout] 110 | pub mod ws {
[INFO] [stdout]     |         ^^
[INFO] [stdout] note: the item is gated here
[INFO] [stdout]    --> /opt/rustwide/workdir/src/endpoint.rs:109:1
[INFO] [stdout]     |
[INFO] [stdout] 109 | #[cfg(all(feature = "ws", any(feature = "tls-webpki", feature = "tls-native")))]
[INFO] [stdout]     | ^^^^^^^^^^^^^^^^^^^^^^^^^^^^^^^^^^^^^^^^^^^^^^^^^^^^^^^^^^^^^^^^^^^^^^^^^^^^^^^^
[INFO] [stdout] 
[INFO] [stdout] 
[INFO] [stdout] error[E0432]: unresolved import `boomnet::stream::tls`
[INFO] [stdout]   --> examples/recorded_stream.rs:6:22
[INFO] [stdout]    |
[INFO] [stdout] 6  | use boomnet::stream::tls::IntoTlsStream;
[INFO] [stdout]    |                      ^^^ could not find `tls` in `stream`
[INFO] [stdout]    |
[INFO] [stdout] note: found an item that was configured out
[INFO] [stdout]   --> /opt/rustwide/workdir/src/stream/mod.rs:17:9
[INFO] [stdout]    |
[INFO] [stdout] 17 | pub mod tls;
[INFO] [stdout]    |         ^^^
[INFO] [stdout] note: the item is gated here
[INFO] [stdout]   --> /opt/rustwide/workdir/src/stream/mod.rs:16:1
[INFO] [stdout]    |
[INFO] [stdout] 16 | #[cfg(any(feature = "tls-webpki", feature = "tls-native"))]
[INFO] [stdout]    | ^^^^^^^^^^^^^^^^^^^^^^^^^^^^^^^^^^^^^^^^^^^^^^^^^^^^^^^^^^^
[INFO] [stdout] 
[INFO] [stdout] 
[INFO] [stdout] error[E0432]: unresolved import `boomnet::ws`
[INFO] [stdout]   --> examples/recorded_stream.rs:7:14
[INFO] [stdout]    |
[INFO] [stdout] 7  | use boomnet::ws::{IntoWebsocket, WebsocketFrame};
[INFO] [stdout]    |              ^^ could not find `ws` in `boomnet`
[INFO] [stdout]    |
[INFO] [stdout] note: found an item that was configured out
[INFO] [stdout]   --> /opt/rustwide/workdir/src/lib.rs:10:9
[INFO] [stdout]    |
[INFO] [stdout] 10 | pub mod ws;
[INFO] [stdout]    |         ^^
[INFO] [stdout] note: the item is gated behind the `ws` feature
[INFO] [stdout]   --> /opt/rustwide/workdir/src/lib.rs:9:7
[INFO] [stdout]    |
[INFO] [stdout] 9  | #[cfg(feature = "ws")]
[INFO] [stdout]    |       ^^^^^^^^^^^^^^
[INFO] [stdout] 
[INFO] [stdout] 
[INFO] [stdout] error[E0432]: unresolved import `boomnet::endpoint::ws`
[INFO] [stdout]    --> examples/io_service_without_context.rs:6:24
[INFO] [stdout]     |
[INFO] [stdout] 6   | use boomnet::endpoint::ws::{TlsWebsocket, TlsWebsocketEndpoint};
[INFO] [stdout]     |                        ^^ could not find `ws` in `endpoint`
[INFO] [stdout]     |
[INFO] [stdout] note: found an item that was configured out
[INFO] [stdout]    --> /opt/rustwide/workdir/src/endpoint.rs:110:9
[INFO] [stdout]     |
[INFO] [stdout] 110 | pub mod ws {
[INFO] [stdout]     |         ^^
[INFO] [stdout] note: the item is gated here
[INFO] [stdout]    --> /opt/rustwide/workdir/src/endpoint.rs:109:1
[INFO] [stdout]     |
[INFO] [stdout] 109 | #[cfg(all(feature = "ws", any(feature = "tls-webpki", feature = "tls-native")))]
[INFO] [stdout]     | ^^^^^^^^^^^^^^^^^^^^^^^^^^^^^^^^^^^^^^^^^^^^^^^^^^^^^^^^^^^^^^^^^^^^^^^^^^^^^^^^
[INFO] [stdout] 
[INFO] [stdout] 
[INFO] [stdout] error[E0432]: unresolved import `boomnet::select::mio`
[INFO] [stdout]  --> examples/io_service_without_context.rs:8:22
[INFO] [stdout]   |
[INFO] [stdout] 8 | use boomnet::select::mio::MioSelector;
[INFO] [stdout]   |                      ^^^ could not find `mio` in `select`
[INFO] [stdout]   |
[INFO] [stdout] note: found an item that was configured out
[INFO] [stdout]  --> /opt/rustwide/workdir/src/select/mod.rs:9:9
[INFO] [stdout]   |
[INFO] [stdout] 9 | pub mod mio;
[INFO] [stdout]   |         ^^^
[INFO] [stdout] note: the item is gated behind the `mio` feature
[INFO] [stdout]  --> /opt/rustwide/workdir/src/select/mod.rs:8:7
[INFO] [stdout]   |
[INFO] [stdout] 8 | #[cfg(feature = "mio")]
[INFO] [stdout]   |       ^^^^^^^^^^^^^^^
[INFO] [stdout] 
[INFO] [stdout] 
[INFO] [stdout] error[E0432]: unresolved import `boomnet::stream::mio`
[INFO] [stdout]   --> examples/io_service_without_context.rs:10:22
[INFO] [stdout]    |
[INFO] [stdout] 10 | use boomnet::stream::mio::{IntoMioStream, MioStream};
[INFO] [stdout]    |                      ^^^ could not find `mio` in `stream`
[INFO] [stdout]    |
[INFO] [stdout] note: found an item that was configured out
[INFO] [stdout]   --> /opt/rustwide/workdir/src/stream/mod.rs:13:9
[INFO] [stdout]    |
[INFO] [stdout] 13 | pub mod mio;
[INFO] [stdout]    |         ^^^
[INFO] [stdout] note: the item is gated behind the `mio` feature
[INFO] [stdout]   --> /opt/rustwide/workdir/src/stream/mod.rs:12:7
[INFO] [stdout]    |
[INFO] [stdout] 12 | #[cfg(feature = "mio")]
[INFO] [stdout]    |       ^^^^^^^^^^^^^^^
[INFO] [stdout] 
[INFO] [stdout] 
[INFO] [stdout] error[E0432]: unresolved import `boomnet::endpoint::ws`
[INFO] [stdout]    --> examples/io_service_with_direct_selector.rs:6:24
[INFO] [stdout]     |
[INFO] [stdout] 6   | use boomnet::endpoint::ws::{TlsWebsocket, TlsWebsocketEndpoint};
[INFO] [stdout]     |                        ^^ could not find `ws` in `endpoint`
[INFO] [stdout]     |
[INFO] [stdout] note: found an item that was configured out
[INFO] [stdout]    --> /opt/rustwide/workdir/src/endpoint.rs:110:9
[INFO] [stdout]     |
[INFO] [stdout] 110 | pub mod ws {
[INFO] [stdout]     |         ^^
[INFO] [stdout] note: the item is gated here
[INFO] [stdout]    --> /opt/rustwide/workdir/src/endpoint.rs:109:1
[INFO] [stdout]     |
[INFO] [stdout] 109 | #[cfg(all(feature = "ws", any(feature = "tls-webpki", feature = "tls-native")))]
[INFO] [stdout]     | ^^^^^^^^^^^^^^^^^^^^^^^^^^^^^^^^^^^^^^^^^^^^^^^^^^^^^^^^^^^^^^^^^^^^^^^^^^^^^^^^
[INFO] [stdout] 
[INFO] [stdout] 
[INFO] [stdout] error[E0432]: unresolved import `boomnet::ws`
[INFO] [stdout]   --> examples/io_service_with_direct_selector.rs:11:14
[INFO] [stdout]    |
[INFO] [stdout] 11 | use boomnet::ws::{IntoTlsWebsocket, WebsocketFrame};
[INFO] [stdout]    |              ^^ could not find `ws` in `boomnet`
[INFO] [stdout]    |
[INFO] [stdout] note: found an item that was configured out
[INFO] [stdout]   --> /opt/rustwide/workdir/src/lib.rs:10:9
[INFO] [stdout]    |
[INFO] [stdout] 10 | pub mod ws;
[INFO] [stdout]    |         ^^
[INFO] [stdout] note: the item is gated behind the `ws` feature
[INFO] [stdout]   --> /opt/rustwide/workdir/src/lib.rs:9:7
[INFO] [stdout]    |
[INFO] [stdout] 9  | #[cfg(feature = "ws")]
[INFO] [stdout]    |       ^^^^^^^^^^^^^^
[INFO] [stdout] 
[INFO] [stdout] 
[INFO] [stdout] error[E0432]: unresolved import `boomnet::endpoint::ws`
[INFO] [stdout]    --> examples/endpoint_with_timer.rs:8:24
[INFO] [stdout]     |
[INFO] [stdout] 8   | use boomnet::endpoint::ws::{TlsWebsocket, TlsWebsocketEndpointWithContext};
[INFO] [stdout]     |                        ^^ could not find `ws` in `endpoint`
[INFO] [stdout]     |
[INFO] [stdout] note: found an item that was configured out
[INFO] [stdout]    --> /opt/rustwide/workdir/src/endpoint.rs:110:9
[INFO] [stdout]     |
[INFO] [stdout] 110 | pub mod ws {
[INFO] [stdout]     |         ^^
[INFO] [stdout] note: the item is gated here
[INFO] [stdout]    --> /opt/rustwide/workdir/src/endpoint.rs:109:1
[INFO] [stdout]     |
[INFO] [stdout] 109 | #[cfg(all(feature = "ws", any(feature = "tls-webpki", feature = "tls-native")))]
[INFO] [stdout]     | ^^^^^^^^^^^^^^^^^^^^^^^^^^^^^^^^^^^^^^^^^^^^^^^^^^^^^^^^^^^^^^^^^^^^^^^^^^^^^^^^
[INFO] [stdout] 
[INFO] [stdout] 
[INFO] [stdout] error[E0432]: unresolved import `boomnet::select::mio`
[INFO] [stdout]   --> examples/endpoint_with_timer.rs:11:22
[INFO] [stdout]    |
[INFO] [stdout] 11 | use boomnet::select::mio::MioSelector;
[INFO] [stdout]    |                      ^^^ could not find `mio` in `select`
[INFO] [stdout]    |
[INFO] [stdout] note: found an item that was configured out
[INFO] [stdout]   --> /opt/rustwide/workdir/src/select/mod.rs:9:9
[INFO] [stdout]    |
[INFO] [stdout] 9  | pub mod mio;
[INFO] [stdout]    |         ^^^
[INFO] [stdout] note: the item is gated behind the `mio` feature
[INFO] [stdout]   --> /opt/rustwide/workdir/src/select/mod.rs:8:7
[INFO] [stdout]    |
[INFO] [stdout] 8  | #[cfg(feature = "mio")]
[INFO] [stdout]    |       ^^^^^^^^^^^^^^^
[INFO] [stdout] 
[INFO] [stdout] 
[INFO] [stdout] error[E0432]: unresolved import `boomnet::ws`
[INFO] [stdout]   --> examples/io_service_without_context.rs:12:14
[INFO] [stdout]    |
[INFO] [stdout] 12 | use boomnet::ws::{IntoTlsWebsocket, WebsocketFrame};
[INFO] [stdout]    |              ^^ could not find `ws` in `boomnet`
[INFO] [stdout]    |
[INFO] [stdout] note: found an item that was configured out
[INFO] [stdout]   --> /opt/rustwide/workdir/src/lib.rs:10:9
[INFO] [stdout]    |
[INFO] [stdout] 10 | pub mod ws;
[INFO] [stdout]    |         ^^
[INFO] [stdout] note: the item is gated behind the `ws` feature
[INFO] [stdout]   --> /opt/rustwide/workdir/src/lib.rs:9:7
[INFO] [stdout]    |
[INFO] [stdout] 9  | #[cfg(feature = "ws")]
[INFO] [stdout]    |       ^^^^^^^^^^^^^^
[INFO] [stdout] 
[INFO] [stdout] 
[INFO] [stdout] error[E0432]: unresolved import `boomnet::endpoint::ws`
[INFO] [stdout]    --> examples/io_service_with_auto_disconnect.rs:7:24
[INFO] [stdout]     |
[INFO] [stdout] 7   | use boomnet::endpoint::ws::{TlsWebsocket, TlsWebsocketEndpoint};
[INFO] [stdout]     |                        ^^ could not find `ws` in `endpoint`
[INFO] [stdout]     |
[INFO] [stdout] note: found an item that was configured out
[INFO] [stdout]    --> /opt/rustwide/workdir/src/endpoint.rs:110:9
[INFO] [stdout]     |
[INFO] [stdout] 110 | pub mod ws {
[INFO] [stdout]     |         ^^
[INFO] [stdout] note: the item is gated here
[INFO] [stdout]    --> /opt/rustwide/workdir/src/endpoint.rs:109:1
[INFO] [stdout]     |
[INFO] [stdout] 109 | #[cfg(all(feature = "ws", any(feature = "tls-webpki", feature = "tls-native")))]
[INFO] [stdout]     | ^^^^^^^^^^^^^^^^^^^^^^^^^^^^^^^^^^^^^^^^^^^^^^^^^^^^^^^^^^^^^^^^^^^^^^^^^^^^^^^^
[INFO] [stdout] 
[INFO] [stdout] 
[INFO] [stdout] error[E0432]: unresolved import `boomnet::select::mio`
[INFO] [stdout]  --> examples/io_service_with_auto_disconnect.rs:9:22
[INFO] [stdout]   |
[INFO] [stdout] 9 | use boomnet::select::mio::MioSelector;
[INFO] [stdout]   |                      ^^^ could not find `mio` in `select`
[INFO] [stdout]   |
[INFO] [stdout] note: found an item that was configured out
[INFO] [stdout]  --> /opt/rustwide/workdir/src/select/mod.rs:9:9
[INFO] [stdout]   |
[INFO] [stdout] 9 | pub mod mio;
[INFO] [stdout]   |         ^^^
[INFO] [stdout] note: the item is gated behind the `mio` feature
[INFO] [stdout]  --> /opt/rustwide/workdir/src/select/mod.rs:8:7
[INFO] [stdout]   |
[INFO] [stdout] 8 | #[cfg(feature = "mio")]
[INFO] [stdout]   |       ^^^^^^^^^^^^^^^
[INFO] [stdout] 
[INFO] [stdout] 
[INFO] [stdout] error[E0432]: unresolved import `boomnet::endpoint::ws`
[INFO] [stdout]    --> examples/polymorphic_endpoints.rs:10:24
[INFO] [stdout]     |
[INFO] [stdout] 10  | use boomnet::endpoint::ws::{TlsWebsocket, TlsWebsocketEndpointWithContext};
[INFO] [stdout]     |                        ^^ could not find `ws` in `endpoint`
[INFO] [stdout]     |
[INFO] [stdout] note: found an item that was configured out
[INFO] [stdout]    --> /opt/rustwide/workdir/src/endpoint.rs:110:9
[INFO] [stdout]     |
[INFO] [stdout] 110 | pub mod ws {
[INFO] [stdout]     |         ^^
[INFO] [stdout] note: the item is gated here
[INFO] [stdout]    --> /opt/rustwide/workdir/src/endpoint.rs:109:1
[INFO] [stdout]     |
[INFO] [stdout] 109 | #[cfg(all(feature = "ws", any(feature = "tls-webpki", feature = "tls-native")))]
[INFO] [stdout]     | ^^^^^^^^^^^^^^^^^^^^^^^^^^^^^^^^^^^^^^^^^^^^^^^^^^^^^^^^^^^^^^^^^^^^^^^^^^^^^^^^
[INFO] [stdout] 
[INFO] [stdout] 
[INFO] [stdout] error[E0432]: unresolved import `boomnet::stream::mio`
[INFO] [stdout]   --> examples/io_service_with_auto_disconnect.rs:11:22
[INFO] [stdout]    |
[INFO] [stdout] 11 | use boomnet::stream::mio::{IntoMioStream, MioStream};
[INFO] [stdout]    |                      ^^^ could not find `mio` in `stream`
[INFO] [stdout]    |
[INFO] [stdout] note: found an item that was configured out
[INFO] [stdout]   --> /opt/rustwide/workdir/src/stream/mod.rs:13:9
[INFO] [stdout]    |
[INFO] [stdout] 13 | pub mod mio;
[INFO] [stdout]    |         ^^^
[INFO] [stdout] note: the item is gated behind the `mio` feature
[INFO] [stdout]   --> /opt/rustwide/workdir/src/stream/mod.rs:12:7
[INFO] [stdout]    |
[INFO] [stdout] 12 | #[cfg(feature = "mio")]
[INFO] [stdout]    |       ^^^^^^^^^^^^^^^
[INFO] [stdout] 
[INFO] [stdout] 
[INFO] [stdout] error[E0432]: unresolved import `boomnet::ws`
[INFO] [stdout]   --> examples/io_service_with_auto_disconnect.rs:13:14
[INFO] [stdout]    |
[INFO] [stdout] 13 | use boomnet::ws::{IntoTlsWebsocket, WebsocketFrame};
[INFO] [stdout]    |              ^^ could not find `ws` in `boomnet`
[INFO] [stdout]    |
[INFO] [stdout] note: found an item that was configured out
[INFO] [stdout]   --> /opt/rustwide/workdir/src/lib.rs:10:9
[INFO] [stdout]    |
[INFO] [stdout] 10 | pub mod ws;
[INFO] [stdout]    |         ^^
[INFO] [stdout] note: the item is gated behind the `ws` feature
[INFO] [stdout]   --> /opt/rustwide/workdir/src/lib.rs:9:7
[INFO] [stdout]    |
[INFO] [stdout] 9  | #[cfg(feature = "ws")]
[INFO] [stdout]    |       ^^^^^^^^^^^^^^
[INFO] [stdout] 
[INFO] [stdout] 
[INFO] [stdout] error[E0432]: unresolved import `boomnet::select::mio`
[INFO] [stdout]   --> examples/polymorphic_endpoints.rs:13:22
[INFO] [stdout]    |
[INFO] [stdout] 13 | use boomnet::select::mio::MioSelector;
[INFO] [stdout]    |                      ^^^ could not find `mio` in `select`
[INFO] [stdout]    |
[INFO] [stdout] note: found an item that was configured out
[INFO] [stdout]   --> /opt/rustwide/workdir/src/select/mod.rs:9:9
[INFO] [stdout]    |
[INFO] [stdout] 9  | pub mod mio;
[INFO] [stdout]    |         ^^^
[INFO] [stdout] note: the item is gated behind the `mio` feature
[INFO] [stdout]   --> /opt/rustwide/workdir/src/select/mod.rs:8:7
[INFO] [stdout]    |
[INFO] [stdout] 8  | #[cfg(feature = "mio")]
[INFO] [stdout]    |       ^^^^^^^^^^^^^^^
[INFO] [stdout] 
[INFO] [stdout] 
[INFO] [stdout] error[E0432]: unresolved import `boomnet::stream::mio`
[INFO] [stdout]   --> examples/polymorphic_endpoints.rs:15:22
[INFO] [stdout]    |
[INFO] [stdout] 15 | use boomnet::stream::mio::{IntoMioStream, MioStream};
[INFO] [stdout]    |                      ^^^ could not find `mio` in `stream`
[INFO] [stdout]    |
[INFO] [stdout] note: found an item that was configured out
[INFO] [stdout]   --> /opt/rustwide/workdir/src/stream/mod.rs:13:9
[INFO] [stdout]    |
[INFO] [stdout] 13 | pub mod mio;
[INFO] [stdout]    |         ^^^
[INFO] [stdout] note: the item is gated behind the `mio` feature
[INFO] [stdout]   --> /opt/rustwide/workdir/src/stream/mod.rs:12:7
[INFO] [stdout]    |
[INFO] [stdout] 12 | #[cfg(feature = "mio")]
[INFO] [stdout]    |       ^^^^^^^^^^^^^^^
[INFO] [stdout] 
[INFO] [stdout] 
[INFO] [stdout] error[E0432]: unresolved import `boomnet::stream::tls`
[INFO] [stdout]   --> examples/polymorphic_endpoints.rs:16:22
[INFO] [stdout]    |
[INFO] [stdout] 16 | use boomnet::stream::tls::TlsStream;
[INFO] [stdout]    |                      ^^^ could not find `tls` in `stream`
[INFO] [stdout]    |
[INFO] [stdout] note: found an item that was configured out
[INFO] [stdout]   --> /opt/rustwide/workdir/src/stream/mod.rs:17:9
[INFO] [stdout]    |
[INFO] [stdout] 17 | pub mod tls;
[INFO] [stdout]    |         ^^^
[INFO] [stdout] note: the item is gated here
[INFO] [stdout]   --> /opt/rustwide/workdir/src/stream/mod.rs:16:1
[INFO] [stdout]    |
[INFO] [stdout] 16 | #[cfg(any(feature = "tls-webpki", feature = "tls-native"))]
[INFO] [stdout]    | ^^^^^^^^^^^^^^^^^^^^^^^^^^^^^^^^^^^^^^^^^^^^^^^^^^^^^^^^^^^
[INFO] [stdout] 
[INFO] [stdout] 
[INFO] [stdout] error[E0432]: unresolved import `boomnet::ws`
[INFO] [stdout]   --> examples/polymorphic_endpoints.rs:18:14
[INFO] [stdout]    |
[INFO] [stdout] 18 | use boomnet::ws::{IntoTlsWebsocket, Websocket, WebsocketFrame};
[INFO] [stdout]    |              ^^ could not find `ws` in `boomnet`
[INFO] [stdout]    |
[INFO] [stdout] note: found an item that was configured out
[INFO] [stdout]   --> /opt/rustwide/workdir/src/lib.rs:10:9
[INFO] [stdout]    |
[INFO] [stdout] 10 | pub mod ws;
[INFO] [stdout]    |         ^^
[INFO] [stdout] note: the item is gated behind the `ws` feature
[INFO] [stdout]   --> /opt/rustwide/workdir/src/lib.rs:9:7
[INFO] [stdout]    |
[INFO] [stdout] 9  | #[cfg(feature = "ws")]
[INFO] [stdout]    |       ^^^^^^^^^^^^^^
[INFO] [stdout] 
[INFO] [stdout] 
[INFO] [stdout] error[E0432]: unresolved import `boomnet::select::mio`
[INFO] [stdout]   --> examples/io_service_with_context.rs:12:22
[INFO] [stdout]    |
[INFO] [stdout] 12 | use boomnet::select::mio::MioSelector;
[INFO] [stdout]    |                      ^^^ could not find `mio` in `select`
[INFO] [stdout]    |
[INFO] [stdout] note: found an item that was configured out
[INFO] [stdout]   --> /opt/rustwide/workdir/src/select/mod.rs:9:9
[INFO] [stdout]    |
[INFO] [stdout] 9  | pub mod mio;
[INFO] [stdout]    |         ^^^
[INFO] [stdout] note: the item is gated behind the `mio` feature
[INFO] [stdout]   --> /opt/rustwide/workdir/src/select/mod.rs:8:7
[INFO] [stdout]    |
[INFO] [stdout] 8  | #[cfg(feature = "mio")]
[INFO] [stdout]    |       ^^^^^^^^^^^^^^^
[INFO] [stdout] 
[INFO] [stdout] 
[INFO] [stdout] error[E0432]: unresolved import `boomnet::stream::mio`
[INFO] [stdout]   --> examples/io_service_with_context.rs:14:22
[INFO] [stdout]    |
[INFO] [stdout] 14 | use boomnet::stream::mio::{IntoMioStream, MioStream};
[INFO] [stdout]    |                      ^^^ could not find `mio` in `stream`
[INFO] [stdout]    |
[INFO] [stdout] note: found an item that was configured out
[INFO] [stdout]   --> /opt/rustwide/workdir/src/stream/mod.rs:13:9
[INFO] [stdout]    |
[INFO] [stdout] 13 | pub mod mio;
[INFO] [stdout]    |         ^^^
[INFO] [stdout] note: the item is gated behind the `mio` feature
[INFO] [stdout]   --> /opt/rustwide/workdir/src/stream/mod.rs:12:7
[INFO] [stdout]    |
[INFO] [stdout] 12 | #[cfg(feature = "mio")]
[INFO] [stdout]    |       ^^^^^^^^^^^^^^^
[INFO] [stdout] 
[INFO] [stdout] 
[INFO] [stdout] error[E0432]: unresolved import `boomnet::ws`
[INFO] [stdout]   --> examples/io_service_with_context.rs:16:14
[INFO] [stdout]    |
[INFO] [stdout] 16 | use boomnet::ws::{IntoTlsWebsocket, WebsocketFrame};
[INFO] [stdout]    |              ^^ could not find `ws` in `boomnet`
[INFO] [stdout]    |
[INFO] [stdout] note: found an item that was configured out
[INFO] [stdout]   --> /opt/rustwide/workdir/src/lib.rs:10:9
[INFO] [stdout]    |
[INFO] [stdout] 10 | pub mod ws;
[INFO] [stdout]    |         ^^
[INFO] [stdout] note: the item is gated behind the `ws` feature
[INFO] [stdout]   --> /opt/rustwide/workdir/src/lib.rs:9:7
[INFO] [stdout]    |
[INFO] [stdout] 9  | #[cfg(feature = "ws")]
[INFO] [stdout]    |       ^^^^^^^^^^^^^^
[INFO] [stdout] 
[INFO] [stdout] 
[INFO] [stdout] error[E0432]: unresolved import `boomnet::stream::mio`
[INFO] [stdout]   --> examples/endpoint_with_timer.rs:13:22
[INFO] [stdout]    |
[INFO] [stdout] 13 | use boomnet::stream::mio::{IntoMioStream, MioStream};
[INFO] [stdout]    |                      ^^^ could not find `mio` in `stream`
[INFO] [stdout]    |
[INFO] [stdout] note: found an item that was configured out
[INFO] [stdout]   --> /opt/rustwide/workdir/src/stream/mod.rs:13:9
[INFO] [stdout]    |
[INFO] [stdout] 13 | pub mod mio;
[INFO] [stdout]    |         ^^^
[INFO] [stdout] note: the item is gated behind the `mio` feature
[INFO] [stdout]   --> /opt/rustwide/workdir/src/stream/mod.rs:12:7
[INFO] [stdout]    |
[INFO] [stdout] 12 | #[cfg(feature = "mio")]
[INFO] [stdout]    |       ^^^^^^^^^^^^^^^
[INFO] [stdout] 
[INFO] [stdout] 
[INFO] [stdout] error[E0432]: unresolved import `boomnet::ws`
[INFO] [stdout]   --> examples/replay_stream.rs:5:14
[INFO] [stdout]    |
[INFO] [stdout] 5  | use boomnet::ws::{IntoWebsocket, WebsocketFrame};
[INFO] [stdout]    |              ^^ could not find `ws` in `boomnet`
[INFO] [stdout]    |
[INFO] [stdout] note: found an item that was configured out
[INFO] [stdout]   --> /opt/rustwide/workdir/src/lib.rs:10:9
[INFO] [stdout]    |
[INFO] [stdout] 10 | pub mod ws;
[INFO] [stdout]    |         ^^
[INFO] [stdout] note: the item is gated behind the `ws` feature
[INFO] [stdout]   --> /opt/rustwide/workdir/src/lib.rs:9:7
[INFO] [stdout]    |
[INFO] [stdout] 9  | #[cfg(feature = "ws")]
[INFO] [stdout]    |       ^^^^^^^^^^^^^^
[INFO] [stdout] 
[INFO] [stdout] 
[INFO] [stdout] error[E0432]: unresolved import `boomnet::ws`
[INFO] [stdout]   --> examples/endpoint_with_timer.rs:15:14
[INFO] [stdout]    |
[INFO] [stdout] 15 | use boomnet::ws::{IntoTlsWebsocket, WebsocketFrame};
[INFO] [stdout]    |              ^^ could not find `ws` in `boomnet`
[INFO] [stdout]    |
[INFO] [stdout] note: found an item that was configured out
[INFO] [stdout]   --> /opt/rustwide/workdir/src/lib.rs:10:9
[INFO] [stdout]    |
[INFO] [stdout] 10 | pub mod ws;
[INFO] [stdout]    |         ^^
[INFO] [stdout] note: the item is gated behind the `ws` feature
[INFO] [stdout]   --> /opt/rustwide/workdir/src/lib.rs:9:7
[INFO] [stdout]    |
[INFO] [stdout] 9  | #[cfg(feature = "ws")]
[INFO] [stdout]    |       ^^^^^^^^^^^^^^
[INFO] [stdout] 
[INFO] [stdout] 
[INFO] [stdout] error[E0432]: unresolved import `boomnet::stream::tls`
[INFO] [stdout]   --> examples/ws_client.rs:6:22
[INFO] [stdout]    |
[INFO] [stdout] 6  | use boomnet::stream::tls::IntoTlsStream;
[INFO] [stdout]    |                      ^^^ could not find `tls` in `stream`
[INFO] [stdout]    |
[INFO] [stdout] note: found an item that was configured out
[INFO] [stdout]   --> /opt/rustwide/workdir/src/stream/mod.rs:17:9
[INFO] [stdout]    |
[INFO] [stdout] 17 | pub mod tls;
[INFO] [stdout]    |         ^^^
[INFO] [stdout] note: the item is gated here
[INFO] [stdout]   --> /opt/rustwide/workdir/src/stream/mod.rs:16:1
[INFO] [stdout]    |
[INFO] [stdout] 16 | #[cfg(any(feature = "tls-webpki", feature = "tls-native"))]
[INFO] [stdout]    | ^^^^^^^^^^^^^^^^^^^^^^^^^^^^^^^^^^^^^^^^^^^^^^^^^^^^^^^^^^^
[INFO] [stdout] 
[INFO] [stdout] 
[INFO] [stdout] error[E0432]: unresolved import `boomnet::ws`
[INFO] [stdout]   --> examples/ws_client.rs:8:14
[INFO] [stdout]    |
[INFO] [stdout] 8  | use boomnet::ws::{IntoWebsocket, WebsocketFrame};
[INFO] [stdout]    |              ^^ could not find `ws` in `boomnet`
[INFO] [stdout]    |
[INFO] [stdout] note: found an item that was configured out
[INFO] [stdout]   --> /opt/rustwide/workdir/src/lib.rs:10:9
[INFO] [stdout]    |
[INFO] [stdout] 10 | pub mod ws;
[INFO] [stdout]    |         ^^
[INFO] [stdout] note: the item is gated behind the `ws` feature
[INFO] [stdout]   --> /opt/rustwide/workdir/src/lib.rs:9:7
[INFO] [stdout]    |
[INFO] [stdout] 9  | #[cfg(feature = "ws")]
[INFO] [stdout]    |       ^^^^^^^^^^^^^^
[INFO] [stdout] 
[INFO] [stdout] 
[INFO] [stdout] For more information about this error, try `rustc --explain E0432`.
[INFO] [stdout] 
[INFO] [stdout] For more information about this error, try `rustc --explain E0432`.
[INFO] [stdout] 
[INFO] [stderr] error: could not compile `boomnet` (example "io_service_with_direct_selector") due to 2 previous errors
[INFO] [stderr] warning: build failed, waiting for other jobs to finish...
[INFO] [stdout] For more information about this error, try `rustc --explain E0432`.
[INFO] [stdout] 
[INFO] [stdout] For more information about this error, try `rustc --explain E0432`.
[INFO] [stdout] 
[INFO] [stderr] error: could not compile `boomnet` (example "io_service_with_auto_disconnect") due to 4 previous errors
[INFO] [stderr] error: could not compile `boomnet` (example "io_service_without_context") due to 4 previous errors
[INFO] [stderr] error: could not compile `boomnet` (example "polymorphic_endpoints") due to 5 previous errors
[INFO] [stdout] For more information about this error, try `rustc --explain E0432`.
[INFO] [stdout] 
[INFO] [stdout] For more information about this error, try `rustc --explain E0432`.
[INFO] [stdout] 
[INFO] [stderr] error: could not compile `boomnet` (example "endpoint_with_timer") due to 4 previous errors
[INFO] [stderr] error: could not compile `boomnet` (example "io_service_with_context") due to 4 previous errors
[INFO] [stdout] error[E0599]: no method named `into_tls_stream` found for struct `TcpStream` in the current scope
[INFO] [stdout]   --> examples/recorded_stream.rs:11:10
[INFO] [stdout]    |
[INFO] [stdout] 10 |       let mut ws = TcpStream::connect("stream.binance.com:9443")?
[INFO] [stdout]    |  __________________-
[INFO] [stdout] 11 | |         .into_tls_stream("stream.binance.com")
[INFO] [stdout]    | |         -^^^^^^^^^^^^^^^ method not found in `TcpStream`
[INFO] [stdout]    | |_________|
[INFO] [stdout]    |
[INFO] [stdout] 
[INFO] [stdout] 
[INFO] [stdout] error[E0599]: no method named `into_websocket` found for struct `ReplayStream` in the current scope
[INFO] [stdout]  --> examples/replay_stream.rs:8:64
[INFO] [stdout]   |
[INFO] [stdout] 8 |     let mut ws = ReplayStream::from_file("plain_inbound.rec")?.into_websocket("wss://stream.binance.com:9443/ws");
[INFO] [stdout]   |                                                                ^^^^^^^^^^^^^^ method not found in `ReplayStream<BufReader<File>>`
[INFO] [stdout] 
[INFO] [stdout] 
[INFO] [stdout] error[E0599]: no method named `into_tls_stream` found for struct `TcpStream` in the current scope
[INFO] [stdout]   --> examples/ws_client.rs:12:10
[INFO] [stdout]    |
[INFO] [stdout] 11 |       let mut ws = TcpStream::bind_and_connect("stream.binance.com:9443", None, None)?
[INFO] [stdout]    |  __________________-
[INFO] [stdout] 12 | |         .into_tls_stream("stream.binance.com")
[INFO] [stdout]    | |         -^^^^^^^^^^^^^^^ method not found in `TcpStream`
[INFO] [stdout]    | |_________|
[INFO] [stdout]    |
[INFO] [stdout] 
[INFO] [stdout] 
[INFO] [stdout] Some errors have detailed explanations: E0432, E0599.
[INFO] [stdout] 
[INFO] [stdout] For more information about an error, try `rustc --explain E0432`.
[INFO] [stdout] 
[INFO] [stdout] Some errors have detailed explanations: E0432, E0599.
[INFO] [stdout] 
[INFO] [stdout] For more information about an error, try `rustc --explain E0432`.
[INFO] [stdout] 
[INFO] [stdout] Some errors have detailed explanations: E0432, E0599.
[INFO] [stdout] 
[INFO] [stdout] For more information about an error, try `rustc --explain E0432`.
[INFO] [stdout] 
[INFO] [stderr] error: could not compile `boomnet` (example "replay_stream") due to 2 previous errors
[INFO] [stderr] error: could not compile `boomnet` (example "recorded_stream") due to 3 previous errors
[INFO] [stderr] error: could not compile `boomnet` (example "ws_client") due to 3 previous errors
[INFO] running `Command { std: "docker" "inspect" "32526675afcc4376603aded5080654ff445669d629cfb2d7f9a75e8c6c50cc5b", kill_on_drop: false }`
[INFO] running `Command { std: "docker" "rm" "-f" "32526675afcc4376603aded5080654ff445669d629cfb2d7f9a75e8c6c50cc5b", kill_on_drop: false }`
[INFO] [stdout] 32526675afcc4376603aded5080654ff445669d629cfb2d7f9a75e8c6c50cc5b
