[INFO] fetching crate bones_framework 0.4.0...
[INFO] testing bones_framework-0.4.0 against nightly-2024-10-28 for randomize-layout
[INFO] extracting crate bones_framework 0.4.0 into /workspace/builds/worker-5-tc1/source
[INFO] validating manifest of crates.io crate bones_framework 0.4.0 on toolchain nightly-2024-10-28
[INFO] running `Command { std: CARGO_HOME="/workspace/cargo-home" RUSTUP_HOME="/workspace/rustup-home" "/workspace/cargo-home/bin/cargo" "+nightly-2024-10-28" "metadata" "--manifest-path" "Cargo.toml" "--no-deps", kill_on_drop: false }`
[INFO] started tweaking crates.io crate bones_framework 0.4.0
[INFO] finished tweaking crates.io crate bones_framework 0.4.0
[INFO] tweaked toml for crates.io crate bones_framework 0.4.0 written to /workspace/builds/worker-5-tc1/source/Cargo.toml
[INFO] running `Command { std: CARGO_HOME="/workspace/cargo-home" RUSTUP_HOME="/workspace/rustup-home" "/workspace/cargo-home/bin/cargo" "+nightly-2024-10-28" "generate-lockfile" "--manifest-path" "Cargo.toml", kill_on_drop: false }`
[INFO] [stderr]     Updating crates.io index
[INFO] [stderr]      Locking 612 packages to latest compatible versions
[INFO] [stderr]       Adding async-channel v1.9.0 (available: v2.3.1)
[INFO] [stderr]       Adding bevy_tasks v0.11.3 (available: v0.14.2)
[INFO] [stderr]       Adding csscolorparser v0.6.2 (available: v0.7.0)
[INFO] [stderr]       Adding derive_more v1.0.0-beta.7 (available: v1.0.0)
[INFO] [stderr]       Adding derive_more-impl v1.0.0-beta.7 (available: v1.0.0)
[INFO] [stderr]       Adding egui v0.23.0 (available: v0.29.1)
[INFO] [stderr]       Adding egui_plot v0.23.0 (available: v0.29.0)
[INFO] [stderr]       Adding fluent v0.15.0 (available: v0.16.1)
[INFO] [stderr]       Adding fluent-langneg v0.13.0 (available: v0.14.1)
[INFO] [stderr]       Adding glam v0.24.2 (available: v0.29.1)
[INFO] [stderr]       Adding image v0.24.9 (available: v0.25.4)
[INFO] [stderr]       Adding iroh-net v0.22.0 (available: v0.27.0)
[INFO] [stderr]       Adding iroh-quinn v0.10.5 (available: v0.11.3)
[INFO] [stderr]       Adding mdns-sd v0.10.5 (available: v0.11.5)
[INFO] [stderr]       Adding rcgen v0.12.1 (available: v0.13.1)
[INFO] [stderr]       Adding rustls v0.21.12 (available: v0.23.16)
[INFO] [stderr]       Adding ttf-parser v0.24.1 (available: v0.25.0)
[INFO] running `Command { std: CARGO_HOME="/workspace/cargo-home" RUSTUP_HOME="/workspace/rustup-home" "/workspace/cargo-home/bin/cargo" "+nightly-2024-10-28" "fetch" "--manifest-path" "Cargo.toml", kill_on_drop: false }`
[INFO] [stderr]  Downloading crates ...
[INFO] [stderr]   Downloaded unic-langid-impl v0.9.5
[INFO] [stderr]   Downloaded resolv-conf v0.7.0
[INFO] [stderr]   Downloaded enum-as-inner v0.6.1
[INFO] [stderr]   Downloaded ipconfig v0.3.2
[INFO] [stderr]   Downloaded branches v0.1.3
[INFO] [stderr]   Downloaded varinteger v1.0.6
[INFO] [stderr]   Downloaded ehttp v0.3.1
[INFO] [stderr]   Downloaded x509-parser v0.15.1
[INFO] [stderr]   Downloaded bones_matchmaker_proto v0.4.0
[INFO] [stderr]   Downloaded bitfield-rle v0.2.1
[INFO] [stderr]   Downloaded egui_plot v0.23.0
[INFO] [stderr]   Downloaded bones_schema v0.4.0
[INFO] [stderr]   Downloaded loom v0.5.6
[INFO] [stderr]   Downloaded futures-concurrency v7.6.2
[INFO] [stderr]   Downloaded hickory-resolver v0.24.1
[INFO] [stderr]   Downloaded bones_asset v0.4.0
[INFO] [stderr]   Downloaded piccolo v0.3.3
[INFO] [stderr]   Downloaded precis-profiles v0.1.11
[INFO] [stderr]   Downloaded bones_ggrs v0.10.1-patch.1
[INFO] [stderr]   Downloaded tracy-client-sys v0.24.1
[INFO] [stderr]   Downloaded egui v0.23.0
[INFO] [stderr]   Downloaded iroh-net v0.22.0
[INFO] [stderr]   Downloaded hickory-proto v0.24.1
[INFO] [stderr]   Downloaded raw-cpuid v11.2.0
[INFO] [stderr]   Downloaded governor v0.6.3
[INFO] [stderr]   Downloaded precis-core v0.1.10
[INFO] [stderr]   Downloaded nix v0.26.4
[INFO] [stderr]   Downloaded futures-buffered v0.2.9
[INFO] [stderr]   Downloaded ustr v0.10.0
[INFO] [stderr]   Downloaded iroh-quinn-proto v0.10.8
[INFO] [stderr]   Downloaded turborand v0.10.1
[INFO] [stderr]   Downloaded bones_ecs v0.4.0
[INFO] [stderr]   Downloaded gc-arena v0.5.3
[INFO] [stderr]   Downloaded generator v0.7.5
[INFO] [stderr]   Downloaded cordyceps v0.3.2
[INFO] [stderr]   Downloaded fluent-syntax v0.11.1
[INFO] [stderr]   Downloaded duct v0.13.7
[INFO] [stderr]   Downloaded quanta v0.12.3
[INFO] [stderr]   Downloaded spinning_top v0.3.0
[INFO] [stderr]   Downloaded bevy_tasks v0.11.3
[INFO] [stderr]   Downloaded elsa v1.10.0
[INFO] [stderr]   Downloaded atomicell v0.2.0
[INFO] [stderr]   Downloaded venial v0.5.0
[INFO] [stderr]   Downloaded bones_lib v0.4.0
[INFO] [stderr]   Downloaded csscolorparser v0.6.2
[INFO] [stderr]   Downloaded ecolor v0.23.0
[INFO] [stderr]   Downloaded fluent-bundle v0.15.3
[INFO] [stderr]   Downloaded fluent v0.15.0
[INFO] [stderr]   Downloaded fluent-langneg v0.13.0
[INFO] [stderr]   Downloaded intl-memoizer v0.5.2
[INFO] [stderr]   Downloaded backoff v0.4.0
[INFO] [stderr]   Downloaded os_pipe v1.2.1
[INFO] [stderr]   Downloaded shared_child v1.0.1
[INFO] [stderr]   Downloaded diatomic-waker v0.2.3
[INFO] [stderr]   Downloaded no-std-compat v0.4.1
[INFO] [stderr]   Downloaded nonzero_ext v0.3.0
[INFO] [stderr]   Downloaded epaint v0.23.0
[INFO] [stderr]   Downloaded iroh-blake3 v1.4.5
[INFO] [stderr]   Downloaded ureq v2.10.1
[INFO] [stderr]   Downloaded pest v2.7.14
[INFO] [stderr]   Downloaded path-dedot v3.1.1
[INFO] [stderr]   Downloaded bones_ecs_macros_core v0.4.0
[INFO] [stderr]   Downloaded bones_ecs_macros v0.4.0
[INFO] [stderr]   Downloaded append-only-vec v0.1.7
[INFO] [stderr]   Downloaded bones_schema_macros v0.4.0
[INFO] [stderr]   Downloaded bones_utils_macros v0.4.0
[INFO] [stderr]   Downloaded ulid v1.1.3
[INFO] [stderr]   Downloaded bones_utils v0.4.0
[INFO] [stderr]   Downloaded once_map v0.4.21
[INFO] [stderr]   Downloaded bones_scripting v0.4.0
[INFO] [stderr]   Downloaded emath v0.23.0
[INFO] [stderr]   Downloaded nohash-hasher v0.2.0
[INFO] [stderr]   Downloaded intl_pluralrules v7.0.2
[INFO] [stderr]   Downloaded self_cell v0.10.3
[INFO] [stderr]   Downloaded ssh-key v0.6.7
[INFO] [stderr]   Downloaded netlink-packet-route v0.17.1
[INFO] [stderr]   Downloaded kira v0.9.5
[INFO] [stderr]   Downloaded noise v0.9.0
[INFO] [stderr]   Downloaded bitset-core v0.1.1
[INFO] [stderr]   Downloaded attohttpc v0.24.1
[INFO] [stderr]   Downloaded prometheus-client v0.22.3
[INFO] [stderr]   Downloaded rtnetlink v0.13.1
[INFO] [stderr]   Downloaded iroh-quinn v0.10.5
[INFO] [stderr]   Downloaded symphonia-bundle-mp3 v0.5.4
[INFO] [stderr]   Downloaded symphonia-core v0.5.4
[INFO] [stderr]   Downloaded rcgen v0.12.1
[INFO] [stderr]   Downloaded path-absolutize v3.1.1
[INFO] [stderr]   Downloaded gc-arena-derive v0.5.3
[INFO] [stderr]   Downloaded derive_more-impl v1.0.0-beta.7
[INFO] [stderr]   Downloaded derive_more v1.0.0-beta.7
[INFO] [stderr]   Downloaded ucd-trie v0.1.7
[INFO] [stderr]   Downloaded pest_meta v2.7.14
[INFO] [stderr]   Downloaded stun-rs v0.1.9
[INFO] [stderr]   Downloaded windows-core v0.51.1
[INFO] [stderr]   Downloaded wmi v0.13.4
[INFO] [stderr]   Downloaded mdns-sd v0.10.5
[INFO] [stderr]   Downloaded loom v0.7.2
[INFO] [stderr]   Downloaded type-map v0.5.0
[INFO] [stderr]   Downloaded igd-next v0.14.3
[INFO] [stderr]   Downloaded dlopen2 v0.5.0
[INFO] [stderr]   Downloaded pkarr v2.2.0
[INFO] [stderr]   Downloaded netlink-sys v0.8.6
[INFO] [stderr]   Downloaded ucd-parse v0.1.13
[INFO] [stderr]   Downloaded no-std-net v0.6.0
[INFO] [stderr]   Downloaded pnet_packet v0.34.0
[INFO] [stderr]   Downloaded symphonia-codec-vorbis v0.5.4
[INFO] [stderr]   Downloaded symphonia-format-riff v0.5.4
[INFO] [stderr]   Downloaded symphonia-metadata v0.5.4
[INFO] [stderr]   Downloaded if-addrs v0.10.2
[INFO] [stderr]   Downloaded numquant v0.2.0
[INFO] [stderr]   Downloaded match_cfg v0.1.0
[INFO] [stderr]   Downloaded serdect v0.2.0
[INFO] [stderr]   Downloaded crypto_box v0.9.1
[INFO] [stderr]   Downloaded iroh-base v0.22.0
[INFO] [stderr]   Downloaded prometheus-client-derive-encode v0.4.2
[INFO] [stderr]   Downloaded netdev v0.30.0
[INFO] [stderr]   Downloaded lru v0.12.5
[INFO] [stderr]   Downloaded self_cell v1.0.4
[INFO] [stderr]   Downloaded simple-dns v0.6.2
[INFO] [stderr]   Downloaded netlink-packet-utils v0.5.2
[INFO] [stderr]   Downloaded netlink-packet-core v0.7.0
[INFO] [stderr]   Downloaded bounded-integer v0.5.7
[INFO] [stderr]   Downloaded enumflags2 v0.7.10
[INFO] [stderr]   Downloaded pest_generator v2.7.14
[INFO] [stderr]   Downloaded pest_derive v2.7.14
[INFO] [stderr]   Downloaded pnet_macros v0.34.0
[INFO] [stderr]   Downloaded pnet_base v0.34.0
[INFO] [stderr]   Downloaded surge-ping v0.8.1
[INFO] [stderr]   Downloaded watchable v1.1.2
[INFO] [stderr]   Downloaded ringbuf v0.3.3
[INFO] [stderr]   Downloaded symphonia-bundle-flac v0.5.4
[INFO] [stderr]   Downloaded symphonia-utils-xiph v0.5.4
[INFO] [stderr]   Downloaded symphonia-format-ogg v0.5.4
[INFO] [stderr]   Downloaded symphonia v0.5.4
[INFO] [stderr]   Downloaded ping-rs v0.1.2
[INFO] [stderr]   Downloaded pem v3.0.4
[INFO] [stderr]   Downloaded generator v0.8.3
[INFO] [stderr]   Downloaded tracing-tracy v0.11.3
[INFO] [stderr]   Downloaded xmltree v0.10.3
[INFO] [stderr]   Downloaded crypto_secretbox v0.1.1
[INFO] [stderr]   Downloaded serde-error v0.1.3
[INFO] [stderr]   Downloaded ttl_cache v0.5.1
[INFO] [stderr]   Downloaded struct_iterable_internal v0.1.1
[INFO] [stderr]   Downloaded struct_iterable v0.1.1
[INFO] [stderr]   Downloaded memalloc v0.1.0
[INFO] [stderr]   Downloaded netlink-proto v0.11.3
[INFO] [stderr]   Downloaded enumflags2_derive v0.7.10
[INFO] [stderr]   Downloaded fallible-iterator v0.3.0
[INFO] [stderr]   Downloaded hmac-sha1 v0.2.2
[INFO] [stderr]   Downloaded hmac-sha256 v1.1.7
[INFO] [stderr]   Downloaded precis-tools v0.1.8
[INFO] [stderr]   Downloaded quoted-string-parser v0.1.0
[INFO] [stderr]   Downloaded pnet_macros_support v0.34.0
[INFO] [stderr]   Downloaded tokio-tungstenite-wasm v0.3.1
[INFO] [stderr]   Downloaded iroh-quinn-udp v0.4.2
[INFO] [stderr]   Downloaded extended v0.1.0
[INFO] [stderr]   Downloaded triple_buffer v8.0.0
[INFO] [stderr]   Downloaded sys-locale v0.3.1
[INFO] [stderr]   Downloaded tracy-client v0.17.4
[INFO] [stderr]   Downloaded unic-langid v0.9.5
[INFO] [stderr]   Downloaded hostname v0.3.1
[INFO] [stderr]   Downloaded erased_set v0.7.0
[INFO] [stderr]   Downloaded struct_iterable_derive v0.1.0
[INFO] [stderr]   Downloaded iroh-metrics v0.22.0
[INFO] [stderr]   Downloaded hostname-validator v1.1.1
[INFO] [stderr]   Downloaded z32 v1.1.1
[INFO] [stderr]   Downloaded symphonia-codec-pcm v0.5.4
[INFO] [stderr]   Downloaded postcard-derive v0.1.2
[INFO] [stderr]   Downloaded tracing-appender v0.2.3
[INFO] [stderr]   Downloaded windows v0.43.0
[INFO] [stderr]   Downloaded windows v0.51.1
[INFO] running `Command { std: "docker" "create" "-v" "/var/lib/crater-agent-workspace/builds/worker-5-tc1/target:/opt/rustwide/target:rw,Z" "-v" "/var/lib/crater-agent-workspace/builds/worker-5-tc1/source:/opt/rustwide/workdir:ro,Z" "-v" "/var/lib/crater-agent-workspace/cargo-home:/opt/rustwide/cargo-home:ro,Z" "-v" "/var/lib/crater-agent-workspace/rustup-home:/opt/rustwide/rustup-home:ro,Z" "-e" "SOURCE_DIR=/opt/rustwide/workdir" "-e" "CARGO_TARGET_DIR=/opt/rustwide/target" "-e" "CARGO_HOME=/opt/rustwide/cargo-home" "-e" "RUSTUP_HOME=/opt/rustwide/rustup-home" "-w" "/opt/rustwide/workdir" "-m" "1610612736" "--user" "0:0" "--network" "none" "ghcr.io/rust-lang/crates-build-env/linux@sha256:4a844ea9eb2546a2d2c7022eacef16ef2e8229c7fbb2c7d4d55a9ceca922f72d" "/opt/rustwide/cargo-home/bin/cargo" "+nightly-2024-10-28" "metadata" "--no-deps" "--format-version=1", kill_on_drop: false }`
[INFO] [stdout] dffa74c166e5a4de00d0dbe1e7de3e646b2de1ef843169bba78982692c40a1e4
[INFO] running `Command { std: "docker" "start" "-a" "dffa74c166e5a4de00d0dbe1e7de3e646b2de1ef843169bba78982692c40a1e4", kill_on_drop: false }`
[INFO] running `Command { std: "docker" "inspect" "dffa74c166e5a4de00d0dbe1e7de3e646b2de1ef843169bba78982692c40a1e4", kill_on_drop: false }`
[INFO] running `Command { std: "docker" "rm" "-f" "dffa74c166e5a4de00d0dbe1e7de3e646b2de1ef843169bba78982692c40a1e4", kill_on_drop: false }`
[INFO] [stdout] dffa74c166e5a4de00d0dbe1e7de3e646b2de1ef843169bba78982692c40a1e4
[INFO] running `Command { std: "docker" "create" "-v" "/var/lib/crater-agent-workspace/builds/worker-5-tc1/target:/opt/rustwide/target:rw,Z" "-v" "/var/lib/crater-agent-workspace/builds/worker-5-tc1/source:/opt/rustwide/workdir:ro,Z" "-v" "/var/lib/crater-agent-workspace/cargo-home:/opt/rustwide/cargo-home:ro,Z" "-v" "/var/lib/crater-agent-workspace/rustup-home:/opt/rustwide/rustup-home:ro,Z" "-e" "SOURCE_DIR=/opt/rustwide/workdir" "-e" "CARGO_TARGET_DIR=/opt/rustwide/target" "-e" "CARGO_INCREMENTAL=0" "-e" "RUST_BACKTRACE=full" "-e" "RUSTFLAGS=--cap-lints=forbid" "-e" "RUSTDOCFLAGS=--cap-lints=forbid" "-e" "CARGO_HOME=/opt/rustwide/cargo-home" "-e" "RUSTUP_HOME=/opt/rustwide/rustup-home" "-w" "/opt/rustwide/workdir" "-m" "1610612736" "--user" "0:0" "--network" "none" "ghcr.io/rust-lang/crates-build-env/linux@sha256:4a844ea9eb2546a2d2c7022eacef16ef2e8229c7fbb2c7d4d55a9ceca922f72d" "/opt/rustwide/cargo-home/bin/cargo" "+nightly-2024-10-28" "build" "--frozen" "--message-format=json", kill_on_drop: false }`
[INFO] [stdout] 3b0a6324ad4d4db6747defe9781802a7b2117082737bcd2589ab20ddffd60419
[INFO] running `Command { std: "docker" "start" "-a" "3b0a6324ad4d4db6747defe9781802a7b2117082737bcd2589ab20ddffd60419", kill_on_drop: false }`
[INFO] [stderr]    Compiling syn v2.0.86
[INFO] [stderr]    Compiling libc v0.2.161
[INFO] [stderr]    Compiling serde v1.0.214
[INFO] [stderr]    Compiling futures-core v0.3.31
[INFO] [stderr]    Compiling bytes v1.8.0
[INFO] [stderr]    Compiling futures-io v0.3.31
[INFO] [stderr]    Compiling smallvec v1.13.2
[INFO] [stderr]    Compiling subtle v2.6.1
[INFO] [stderr]    Compiling spin v0.9.8
[INFO] [stderr]    Compiling futures-channel v0.3.31
[INFO] [stderr]    Compiling futures-task v0.3.31
[INFO] [stderr]    Compiling unicode-normalization v0.1.24
[INFO] [stderr]    Compiling tracing-core v0.1.32
[INFO] [stderr]    Compiling ahash v0.8.11
[INFO] [stderr]    Compiling parking v2.2.1
[INFO] [stderr]    Compiling bitflags v1.3.2
[INFO] [stderr]    Compiling semver v1.0.23
[INFO] [stderr]    Compiling paste v1.0.15
[INFO] [stderr]    Compiling aho-corasick v1.1.3
[INFO] [stderr]    Compiling idna v0.5.0
[INFO] [stderr]    Compiling regex-syntax v0.8.5
[INFO] [stderr]    Compiling rustls-pki-types v1.10.0
[INFO] [stderr]    Compiling rustc_version v0.4.1
[INFO] [stderr]    Compiling syn v1.0.109
[INFO] [stderr]    Compiling allocator-api2 v0.2.18
[INFO] [stderr]    Compiling rustls v0.23.16
[INFO] [stderr]    Compiling http v1.1.0
[INFO] [stderr]    Compiling getrandom v0.2.15
[INFO] [stderr]    Compiling socket2 v0.5.7
[INFO] [stderr]    Compiling rand_core v0.6.4
[INFO] [stderr]    Compiling crypto-common v0.1.6
[INFO] [stderr]    Compiling parking_lot_core v0.9.10
[INFO] [stderr]    Compiling signal-hook-registry v1.4.2
[INFO] [stderr]    Compiling mio v1.0.2
[INFO] [stderr]    Compiling parking_lot v0.12.3
[INFO] [stderr]    Compiling digest v0.10.7
[INFO] [stderr]    Compiling ring v0.17.8
[INFO] [stderr]    Compiling concurrent-queue v2.5.0
[INFO] [stderr]    Compiling num-traits v0.2.19
[INFO] [stderr]    Compiling simd-adler32 v0.3.7
[INFO] [stderr]    Compiling regex-automata v0.4.8
[INFO] [stderr]    Compiling base64 v0.22.1
[INFO] [stderr]    Compiling stable_deref_trait v1.2.0
[INFO] [stderr]    Compiling time-macros v0.2.18
[INFO] [stderr]    Compiling unicode-xid v0.2.6
[INFO] [stderr]    Compiling regex-lite v0.1.6
[INFO] [stderr]    Compiling miniz_oxide v0.8.0
[INFO] [stderr]    Compiling rustls-webpki v0.102.8
[INFO] [stderr]    Compiling ucd-parse v0.1.13
[INFO] [stderr]    Compiling futures-lite v2.4.0
[INFO] [stderr]    Compiling sha2 v0.10.8
[INFO] [stderr]    Compiling webpki-roots v0.26.6
[INFO] [stderr]    Compiling regex v1.11.1
[INFO] [stderr]    Compiling instant v0.1.13
[INFO] [stderr]    Compiling flate2 v1.0.34
[INFO] [stderr]    Compiling cipher v0.4.4
[INFO] [stderr]    Compiling precis-tools v0.1.8
[INFO] [stderr]    Compiling curve25519-dalek v4.1.3
[INFO] [stderr]    Compiling log v0.4.22
[INFO] [stderr]    Compiling serde_derive v1.0.214
[INFO] [stderr]    Compiling zerocopy-derive v0.7.35
[INFO] [stderr]    Compiling thiserror-impl v1.0.66
[INFO] [stderr]    Compiling futures-macro v0.3.31
[INFO] [stderr]    Compiling tokio-macros v2.4.0
[INFO] [stderr]    Compiling zerocopy v0.7.35
[INFO] [stderr]    Compiling futures-util v0.3.31
[INFO] [stderr]    Compiling tracing-attributes v0.1.27
[INFO] [stderr]    Compiling tokio v1.41.0
[INFO] [stderr]    Compiling thiserror v1.0.66
[INFO] [stderr]    Compiling ppv-lite86 v0.2.20
[INFO] [stderr]    Compiling displaydoc v0.2.5
[INFO] [stderr]    Compiling bytemuck_derive v1.8.0
[INFO] [stderr]    Compiling rand_chacha v0.3.1
[INFO] [stderr]    Compiling wasm-bindgen-backend v0.2.95
[INFO] [stderr]    Compiling rand v0.8.5
[INFO] [stderr]    Compiling tracing v0.1.40
[INFO] [stderr]    Compiling bytemuck v1.19.0
[INFO] [stderr]    Compiling futures-executor v0.3.31
[INFO] [stderr]    Compiling curve25519-dalek-derive v0.1.1
[INFO] [stderr]    Compiling http-body v1.0.1
[INFO] [stderr]    Compiling futures v0.3.31
[INFO] [stderr]    Compiling venial v0.5.0
[INFO] [stderr]    Compiling typeid v1.0.2
[INFO] [stderr]    Compiling serde_json v1.0.132
[INFO] [stderr]    Compiling ucd-trie v0.1.7
[INFO] [stderr]    Compiling nom v7.1.3
[INFO] [stderr]    Compiling pest v2.7.14
[INFO] [stderr]    Compiling wasm-bindgen-macro-support v0.2.95
[INFO] [stderr]    Compiling tinystr v0.7.6
[INFO] [stderr]    Compiling synstructure v0.12.6
[INFO] [stderr]    Compiling sha1 v0.10.6
[INFO] [stderr]    Compiling http v0.2.12
[INFO] [stderr]    Compiling signature v2.2.0
[INFO] [stderr]    Compiling fastrand v1.9.0
[INFO] [stderr]    Compiling sptr v0.3.2
[INFO] [stderr]    Compiling base16ct v0.2.0
[INFO] [stderr]    Compiling base64ct v1.6.0
[INFO] [stderr]    Compiling waker-fn v1.2.0
[INFO] [stderr]    Compiling rustls v0.21.12
[INFO] [stderr]    Compiling hyper v1.5.0
[INFO] [stderr]    Compiling futures-lite v1.13.0
[INFO] [stderr]    Compiling rusticata-macros v4.1.0
[INFO] [stderr]    Compiling pem-rfc7468 v0.7.0
[INFO] [stderr]    Compiling pest_meta v2.7.14
[INFO] [stderr]    Compiling url v2.5.2
[INFO] [stderr]    Compiling hashbrown v0.14.5
[INFO] [stderr]    Compiling deranged v0.3.11
[INFO] [stderr]    Compiling ureq v2.10.1
[INFO] [stderr]    Compiling ustr v0.10.0
[INFO] [stderr]    Compiling ed25519 v2.2.3
[INFO] [stderr]    Compiling unic-langid-impl v0.9.5
[INFO] [stderr]    Compiling ulid v1.1.3
[INFO] [stderr]    Compiling document-features v0.2.10
[INFO] [stderr]    Compiling time v0.3.36
[INFO] [stderr]    Compiling wasm-bindgen-macro v0.2.95
[INFO] [stderr]    Compiling asn1-rs-derive v0.4.0
[INFO] [stderr]    Compiling bones_utils_macros v0.4.0
[INFO] [stderr]    Compiling symphonia-core v0.5.4
[INFO] [stderr]    Compiling netlink-packet-utils v0.5.2
[INFO] [stderr]    Compiling asn1-rs-impl v0.1.0
[INFO] [stderr]    Compiling precis-core v0.1.10
[INFO] [stderr]    Compiling sct v0.7.1
[INFO] [stderr]    Compiling rustls-webpki v0.101.7
[INFO] [stderr]    Compiling universal-hash v0.5.1
[INFO] [stderr]    Compiling turborand v0.10.1
[INFO] [stderr]    Compiling heapless v0.7.17
[INFO] [stderr]    Compiling siphasher v0.3.11
[INFO] [stderr]    Compiling linked-hash-map v0.5.6
[INFO] [stderr]    Compiling maybe-owned v0.3.4
[INFO] [stderr]    Compiling branches v0.1.3
[INFO] [stderr]    Compiling toml_datetime v0.6.8
[INFO] [stderr]    Compiling winnow v0.6.20
[INFO] [stderr]    Compiling no-std-net v0.6.0
[INFO] [stderr]    Compiling self_cell v1.0.4
[INFO] [stderr]    Compiling pnet_base v0.34.0
[INFO] [stderr]    Compiling symphonia-metadata v0.5.4
[INFO] [stderr]    Compiling poly1305 v0.8.0
[INFO] [stderr]    Compiling bones_utils v0.4.0
[INFO] [stderr]    Compiling asn1-rs v0.5.2
[INFO] [stderr]    Compiling alsa-sys v0.3.1
[INFO] [stderr]    Compiling netlink-packet-core v0.7.0
[INFO] [stderr]    Compiling erased-serde v0.4.5
[INFO] [stderr]    Compiling wasm-bindgen v0.2.95
[INFO] [stderr]    Compiling unic-langid v0.9.5
[INFO] [stderr]    Compiling ed25519-dalek v2.1.1
[INFO] [stderr]    Compiling toml_edit v0.22.22
[INFO] [stderr]    Compiling dashmap v5.5.3
[INFO] [stderr]    Compiling erased-serde v0.3.31
[INFO] [stderr]    Compiling hyper-util v0.1.10
[INFO] [stderr]    Compiling pest_generator v2.7.14
[INFO] [stderr]    Compiling ssh-encoding v0.2.0
[INFO] [stderr]    Compiling tokio-rustls v0.26.0
[INFO] [stderr]    Compiling tokio-util v0.7.12
[INFO] [stderr]    Compiling bones_schema_macros v0.4.0
[INFO] [stderr]    Compiling precis-profiles v0.1.11
[INFO] [stderr]    Compiling async-trait v0.1.83
[INFO] [stderr]    Compiling num-integer v0.1.46
[INFO] [stderr]    Compiling chacha20 v0.9.1
[INFO] [stderr]    Compiling salsa20 v0.10.2
[INFO] [stderr]    Compiling event-listener v4.0.3
[INFO] [stderr]    Compiling aead v0.5.2
[INFO] [stderr]    Compiling nanorand v0.7.0
[INFO] [stderr]    Compiling iroh-blake3 v1.4.5
[INFO] [stderr]    Compiling hash32 v0.2.1
[INFO] [stderr]    Compiling humantime v2.1.0
[INFO] [stderr]    Compiling prometheus-client v0.22.3
[INFO] [stderr]    Compiling oid-registry v0.6.1
[INFO] [stderr]    Compiling glam v0.24.2
[INFO] [stderr]    Compiling ttf-parser v0.25.0
[INFO] [stderr]    Compiling struct_iterable_internal v0.1.1
[INFO] [stderr]    Compiling append-only-vec v0.1.7
[INFO] [stderr]    Compiling portable-atomic v1.9.0
[INFO] [stderr]    Compiling match_cfg v0.1.0
[INFO] [stderr]    Compiling rustls-native-certs v0.6.3
[INFO] [stderr]    Compiling hostname v0.3.1
[INFO] [stderr]    Compiling struct_iterable_derive v0.1.0
[INFO] [stderr]    Compiling tungstenite v0.21.0
[INFO] [stderr]    Compiling flume v0.11.1
[INFO] [stderr]    Compiling crypto_secretbox v0.1.1
[INFO] [stderr]    Compiling num-bigint v0.4.6
[INFO] [stderr]    Compiling proc-macro-crate v3.2.0
[INFO] [stderr]    Compiling h2 v0.3.26
[INFO] [stderr]    Compiling owned_ttf_parser v0.25.0
[INFO] [stderr]    Compiling pest_derive v2.7.14
[INFO] [stderr]    Compiling hyper-rustls v0.27.3
[INFO] [stderr]    Compiling ssh-cipher v0.2.0
[INFO] [stderr]    Compiling js-sys v0.3.72
[INFO] [stderr]    Compiling symphonia-utils-xiph v0.5.4
[INFO] [stderr]    Compiling pnet_macros_support v0.34.0
[INFO] [stderr]    Compiling phf_shared v0.11.2
[INFO] [stderr]    Compiling bones_schema v0.4.0
[INFO] [stderr]    Compiling serde_urlencoded v0.7.1
[INFO] [stderr]    Compiling serdect v0.2.0
[INFO] [stderr]    Compiling enum-as-inner v0.6.1
[INFO] [stderr]    Compiling netlink-sys v0.8.6
[INFO] [stderr]    Compiling http-body v0.4.6
[INFO] [stderr]    Compiling sec1 v0.7.3
[INFO] [stderr]    Compiling http-body-util v0.1.2
[INFO] [stderr]    Compiling postcard-derive v0.1.2
[INFO] [stderr]    Compiling pnet_macros v0.34.0
[INFO] [stderr]    Compiling derive_more-impl v1.0.0-beta.7
[INFO] [stderr]    Compiling pin-project-internal v1.1.7
[INFO] [stderr]    Compiling prometheus-client-derive-encode v0.4.2
[INFO] [stderr]    Compiling enumflags2_derive v0.7.10
[INFO] [stderr]    Compiling raw-cpuid v11.2.0
[INFO] [stderr]    Compiling bones_ecs_macros_core v0.4.0
[INFO] [stderr]    Compiling synstructure v0.13.1
[INFO] [stderr]    Compiling event-listener v5.3.1
[INFO] [stderr]    Compiling hmac v0.12.1
[INFO] [stderr]    Compiling inotify-sys v0.1.5
[INFO] [stderr]    Compiling mio v0.8.11
[INFO] [stderr]    Compiling rustls-pemfile v2.2.0
[INFO] [stderr]    Compiling idna v0.4.0
[INFO] [stderr]    Compiling crossbeam-channel v0.5.13
[INFO] [stderr]    Compiling sync_wrapper v1.0.1
[INFO] [stderr]    Compiling crc-catalog v2.4.0
[INFO] [stderr]    Compiling xml-rs v0.8.22
[INFO] [stderr]    Compiling arrayref v0.3.9
[INFO] [stderr]    Compiling dtoa v1.0.9
[INFO] [stderr]    Compiling quick-error v1.2.3
[INFO] [stderr]    Compiling cobs v0.2.3
[INFO] [stderr]    Compiling constant_time_eq v0.3.1
[INFO] [stderr]    Compiling cordyceps v0.3.2
[INFO] [stderr]    Compiling diatomic-waker v0.2.3
[INFO] [stderr]    Compiling ab_glyph v0.2.29
[INFO] [stderr]    Compiling postcard v1.0.10
[INFO] [stderr]    Compiling xmltree v0.10.3
[INFO] [stderr]    Compiling futures-buffered v0.2.9
[INFO] [stderr]    Compiling async-executor v1.13.1
[INFO] [stderr]    Compiling resolv-conf v0.7.0
[INFO] [stderr]    Compiling derive_more v1.0.0-beta.7
[INFO] [stderr]    Compiling reqwest v0.12.9
[INFO] [stderr]    Compiling async-channel v1.9.0
[INFO] [stderr]    Compiling crc v3.2.1
[INFO] [stderr]    Compiling hyper v0.14.31
[INFO] [stderr]    Compiling quanta v0.12.3
[INFO] [stderr]    Compiling hickory-proto v0.24.1
[INFO] [stderr]    Compiling web-sys v0.3.72
[INFO] [stderr]    Compiling gc-arena-derive v0.5.3
[INFO] [stderr]    Compiling event-listener-strategy v0.5.2
[INFO] [stderr]    Compiling inotify v0.9.6
[INFO] [stderr]    Compiling hmac-sha1 v0.2.2
[INFO] [stderr]    Compiling enumflags2 v0.7.10
[INFO] [stderr]    Compiling bones_ecs_macros v0.4.0
[INFO] [stderr]    Compiling pin-project v1.1.7
[INFO] [stderr]    Compiling pnet_packet v0.34.0
[INFO] [stderr]    Compiling ssh-key v0.6.7
[INFO] [stderr]    Compiling netlink-proto v0.11.3
[INFO] [stderr]    Compiling crypto_box v0.9.1
[INFO] [stderr]    Compiling phf_generator v0.11.2
[INFO] [stderr]    Compiling der-parser v8.2.0
[INFO] [stderr]    Compiling strum_macros v0.26.4
[INFO] [stderr]    Compiling quoted-string-parser v0.1.0
[INFO] [stderr]    Compiling num_enum_derive v0.7.3
[INFO] [stderr]    Compiling tokio-tungstenite v0.21.0
[INFO] [stderr]    Compiling struct_iterable v0.1.1
[INFO] [stderr]    Compiling iroh-quinn-proto v0.10.8
[INFO] [stderr]    Compiling netlink-packet-route v0.17.1
[INFO] [stderr]    Compiling ttl_cache v0.5.1
[INFO] [stderr]    Compiling lru-cache v0.1.2
[INFO] [stderr]    Compiling yasna v0.5.2
[INFO] [stderr]    Compiling attohttpc v0.24.1
[INFO] [stderr]    Compiling serde-error v0.1.3
[INFO] [stderr]    Compiling type-map v0.5.0
[INFO] [stderr]    Compiling iroh-quinn-udp v0.4.2
[INFO] [stderr]    Compiling once_map v0.4.21
[INFO] [stderr]    Compiling der_derive v0.7.3
[INFO] [stderr]    Compiling simple-dns v0.6.2
[INFO] [stderr]    Compiling pem v3.0.4
[INFO] [stderr]    Compiling nix v0.26.4
[INFO] [stderr]    Compiling filetime v0.2.25
[INFO] [stderr]    Compiling spinning_top v0.3.0
[INFO] [stderr]    Compiling polling v2.8.0
[INFO] [stderr]    Compiling path-dedot v3.1.1
[INFO] [stderr]    Compiling bounded-integer v0.5.7
[INFO] [stderr]    Compiling nonzero_ext v0.3.0
[INFO] [stderr]    Compiling unsafe-libyaml v0.2.11
[INFO] [stderr]    Compiling futures-timer v3.0.3
[INFO] [stderr]    Compiling nohash-hasher v0.2.0
[INFO] [stderr]    Compiling fixedbitset v0.5.7
[INFO] [stderr]    Compiling md5 v0.7.0
[INFO] [stderr]    Compiling lru v0.12.5
[INFO] [stderr]    Compiling emath v0.23.0
[INFO] [stderr]    Compiling cpal v0.15.3
[INFO] [stderr]    Compiling erased_set v0.7.0
[INFO] [stderr]    Compiling z32 v1.1.1
[INFO] [stderr]    Compiling bitset-core v0.1.1
[INFO] [stderr]    Compiling hmac-sha256 v1.1.7
[INFO] [stderr]    Compiling ecolor v0.23.0
[INFO] [stderr]    Compiling hostname-validator v1.1.1
[INFO] [stderr]    Compiling no-std-compat v0.4.1
[INFO] [stderr]    Compiling fallible-iterator v0.3.0
[INFO] [stderr]    Compiling atomicell v0.2.0
[INFO] [stderr]    Compiling governor v0.6.3
[INFO] [stderr]    Compiling epaint v0.23.0
[INFO] [stderr]    Compiling pkarr v2.2.0
[INFO] [stderr]    Compiling iroh-quinn v0.10.5
[INFO] [stderr]    Compiling iroh-metrics v0.22.0
[INFO] [stderr]    Compiling bones_ecs v0.4.0
[INFO] [stderr]    Compiling stun-rs v0.1.9
[INFO] [stderr]    Compiling serde_yaml v0.9.34+deprecated
[INFO] [stderr]    Compiling rtnetlink v0.13.1
[INFO] [stderr]    Compiling futures-concurrency v7.6.2
[INFO] [stderr]    Compiling der v0.7.9
[INFO] [stderr]    Compiling path-absolutize v3.1.1
[INFO] [stderr]    Compiling notify v6.1.1
[INFO] [stderr]    Compiling rcgen v0.12.1
[INFO] [stderr]    Compiling igd-next v0.14.3
[INFO] [stderr]    Compiling intl-memoizer v0.5.2
[INFO] [stderr]    Compiling iroh-base v0.22.0
[INFO] [stderr]    Compiling hickory-resolver v0.24.1
[INFO] [stderr]    Compiling strum v0.26.3
[INFO] [stderr]    Compiling surge-ping v0.8.1
[INFO] [stderr]    Compiling x509-parser v0.15.1
[INFO] [stderr]    Compiling num_enum v0.7.3
[INFO] [stderr]    Compiling tokio-tungstenite-wasm v0.3.1
[INFO] [stderr]    Compiling alsa v0.9.1
[INFO] [stderr]    Compiling phf_macros v0.11.2
[INFO] [stderr]    Compiling ehttp v0.3.1
[INFO] [stderr]    Compiling async-channel v2.3.1
[INFO] [stderr]    Compiling gc-arena v0.5.3
[INFO] [stderr]    Compiling bevy_tasks v0.11.3
[INFO] [stderr]    Compiling symphonia-format-ogg v0.5.4
[INFO] [stderr]    Compiling symphonia-codec-vorbis v0.5.4
[INFO] [stderr]    Compiling watchable v1.1.2
[INFO] [stderr]    Compiling tokio-rustls v0.24.1
[INFO] [stderr]    Compiling intl_pluralrules v7.0.2
[INFO] [stderr]    Compiling fluent-langneg v0.13.0
[INFO] [stderr]    Compiling self_cell v0.10.3
[INFO] [stderr]    Compiling backoff v0.4.0
[INFO] [stderr]    Compiling fluent-syntax v0.11.1
[INFO] [stderr]    Compiling fdeflate v0.3.6
[INFO] [stderr]    Compiling elsa v1.10.0
[INFO] [stderr]    Compiling netdev v0.30.0
[INFO] [stderr]    Compiling tracing-log v0.2.0
[INFO] [stderr]    Compiling thread_local v1.1.8
[INFO] [stderr]    Compiling varinteger v1.0.6
[INFO] [stderr]    Compiling mint v0.5.9
[INFO] [stderr]    Compiling dasp_sample v0.11.0
[INFO] [stderr]    Compiling bs58 v0.5.1
[INFO] [stderr]    Compiling option-ext v0.2.0
[INFO] [stderr]    Compiling dirs-sys v0.4.1
[INFO] [stderr]    Compiling iroh-net v0.22.0
[INFO] [stderr]    Compiling glam v0.29.1
[INFO] [stderr]    Compiling bones_asset v0.4.0
[INFO] [stderr]    Compiling tracing-subscriber v0.3.18
[INFO] [stderr]    Compiling bitfield-rle v0.2.1
[INFO] [stderr]    Compiling png v0.17.14
[INFO] [stderr]    Compiling fluent-bundle v0.15.3
[INFO] [stderr]    Compiling phf v0.11.2
[INFO] [stderr]    Compiling symphonia v0.5.4
[INFO] [stderr]    Compiling piccolo v0.3.3
[INFO] [stderr]    Compiling bones_lib v0.4.0
[INFO] [stderr]    Compiling egui v0.23.0
[INFO] [stderr]    Compiling bincode v1.3.3
[INFO] [stderr]    Compiling rand_xorshift v0.3.0
[INFO] [stderr]    Compiling if-addrs v0.10.2
[INFO] [stderr]    Compiling socket2 v0.4.10
[INFO] [stderr]    Compiling ringbuf v0.3.3
[INFO] [stderr]    Compiling triple_buffer v8.0.0
[INFO] [stderr]    Compiling color_quant v1.1.0
[INFO] [stderr]    Compiling send_wrapper v0.6.0
[INFO] [stderr]    Compiling image v0.24.9
[INFO] [stderr]    Compiling ping-rs v0.1.2
[INFO] [stderr]    Compiling mdns-sd v0.10.5
[INFO] [stderr]    Compiling bones_scripting v0.4.0
[INFO] [stderr]    Compiling kira v0.9.5
[INFO] [stderr]    Compiling egui_plot v0.23.0
[INFO] [stderr]    Compiling noise v0.9.0
[INFO] [stderr]    Compiling bones_ggrs v0.10.1-patch.1
[INFO] [stderr]    Compiling tracing-appender v0.2.3
[INFO] [stderr]    Compiling csscolorparser v0.6.2
[INFO] [stderr]    Compiling fluent v0.15.0
[INFO] [stderr]    Compiling directories v5.0.1
[INFO] [stderr]    Compiling ttf-parser v0.24.1
[INFO] [stderr]    Compiling sys-locale v0.3.1
[INFO] [stderr]    Compiling either v1.13.0
[INFO] [stdout] error: You have to activate either the `std` or the `no-std-float` feature.
[INFO] [stdout]   --> /opt/rustwide/cargo-home/registry/src/index.crates.io-6f17d22bba15001f/ttf-parser-0.24.1/src/lib.rs:53:1
[INFO] [stdout]    |
[INFO] [stdout] 53 | compile_error!("You have to activate either the `std` or the `no-std-float` feature.");
[INFO] [stdout]    | ^^^^^^^^^^^^^^^^^^^^^^^^^^^^^^^^^^^^^^^^^^^^^^^^^^^^^^^^^^^^^^^^^^^^^^^^^^^^^^^^^^^^^^
[INFO] [stdout] 
[INFO] [stdout] 
[INFO] [stdout] error[E0432]: unresolved import `core_maths`
[INFO] [stdout]   --> /opt/rustwide/cargo-home/registry/src/index.crates.io-6f17d22bba15001f/ttf-parser-0.24.1/src/lib.rs:56:5
[INFO] [stdout]    |
[INFO] [stdout] 56 | use core_maths::CoreFloat;
[INFO] [stdout]    |     ^^^^^^^^^^ use of undeclared crate or module `core_maths`
[INFO] [stdout] 
[INFO] [stdout] 
[INFO] [stderr]    Compiling numquant v0.2.0
[INFO] [stdout] error[E0599]: no method named `cos` found for type `f32` in the current scope
[INFO] [stdout]    --> /opt/rustwide/cargo-home/registry/src/index.crates.io-6f17d22bba15001f/ttf-parser-0.24.1/src/lib.rs:445:50
[INFO] [stdout]     |
[INFO] [stdout] 445 |         let cc = (angle * core::f32::consts::PI).cos();
[INFO] [stdout]     |                                                  ^^^ method not found in `f32`
[INFO] [stdout] 
[INFO] [stdout] 
[INFO] [stdout] error[E0599]: no method named `sin` found for type `f32` in the current scope
[INFO] [stdout]    --> /opt/rustwide/cargo-home/registry/src/index.crates.io-6f17d22bba15001f/ttf-parser-0.24.1/src/lib.rs:446:50
[INFO] [stdout]     |
[INFO] [stdout] 446 |         let ss = (angle * core::f32::consts::PI).sin();
[INFO] [stdout]     |                                                  ^^^
[INFO] [stdout]     |
[INFO] [stdout] help: there is a method `min` with a similar name, but with different arguments
[INFO] [stdout]    --> /rustc/df4ca44d3fbc9301ee17f30f4d474e6ae4b05252/library/core/src/num/f32.rs:914:5
[INFO] [stdout] 
[INFO] [stdout] 
[INFO] [stdout] error[E0599]: no method named `tan` found for type `f32` in the current scope
[INFO] [stdout]    --> /opt/rustwide/cargo-home/registry/src/index.crates.io-6f17d22bba15001f/ttf-parser-0.24.1/src/lib.rs:454:50
[INFO] [stdout]     |
[INFO] [stdout] 454 |         let x = (skew_x * core::f32::consts::PI).tan();
[INFO] [stdout]     |                                                  ^^^ method not found in `f32`
[INFO] [stdout] 
[INFO] [stdout] 
[INFO] [stdout] error[E0599]: no method named `tan` found for type `f32` in the current scope
[INFO] [stdout]    --> /opt/rustwide/cargo-home/registry/src/index.crates.io-6f17d22bba15001f/ttf-parser-0.24.1/src/lib.rs:455:50
[INFO] [stdout]     |
[INFO] [stdout] 455 |         let y = (skew_y * core::f32::consts::PI).tan();
[INFO] [stdout]     |                                                  ^^^ method not found in `f32`
[INFO] [stdout] 
[INFO] [stdout] 
[INFO] [stdout] Some errors have detailed explanations: E0432, E0599.
[INFO] [stdout] 
[INFO] [stdout] For more information about an error, try `rustc --explain E0432`.
[INFO] [stdout] 
[INFO] [stderr] error: could not compile `ttf-parser` (lib) due to 6 previous errors
[INFO] [stderr] warning: build failed, waiting for other jobs to finish...
[INFO] running `Command { std: "docker" "inspect" "3b0a6324ad4d4db6747defe9781802a7b2117082737bcd2589ab20ddffd60419", kill_on_drop: false }`
[INFO] running `Command { std: "docker" "rm" "-f" "3b0a6324ad4d4db6747defe9781802a7b2117082737bcd2589ab20ddffd60419", kill_on_drop: false }`
[INFO] [stdout] 3b0a6324ad4d4db6747defe9781802a7b2117082737bcd2589ab20ddffd60419
