[INFO] fetching crate bolt-client 0.11.0...
[INFO] testing bolt-client-0.11.0 against nightly-2024-10-28 for randomize-layout
[INFO] extracting crate bolt-client 0.11.0 into /workspace/builds/worker-4-tc1/source
[INFO] validating manifest of crates.io crate bolt-client 0.11.0 on toolchain nightly-2024-10-28
[INFO] running `Command { std: CARGO_HOME="/workspace/cargo-home" RUSTUP_HOME="/workspace/rustup-home" "/workspace/cargo-home/bin/cargo" "+nightly-2024-10-28" "metadata" "--manifest-path" "Cargo.toml" "--no-deps", kill_on_drop: false }`
[INFO] started tweaking crates.io crate bolt-client 0.11.0
[INFO] finished tweaking crates.io crate bolt-client 0.11.0
[INFO] tweaked toml for crates.io crate bolt-client 0.11.0 written to /workspace/builds/worker-4-tc1/source/Cargo.toml
[INFO] running `Command { std: CARGO_HOME="/workspace/cargo-home" RUSTUP_HOME="/workspace/rustup-home" "/workspace/cargo-home/bin/cargo" "+nightly-2024-10-28" "generate-lockfile" "--manifest-path" "Cargo.toml", kill_on_drop: false }`
[INFO] [stderr]     Updating crates.io index
[INFO] [stderr]      Locking 92 packages to latest compatible versions
[INFO] [stderr]       Adding tokio-rustls v0.23.4 (available: v0.26.0)
[INFO] [stderr]       Adding webpki-roots v0.22.6 (available: v0.26.6)
[INFO] running `Command { std: CARGO_HOME="/workspace/cargo-home" RUSTUP_HOME="/workspace/rustup-home" "/workspace/cargo-home/bin/cargo" "+nightly-2024-10-28" "fetch" "--manifest-path" "Cargo.toml", kill_on_drop: false }`
[INFO] [stderr]  Downloading crates ...
[INFO] [stderr]   Downloaded phf v0.11.2
[INFO] [stderr]   Downloaded phf_shared v0.11.2
[INFO] [stderr]   Downloaded webpki v0.22.4
[INFO] [stderr]   Downloaded bolt-client-macros v0.3.0
[INFO] [stderr]   Downloaded bolt-proto-derive v0.6.0
[INFO] [stderr]   Downloaded bolt-proto v0.12.0
[INFO] [stderr]   Downloaded phf_generator v0.11.2
[INFO] [stderr]   Downloaded phf_codegen v0.11.2
[INFO] [stderr]   Downloaded tokio-rustls v0.23.4
[INFO] [stderr]   Downloaded chrono-tz-build v0.2.1
[INFO] [stderr]   Downloaded parse-zoneinfo v0.3.1
[INFO] [stderr]   Downloaded webpki-roots v0.22.6
[INFO] [stderr]   Downloaded rustls v0.20.9
[INFO] [stderr]   Downloaded chrono-tz v0.8.6
[INFO] running `Command { std: "docker" "create" "-v" "/var/lib/crater-agent-workspace/builds/worker-4-tc1/target:/opt/rustwide/target:rw,Z" "-v" "/var/lib/crater-agent-workspace/builds/worker-4-tc1/source:/opt/rustwide/workdir:ro,Z" "-v" "/var/lib/crater-agent-workspace/cargo-home:/opt/rustwide/cargo-home:ro,Z" "-v" "/var/lib/crater-agent-workspace/rustup-home:/opt/rustwide/rustup-home:ro,Z" "-e" "SOURCE_DIR=/opt/rustwide/workdir" "-e" "CARGO_TARGET_DIR=/opt/rustwide/target" "-e" "CARGO_HOME=/opt/rustwide/cargo-home" "-e" "RUSTUP_HOME=/opt/rustwide/rustup-home" "-w" "/opt/rustwide/workdir" "-m" "1610612736" "--user" "0:0" "--network" "none" "ghcr.io/rust-lang/crates-build-env/linux@sha256:4a844ea9eb2546a2d2c7022eacef16ef2e8229c7fbb2c7d4d55a9ceca922f72d" "/opt/rustwide/cargo-home/bin/cargo" "+nightly-2024-10-28" "metadata" "--no-deps" "--format-version=1", kill_on_drop: false }`
[INFO] [stdout] 9f982d7109bb3953dbae88770c8cca51a1664a576376657b2672bbc1006b5855
[INFO] running `Command { std: "docker" "start" "-a" "9f982d7109bb3953dbae88770c8cca51a1664a576376657b2672bbc1006b5855", kill_on_drop: false }`
[INFO] running `Command { std: "docker" "inspect" "9f982d7109bb3953dbae88770c8cca51a1664a576376657b2672bbc1006b5855", kill_on_drop: false }`
[INFO] running `Command { std: "docker" "rm" "-f" "9f982d7109bb3953dbae88770c8cca51a1664a576376657b2672bbc1006b5855", kill_on_drop: false }`
[INFO] [stdout] 9f982d7109bb3953dbae88770c8cca51a1664a576376657b2672bbc1006b5855
[INFO] running `Command { std: "docker" "create" "-v" "/var/lib/crater-agent-workspace/builds/worker-4-tc1/target:/opt/rustwide/target:rw,Z" "-v" "/var/lib/crater-agent-workspace/builds/worker-4-tc1/source:/opt/rustwide/workdir:ro,Z" "-v" "/var/lib/crater-agent-workspace/cargo-home:/opt/rustwide/cargo-home:ro,Z" "-v" "/var/lib/crater-agent-workspace/rustup-home:/opt/rustwide/rustup-home:ro,Z" "-e" "SOURCE_DIR=/opt/rustwide/workdir" "-e" "CARGO_TARGET_DIR=/opt/rustwide/target" "-e" "CARGO_INCREMENTAL=0" "-e" "RUST_BACKTRACE=full" "-e" "RUSTFLAGS=--cap-lints=forbid" "-e" "RUSTDOCFLAGS=--cap-lints=forbid" "-e" "CARGO_HOME=/opt/rustwide/cargo-home" "-e" "RUSTUP_HOME=/opt/rustwide/rustup-home" "-w" "/opt/rustwide/workdir" "-m" "1610612736" "--user" "0:0" "--network" "none" "ghcr.io/rust-lang/crates-build-env/linux@sha256:4a844ea9eb2546a2d2c7022eacef16ef2e8229c7fbb2c7d4d55a9ceca922f72d" "/opt/rustwide/cargo-home/bin/cargo" "+nightly-2024-10-28" "build" "--frozen" "--message-format=json", kill_on_drop: false }`
[INFO] [stdout] 725f77cc61654fa1c3f11a5ef8aed4d28c4ad575e4473aeb685c86cca2bbcac8
[INFO] running `Command { std: "docker" "start" "-a" "725f77cc61654fa1c3f11a5ef8aed4d28c4ad575e4473aeb685c86cca2bbcac8", kill_on_drop: false }`
[INFO] [stderr]    Compiling siphasher v0.3.11
[INFO] [stderr]    Compiling rand_core v0.6.4
[INFO] [stderr]    Compiling regex-syntax v0.8.5
[INFO] [stderr]    Compiling num-traits v0.2.19
[INFO] [stderr]    Compiling syn v1.0.109
[INFO] [stderr]    Compiling bytes v1.8.0
[INFO] [stderr]    Compiling futures-util v0.3.31
[INFO] [stderr]    Compiling syn v2.0.86
[INFO] [stderr]    Compiling rand v0.8.5
[INFO] [stderr]    Compiling phf_shared v0.11.2
[INFO] [stderr]    Compiling phf v0.11.2
[INFO] [stderr]    Compiling phf_generator v0.11.2
[INFO] [stderr]    Compiling phf_codegen v0.11.2
[INFO] [stderr]    Compiling chrono v0.4.38
[INFO] [stderr]    Compiling regex-automata v0.4.8
[INFO] [stderr]    Compiling regex v1.11.1
[INFO] [stderr]    Compiling thiserror-impl v1.0.66
[INFO] [stderr]    Compiling parse-zoneinfo v0.3.1
[INFO] [stderr]    Compiling chrono-tz-build v0.2.1
[INFO] [stderr]    Compiling bolt-proto-derive v0.6.0
[INFO] [stderr]    Compiling bolt-client-macros v0.3.0
[INFO] [stderr]    Compiling chrono-tz v0.8.6
[INFO] [stderr]    Compiling thiserror v1.0.66
[INFO] [stderr]    Compiling bolt-proto v0.12.0
[INFO] [stderr]    Compiling bolt-client v0.11.0 (/opt/rustwide/workdir)
[INFO] [stderr]     Finished `dev` profile [unoptimized + debuginfo] target(s) in 8.98s
[INFO] running `Command { std: "docker" "inspect" "725f77cc61654fa1c3f11a5ef8aed4d28c4ad575e4473aeb685c86cca2bbcac8", kill_on_drop: false }`
[INFO] running `Command { std: "docker" "rm" "-f" "725f77cc61654fa1c3f11a5ef8aed4d28c4ad575e4473aeb685c86cca2bbcac8", kill_on_drop: false }`
[INFO] [stdout] 725f77cc61654fa1c3f11a5ef8aed4d28c4ad575e4473aeb685c86cca2bbcac8
[INFO] running `Command { std: "docker" "create" "-v" "/var/lib/crater-agent-workspace/builds/worker-4-tc1/target:/opt/rustwide/target:rw,Z" "-v" "/var/lib/crater-agent-workspace/builds/worker-4-tc1/source:/opt/rustwide/workdir:ro,Z" "-v" "/var/lib/crater-agent-workspace/cargo-home:/opt/rustwide/cargo-home:ro,Z" "-v" "/var/lib/crater-agent-workspace/rustup-home:/opt/rustwide/rustup-home:ro,Z" "-e" "SOURCE_DIR=/opt/rustwide/workdir" "-e" "CARGO_TARGET_DIR=/opt/rustwide/target" "-e" "CARGO_INCREMENTAL=0" "-e" "RUST_BACKTRACE=full" "-e" "RUSTFLAGS=--cap-lints=forbid" "-e" "RUSTDOCFLAGS=--cap-lints=forbid" "-e" "CARGO_HOME=/opt/rustwide/cargo-home" "-e" "RUSTUP_HOME=/opt/rustwide/rustup-home" "-w" "/opt/rustwide/workdir" "-m" "1610612736" "--user" "0:0" "--network" "none" "ghcr.io/rust-lang/crates-build-env/linux@sha256:4a844ea9eb2546a2d2c7022eacef16ef2e8229c7fbb2c7d4d55a9ceca922f72d" "/opt/rustwide/cargo-home/bin/cargo" "+nightly-2024-10-28" "test" "--frozen" "--no-run" "--message-format=json", kill_on_drop: false }`
[INFO] [stdout] 6620615ed4bfd0c210bdeb38f1ab63613005b0b05fdba86497e23e859931d4b2
[INFO] running `Command { std: "docker" "start" "-a" "6620615ed4bfd0c210bdeb38f1ab63613005b0b05fdba86497e23e859931d4b2", kill_on_drop: false }`
[INFO] [stderr]    Compiling futures-sink v0.3.31
[INFO] [stderr]    Compiling mio v1.0.2
[INFO] [stderr]    Compiling socket2 v0.5.7
[INFO] [stderr]    Compiling tokio-macros v2.4.0
[INFO] [stderr]    Compiling tokio v1.41.0
[INFO] [stderr]    Compiling tokio-util v0.7.12
[INFO] [stderr]    Compiling bolt-client v0.11.0 (/opt/rustwide/workdir)
[INFO] [stdout] error[E0432]: unresolved import `tokio::io::BufStream`
[INFO] [stdout]    --> src/client/v1.rs:6:9
[INFO] [stdout]     |
[INFO] [stdout] 6   |     use tokio::io::BufStream;
[INFO] [stdout]     |         ^^^^^^^^^^^^^^^^^^^^ no `BufStream` in `io`
[INFO] [stdout]     |
[INFO] [stdout] note: found an item that was configured out
[INFO] [stdout]    --> /opt/rustwide/cargo-home/registry/src/index.crates.io-6f17d22bba15001f/tokio-1.41.0/src/io/mod.rs:275:20
[INFO] [stdout]     |
[INFO] [stdout] 275 |         BufReader, BufStream, BufWriter, DuplexStream, Empty, Lines, Repeat, Sink, Split, Take, SimplexStream,
[INFO] [stdout]     |                    ^^^^^^^^^
[INFO] [stdout] note: the item is gated behind the `io-util` feature
[INFO] [stdout]    --> /opt/rustwide/cargo-home/registry/src/index.crates.io-6f17d22bba15001f/tokio-1.41.0/src/io/mod.rs:265:1
[INFO] [stdout]     |
[INFO] [stdout] 265 | / cfg_io_util! {
[INFO] [stdout] 266 | |     mod split;
[INFO] [stdout] 267 | |     pub use split::{split, ReadHalf, WriteHalf};
[INFO] [stdout] 268 | |     mod join;
[INFO] [stdout] ...   |
[INFO] [stdout] 276 | |     };
[INFO] [stdout] 277 | | }
[INFO] [stdout]     | |_^
[INFO] [stdout]     = note: this error originates in the macro `cfg_io_util` (in Nightly builds, run with -Z macro-backtrace for more info)
[INFO] [stdout] 
[INFO] [stdout] 
[INFO] [stdout] error[E0432]: unresolved import `crate::stream`
[INFO] [stdout]    --> src/client/v1.rs:11:35
[INFO] [stdout]     |
[INFO] [stdout] 11  |         skip_if_handshake_failed, stream, Client, Metadata, Params,
[INFO] [stdout]     |                                   ^^^^^^ no `stream` in the root
[INFO] [stdout]     |
[INFO] [stdout]     = help: consider importing one of these modules instead:
[INFO] [stdout]             futures_util::stream
[INFO] [stdout]             tokio::stream
[INFO] [stdout] note: found an item that was configured out
[INFO] [stdout]    --> src/lib.rs:237:5
[INFO] [stdout]     |
[INFO] [stdout] 237 | mod stream;
[INFO] [stdout]     |     ^^^^^^
[INFO] [stdout] note: the item is gated behind the `tokio-stream` feature
[INFO] [stdout]    --> src/lib.rs:236:7
[INFO] [stdout]     |
[INFO] [stdout] 236 | #[cfg(feature = "tokio-stream")]
[INFO] [stdout]     |       ^^^^^^^^^^^^^^^^^^^^^^^^
[INFO] [stdout] 
[INFO] [stdout] 
[INFO] [stdout] error[E0614]: type `i64` cannot be dereferenced
[INFO] [stdout]    --> src/client/v4.rs:373:43
[INFO] [stdout]     |
[INFO] [stdout] 373 |                     qids.insert(n as i32, *qid);
[INFO] [stdout]     |                                           ^^^^
[INFO] [stdout] 
[INFO] [stdout] 
[INFO] [stdout] error[E0614]: type `i64` cannot be dereferenced
[INFO] [stdout]    --> src/client/v4_1.rs:373:43
[INFO] [stdout]     |
[INFO] [stdout] 373 |                     qids.insert(n as i32, *qid);
[INFO] [stdout]     |                                           ^^^^
[INFO] [stdout] 
[INFO] [stdout] 
[INFO] [stdout] error[E0614]: type `i64` cannot be dereferenced
[INFO] [stdout]    --> src/client/v4_2.rs:373:43
[INFO] [stdout]     |
[INFO] [stdout] 373 |                     qids.insert(n as i32, *qid);
[INFO] [stdout]     |                                           ^^^^
[INFO] [stdout] 
[INFO] [stdout] 
[INFO] [stdout] error[E0614]: type `i64` cannot be dereferenced
[INFO] [stdout]    --> src/client/v4_3.rs:374:43
[INFO] [stdout]     |
[INFO] [stdout] 374 |                     qids.insert(n as i32, *qid);
[INFO] [stdout]     |                                           ^^^^
[INFO] [stdout] 
[INFO] [stdout] 
[INFO] [stdout] error[E0614]: type `i64` cannot be dereferenced
[INFO] [stdout]    --> src/client/v4_4.rs:374:43
[INFO] [stdout]     |
[INFO] [stdout] 374 |                     qids.insert(n as i32, *qid);
[INFO] [stdout]     |                                           ^^^^
[INFO] [stdout] 
[INFO] [stdout] 
[INFO] [stdout] Some errors have detailed explanations: E0432, E0614.
[INFO] [stdout] 
[INFO] [stdout] For more information about an error, try `rustc --explain E0432`.
[INFO] [stdout] 
[INFO] [stderr] error: could not compile `bolt-client` (lib test) due to 7 previous errors
[INFO] running `Command { std: "docker" "inspect" "6620615ed4bfd0c210bdeb38f1ab63613005b0b05fdba86497e23e859931d4b2", kill_on_drop: false }`
[INFO] running `Command { std: "docker" "rm" "-f" "6620615ed4bfd0c210bdeb38f1ab63613005b0b05fdba86497e23e859931d4b2", kill_on_drop: false }`
[INFO] [stdout] 6620615ed4bfd0c210bdeb38f1ab63613005b0b05fdba86497e23e859931d4b2
