[INFO] fetching crate bms-sm 0.1.2...
[INFO] testing bms-sm-0.1.2 against nightly-2024-10-28 for randomize-layout
[INFO] extracting crate bms-sm 0.1.2 into /workspace/builds/worker-3-tc1/source
[INFO] validating manifest of crates.io crate bms-sm 0.1.2 on toolchain nightly-2024-10-28
[INFO] running `Command { std: CARGO_HOME="/workspace/cargo-home" RUSTUP_HOME="/workspace/rustup-home" "/workspace/cargo-home/bin/cargo" "+nightly-2024-10-28" "metadata" "--manifest-path" "Cargo.toml" "--no-deps", kill_on_drop: false }`
[INFO] started tweaking crates.io crate bms-sm 0.1.2
[INFO] finished tweaking crates.io crate bms-sm 0.1.2
[INFO] tweaked toml for crates.io crate bms-sm 0.1.2 written to /workspace/builds/worker-3-tc1/source/Cargo.toml
[INFO] crate crates.io crate bms-sm 0.1.2 already has a lockfile, it will not be regenerated
[INFO] running `Command { std: CARGO_HOME="/workspace/cargo-home" RUSTUP_HOME="/workspace/rustup-home" "/workspace/cargo-home/bin/cargo" "+nightly-2024-10-28" "fetch" "--manifest-path" "Cargo.toml", kill_on_drop: false }`
[INFO] [stderr]  Downloading crates ...
[INFO] [stderr]   Downloaded windows-targets v0.52.4
[INFO] [stderr]   Downloaded windows-result v0.1.0
[INFO] [stderr]   Downloaded windows_aarch64_gnullvm v0.52.4
[INFO] [stderr]   Downloaded windows_x86_64_gnullvm v0.52.4
[INFO] [stderr]   Downloaded windows_x86_64_msvc v0.52.4
[INFO] [stderr]   Downloaded windows_aarch64_msvc v0.52.4
[INFO] [stderr]   Downloaded windows_x86_64_gnu v0.52.4
[INFO] [stderr]   Downloaded windows_i686_gnu v0.52.4
[INFO] [stderr]   Downloaded windows_i686_msvc v0.52.4
[INFO] running `Command { std: "docker" "create" "-v" "/var/lib/crater-agent-workspace/builds/worker-3-tc1/target:/opt/rustwide/target:rw,Z" "-v" "/var/lib/crater-agent-workspace/builds/worker-3-tc1/source:/opt/rustwide/workdir:ro,Z" "-v" "/var/lib/crater-agent-workspace/cargo-home:/opt/rustwide/cargo-home:ro,Z" "-v" "/var/lib/crater-agent-workspace/rustup-home:/opt/rustwide/rustup-home:ro,Z" "-e" "SOURCE_DIR=/opt/rustwide/workdir" "-e" "CARGO_TARGET_DIR=/opt/rustwide/target" "-e" "CARGO_HOME=/opt/rustwide/cargo-home" "-e" "RUSTUP_HOME=/opt/rustwide/rustup-home" "-w" "/opt/rustwide/workdir" "-m" "1610612736" "--user" "0:0" "--network" "none" "ghcr.io/rust-lang/crates-build-env/linux@sha256:4a844ea9eb2546a2d2c7022eacef16ef2e8229c7fbb2c7d4d55a9ceca922f72d" "/opt/rustwide/cargo-home/bin/cargo" "+nightly-2024-10-28" "metadata" "--no-deps" "--format-version=1", kill_on_drop: false }`
[INFO] [stdout] ecc244f07647540ee4b1319868e5681f7a5d155aae2721c65ee8469d1f7b5b7c
[INFO] running `Command { std: "docker" "start" "-a" "ecc244f07647540ee4b1319868e5681f7a5d155aae2721c65ee8469d1f7b5b7c", kill_on_drop: false }`
[INFO] running `Command { std: "docker" "inspect" "ecc244f07647540ee4b1319868e5681f7a5d155aae2721c65ee8469d1f7b5b7c", kill_on_drop: false }`
[INFO] running `Command { std: "docker" "rm" "-f" "ecc244f07647540ee4b1319868e5681f7a5d155aae2721c65ee8469d1f7b5b7c", kill_on_drop: false }`
[INFO] [stdout] ecc244f07647540ee4b1319868e5681f7a5d155aae2721c65ee8469d1f7b5b7c
[INFO] running `Command { std: "docker" "create" "-v" "/var/lib/crater-agent-workspace/builds/worker-3-tc1/target:/opt/rustwide/target:rw,Z" "-v" "/var/lib/crater-agent-workspace/builds/worker-3-tc1/source:/opt/rustwide/workdir:ro,Z" "-v" "/var/lib/crater-agent-workspace/cargo-home:/opt/rustwide/cargo-home:ro,Z" "-v" "/var/lib/crater-agent-workspace/rustup-home:/opt/rustwide/rustup-home:ro,Z" "-e" "SOURCE_DIR=/opt/rustwide/workdir" "-e" "CARGO_TARGET_DIR=/opt/rustwide/target" "-e" "CARGO_INCREMENTAL=0" "-e" "RUST_BACKTRACE=full" "-e" "RUSTFLAGS=--cap-lints=forbid" "-e" "RUSTDOCFLAGS=--cap-lints=forbid" "-e" "CARGO_HOME=/opt/rustwide/cargo-home" "-e" "RUSTUP_HOME=/opt/rustwide/rustup-home" "-w" "/opt/rustwide/workdir" "-m" "1610612736" "--user" "0:0" "--network" "none" "ghcr.io/rust-lang/crates-build-env/linux@sha256:4a844ea9eb2546a2d2c7022eacef16ef2e8229c7fbb2c7d4d55a9ceca922f72d" "/opt/rustwide/cargo-home/bin/cargo" "+nightly-2024-10-28" "build" "--frozen" "--message-format=json", kill_on_drop: false }`
[INFO] [stdout] c2a3c2770b8a71aec9de31e1eb1d931d7df8bb7791e6c50a8d9b84e11afadde2
[INFO] running `Command { std: "docker" "start" "-a" "c2a3c2770b8a71aec9de31e1eb1d931d7df8bb7791e6c50a8d9b84e11afadde2", kill_on_drop: false }`
[INFO] [stderr]    Compiling windows_x86_64_gnu v0.52.4
[INFO] [stderr]    Compiling bitflags v2.4.2
[INFO] [stderr]    Compiling windows-targets v0.52.4
[INFO] [stderr]    Compiling windows-result v0.1.0
[INFO] [stderr]    Compiling windows-core v0.54.0
[INFO] [stderr]    Compiling windows v0.54.0
[INFO] [stderr]    Compiling bms-sm v0.1.2 (/opt/rustwide/workdir)
[INFO] [stderr]     Finished `dev` profile [unoptimized + debuginfo] target(s) in 3.59s
[INFO] running `Command { std: "docker" "inspect" "c2a3c2770b8a71aec9de31e1eb1d931d7df8bb7791e6c50a8d9b84e11afadde2", kill_on_drop: false }`
[INFO] running `Command { std: "docker" "rm" "-f" "c2a3c2770b8a71aec9de31e1eb1d931d7df8bb7791e6c50a8d9b84e11afadde2", kill_on_drop: false }`
[INFO] [stdout] c2a3c2770b8a71aec9de31e1eb1d931d7df8bb7791e6c50a8d9b84e11afadde2
[INFO] running `Command { std: "docker" "create" "-v" "/var/lib/crater-agent-workspace/builds/worker-3-tc1/target:/opt/rustwide/target:rw,Z" "-v" "/var/lib/crater-agent-workspace/builds/worker-3-tc1/source:/opt/rustwide/workdir:ro,Z" "-v" "/var/lib/crater-agent-workspace/cargo-home:/opt/rustwide/cargo-home:ro,Z" "-v" "/var/lib/crater-agent-workspace/rustup-home:/opt/rustwide/rustup-home:ro,Z" "-e" "SOURCE_DIR=/opt/rustwide/workdir" "-e" "CARGO_TARGET_DIR=/opt/rustwide/target" "-e" "CARGO_INCREMENTAL=0" "-e" "RUST_BACKTRACE=full" "-e" "RUSTFLAGS=--cap-lints=forbid" "-e" "RUSTDOCFLAGS=--cap-lints=forbid" "-e" "CARGO_HOME=/opt/rustwide/cargo-home" "-e" "RUSTUP_HOME=/opt/rustwide/rustup-home" "-w" "/opt/rustwide/workdir" "-m" "1610612736" "--user" "0:0" "--network" "none" "ghcr.io/rust-lang/crates-build-env/linux@sha256:4a844ea9eb2546a2d2c7022eacef16ef2e8229c7fbb2c7d4d55a9ceca922f72d" "/opt/rustwide/cargo-home/bin/cargo" "+nightly-2024-10-28" "test" "--frozen" "--no-run" "--message-format=json", kill_on_drop: false }`
[INFO] [stdout] ec225aebf43f818a60123e95d55bb2f371fa40f0cbd2936beb93752efde4ea6b
[INFO] running `Command { std: "docker" "start" "-a" "ec225aebf43f818a60123e95d55bb2f371fa40f0cbd2936beb93752efde4ea6b", kill_on_drop: false }`
[INFO] [stderr]    Compiling bms-sm v0.1.2 (/opt/rustwide/workdir)
[INFO] [stdout] error: linking with `cc` failed: exit status: 1
[INFO] [stdout]   |
[INFO] [stdout]   = note: LC_ALL="C" PATH="/opt/rustwide/rustup-home/toolchains/nightly-2024-10-28-x86_64-unknown-linux-gnu/lib/rustlib/x86_64-unknown-linux-gnu/bin:/opt/rustwide/rustup-home/toolchains/nightly-2024-10-28-x86_64-unknown-linux-gnu/lib/rustlib/x86_64-unknown-linux-gnu/bin/self-contained:/opt/rustwide/cargo-home/bin:/usr/local/sbin:/usr/local/bin:/usr/sbin:/usr/bin:/sbin:/bin" VSLANG="1033" "cc" "-m64" "/tmp/rustcF4Jqoj/symbols.o" "/opt/rustwide/target/debug/examples/strings-d2c7a8011cbd6552.strings.62388af079585086-cgu.0.rcgu.o" "/opt/rustwide/target/debug/examples/strings-d2c7a8011cbd6552.8d5b46ogavnowx5w380mq8eaa.rcgu.o" "-Wl,--as-needed" "-Wl,-Bstatic" "/opt/rustwide/target/debug/deps/libbms_sm-f0e4736dc19ed43d.rlib" "/opt/rustwide/target/debug/deps/libbitflags-89ef8523a77bb8c8.rlib" "/opt/rustwide/target/debug/deps/libwindows-0bc4ab3ce96f7819.rlib" "/opt/rustwide/target/debug/deps/libwindows_core-79518d442e8d6b0c.rlib" "/opt/rustwide/target/debug/deps/libwindows_result-693a869c78f1129d.rlib" "/opt/rustwide/target/debug/deps/libwindows_targets-190526f9e4a8e9d5.rlib" "/opt/rustwide/rustup-home/toolchains/nightly-2024-10-28-x86_64-unknown-linux-gnu/lib/rustlib/x86_64-unknown-linux-gnu/lib/libstd-fb8c387236db3c10.rlib" "/opt/rustwide/rustup-home/toolchains/nightly-2024-10-28-x86_64-unknown-linux-gnu/lib/rustlib/x86_64-unknown-linux-gnu/lib/libpanic_unwind-b251837809b2f64b.rlib" "/opt/rustwide/rustup-home/toolchains/nightly-2024-10-28-x86_64-unknown-linux-gnu/lib/rustlib/x86_64-unknown-linux-gnu/lib/libobject-cbef83eaa4e01f04.rlib" "/opt/rustwide/rustup-home/toolchains/nightly-2024-10-28-x86_64-unknown-linux-gnu/lib/rustlib/x86_64-unknown-linux-gnu/lib/libmemchr-12a772286de2fca7.rlib" "/opt/rustwide/rustup-home/toolchains/nightly-2024-10-28-x86_64-unknown-linux-gnu/lib/rustlib/x86_64-unknown-linux-gnu/lib/libaddr2line-023bbe5ada7abfc3.rlib" "/opt/rustwide/rustup-home/toolchains/nightly-2024-10-28-x86_64-unknown-linux-gnu/lib/rustlib/x86_64-unknown-linux-gnu/lib/libgimli-de2bcdf10ec69c2b.rlib" "/opt/rustwide/rustup-home/toolchains/nightly-2024-10-28-x86_64-unknown-linux-gnu/lib/rustlib/x86_64-unknown-linux-gnu/lib/librustc_demangle-8e1754df350800fd.rlib" "/opt/rustwide/rustup-home/toolchains/nightly-2024-10-28-x86_64-unknown-linux-gnu/lib/rustlib/x86_64-unknown-linux-gnu/lib/libstd_detect-06c2ab7b9c32e037.rlib" "/opt/rustwide/rustup-home/toolchains/nightly-2024-10-28-x86_64-unknown-linux-gnu/lib/rustlib/x86_64-unknown-linux-gnu/lib/libhashbrown-51d2621fc57a281b.rlib" "/opt/rustwide/rustup-home/toolchains/nightly-2024-10-28-x86_64-unknown-linux-gnu/lib/rustlib/x86_64-unknown-linux-gnu/lib/librustc_std_workspace_alloc-54a930408793772f.rlib" "/opt/rustwide/rustup-home/toolchains/nightly-2024-10-28-x86_64-unknown-linux-gnu/lib/rustlib/x86_64-unknown-linux-gnu/lib/libminiz_oxide-0c7d01cba400dcb2.rlib" "/opt/rustwide/rustup-home/toolchains/nightly-2024-10-28-x86_64-unknown-linux-gnu/lib/rustlib/x86_64-unknown-linux-gnu/lib/libadler-b9f84d69e331b75b.rlib" "/opt/rustwide/rustup-home/toolchains/nightly-2024-10-28-x86_64-unknown-linux-gnu/lib/rustlib/x86_64-unknown-linux-gnu/lib/libunwind-eec95493246aae39.rlib" "/opt/rustwide/rustup-home/toolchains/nightly-2024-10-28-x86_64-unknown-linux-gnu/lib/rustlib/x86_64-unknown-linux-gnu/lib/libcfg_if-6f6676c475e08ab0.rlib" "/opt/rustwide/rustup-home/toolchains/nightly-2024-10-28-x86_64-unknown-linux-gnu/lib/rustlib/x86_64-unknown-linux-gnu/lib/liblibc-799d520624f8b2e0.rlib" "/opt/rustwide/rustup-home/toolchains/nightly-2024-10-28-x86_64-unknown-linux-gnu/lib/rustlib/x86_64-unknown-linux-gnu/lib/liballoc-fcf93d4842acd9a9.rlib" "/opt/rustwide/rustup-home/toolchains/nightly-2024-10-28-x86_64-unknown-linux-gnu/lib/rustlib/x86_64-unknown-linux-gnu/lib/librustc_std_workspace_core-395a38b8e0851c9b.rlib" "/opt/rustwide/rustup-home/toolchains/nightly-2024-10-28-x86_64-unknown-linux-gnu/lib/rustlib/x86_64-unknown-linux-gnu/lib/libcore-d453bab70303062c.rlib" "/opt/rustwide/rustup-home/toolchains/nightly-2024-10-28-x86_64-unknown-linux-gnu/lib/rustlib/x86_64-unknown-linux-gnu/lib/libcompiler_builtins-0e6386368b0a24e8.rlib" "-Wl,-Bdynamic" "-lgcc_s" "-lutil" "-lrt" "-lpthread" "-lm" "-ldl" "-lc" "-B/opt/rustwide/rustup-home/toolchains/nightly-2024-10-28-x86_64-unknown-linux-gnu/lib/rustlib/x86_64-unknown-linux-gnu/bin/gcc-ld" "-fuse-ld=lld" "-Wl,--eh-frame-hdr" "-Wl,-z,noexecstack" "-L" "/opt/rustwide/rustup-home/toolchains/nightly-2024-10-28-x86_64-unknown-linux-gnu/lib/rustlib/x86_64-unknown-linux-gnu/lib" "-o" "/opt/rustwide/target/debug/examples/strings-d2c7a8011cbd6552" "-Wl,--gc-sections" "-pie" "-Wl,-z,relro,-z,now" "-nodefaultlibs"
[INFO] [stdout]   = note: rust-lld: error: undefined symbol: CloseHandle
[INFO] [stdout]           >>> referenced by mod.rs:7 (/opt/rustwide/cargo-home/registry/src/index.crates.io-6f17d22bba15001f/windows-0.54.0/src/Windows/Win32/Foundation/mod.rs:7)
[INFO] [stdout]           >>>               bms_sm-f0e4736dc19ed43d.bms_sm.d0ef6611740c9c49-cgu.3.rcgu.o:(windows::Win32::Foundation::CloseHandle::h3607edb90de5644f) in archive /opt/rustwide/target/debug/deps/libbms_sm-f0e4736dc19ed43d.rlib
[INFO] [stdout]           
[INFO] [stdout]           rust-lld: error: undefined symbol: MapViewOfFile
[INFO] [stdout]           >>> referenced by mod.rs:424 (/opt/rustwide/cargo-home/registry/src/index.crates.io-6f17d22bba15001f/windows-0.54.0/src/Windows/Win32/System/Memory/mod.rs:424)
[INFO] [stdout]           >>>               bms_sm-f0e4736dc19ed43d.bms_sm.d0ef6611740c9c49-cgu.4.rcgu.o:(windows::Win32::System::Memory::MapViewOfFile::h6ff2e2375b58a1ef) in archive /opt/rustwide/target/debug/deps/libbms_sm-f0e4736dc19ed43d.rlib
[INFO] [stdout]           
[INFO] [stdout]           rust-lld: error: undefined symbol: UnmapViewOfFile
[INFO] [stdout]           >>> referenced by mod.rs:626 (/opt/rustwide/cargo-home/registry/src/index.crates.io-6f17d22bba15001f/windows-0.54.0/src/Windows/Win32/System/Memory/mod.rs:626)
[INFO] [stdout]           >>>               bms_sm-f0e4736dc19ed43d.bms_sm.d0ef6611740c9c49-cgu.4.rcgu.o:(windows::Win32::System::Memory::UnmapViewOfFile::h479dd21073b0385c) in archive /opt/rustwide/target/debug/deps/libbms_sm-f0e4736dc19ed43d.rlib
[INFO] [stdout]           
[INFO] [stdout]           rust-lld: error: undefined symbol: OpenFileMappingW
[INFO] [stdout]           >>> referenced by mod.rs:518 (/opt/rustwide/cargo-home/registry/src/index.crates.io-6f17d22bba15001f/windows-0.54.0/src/Windows/Win32/System/Memory/mod.rs:518)
[INFO] [stdout]           >>>               bms_sm-f0e4736dc19ed43d.bms_sm.d0ef6611740c9c49-cgu.4.rcgu.o:(windows::Win32::System::Memory::OpenFileMappingW::h666abec8df3b3fdd) in archive /opt/rustwide/target/debug/deps/libbms_sm-f0e4736dc19ed43d.rlib
[INFO] [stdout]           
[INFO] [stdout]           rust-lld: error: undefined symbol: GetProcessHeap
[INFO] [stdout]           >>> referenced by heap.rs:10 (src/imp/heap.rs:10)
[INFO] [stdout]           >>>               windows_core-79518d442e8d6b0c.windows_core.d0ff1a0e392147dc-cgu.8.rcgu.o:(windows_core::imp::heap::heap_alloc::h54a2268082bc800a) in archive /opt/rustwide/target/debug/deps/libwindows_core-79518d442e8d6b0c.rlib
[INFO] [stdout]           >>> referenced by heap.rs:34 (src/imp/heap.rs:34)
[INFO] [stdout]           >>>               windows_core-79518d442e8d6b0c.windows_core.d0ff1a0e392147dc-cgu.8.rcgu.o:(windows_core::imp::heap::heap_free::h4d8ed37527092f71) in archive /opt/rustwide/target/debug/deps/libwindows_core-79518d442e8d6b0c.rlib
[INFO] [stdout]           >>> referenced by strings.rs:15 (src/strings.rs:15)
[INFO] [stdout]           >>>               windows_result-693a869c78f1129d.windows_result.4062c27b82ec55a5-cgu.0.rcgu.o:(_$LT$windows_result..strings..HeapString$u20$as$u20$core..ops..drop..Drop$GT$::drop::h86a05ed8c9bd80f7) in archive /opt/rustwide/target/debug/deps/libwindows_result-693a869c78f1129d.rlib
[INFO] [stdout]           
[INFO] [stdout]           rust-lld: error: undefined symbol: HeapAlloc
[INFO] [stdout]           >>> referenced by heap.rs:10 (src/imp/heap.rs:10)
[INFO] [stdout]           >>>               windows_core-79518d442e8d6b0c.windows_core.d0ff1a0e392147dc-cgu.8.rcgu.o:(windows_core::imp::heap::heap_alloc::h54a2268082bc800a) in archive /opt/rustwide/target/debug/deps/libwindows_core-79518d442e8d6b0c.rlib
[INFO] [stdout]           
[INFO] [stdout]           rust-lld: error: undefined symbol: HeapFree
[INFO] [stdout]           >>> referenced by heap.rs:34 (src/imp/heap.rs:34)
[INFO] [stdout]           >>>               windows_core-79518d442e8d6b0c.windows_core.d0ff1a0e392147dc-cgu.8.rcgu.o:(windows_core::imp::heap::heap_free::h4d8ed37527092f71) in archive /opt/rustwide/target/debug/deps/libwindows_core-79518d442e8d6b0c.rlib
[INFO] [stdout]           >>> referenced by strings.rs:15 (src/strings.rs:15)
[INFO] [stdout]           >>>               windows_result-693a869c78f1129d.windows_result.4062c27b82ec55a5-cgu.0.rcgu.o:(_$LT$windows_result..strings..HeapString$u20$as$u20$core..ops..drop..Drop$GT$::drop::h86a05ed8c9bd80f7) in archive /opt/rustwide/target/debug/deps/libwindows_result-693a869c78f1129d.rlib
[INFO] [stdout]           
[INFO] [stdout]           rust-lld: error: undefined symbol: SysStringLen
[INFO] [stdout]           >>> referenced by strings.rs:33 (src/strings.rs:33)
[INFO] [stdout]           >>>               windows_result-693a869c78f1129d.windows_result.4062c27b82ec55a5-cgu.0.rcgu.o:(windows_result::strings::BasicString::len::h85e7718a8470de8c) in archive /opt/rustwide/target/debug/deps/libwindows_result-693a869c78f1129d.rlib
[INFO] [stdout]           
[INFO] [stdout]           rust-lld: error: undefined symbol: SysFreeString
[INFO] [stdout]           >>> referenced by strings.rs:60 (src/strings.rs:60)
[INFO] [stdout]           >>>               windows_result-693a869c78f1129d.windows_result.4062c27b82ec55a5-cgu.0.rcgu.o:(_$LT$windows_result..strings..BasicString$u20$as$u20$core..ops..drop..Drop$GT$::drop::h81947aae5ca4b298) in archive /opt/rustwide/target/debug/deps/libwindows_result-693a869c78f1129d.rlib
[INFO] [stdout]           
[INFO] [stdout]           rust-lld: error: undefined symbol: GetLastError
[INFO] [stdout]           >>> referenced by error.rs:42 (src/error.rs:42)
[INFO] [stdout]           >>>               windows_result-693a869c78f1129d.windows_result.4062c27b82ec55a5-cgu.0.rcgu.o:(windows_result::error::Error::from_win32::h6eb35bc3adb229ba) in archive /opt/rustwide/target/debug/deps/libwindows_result-693a869c78f1129d.rlib
[INFO] [stdout]           
[INFO] [stdout]           rust-lld: error: undefined symbol: GetErrorInfo
[INFO] [stdout]           >>> referenced by error.rs:122 (src/error.rs:122)
[INFO] [stdout]           >>>               windows_result-693a869c78f1129d.windows_result.4062c27b82ec55a5-cgu.0.rcgu.o:(_$LT$windows_result..error..Error$u20$as$u20$core..convert..From$LT$windows_result..hresult..HRESULT$GT$$GT$::from::h56b972ddfee250eb) in archive /opt/rustwide/target/debug/deps/libwindows_result-693a869c78f1129d.rlib
[INFO] [stdout]           
[INFO] [stdout]           rust-lld: error: undefined symbol: LoadLibraryExA
[INFO] [stdout]           >>> referenced by hresult.rs:81 (src/hresult.rs:81)
[INFO] [stdout]           >>>               windows_result-693a869c78f1129d.windows_result.4062c27b82ec55a5-cgu.0.rcgu.o:(windows_result::hresult::HRESULT::message::h72b886f9a1aafd28) in archive /opt/rustwide/target/debug/deps/libwindows_result-693a869c78f1129d.rlib
[INFO] [stdout]           
[INFO] [stdout]           rust-lld: error: undefined symbol: FormatMessageW
[INFO] [stdout]           >>> referenced by hresult.rs:84 (src/hresult.rs:84)
[INFO] [stdout]           >>>               windows_result-693a869c78f1129d.windows_result.4062c27b82ec55a5-cgu.0.rcgu.o:(windows_result::hresult::HRESULT::message::h72b886f9a1aafd28) in archive /opt/rustwide/target/debug/deps/libwindows_result-693a869c78f1129d.rlib
[INFO] [stdout]           collect2: error: ld returned 1 exit status
[INFO] [stdout]           
[INFO] [stdout] 
[INFO] [stdout] 
[INFO] [stderr] error: could not compile `bms-sm` (example "strings") due to 1 previous error
[INFO] [stderr] warning: build failed, waiting for other jobs to finish...
[INFO] running `Command { std: "docker" "inspect" "ec225aebf43f818a60123e95d55bb2f371fa40f0cbd2936beb93752efde4ea6b", kill_on_drop: false }`
[INFO] running `Command { std: "docker" "rm" "-f" "ec225aebf43f818a60123e95d55bb2f371fa40f0cbd2936beb93752efde4ea6b", kill_on_drop: false }`
[INFO] [stdout] ec225aebf43f818a60123e95d55bb2f371fa40f0cbd2936beb93752efde4ea6b
