[INFO] fetching crate bmos_server 1.0.3...
[INFO] testing bmos_server-1.0.3 against nightly-2024-10-28+rustflags=-Zrandomize-layout for randomize-layout
[INFO] extracting crate bmos_server 1.0.3 into /workspace/builds/worker-4-tc2/source
[INFO] validating manifest of crates.io crate bmos_server 1.0.3 on toolchain nightly-2024-10-28
[INFO] running `Command { std: CARGO_HOME="/workspace/cargo-home" RUSTUP_HOME="/workspace/rustup-home" "/workspace/cargo-home/bin/cargo" "+nightly-2024-10-28" "metadata" "--manifest-path" "Cargo.toml" "--no-deps", kill_on_drop: false }`
[INFO] removed /workspace/builds/worker-4-tc2/source/.cargo/config
[INFO] started tweaking crates.io crate bmos_server 1.0.3
[INFO] finished tweaking crates.io crate bmos_server 1.0.3
[INFO] tweaked toml for crates.io crate bmos_server 1.0.3 written to /workspace/builds/worker-4-tc2/source/Cargo.toml
[INFO] crate crates.io crate bmos_server 1.0.3 already has a lockfile, it will not be regenerated
[INFO] running `Command { std: CARGO_HOME="/workspace/cargo-home" RUSTUP_HOME="/workspace/rustup-home" "/workspace/cargo-home/bin/cargo" "+nightly-2024-10-28" "fetch" "--manifest-path" "Cargo.toml", kill_on_drop: false }`
[INFO] running `Command { std: "docker" "create" "-v" "/var/lib/crater-agent-workspace/builds/worker-4-tc2/target:/opt/rustwide/target:rw,Z" "-v" "/var/lib/crater-agent-workspace/builds/worker-4-tc2/source:/opt/rustwide/workdir:ro,Z" "-v" "/var/lib/crater-agent-workspace/cargo-home:/opt/rustwide/cargo-home:ro,Z" "-v" "/var/lib/crater-agent-workspace/rustup-home:/opt/rustwide/rustup-home:ro,Z" "-e" "SOURCE_DIR=/opt/rustwide/workdir" "-e" "CARGO_TARGET_DIR=/opt/rustwide/target" "-e" "CARGO_HOME=/opt/rustwide/cargo-home" "-e" "RUSTUP_HOME=/opt/rustwide/rustup-home" "-w" "/opt/rustwide/workdir" "-m" "1610612736" "--user" "0:0" "--network" "none" "ghcr.io/rust-lang/crates-build-env/linux@sha256:4a844ea9eb2546a2d2c7022eacef16ef2e8229c7fbb2c7d4d55a9ceca922f72d" "/opt/rustwide/cargo-home/bin/cargo" "+nightly-2024-10-28" "metadata" "--no-deps" "--format-version=1", kill_on_drop: false }`
[INFO] [stdout] 8c74c7d16e7fd2ce84b3bb3dd381cce562fc4293dede7c7605315c2908599d4f
[INFO] running `Command { std: "docker" "start" "-a" "8c74c7d16e7fd2ce84b3bb3dd381cce562fc4293dede7c7605315c2908599d4f", kill_on_drop: false }`
[INFO] running `Command { std: "docker" "inspect" "8c74c7d16e7fd2ce84b3bb3dd381cce562fc4293dede7c7605315c2908599d4f", kill_on_drop: false }`
[INFO] running `Command { std: "docker" "rm" "-f" "8c74c7d16e7fd2ce84b3bb3dd381cce562fc4293dede7c7605315c2908599d4f", kill_on_drop: false }`
[INFO] [stdout] 8c74c7d16e7fd2ce84b3bb3dd381cce562fc4293dede7c7605315c2908599d4f
[INFO] running `Command { std: "docker" "create" "-v" "/var/lib/crater-agent-workspace/builds/worker-4-tc2/target:/opt/rustwide/target:rw,Z" "-v" "/var/lib/crater-agent-workspace/builds/worker-4-tc2/source:/opt/rustwide/workdir:ro,Z" "-v" "/var/lib/crater-agent-workspace/cargo-home:/opt/rustwide/cargo-home:ro,Z" "-v" "/var/lib/crater-agent-workspace/rustup-home:/opt/rustwide/rustup-home:ro,Z" "-e" "SOURCE_DIR=/opt/rustwide/workdir" "-e" "CARGO_TARGET_DIR=/opt/rustwide/target" "-e" "CARGO_INCREMENTAL=0" "-e" "RUST_BACKTRACE=full" "-e" "RUSTFLAGS=--cap-lints=forbid -Zrandomize-layout" "-e" "RUSTDOCFLAGS=--cap-lints=forbid" "-e" "CARGO_HOME=/opt/rustwide/cargo-home" "-e" "RUSTUP_HOME=/opt/rustwide/rustup-home" "-w" "/opt/rustwide/workdir" "-m" "1610612736" "--user" "0:0" "--network" "none" "ghcr.io/rust-lang/crates-build-env/linux@sha256:4a844ea9eb2546a2d2c7022eacef16ef2e8229c7fbb2c7d4d55a9ceca922f72d" "/opt/rustwide/cargo-home/bin/cargo" "+nightly-2024-10-28" "build" "--frozen" "--message-format=json", kill_on_drop: false }`
[INFO] [stdout] 07ab56188c7999281e056548609cdc903d472711d01965c87f8b0ee996c44002
[INFO] running `Command { std: "docker" "start" "-a" "07ab56188c7999281e056548609cdc903d472711d01965c87f8b0ee996c44002", kill_on_drop: false }`
[INFO] [stderr]    Compiling libc v0.2.97
[INFO] [stderr]    Compiling proc-macro2 v1.0.27
[INFO] [stderr]    Compiling autocfg v1.0.1
[INFO] [stderr]    Compiling unicode-xid v0.2.2
[INFO] [stderr]    Compiling syn v1.0.73
[INFO] [stderr]    Compiling memchr v2.4.0
[INFO] [stderr]    Compiling proc-macro-hack v0.5.19
[INFO] [stderr]    Compiling futures-core v0.3.15
[INFO] [stderr]    Compiling pin-project-lite v0.2.7
[INFO] [stderr]    Compiling log v0.4.14
[INFO] [stderr]    Compiling futures-task v0.3.15
[INFO] [stderr]    Compiling proc-macro-nested v0.1.7
[INFO] [stderr]    Compiling futures-channel v0.3.15
[INFO] [stderr]    Compiling futures-sink v0.3.15
[INFO] [stderr]    Compiling bytes v1.0.1
[INFO] [stderr]    Compiling futures-macro v0.3.15
[INFO] [stderr]    Compiling futures-util v0.3.15
[INFO] [stderr]    Compiling itoa v0.4.7
[INFO] [stderr]    Compiling tokio v1.8.1
[INFO] [stderr]    Compiling quote v1.0.9
[INFO] [stderr]    Compiling serde_derive v1.0.126
[INFO] [stderr]    Compiling lazy_static v1.4.0
[INFO] [stderr]    Compiling futures-io v0.3.15
[INFO] [stderr]    Compiling slab v0.4.3
[INFO] [stderr]    Compiling matches v0.1.8
[INFO] [stderr]    Compiling mio v0.7.13
[INFO] [stderr]    Compiling num_cpus v1.13.0
[INFO] [stderr]    Compiling indexmap v1.7.0
[INFO] [stderr]    Compiling tinyvec_macros v0.1.0
[INFO] [stderr]    Compiling serde v1.0.126
[INFO] [stderr]    Compiling ryu v1.0.5
[INFO] [stderr]    Compiling tinyvec v1.2.0
[INFO] [stderr]    Compiling http v0.2.4
[INFO] [stderr]    Compiling tracing-core v0.1.18
[INFO] [stderr]    Compiling getrandom v0.2.3
[INFO] [stderr]    Compiling version-compare v0.0.10
[INFO] [stderr]    Compiling cc v1.0.68
[INFO] [stderr]    Compiling httparse v1.4.1
[INFO] [stderr]    Compiling hashbrown v0.11.2
[INFO] [stderr]    Compiling percent-encoding v2.1.0
[INFO] [stderr]    Compiling cfg-if v0.1.10
[INFO] [stderr]    Compiling unicode-normalization v0.1.19
[INFO] [stderr]    Compiling form_urlencoded v1.0.1
[INFO] [stderr]    Compiling sdl2-sys v0.34.5
[INFO] [stderr]    Compiling cmake v0.1.45
[INFO] [stderr]    Compiling rand_core v0.6.3
[INFO] [stderr]    Compiling tracing v0.1.26
[INFO] [stderr]    Compiling unicode-bidi v0.3.5
[INFO] [stderr]    Compiling encoding_rs v0.8.28
[INFO] [stderr]    Compiling bitflags v1.2.1
[INFO] [stderr]    Compiling try-lock v0.2.3
[INFO] [stderr]    Compiling ppv-lite86 v0.2.10
[INFO] [stderr]    Compiling want v0.3.0
[INFO] [stderr]    Compiling soloud-sys v0.4.0
[INFO] [stderr]    Compiling idna v0.2.3
[INFO] [stderr]    Compiling http-body v0.4.2
[INFO] [stderr]    Compiling socket2 v0.4.0
[INFO] [stderr]    Compiling serde_json v1.0.64
[INFO] [stderr]    Compiling rand_chacha v0.3.1
[INFO] [stderr]    Compiling httpdate v1.0.1
[INFO] [stderr]    Compiling tower-service v0.3.1
[INFO] [stderr]    Compiling url v2.2.2
[INFO] [stderr]    Compiling rand v0.8.4
[INFO] [stderr]    Compiling aho-corasick v0.7.18
[INFO] [stderr]    Compiling tokio-util v0.6.7
[INFO] [stderr]    Compiling mime v0.3.16
[INFO] [stderr]    Compiling sdl2 v0.34.5
[INFO] [stderr]    Compiling regex-syntax v0.6.25
[INFO] [stderr]    Compiling ipnet v2.3.1
[INFO] [stderr]    Compiling base64 v0.13.0
[INFO] [stderr]    Compiling soloud-derive v0.4.0
[INFO] [stderr]    Compiling random-number-macro-impl v0.1.5
[INFO] [stderr]    Compiling random-number v0.1.6
[INFO] [stderr]    Compiling regex v1.5.4
[INFO] [stderr]    Compiling h2 v0.3.3
[INFO] [stderr]    Compiling futures-executor v0.3.15
[INFO] [stderr]    Compiling futures v0.3.15
[INFO] [stderr]    Compiling hyper v0.14.10
[INFO] [stderr]    Compiling serde_urlencoded v0.7.0
[INFO] [stderr]    Compiling soloud v0.4.0
[INFO] [stderr]    Compiling reqwest v0.11.4
[INFO] [stderr]    Compiling openweathermap v0.2.4
[INFO] [stderr]    Compiling bmos_server v1.0.3 (/opt/rustwide/workdir)
[INFO] [stdout] warning: unused import: `Path`
[INFO] [stdout]  --> src/main_loop.rs:9:17
[INFO] [stdout]   |
[INFO] [stdout] 9 | use std::path::{Path}; // for providing paths to SDL
[INFO] [stdout]   |                 ^^^^
[INFO] [stdout]   |
[INFO] [stdout]   = note: `#[warn(unused_imports)]` on by default
[INFO] [stdout] 
[INFO] [stdout] 
[INFO] [stdout] warning: unused import: `crate::main_loop::intent_receiver::listen`
[INFO] [stdout]   --> src/main_loop.rs:23:9
[INFO] [stdout]    |
[INFO] [stdout] 23 | pub use crate::main_loop::intent_receiver::listen;
[INFO] [stdout]    |         ^^^^^^^^^^^^^^^^^^^^^^^^^^^^^^^^^^^^^^^^^
[INFO] [stdout] 
[INFO] [stdout] 
[INFO] [stdout] error: linking with `cc` failed: exit status: 1
[INFO] [stdout]   |
[INFO] [stdout]   = note: LC_ALL="C" PATH="/opt/rustwide/rustup-home/toolchains/nightly-2024-10-28-x86_64-unknown-linux-gnu/lib/rustlib/x86_64-unknown-linux-gnu/bin:/opt/rustwide/rustup-home/toolchains/nightly-2024-10-28-x86_64-unknown-linux-gnu/lib/rustlib/x86_64-unknown-linux-gnu/bin/self-contained:/opt/rustwide/cargo-home/bin:/usr/local/sbin:/usr/local/bin:/usr/sbin:/usr/bin:/sbin:/bin" VSLANG="1033" "cc" "-m64" "/tmp/rustci3Q2zx/symbols.o" "/opt/rustwide/target/debug/deps/bmos_server-435b0ada717b6633.bmos_server.e164ab569f7bce98-cgu.0.rcgu.o" "/opt/rustwide/target/debug/deps/bmos_server-435b0ada717b6633.bmos_server.e164ab569f7bce98-cgu.1.rcgu.o" "/opt/rustwide/target/debug/deps/bmos_server-435b0ada717b6633.bmos_server.e164ab569f7bce98-cgu.2.rcgu.o" "/opt/rustwide/target/debug/deps/bmos_server-435b0ada717b6633.bmos_server.e164ab569f7bce98-cgu.3.rcgu.o" "/opt/rustwide/target/debug/deps/bmos_server-435b0ada717b6633.bmos_server.e164ab569f7bce98-cgu.4.rcgu.o" "/opt/rustwide/target/debug/deps/bmos_server-435b0ada717b6633.d4ukuaf2iddhkma5o30rugax6.rcgu.o" "-Wl,--as-needed" "-Wl,-Bstatic" "/opt/rustwide/target/debug/deps/libsoloud-2ca69182738ac2e6.rlib" "/opt/rustwide/target/debug/deps/libsoloud_sys-40a95d6ac9adf600.rlib" "/opt/rustwide/target/debug/deps/libopenweathermap-05d32da4646fb95c.rlib" "/opt/rustwide/target/debug/deps/libregex-5e58cf8adde4c80d.rlib" "/opt/rustwide/target/debug/deps/libaho_corasick-9b4dae12c670e4bb.rlib" "/opt/rustwide/target/debug/deps/libregex_syntax-9759188d88a58e9b.rlib" "/opt/rustwide/target/debug/deps/libfutures-5dfef8c5d0ab4d9c.rlib" "/opt/rustwide/target/debug/deps/libfutures_executor-edf44c3ae1112530.rlib" "/opt/rustwide/target/debug/deps/libserde_json-a96b07d9c4bc3e42.rlib" "/opt/rustwide/target/debug/deps/libreqwest-dfb25f01853a0336.rlib" "/opt/rustwide/target/debug/deps/libipnet-d41e395b54b5590e.rlib" "/opt/rustwide/target/debug/deps/libserde_urlencoded-997caa3f20235898.rlib" "/opt/rustwide/target/debug/deps/libryu-a9d03167471ca5ef.rlib" "/opt/rustwide/target/debug/deps/libmime-9e07d67b5ac64e40.rlib" "/opt/rustwide/target/debug/deps/libencoding_rs-b6d16987dbfeac80.rlib" "/opt/rustwide/target/debug/deps/libserde-8724d74937f4cdef.rlib" "/opt/rustwide/target/debug/deps/libbase64-70ad20caa2b11358.rlib" "/opt/rustwide/target/debug/deps/libhyper-2adb4bee2abbf09e.rlib" "/opt/rustwide/target/debug/deps/libwant-81083ced3be46118.rlib" "/opt/rustwide/target/debug/deps/libtry_lock-3a78e9645921fd84.rlib" "/opt/rustwide/target/debug/deps/libsocket2-2739945cee9040fc.rlib" "/opt/rustwide/target/debug/deps/libh2-e04b79dcebda4575.rlib" "/opt/rustwide/target/debug/deps/libindexmap-be01b6aff7409313.rlib" "/opt/rustwide/target/debug/deps/libhashbrown-9d344ec4bd0a499c.rlib" "/opt/rustwide/target/debug/deps/libtokio_util-bb8b1b7674814209.rlib" "/opt/rustwide/target/debug/deps/libhttparse-1686d95d1037ead4.rlib" "/opt/rustwide/target/debug/deps/libtower_service-b8eada18fb851852.rlib" "/opt/rustwide/target/debug/deps/libtracing-d742ac51d8723141.rlib" "/opt/rustwide/target/debug/deps/libtracing_core-0d7e05fac41961d2.rlib" "/opt/rustwide/target/debug/deps/libtokio-391089691c917830.rlib" "/opt/rustwide/target/debug/deps/libnum_cpus-15fa36f83447ecfc.rlib" "/opt/rustwide/target/debug/deps/libmio-78958b985072458e.rlib" "/opt/rustwide/target/debug/deps/libhttp_body-cfb807e362a71882.rlib" "/opt/rustwide/target/debug/deps/liblog-e97256dba8f0ccab.rlib" "/opt/rustwide/target/debug/deps/libfutures_util-9e461eb1359a023d.rlib" "/opt/rustwide/target/debug/deps/libmemchr-7aca7bbfa6232ac8.rlib" "/opt/rustwide/target/debug/deps/libfutures_io-159f16f5da51c4a3.rlib" "/opt/rustwide/target/debug/deps/libslab-071482c4c950dd98.rlib" "/opt/rustwide/target/debug/deps/libfutures_channel-debbbafe06c29971.rlib" "/opt/rustwide/target/debug/deps/libpin_project_lite-e9e08e6820050fb1.rlib" "/opt/rustwide/target/debug/deps/libfutures_sink-7425e564a3de4ede.rlib" "/opt/rustwide/target/debug/deps/libfutures_task-42bfe683def57893.rlib" "/opt/rustwide/target/debug/deps/libpin_utils-76c2785263cdb1c1.rlib" "/opt/rustwide/target/debug/deps/libfutures_core-3926c86614eed362.rlib" "/opt/rustwide/target/debug/deps/liburl-30daa8bf974b45f8.rlib" "/opt/rustwide/target/debug/deps/libidna-c5187e54397b8d8d.rlib" "/opt/rustwide/target/debug/deps/libunicode_normalization-47ab1b083629f17e.rlib" "/opt/rustwide/target/debug/deps/libtinyvec-d4cc1047f1fbbaee.rlib" "/opt/rustwide/target/debug/deps/libtinyvec_macros-1bf1a30eed3b5c6a.rlib" "/opt/rustwide/target/debug/deps/libunicode_bidi-81c51be699edaacd.rlib" "/opt/rustwide/target/debug/deps/libform_urlencoded-499e815f1d559f00.rlib" "/opt/rustwide/target/debug/deps/libpercent_encoding-728584a78b46a6c0.rlib" "/opt/rustwide/target/debug/deps/libmatches-359d126c5b4c8439.rlib" "/opt/rustwide/target/debug/deps/libhttp-7c0b25d497ed12fa.rlib" "/opt/rustwide/target/debug/deps/libitoa-62a3ab728f2eb46b.rlib" "/opt/rustwide/target/debug/deps/libbytes-e15be07694ff120e.rlib" "/opt/rustwide/target/debug/deps/libfnv-574dedeaa4c89e1d.rlib" "/opt/rustwide/target/debug/deps/librandom_number-17d1282a506a1bed.rlib" "/opt/rustwide/target/debug/deps/librand-3cc880aa66c71d05.rlib" "/opt/rustwide/target/debug/deps/librand_chacha-97d89510bd022cf0.rlib" "/opt/rustwide/target/debug/deps/libppv_lite86-541bb44a8539c640.rlib" "/opt/rustwide/target/debug/deps/librand_core-6db335bb749258cd.rlib" "/opt/rustwide/target/debug/deps/libgetrandom-7a8c91bdf252a5f1.rlib" "/opt/rustwide/target/debug/deps/libcfg_if-57bf25c23e31efdb.rlib" "/opt/rustwide/target/debug/deps/libsdl2-6745a05a82eab873.rlib" "/opt/rustwide/target/debug/deps/libsdl2_sys-ff3b2dcef497647b.rlib" "/opt/rustwide/target/debug/deps/libbitflags-b8f2fcfec265dfb2.rlib" "/opt/rustwide/target/debug/deps/liblazy_static-b82c15677deef9e2.rlib" "/opt/rustwide/target/debug/deps/liblibc-7d5ca95ad51bcba1.rlib" "/opt/rustwide/rustup-home/toolchains/nightly-2024-10-28-x86_64-unknown-linux-gnu/lib/rustlib/x86_64-unknown-linux-gnu/lib/libstd-fb8c387236db3c10.rlib" "/opt/rustwide/rustup-home/toolchains/nightly-2024-10-28-x86_64-unknown-linux-gnu/lib/rustlib/x86_64-unknown-linux-gnu/lib/libpanic_unwind-b251837809b2f64b.rlib" "/opt/rustwide/rustup-home/toolchains/nightly-2024-10-28-x86_64-unknown-linux-gnu/lib/rustlib/x86_64-unknown-linux-gnu/lib/libobject-cbef83eaa4e01f04.rlib" "/opt/rustwide/rustup-home/toolchains/nightly-2024-10-28-x86_64-unknown-linux-gnu/lib/rustlib/x86_64-unknown-linux-gnu/lib/libmemchr-12a772286de2fca7.rlib" "/opt/rustwide/rustup-home/toolchains/nightly-2024-10-28-x86_64-unknown-linux-gnu/lib/rustlib/x86_64-unknown-linux-gnu/lib/libaddr2line-023bbe5ada7abfc3.rlib" "/opt/rustwide/rustup-home/toolchains/nightly-2024-10-28-x86_64-unknown-linux-gnu/lib/rustlib/x86_64-unknown-linux-gnu/lib/libgimli-de2bcdf10ec69c2b.rlib" "/opt/rustwide/rustup-home/toolchains/nightly-2024-10-28-x86_64-unknown-linux-gnu/lib/rustlib/x86_64-unknown-linux-gnu/lib/librustc_demangle-8e1754df350800fd.rlib" "/opt/rustwide/rustup-home/toolchains/nightly-2024-10-28-x86_64-unknown-linux-gnu/lib/rustlib/x86_64-unknown-linux-gnu/lib/libstd_detect-06c2ab7b9c32e037.rlib" "/opt/rustwide/rustup-home/toolchains/nightly-2024-10-28-x86_64-unknown-linux-gnu/lib/rustlib/x86_64-unknown-linux-gnu/lib/libhashbrown-51d2621fc57a281b.rlib" "/opt/rustwide/rustup-home/toolchains/nightly-2024-10-28-x86_64-unknown-linux-gnu/lib/rustlib/x86_64-unknown-linux-gnu/lib/librustc_std_workspace_alloc-54a930408793772f.rlib" "/opt/rustwide/rustup-home/toolchains/nightly-2024-10-28-x86_64-unknown-linux-gnu/lib/rustlib/x86_64-unknown-linux-gnu/lib/libminiz_oxide-0c7d01cba400dcb2.rlib" "/opt/rustwide/rustup-home/toolchains/nightly-2024-10-28-x86_64-unknown-linux-gnu/lib/rustlib/x86_64-unknown-linux-gnu/lib/libadler-b9f84d69e331b75b.rlib" "/opt/rustwide/rustup-home/toolchains/nightly-2024-10-28-x86_64-unknown-linux-gnu/lib/rustlib/x86_64-unknown-linux-gnu/lib/libunwind-eec95493246aae39.rlib" "/opt/rustwide/rustup-home/toolchains/nightly-2024-10-28-x86_64-unknown-linux-gnu/lib/rustlib/x86_64-unknown-linux-gnu/lib/libcfg_if-6f6676c475e08ab0.rlib" "/opt/rustwide/rustup-home/toolchains/nightly-2024-10-28-x86_64-unknown-linux-gnu/lib/rustlib/x86_64-unknown-linux-gnu/lib/liblibc-799d520624f8b2e0.rlib" "/opt/rustwide/rustup-home/toolchains/nightly-2024-10-28-x86_64-unknown-linux-gnu/lib/rustlib/x86_64-unknown-linux-gnu/lib/liballoc-fcf93d4842acd9a9.rlib" "/opt/rustwide/rustup-home/toolchains/nightly-2024-10-28-x86_64-unknown-linux-gnu/lib/rustlib/x86_64-unknown-linux-gnu/lib/librustc_std_workspace_core-395a38b8e0851c9b.rlib" "/opt/rustwide/rustup-home/toolchains/nightly-2024-10-28-x86_64-unknown-linux-gnu/lib/rustlib/x86_64-unknown-linux-gnu/lib/libcore-d453bab70303062c.rlib" "/opt/rustwide/rustup-home/toolchains/nightly-2024-10-28-x86_64-unknown-linux-gnu/lib/rustlib/x86_64-unknown-linux-gnu/lib/libcompiler_builtins-0e6386368b0a24e8.rlib" "-Wl,-Bdynamic" "-lopenal" "-lSDL2" "-lSDL2_image" "-lSDL2_ttf" "-lgcc_s" "-lutil" "-lrt" "-lpthread" "-lm" "-ldl" "-lc" "-B/opt/rustwide/rustup-home/toolchains/nightly-2024-10-28-x86_64-unknown-linux-gnu/lib/rustlib/x86_64-unknown-linux-gnu/bin/gcc-ld" "-fuse-ld=lld" "-Wl,--eh-frame-hdr" "-Wl,-z,noexecstack" "-L" "/opt/rustwide/target/debug/build/soloud-sys-e28c0ab1570e2525/out/build" "-L" "/opt/rustwide/target/debug/build/soloud-sys-e28c0ab1570e2525/out/lib" "-L" "/opt/rustwide/target/debug/build/soloud-sys-e28c0ab1570e2525/out/lib/Release" "-L" "/opt/rustwide/rustup-home/toolchains/nightly-2024-10-28-x86_64-unknown-linux-gnu/lib/rustlib/x86_64-unknown-linux-gnu/lib" "-o" "/opt/rustwide/target/debug/deps/bmos_server-435b0ada717b6633" "-Wl,--gc-sections" "-pie" "-Wl,-z,relro,-z,now" "-nodefaultlibs"
[INFO] [stdout]   = note: rust-lld: error: unable to find library -lSDL2_image
[INFO] [stdout]           rust-lld: error: unable to find library -lSDL2_ttf
[INFO] [stdout]           collect2: error: ld returned 1 exit status
[INFO] [stdout]           
[INFO] [stdout] 
[INFO] [stdout] 
[INFO] [stderr] error: could not compile `bmos_server` (bin "bmos_server") due to 1 previous error; 2 warnings emitted
[INFO] running `Command { std: "docker" "inspect" "07ab56188c7999281e056548609cdc903d472711d01965c87f8b0ee996c44002", kill_on_drop: false }`
[INFO] running `Command { std: "docker" "rm" "-f" "07ab56188c7999281e056548609cdc903d472711d01965c87f8b0ee996c44002", kill_on_drop: false }`
[INFO] [stdout] 07ab56188c7999281e056548609cdc903d472711d01965c87f8b0ee996c44002
