[INFO] fetching crate bm25 0.3.1...
[INFO] testing bm25-0.3.1 against nightly-2024-10-28 for randomize-layout
[INFO] extracting crate bm25 0.3.1 into /workspace/builds/worker-1-tc1/source
[INFO] validating manifest of crates.io crate bm25 0.3.1 on toolchain nightly-2024-10-28
[INFO] running `Command { std: CARGO_HOME="/workspace/cargo-home" RUSTUP_HOME="/workspace/rustup-home" "/workspace/cargo-home/bin/cargo" "+nightly-2024-10-28" "metadata" "--manifest-path" "Cargo.toml" "--no-deps", kill_on_drop: false }`
[INFO] started tweaking crates.io crate bm25 0.3.1
[INFO] finished tweaking crates.io crate bm25 0.3.1
[INFO] tweaked toml for crates.io crate bm25 0.3.1 written to /workspace/builds/worker-1-tc1/source/Cargo.toml
[INFO] running `Command { std: CARGO_HOME="/workspace/cargo-home" RUSTUP_HOME="/workspace/rustup-home" "/workspace/cargo-home/bin/cargo" "+nightly-2024-10-28" "generate-lockfile" "--manifest-path" "Cargo.toml", kill_on_drop: false }`
[INFO] [stderr]     Updating crates.io index
[INFO] [stderr]      Locking 82 packages to latest compatible versions
[INFO] running `Command { std: CARGO_HOME="/workspace/cargo-home" RUSTUP_HOME="/workspace/rustup-home" "/workspace/cargo-home/bin/cargo" "+nightly-2024-10-28" "fetch" "--manifest-path" "Cargo.toml", kill_on_drop: false }`
[INFO] [stderr]  Downloading crates ...
[INFO] [stderr]   Downloaded terminal_size v0.4.0
[INFO] [stderr]   Downloaded condtype v1.3.0
[INFO] [stderr]   Downloaded cached_proc_macro_types v0.1.1
[INFO] [stderr]   Downloaded divan-macros v0.1.15
[INFO] [stderr]   Downloaded divan v0.1.15
[INFO] [stderr]   Downloaded cached_proc_macro v0.23.0
[INFO] [stderr]   Downloaded cached v0.53.1
[INFO] [stderr]   Downloaded stop-words v0.8.0
[INFO] [stderr]   Downloaded whichlang v0.1.0
[INFO] running `Command { std: "docker" "create" "-v" "/var/lib/crater-agent-workspace/builds/worker-1-tc1/target:/opt/rustwide/target:rw,Z" "-v" "/var/lib/crater-agent-workspace/builds/worker-1-tc1/source:/opt/rustwide/workdir:ro,Z" "-v" "/var/lib/crater-agent-workspace/cargo-home:/opt/rustwide/cargo-home:ro,Z" "-v" "/var/lib/crater-agent-workspace/rustup-home:/opt/rustwide/rustup-home:ro,Z" "-e" "SOURCE_DIR=/opt/rustwide/workdir" "-e" "CARGO_TARGET_DIR=/opt/rustwide/target" "-e" "CARGO_HOME=/opt/rustwide/cargo-home" "-e" "RUSTUP_HOME=/opt/rustwide/rustup-home" "-w" "/opt/rustwide/workdir" "-m" "1610612736" "--user" "0:0" "--network" "none" "ghcr.io/rust-lang/crates-build-env/linux@sha256:4a844ea9eb2546a2d2c7022eacef16ef2e8229c7fbb2c7d4d55a9ceca922f72d" "/opt/rustwide/cargo-home/bin/cargo" "+nightly-2024-10-28" "metadata" "--no-deps" "--format-version=1", kill_on_drop: false }`
[INFO] [stdout] 6e05f639ed8b327daef18993e0c78f636766276294990936ecf3aa4d9d85fe4f
[INFO] running `Command { std: "docker" "start" "-a" "6e05f639ed8b327daef18993e0c78f636766276294990936ecf3aa4d9d85fe4f", kill_on_drop: false }`
[INFO] running `Command { std: "docker" "inspect" "6e05f639ed8b327daef18993e0c78f636766276294990936ecf3aa4d9d85fe4f", kill_on_drop: false }`
[INFO] running `Command { std: "docker" "rm" "-f" "6e05f639ed8b327daef18993e0c78f636766276294990936ecf3aa4d9d85fe4f", kill_on_drop: false }`
[INFO] [stdout] 6e05f639ed8b327daef18993e0c78f636766276294990936ecf3aa4d9d85fe4f
[INFO] running `Command { std: "docker" "create" "-v" "/var/lib/crater-agent-workspace/builds/worker-1-tc1/target:/opt/rustwide/target:rw,Z" "-v" "/var/lib/crater-agent-workspace/builds/worker-1-tc1/source:/opt/rustwide/workdir:ro,Z" "-v" "/var/lib/crater-agent-workspace/cargo-home:/opt/rustwide/cargo-home:ro,Z" "-v" "/var/lib/crater-agent-workspace/rustup-home:/opt/rustwide/rustup-home:ro,Z" "-e" "SOURCE_DIR=/opt/rustwide/workdir" "-e" "CARGO_TARGET_DIR=/opt/rustwide/target" "-e" "CARGO_INCREMENTAL=0" "-e" "RUST_BACKTRACE=full" "-e" "RUSTFLAGS=--cap-lints=forbid" "-e" "RUSTDOCFLAGS=--cap-lints=forbid" "-e" "CARGO_HOME=/opt/rustwide/cargo-home" "-e" "RUSTUP_HOME=/opt/rustwide/rustup-home" "-w" "/opt/rustwide/workdir" "-m" "1610612736" "--user" "0:0" "--network" "none" "ghcr.io/rust-lang/crates-build-env/linux@sha256:4a844ea9eb2546a2d2c7022eacef16ef2e8229c7fbb2c7d4d55a9ceca922f72d" "/opt/rustwide/cargo-home/bin/cargo" "+nightly-2024-10-28" "build" "--frozen" "--message-format=json", kill_on_drop: false }`
[INFO] [stdout] 6e2cec0ea4d1e01dbcb5dfd1c6a08e4eddf6f651effcf11478d6d3fc455caeb4
[INFO] running `Command { std: "docker" "start" "-a" "6e2cec0ea4d1e01dbcb5dfd1c6a08e4eddf6f651effcf11478d6d3fc455caeb4", kill_on_drop: false }`
[INFO] [stderr]    Compiling serde_json v1.0.132
[INFO] [stderr]    Compiling serde v1.0.214
[INFO] [stderr]    Compiling ryu v1.0.18
[INFO] [stderr]    Compiling fnv v1.0.7
[INFO] [stderr]    Compiling ident_case v1.0.1
[INFO] [stderr]    Compiling itoa v1.0.11
[INFO] [stderr]    Compiling strsim v0.11.1
[INFO] [stderr]    Compiling syn v2.0.86
[INFO] [stderr]    Compiling ahash v0.8.11
[INFO] [stderr]    Compiling cached_proc_macro_types v0.1.1
[INFO] [stderr]    Compiling web-time v1.1.0
[INFO] [stderr]    Compiling fxhash v0.2.1
[INFO] [stderr]    Compiling hashbrown v0.14.5
[INFO] [stderr]    Compiling darling_core v0.20.10
[INFO] [stderr]    Compiling stop-words v0.8.0
[INFO] [stderr]    Compiling thiserror-impl v1.0.66
[INFO] [stderr]    Compiling serde_derive v1.0.214
[INFO] [stderr]    Compiling thiserror v1.0.66
[INFO] [stderr]    Compiling darling_macro v0.20.10
[INFO] [stderr]    Compiling darling v0.20.10
[INFO] [stderr]    Compiling cached_proc_macro v0.23.0
[INFO] [stderr]    Compiling cached v0.53.1
[INFO] [stderr]    Compiling rust-stemmers v1.2.0
[INFO] [stderr]    Compiling bm25 v0.3.1 (/opt/rustwide/workdir)
[INFO] [stderr]     Finished `dev` profile [unoptimized + debuginfo] target(s) in 6.18s
[INFO] running `Command { std: "docker" "inspect" "6e2cec0ea4d1e01dbcb5dfd1c6a08e4eddf6f651effcf11478d6d3fc455caeb4", kill_on_drop: false }`
[INFO] running `Command { std: "docker" "rm" "-f" "6e2cec0ea4d1e01dbcb5dfd1c6a08e4eddf6f651effcf11478d6d3fc455caeb4", kill_on_drop: false }`
[INFO] [stdout] 6e2cec0ea4d1e01dbcb5dfd1c6a08e4eddf6f651effcf11478d6d3fc455caeb4
[INFO] running `Command { std: "docker" "create" "-v" "/var/lib/crater-agent-workspace/builds/worker-1-tc1/target:/opt/rustwide/target:rw,Z" "-v" "/var/lib/crater-agent-workspace/builds/worker-1-tc1/source:/opt/rustwide/workdir:ro,Z" "-v" "/var/lib/crater-agent-workspace/cargo-home:/opt/rustwide/cargo-home:ro,Z" "-v" "/var/lib/crater-agent-workspace/rustup-home:/opt/rustwide/rustup-home:ro,Z" "-e" "SOURCE_DIR=/opt/rustwide/workdir" "-e" "CARGO_TARGET_DIR=/opt/rustwide/target" "-e" "CARGO_INCREMENTAL=0" "-e" "RUST_BACKTRACE=full" "-e" "RUSTFLAGS=--cap-lints=forbid" "-e" "RUSTDOCFLAGS=--cap-lints=forbid" "-e" "CARGO_HOME=/opt/rustwide/cargo-home" "-e" "RUSTUP_HOME=/opt/rustwide/rustup-home" "-w" "/opt/rustwide/workdir" "-m" "1610612736" "--user" "0:0" "--network" "none" "ghcr.io/rust-lang/crates-build-env/linux@sha256:4a844ea9eb2546a2d2c7022eacef16ef2e8229c7fbb2c7d4d55a9ceca922f72d" "/opt/rustwide/cargo-home/bin/cargo" "+nightly-2024-10-28" "test" "--frozen" "--no-run" "--message-format=json", kill_on_drop: false }`
[INFO] [stdout] 2c7a82c40b7aaaf210f678030a12c8187adc36822af3057457ab5e05e28e2ce8
[INFO] running `Command { std: "docker" "start" "-a" "2c7a82c40b7aaaf210f678030a12c8187adc36822af3057457ab5e05e28e2ce8", kill_on_drop: false }`
[INFO] [stderr]    Compiling crossbeam-utils v0.8.20
[INFO] [stderr]    Compiling rustix v0.38.38
[INFO] [stderr]    Compiling linux-raw-sys v0.4.14
[INFO] [stderr]    Compiling bitflags v2.6.0
[INFO] [stderr]    Compiling rayon-core v1.12.1
[INFO] [stderr]    Compiling clap_lex v0.7.2
[INFO] [stderr]    Compiling anstyle v1.0.9
[INFO] [stderr]    Compiling console v0.15.8
[INFO] [stderr]    Compiling divan-macros v0.1.15
[INFO] [stderr]    Compiling csv-core v0.1.11
[INFO] [stderr]    Compiling regex-lite v0.1.6
[INFO] [stderr]    Compiling either v1.13.0
[INFO] [stderr]    Compiling linked-hash-map v0.5.6
[INFO] [stderr]    Compiling similar v2.6.0
[INFO] [stderr]    Compiling condtype v1.3.0
[INFO] [stderr]    Compiling csv v1.3.0
[INFO] [stderr]    Compiling crossbeam-epoch v0.9.18
[INFO] [stderr]    Compiling crossbeam-deque v0.8.5
[INFO] [stderr]    Compiling insta v1.41.1
[INFO] [stderr]    Compiling terminal_size v0.4.0
[INFO] [stderr]    Compiling clap_builder v4.5.20
[INFO] [stderr]    Compiling rayon v1.10.0
[INFO] [stderr]    Compiling clap v4.5.20
[INFO] [stderr]    Compiling divan v0.1.15
[INFO] [stderr]    Compiling bm25 v0.3.1 (/opt/rustwide/workdir)
[INFO] [stdout] error[E0599]: no variant or associated item named `Detect` found for enum `tokenizer::LanguageMode` in the current scope
[INFO] [stdout]    --> src/tokenizer.rs:301:55
[INFO] [stdout]     |
[INFO] [stdout] 38  | pub enum LanguageMode {
[INFO] [stdout]     | --------------------- variant or associated item `Detect` not found for this enum
[INFO] [stdout] ...
[INFO] [stdout] 301 |         let tokenizer = Tokenizer::new(&LanguageMode::Detect);
[INFO] [stdout]     |                                                       ^^^^^^ variant or associated item not found in `LanguageMode`
[INFO] [stdout] 
[INFO] [stdout] 
[INFO] [stdout] error[E0599]: no variant or associated item named `Detect` found for enum `tokenizer::LanguageMode` in the current scope
[INFO] [stdout]    --> src/tokenizer.rs:339:55
[INFO] [stdout]     |
[INFO] [stdout] 38  | pub enum LanguageMode {
[INFO] [stdout]     | --------------------- variant or associated item `Detect` not found for this enum
[INFO] [stdout] ...
[INFO] [stdout] 339 |         let tokenizer = Tokenizer::new(&LanguageMode::Detect);
[INFO] [stdout]     |                                                       ^^^^^^ variant or associated item not found in `LanguageMode`
[INFO] [stdout] 
[INFO] [stdout] 
[INFO] [stdout] error[E0599]: no variant or associated item named `Detect` found for enum `tokenizer::LanguageMode` in the current scope
[INFO] [stdout]    --> src/tokenizer.rs:348:80
[INFO] [stdout]     |
[INFO] [stdout] 38  | pub enum LanguageMode {
[INFO] [stdout]     | --------------------- variant or associated item `Detect` not found for this enum
[INFO] [stdout] ...
[INFO] [stdout] 348 |         let tokens_detected = tokenize_recipes("recipes_en.csv", LanguageMode::Detect);
[INFO] [stdout]     |                                                                                ^^^^^^ variant or associated item not found in `LanguageMode`
[INFO] [stdout] 
[INFO] [stdout] 
[INFO] [stdout] error[E0599]: no variant or associated item named `Detect` found for enum `tokenizer::LanguageMode` in the current scope
[INFO] [stdout]    --> src/tokenizer.rs:356:80
[INFO] [stdout]     |
[INFO] [stdout] 38  | pub enum LanguageMode {
[INFO] [stdout]     | --------------------- variant or associated item `Detect` not found for this enum
[INFO] [stdout] ...
[INFO] [stdout] 356 |         let tokens_detected = tokenize_recipes("recipes_de.csv", LanguageMode::Detect);
[INFO] [stdout]     |                                                                                ^^^^^^ variant or associated item not found in `LanguageMode`
[INFO] [stdout] 
[INFO] [stdout] 
[INFO] [stdout] For more information about this error, try `rustc --explain E0599`.
[INFO] [stdout] 
[INFO] [stderr] error: could not compile `bm25` (lib test) due to 4 previous errors
[INFO] running `Command { std: "docker" "inspect" "2c7a82c40b7aaaf210f678030a12c8187adc36822af3057457ab5e05e28e2ce8", kill_on_drop: false }`
[INFO] running `Command { std: "docker" "rm" "-f" "2c7a82c40b7aaaf210f678030a12c8187adc36822af3057457ab5e05e28e2ce8", kill_on_drop: false }`
[INFO] [stdout] 2c7a82c40b7aaaf210f678030a12c8187adc36822af3057457ab5e05e28e2ce8
