[INFO] fetching crate bloomberg 0.2.0...
[INFO] testing bloomberg-0.2.0 against nightly-2024-10-28 for randomize-layout
[INFO] extracting crate bloomberg 0.2.0 into /workspace/builds/worker-2-tc1/source
[INFO] validating manifest of crates.io crate bloomberg 0.2.0 on toolchain nightly-2024-10-28
[INFO] running `Command { std: CARGO_HOME="/workspace/cargo-home" RUSTUP_HOME="/workspace/rustup-home" "/workspace/cargo-home/bin/cargo" "+nightly-2024-10-28" "metadata" "--manifest-path" "Cargo.toml" "--no-deps", kill_on_drop: false }`
[INFO] started tweaking crates.io crate bloomberg 0.2.0
[INFO] finished tweaking crates.io crate bloomberg 0.2.0
[INFO] tweaked toml for crates.io crate bloomberg 0.2.0 written to /workspace/builds/worker-2-tc1/source/Cargo.toml
[INFO] running `Command { std: CARGO_HOME="/workspace/cargo-home" RUSTUP_HOME="/workspace/rustup-home" "/workspace/cargo-home/bin/cargo" "+nightly-2024-10-28" "generate-lockfile" "--manifest-path" "Cargo.toml", kill_on_drop: false }`
[INFO] [stderr]     Updating crates.io index
[INFO] [stderr]      Locking 36 packages to latest compatible versions
[INFO] running `Command { std: CARGO_HOME="/workspace/cargo-home" RUSTUP_HOME="/workspace/rustup-home" "/workspace/cargo-home/bin/cargo" "+nightly-2024-10-28" "fetch" "--manifest-path" "Cargo.toml", kill_on_drop: false }`
[INFO] running `Command { std: "docker" "create" "-v" "/var/lib/crater-agent-workspace/builds/worker-2-tc1/target:/opt/rustwide/target:rw,Z" "-v" "/var/lib/crater-agent-workspace/builds/worker-2-tc1/source:/opt/rustwide/workdir:ro,Z" "-v" "/var/lib/crater-agent-workspace/cargo-home:/opt/rustwide/cargo-home:ro,Z" "-v" "/var/lib/crater-agent-workspace/rustup-home:/opt/rustwide/rustup-home:ro,Z" "-e" "SOURCE_DIR=/opt/rustwide/workdir" "-e" "CARGO_TARGET_DIR=/opt/rustwide/target" "-e" "CARGO_HOME=/opt/rustwide/cargo-home" "-e" "RUSTUP_HOME=/opt/rustwide/rustup-home" "-w" "/opt/rustwide/workdir" "-m" "1610612736" "--user" "0:0" "--network" "none" "ghcr.io/rust-lang/crates-build-env/linux@sha256:4a844ea9eb2546a2d2c7022eacef16ef2e8229c7fbb2c7d4d55a9ceca922f72d" "/opt/rustwide/cargo-home/bin/cargo" "+nightly-2024-10-28" "metadata" "--no-deps" "--format-version=1", kill_on_drop: false }`
[INFO] [stdout] c156228bd5695f9da032edae37f76a57b412c9b4aaa2597001a07482b618422c
[INFO] running `Command { std: "docker" "start" "-a" "c156228bd5695f9da032edae37f76a57b412c9b4aaa2597001a07482b618422c", kill_on_drop: false }`
[INFO] running `Command { std: "docker" "inspect" "c156228bd5695f9da032edae37f76a57b412c9b4aaa2597001a07482b618422c", kill_on_drop: false }`
[INFO] running `Command { std: "docker" "rm" "-f" "c156228bd5695f9da032edae37f76a57b412c9b4aaa2597001a07482b618422c", kill_on_drop: false }`
[INFO] [stdout] c156228bd5695f9da032edae37f76a57b412c9b4aaa2597001a07482b618422c
[INFO] running `Command { std: "docker" "create" "-v" "/var/lib/crater-agent-workspace/builds/worker-2-tc1/target:/opt/rustwide/target:rw,Z" "-v" "/var/lib/crater-agent-workspace/builds/worker-2-tc1/source:/opt/rustwide/workdir:ro,Z" "-v" "/var/lib/crater-agent-workspace/cargo-home:/opt/rustwide/cargo-home:ro,Z" "-v" "/var/lib/crater-agent-workspace/rustup-home:/opt/rustwide/rustup-home:ro,Z" "-e" "SOURCE_DIR=/opt/rustwide/workdir" "-e" "CARGO_TARGET_DIR=/opt/rustwide/target" "-e" "CARGO_INCREMENTAL=0" "-e" "RUST_BACKTRACE=full" "-e" "RUSTFLAGS=--cap-lints=forbid" "-e" "RUSTDOCFLAGS=--cap-lints=forbid" "-e" "CARGO_HOME=/opt/rustwide/cargo-home" "-e" "RUSTUP_HOME=/opt/rustwide/rustup-home" "-w" "/opt/rustwide/workdir" "-m" "1610612736" "--user" "0:0" "--network" "none" "ghcr.io/rust-lang/crates-build-env/linux@sha256:4a844ea9eb2546a2d2c7022eacef16ef2e8229c7fbb2c7d4d55a9ceca922f72d" "/opt/rustwide/cargo-home/bin/cargo" "+nightly-2024-10-28" "build" "--frozen" "--message-format=json", kill_on_drop: false }`
[INFO] [stdout] c499688500ce1ff8a324f0136903626476b484f13611b9eb8ee1e3b6db6fc020
[INFO] running `Command { std: "docker" "start" "-a" "c499688500ce1ff8a324f0136903626476b484f13611b9eb8ee1e3b6db6fc020", kill_on_drop: false }`
[INFO] [stderr]    Compiling num-traits v0.2.19
[INFO] [stderr]    Compiling iana-time-zone v0.1.61
[INFO] [stderr]    Compiling chrono v0.4.38
[INFO] [stderr]    Compiling bloomberg v0.2.0 (/opt/rustwide/workdir)
[INFO] [stderr]     Finished `dev` profile [unoptimized + debuginfo] target(s) in 2.56s
[INFO] running `Command { std: "docker" "inspect" "c499688500ce1ff8a324f0136903626476b484f13611b9eb8ee1e3b6db6fc020", kill_on_drop: false }`
[INFO] running `Command { std: "docker" "rm" "-f" "c499688500ce1ff8a324f0136903626476b484f13611b9eb8ee1e3b6db6fc020", kill_on_drop: false }`
[INFO] [stdout] c499688500ce1ff8a324f0136903626476b484f13611b9eb8ee1e3b6db6fc020
[INFO] running `Command { std: "docker" "create" "-v" "/var/lib/crater-agent-workspace/builds/worker-2-tc1/target:/opt/rustwide/target:rw,Z" "-v" "/var/lib/crater-agent-workspace/builds/worker-2-tc1/source:/opt/rustwide/workdir:ro,Z" "-v" "/var/lib/crater-agent-workspace/cargo-home:/opt/rustwide/cargo-home:ro,Z" "-v" "/var/lib/crater-agent-workspace/rustup-home:/opt/rustwide/rustup-home:ro,Z" "-e" "SOURCE_DIR=/opt/rustwide/workdir" "-e" "CARGO_TARGET_DIR=/opt/rustwide/target" "-e" "CARGO_INCREMENTAL=0" "-e" "RUST_BACKTRACE=full" "-e" "RUSTFLAGS=--cap-lints=forbid" "-e" "RUSTDOCFLAGS=--cap-lints=forbid" "-e" "CARGO_HOME=/opt/rustwide/cargo-home" "-e" "RUSTUP_HOME=/opt/rustwide/rustup-home" "-w" "/opt/rustwide/workdir" "-m" "1610612736" "--user" "0:0" "--network" "none" "ghcr.io/rust-lang/crates-build-env/linux@sha256:4a844ea9eb2546a2d2c7022eacef16ef2e8229c7fbb2c7d4d55a9ceca922f72d" "/opt/rustwide/cargo-home/bin/cargo" "+nightly-2024-10-28" "test" "--frozen" "--no-run" "--message-format=json", kill_on_drop: false }`
[INFO] [stdout] 58bcf1e0ba47df551ebac888b2e777cd6e9ffed4640d9dc0b79a501970c3e862
[INFO] running `Command { std: "docker" "start" "-a" "58bcf1e0ba47df551ebac888b2e777cd6e9ffed4640d9dc0b79a501970c3e862", kill_on_drop: false }`
[INFO] [stderr]    Compiling bloomberg v0.2.0 (/opt/rustwide/workdir)
[INFO] [stdout] warning: dereferencing a null pointer
[INFO] [stdout]    --> src/bindings.rs:426:14
[INFO] [stdout]     |
[INFO] [stdout] 426 |             &(*(::std::ptr::null::<blpapi_ManagedPtr_t_data_>())).intValue as *const _ as usize
[INFO] [stdout]     |              ^^^^^^^^^^^^^^^^^^^^^^^^^^^^^^^^^^^^^^^^^^^^^^^^^^^^ this code causes undefined behavior when executed
[INFO] [stdout]     |
[INFO] [stdout]     = note: `#[warn(deref_nullptr)]` on by default
[INFO] [stdout] 
[INFO] [stdout] 
[INFO] [stdout] warning: dereferencing a null pointer
[INFO] [stdout]    --> src/bindings.rs:437:19
[INFO] [stdout]     |
[INFO] [stdout] 437 |         unsafe { &(*(::std::ptr::null::<blpapi_ManagedPtr_t_data_>())).ptr as *const _ as usize },
[INFO] [stdout]     |                   ^^^^^^^^^^^^^^^^^^^^^^^^^^^^^^^^^^^^^^^^^^^^^^^^^^^^ this code causes undefined behavior when executed
[INFO] [stdout] 
[INFO] [stdout] 
[INFO] [stdout] warning: dereferencing a null pointer
[INFO] [stdout]    --> src/bindings.rs:467:19
[INFO] [stdout]     |
[INFO] [stdout] 467 |         unsafe { &(*(::std::ptr::null::<blpapi_ManagedPtr_t_>())).pointer as *const _ as usize },
[INFO] [stdout]     |                   ^^^^^^^^^^^^^^^^^^^^^^^^^^^^^^^^^^^^^^^^^^^^^^^ this code causes undefined behavior when executed
[INFO] [stdout] 
[INFO] [stdout] 
[INFO] [stdout] warning: dereferencing a null pointer
[INFO] [stdout]    --> src/bindings.rs:477:19
[INFO] [stdout]     |
[INFO] [stdout] 477 |         unsafe { &(*(::std::ptr::null::<blpapi_ManagedPtr_t_>())).userData as *const _ as usize },
[INFO] [stdout]     |                   ^^^^^^^^^^^^^^^^^^^^^^^^^^^^^^^^^^^^^^^^^^^^^^^ this code causes undefined behavior when executed
[INFO] [stdout] 
[INFO] [stdout] 
[INFO] [stdout] warning: dereferencing a null pointer
[INFO] [stdout]    --> src/bindings.rs:487:19
[INFO] [stdout]     |
[INFO] [stdout] 487 |         unsafe { &(*(::std::ptr::null::<blpapi_ManagedPtr_t_>())).manager as *const _ as usize },
[INFO] [stdout]     |                   ^^^^^^^^^^^^^^^^^^^^^^^^^^^^^^^^^^^^^^^^^^^^^^^ this code causes undefined behavior when executed
[INFO] [stdout] 
[INFO] [stdout] 
[INFO] [stdout] warning: dereferencing a null pointer
[INFO] [stdout]    --> src/bindings.rs:530:14
[INFO] [stdout]     |
[INFO] [stdout] 530 |             &(*(::std::ptr::null::<blpapi_CorrelationId_t___bindgen_ty_1>())).intValue as *const _
[INFO] [stdout]     |              ^^^^^^^^^^^^^^^^^^^^^^^^^^^^^^^^^^^^^^^^^^^^^^^^^^^^^^^^^^^^^^^^ this code causes undefined behavior when executed
[INFO] [stdout] 
[INFO] [stdout] 
[INFO] [stdout] warning: dereferencing a null pointer
[INFO] [stdout]    --> src/bindings.rs:543:14
[INFO] [stdout]     |
[INFO] [stdout] 543 |             &(*(::std::ptr::null::<blpapi_CorrelationId_t___bindgen_ty_1>())).ptrValue as *const _
[INFO] [stdout]     |              ^^^^^^^^^^^^^^^^^^^^^^^^^^^^^^^^^^^^^^^^^^^^^^^^^^^^^^^^^^^^^^^^ this code causes undefined behavior when executed
[INFO] [stdout] 
[INFO] [stdout] 
[INFO] [stdout] warning: dereferencing a null pointer
[INFO] [stdout]    --> src/bindings.rs:568:19
[INFO] [stdout]     |
[INFO] [stdout] 568 |         unsafe { &(*(::std::ptr::null::<blpapi_CorrelationId_t_>())).value as *const _ as usize },
[INFO] [stdout]     |                   ^^^^^^^^^^^^^^^^^^^^^^^^^^^^^^^^^^^^^^^^^^^^^^^^^^ this code causes undefined behavior when executed
[INFO] [stdout] 
[INFO] [stdout] 
[INFO] [stdout] warning: dereferencing a null pointer
[INFO] [stdout]    --> src/bindings.rs:701:19
[INFO] [stdout]     |
[INFO] [stdout] 701 |         unsafe { &(*(::std::ptr::null::<blpapi_ErrorInfo>())).exceptionClass as *const _ as usize },
[INFO] [stdout]     |                   ^^^^^^^^^^^^^^^^^^^^^^^^^^^^^^^^^^^^^^^^^^^ this code causes undefined behavior when executed
[INFO] [stdout] 
[INFO] [stdout] 
[INFO] [stdout] warning: dereferencing a null pointer
[INFO] [stdout]    --> src/bindings.rs:711:19
[INFO] [stdout]     |
[INFO] [stdout] 711 |         unsafe { &(*(::std::ptr::null::<blpapi_ErrorInfo>())).description as *const _ as usize },
[INFO] [stdout]     |                   ^^^^^^^^^^^^^^^^^^^^^^^^^^^^^^^^^^^^^^^^^^^ this code causes undefined behavior when executed
[INFO] [stdout] 
[INFO] [stdout] 
[INFO] [stdout] warning: dereferencing a null pointer
[INFO] [stdout]    --> src/bindings.rs:753:19
[INFO] [stdout]     |
[INFO] [stdout] 753 |         unsafe { &(*(::std::ptr::null::<blpapi_TimePoint>())).d_value as *const _ as usize },
[INFO] [stdout]     |                   ^^^^^^^^^^^^^^^^^^^^^^^^^^^^^^^^^^^^^^^^^^^ this code causes undefined behavior when executed
[INFO] [stdout] 
[INFO] [stdout] 
[INFO] [stdout] warning: dereferencing a null pointer
[INFO] [stdout]    --> src/bindings.rs:796:19
[INFO] [stdout]     |
[INFO] [stdout] 796 |         unsafe { &(*(::std::ptr::null::<blpapi_Datetime_tag>())).parts as *const _ as usize },
[INFO] [stdout]     |                   ^^^^^^^^^^^^^^^^^^^^^^^^^^^^^^^^^^^^^^^^^^^^^^ this code causes undefined behavior when executed
[INFO] [stdout] 
[INFO] [stdout] 
[INFO] [stdout] warning: dereferencing a null pointer
[INFO] [stdout]    --> src/bindings.rs:806:19
[INFO] [stdout]     |
[INFO] [stdout] 806 |         unsafe { &(*(::std::ptr::null::<blpapi_Datetime_tag>())).hours as *const _ as usize },
[INFO] [stdout]     |                   ^^^^^^^^^^^^^^^^^^^^^^^^^^^^^^^^^^^^^^^^^^^^^^ this code causes undefined behavior when executed
[INFO] [stdout] 
[INFO] [stdout] 
[INFO] [stdout] warning: dereferencing a null pointer
[INFO] [stdout]    --> src/bindings.rs:816:19
[INFO] [stdout]     |
[INFO] [stdout] 816 |         unsafe { &(*(::std::ptr::null::<blpapi_Datetime_tag>())).minutes as *const _ as usize },
[INFO] [stdout]     |                   ^^^^^^^^^^^^^^^^^^^^^^^^^^^^^^^^^^^^^^^^^^^^^^ this code causes undefined behavior when executed
[INFO] [stdout] 
[INFO] [stdout] 
[INFO] [stdout] warning: dereferencing a null pointer
[INFO] [stdout]    --> src/bindings.rs:826:19
[INFO] [stdout]     |
[INFO] [stdout] 826 |         unsafe { &(*(::std::ptr::null::<blpapi_Datetime_tag>())).seconds as *const _ as usize },
[INFO] [stdout]     |                   ^^^^^^^^^^^^^^^^^^^^^^^^^^^^^^^^^^^^^^^^^^^^^^ this code causes undefined behavior when executed
[INFO] [stdout] 
[INFO] [stdout] 
[INFO] [stdout] warning: dereferencing a null pointer
[INFO] [stdout]    --> src/bindings.rs:837:14
[INFO] [stdout]     |
[INFO] [stdout] 837 |             &(*(::std::ptr::null::<blpapi_Datetime_tag>())).milliSeconds as *const _ as usize
[INFO] [stdout]     |              ^^^^^^^^^^^^^^^^^^^^^^^^^^^^^^^^^^^^^^^^^^^^^^ this code causes undefined behavior when executed
[INFO] [stdout] 
[INFO] [stdout] 
[INFO] [stdout] warning: dereferencing a null pointer
[INFO] [stdout]    --> src/bindings.rs:848:19
[INFO] [stdout]     |
[INFO] [stdout] 848 |         unsafe { &(*(::std::ptr::null::<blpapi_Datetime_tag>())).month as *const _ as usize },
[INFO] [stdout]     |                   ^^^^^^^^^^^^^^^^^^^^^^^^^^^^^^^^^^^^^^^^^^^^^^ this code causes undefined behavior when executed
[INFO] [stdout] 
[INFO] [stdout] 
[INFO] [stdout] warning: dereferencing a null pointer
[INFO] [stdout]    --> src/bindings.rs:858:19
[INFO] [stdout]     |
[INFO] [stdout] 858 |         unsafe { &(*(::std::ptr::null::<blpapi_Datetime_tag>())).day as *const _ as usize },
[INFO] [stdout]     |                   ^^^^^^^^^^^^^^^^^^^^^^^^^^^^^^^^^^^^^^^^^^^^^^ this code causes undefined behavior when executed
[INFO] [stdout] 
[INFO] [stdout] 
[INFO] [stdout] warning: dereferencing a null pointer
[INFO] [stdout]    --> src/bindings.rs:868:19
[INFO] [stdout]     |
[INFO] [stdout] 868 |         unsafe { &(*(::std::ptr::null::<blpapi_Datetime_tag>())).year as *const _ as usize },
[INFO] [stdout]     |                   ^^^^^^^^^^^^^^^^^^^^^^^^^^^^^^^^^^^^^^^^^^^^^^ this code causes undefined behavior when executed
[INFO] [stdout] 
[INFO] [stdout] 
[INFO] [stdout] warning: dereferencing a null pointer
[INFO] [stdout]    --> src/bindings.rs:878:19
[INFO] [stdout]     |
[INFO] [stdout] 878 |         unsafe { &(*(::std::ptr::null::<blpapi_Datetime_tag>())).offset as *const _ as usize },
[INFO] [stdout]     |                   ^^^^^^^^^^^^^^^^^^^^^^^^^^^^^^^^^^^^^^^^^^^^^^ this code causes undefined behavior when executed
[INFO] [stdout] 
[INFO] [stdout] 
[INFO] [stdout] warning: dereferencing a null pointer
[INFO] [stdout]    --> src/bindings.rs:912:14
[INFO] [stdout]     |
[INFO] [stdout] 912 |             &(*(::std::ptr::null::<blpapi_HighPrecisionDatetime_tag>())).datetime as *const _
[INFO] [stdout]     |              ^^^^^^^^^^^^^^^^^^^^^^^^^^^^^^^^^^^^^^^^^^^^^^^^^^^^^^^^^^^ this code causes undefined behavior when executed
[INFO] [stdout] 
[INFO] [stdout] 
[INFO] [stdout] warning: dereferencing a null pointer
[INFO] [stdout]    --> src/bindings.rs:925:14
[INFO] [stdout]     |
[INFO] [stdout] 925 |             &(*(::std::ptr::null::<blpapi_HighPrecisionDatetime_tag>())).picoseconds as *const _
[INFO] [stdout]     |              ^^^^^^^^^^^^^^^^^^^^^^^^^^^^^^^^^^^^^^^^^^^^^^^^^^^^^^^^^^^ this code causes undefined behavior when executed
[INFO] [stdout] 
[INFO] [stdout] 
[INFO] [stdout] error: linking with `cc` failed: exit status: 1
[INFO] [stdout]   |
[INFO] [stdout]   = note: LC_ALL="C" PATH="/opt/rustwide/rustup-home/toolchains/nightly-2024-10-28-x86_64-unknown-linux-gnu/lib/rustlib/x86_64-unknown-linux-gnu/bin:/opt/rustwide/rustup-home/toolchains/nightly-2024-10-28-x86_64-unknown-linux-gnu/lib/rustlib/x86_64-unknown-linux-gnu/bin/self-contained:/opt/rustwide/cargo-home/bin:/usr/local/sbin:/usr/local/bin:/usr/sbin:/usr/bin:/sbin:/bin" VSLANG="1033" "cc" "-m64" "/tmp/rustcHVMbK4/symbols.o" "/opt/rustwide/target/debug/deps/bloomberg-5da4aa3cc41a6064.bloomberg.5e09ebbec984b356-cgu.0.rcgu.o" "/opt/rustwide/target/debug/deps/bloomberg-5da4aa3cc41a6064.csj1ngtawfsmhx4ui9p3hdw33.rcgu.o" "-Wl,--as-needed" "-Wl,-Bstatic" "/opt/rustwide/target/debug/deps/libchrono-b05fcec21afcc117.rlib" "/opt/rustwide/target/debug/deps/libnum_traits-ea8b8f6c4f3111e0.rlib" "/opt/rustwide/target/debug/deps/libiana_time_zone-b5af8e0c24ee252c.rlib" "/opt/rustwide/target/debug/deps/liblazy_static-7af2f34f8b124b26.rlib" "/opt/rustwide/target/debug/deps/liblog-b6b1a89bf87ced53.rlib" "/opt/rustwide/rustup-home/toolchains/nightly-2024-10-28-x86_64-unknown-linux-gnu/lib/rustlib/x86_64-unknown-linux-gnu/lib/libtest-a09fad3b5321e7d6.rlib" "/opt/rustwide/rustup-home/toolchains/nightly-2024-10-28-x86_64-unknown-linux-gnu/lib/rustlib/x86_64-unknown-linux-gnu/lib/libgetopts-f9c3dff41ad42661.rlib" "/opt/rustwide/rustup-home/toolchains/nightly-2024-10-28-x86_64-unknown-linux-gnu/lib/rustlib/x86_64-unknown-linux-gnu/lib/libunicode_width-ad2aef31af6addd3.rlib" "/opt/rustwide/rustup-home/toolchains/nightly-2024-10-28-x86_64-unknown-linux-gnu/lib/rustlib/x86_64-unknown-linux-gnu/lib/librustc_std_workspace_std-e3f907dc03deb913.rlib" "/opt/rustwide/rustup-home/toolchains/nightly-2024-10-28-x86_64-unknown-linux-gnu/lib/rustlib/x86_64-unknown-linux-gnu/lib/libstd-fb8c387236db3c10.rlib" "/opt/rustwide/rustup-home/toolchains/nightly-2024-10-28-x86_64-unknown-linux-gnu/lib/rustlib/x86_64-unknown-linux-gnu/lib/libpanic_unwind-b251837809b2f64b.rlib" "/opt/rustwide/rustup-home/toolchains/nightly-2024-10-28-x86_64-unknown-linux-gnu/lib/rustlib/x86_64-unknown-linux-gnu/lib/libobject-cbef83eaa4e01f04.rlib" "/opt/rustwide/rustup-home/toolchains/nightly-2024-10-28-x86_64-unknown-linux-gnu/lib/rustlib/x86_64-unknown-linux-gnu/lib/libmemchr-12a772286de2fca7.rlib" "/opt/rustwide/rustup-home/toolchains/nightly-2024-10-28-x86_64-unknown-linux-gnu/lib/rustlib/x86_64-unknown-linux-gnu/lib/libaddr2line-023bbe5ada7abfc3.rlib" "/opt/rustwide/rustup-home/toolchains/nightly-2024-10-28-x86_64-unknown-linux-gnu/lib/rustlib/x86_64-unknown-linux-gnu/lib/libgimli-de2bcdf10ec69c2b.rlib" "/opt/rustwide/rustup-home/toolchains/nightly-2024-10-28-x86_64-unknown-linux-gnu/lib/rustlib/x86_64-unknown-linux-gnu/lib/librustc_demangle-8e1754df350800fd.rlib" "/opt/rustwide/rustup-home/toolchains/nightly-2024-10-28-x86_64-unknown-linux-gnu/lib/rustlib/x86_64-unknown-linux-gnu/lib/libstd_detect-06c2ab7b9c32e037.rlib" "/opt/rustwide/rustup-home/toolchains/nightly-2024-10-28-x86_64-unknown-linux-gnu/lib/rustlib/x86_64-unknown-linux-gnu/lib/libhashbrown-51d2621fc57a281b.rlib" "/opt/rustwide/rustup-home/toolchains/nightly-2024-10-28-x86_64-unknown-linux-gnu/lib/rustlib/x86_64-unknown-linux-gnu/lib/librustc_std_workspace_alloc-54a930408793772f.rlib" "/opt/rustwide/rustup-home/toolchains/nightly-2024-10-28-x86_64-unknown-linux-gnu/lib/rustlib/x86_64-unknown-linux-gnu/lib/libminiz_oxide-0c7d01cba400dcb2.rlib" "/opt/rustwide/rustup-home/toolchains/nightly-2024-10-28-x86_64-unknown-linux-gnu/lib/rustlib/x86_64-unknown-linux-gnu/lib/libadler-b9f84d69e331b75b.rlib" "/opt/rustwide/rustup-home/toolchains/nightly-2024-10-28-x86_64-unknown-linux-gnu/lib/rustlib/x86_64-unknown-linux-gnu/lib/libunwind-eec95493246aae39.rlib" "/opt/rustwide/rustup-home/toolchains/nightly-2024-10-28-x86_64-unknown-linux-gnu/lib/rustlib/x86_64-unknown-linux-gnu/lib/libcfg_if-6f6676c475e08ab0.rlib" "/opt/rustwide/rustup-home/toolchains/nightly-2024-10-28-x86_64-unknown-linux-gnu/lib/rustlib/x86_64-unknown-linux-gnu/lib/liblibc-799d520624f8b2e0.rlib" "/opt/rustwide/rustup-home/toolchains/nightly-2024-10-28-x86_64-unknown-linux-gnu/lib/rustlib/x86_64-unknown-linux-gnu/lib/liballoc-fcf93d4842acd9a9.rlib" "/opt/rustwide/rustup-home/toolchains/nightly-2024-10-28-x86_64-unknown-linux-gnu/lib/rustlib/x86_64-unknown-linux-gnu/lib/librustc_std_workspace_core-395a38b8e0851c9b.rlib" "/opt/rustwide/rustup-home/toolchains/nightly-2024-10-28-x86_64-unknown-linux-gnu/lib/rustlib/x86_64-unknown-linux-gnu/lib/libcore-d453bab70303062c.rlib" "/opt/rustwide/rustup-home/toolchains/nightly-2024-10-28-x86_64-unknown-linux-gnu/lib/rustlib/x86_64-unknown-linux-gnu/lib/libcompiler_builtins-0e6386368b0a24e8.rlib" "-Wl,-Bdynamic" "-lgcc_s" "-lutil" "-lrt" "-lpthread" "-lm" "-ldl" "-lc" "-B/opt/rustwide/rustup-home/toolchains/nightly-2024-10-28-x86_64-unknown-linux-gnu/lib/rustlib/x86_64-unknown-linux-gnu/bin/gcc-ld" "-fuse-ld=lld" "-Wl,--eh-frame-hdr" "-Wl,-z,noexecstack" "-L" "/opt/rustwide/rustup-home/toolchains/nightly-2024-10-28-x86_64-unknown-linux-gnu/lib/rustlib/x86_64-unknown-linux-gnu/lib" "-o" "/opt/rustwide/target/debug/deps/bloomberg-5da4aa3cc41a6064" "-Wl,--gc-sections" "-pie" "-Wl,-z,relro,-z,now" "-nodefaultlibs"
[INFO] [stdout]   = note: rust-lld: error: undefined symbol: blpapi_Session_create
[INFO] [stdout]           >>> referenced by session.rs:35 (src/session.rs:35)
[INFO] [stdout]           >>>               /opt/rustwide/target/debug/deps/bloomberg-5da4aa3cc41a6064.bloomberg.5e09ebbec984b356-cgu.0.rcgu.o:(bloomberg::session::Session::from_options::h55a867584d5d87d9)
[INFO] [stdout]           
[INFO] [stdout]           rust-lld: error: undefined symbol: blpapi_Session_destroy
[INFO] [stdout]           >>> referenced by session.rs:115 (src/session.rs:115)
[INFO] [stdout]           >>>               /opt/rustwide/target/debug/deps/bloomberg-5da4aa3cc41a6064.bloomberg.5e09ebbec984b356-cgu.0.rcgu.o:(_$LT$bloomberg..session..Session$u20$as$u20$core..ops..drop..Drop$GT$::drop::h916adfa34b505b04)
[INFO] [stdout]           
[INFO] [stdout]           rust-lld: error: undefined symbol: blpapi_SessionOptions_serverHost
[INFO] [stdout]           >>> referenced by session_options.rs:37 (src/session_options.rs:37)
[INFO] [stdout]           >>>               /opt/rustwide/target/debug/deps/bloomberg-5da4aa3cc41a6064.bloomberg.5e09ebbec984b356-cgu.0.rcgu.o:(bloomberg::session_options::SessionOptions::server_host::h954504bd0782326c)
[INFO] [stdout]           
[INFO] [stdout]           rust-lld: error: undefined symbol: blpapi_SessionOptions_setServerHost
[INFO] [stdout]           >>> referenced by session_options.rs:44 (src/session_options.rs:44)
[INFO] [stdout]           >>>               /opt/rustwide/target/debug/deps/bloomberg-5da4aa3cc41a6064.bloomberg.5e09ebbec984b356-cgu.0.rcgu.o:(bloomberg::session_options::SessionOptions::with_server_host::he1e5357eb2f5f731)
[INFO] [stdout]           
[INFO] [stdout]           rust-lld: error: undefined symbol: blpapi_SessionOptions_setServerPort
[INFO] [stdout]           >>> referenced by session_options.rs:56 (src/session_options.rs:56)
[INFO] [stdout]           >>>               /opt/rustwide/target/debug/deps/bloomberg-5da4aa3cc41a6064.bloomberg.5e09ebbec984b356-cgu.0.rcgu.o:(bloomberg::session_options::SessionOptions::with_server_port::h75606b831fbd3539)
[INFO] [stdout]           
[INFO] [stdout]           rust-lld: error: undefined symbol: blpapi_SessionOptions_destroy
[INFO] [stdout]           >>> referenced by session_options.rs:70 (src/session_options.rs:70)
[INFO] [stdout]           >>>               /opt/rustwide/target/debug/deps/bloomberg-5da4aa3cc41a6064.bloomberg.5e09ebbec984b356-cgu.0.rcgu.o:(_$LT$bloomberg..session_options..SessionOptions$u20$as$u20$core..ops..drop..Drop$GT$::drop::hbbd9469790ceae7c)
[INFO] [stdout]           
[INFO] [stdout]           rust-lld: error: undefined symbol: blpapi_SessionOptions_create
[INFO] [stdout]           >>> referenced by session_options.rs:88 (src/session_options.rs:88)
[INFO] [stdout]           >>>               /opt/rustwide/target/debug/deps/bloomberg-5da4aa3cc41a6064.bloomberg.5e09ebbec984b356-cgu.0.rcgu.o:(_$LT$bloomberg..session_options..SessionOptions$u20$as$u20$core..default..Default$GT$::default::h0cc5652f84903a15)
[INFO] [stdout]           collect2: error: ld returned 1 exit status
[INFO] [stdout]           
[INFO] [stdout] 
[INFO] [stdout] 
[INFO] [stderr] error: could not compile `bloomberg` (lib test) due to 1 previous error; 22 warnings emitted
[INFO] running `Command { std: "docker" "inspect" "58bcf1e0ba47df551ebac888b2e777cd6e9ffed4640d9dc0b79a501970c3e862", kill_on_drop: false }`
[INFO] running `Command { std: "docker" "rm" "-f" "58bcf1e0ba47df551ebac888b2e777cd6e9ffed4640d9dc0b79a501970c3e862", kill_on_drop: false }`
[INFO] [stdout] 58bcf1e0ba47df551ebac888b2e777cd6e9ffed4640d9dc0b79a501970c3e862
