[INFO] fetching crate blooemu 0.2.1...
[INFO] testing blooemu-0.2.1 against nightly-2024-10-28 for randomize-layout
[INFO] extracting crate blooemu 0.2.1 into /workspace/builds/worker-2-tc1/source
[INFO] validating manifest of crates.io crate blooemu 0.2.1 on toolchain nightly-2024-10-28
[INFO] running `Command { std: CARGO_HOME="/workspace/cargo-home" RUSTUP_HOME="/workspace/rustup-home" "/workspace/cargo-home/bin/cargo" "+nightly-2024-10-28" "metadata" "--manifest-path" "Cargo.toml" "--no-deps", kill_on_drop: false }`
[INFO] started tweaking crates.io crate blooemu 0.2.1
[INFO] finished tweaking crates.io crate blooemu 0.2.1
[INFO] tweaked toml for crates.io crate blooemu 0.2.1 written to /workspace/builds/worker-2-tc1/source/Cargo.toml
[INFO] running `Command { std: CARGO_HOME="/workspace/cargo-home" RUSTUP_HOME="/workspace/rustup-home" "/workspace/cargo-home/bin/cargo" "+nightly-2024-10-28" "generate-lockfile" "--manifest-path" "Cargo.toml", kill_on_drop: false }`
[INFO] [stderr]     Updating crates.io index
[INFO] [stderr]      Locking 154 packages to latest compatible versions
[INFO] running `Command { std: CARGO_HOME="/workspace/cargo-home" RUSTUP_HOME="/workspace/rustup-home" "/workspace/cargo-home/bin/cargo" "+nightly-2024-10-28" "fetch" "--manifest-path" "Cargo.toml", kill_on_drop: false }`
[INFO] [stderr]  Downloading crates ...
[INFO] [stderr]   Downloaded pnet_base v0.35.0
[INFO] [stderr]   Downloaded pnet_sys v0.35.0
[INFO] [stderr]   Downloaded pnet_macros_support v0.35.0
[INFO] [stderr]   Downloaded pnet_transport v0.35.0
[INFO] [stderr]   Downloaded pnet_macros v0.35.0
[INFO] [stderr]   Downloaded xdg-home v1.3.0
[INFO] [stderr]   Downloaded windows-implement v0.56.0
[INFO] [stderr]   Downloaded serde_repr v0.1.19
[INFO] [stderr]   Downloaded enumflags2_derive v0.7.10
[INFO] [stderr]   Downloaded mac-notification-sys v0.6.2
[INFO] [stderr]   Downloaded zbus_macros v4.4.0
[INFO] [stderr]   Downloaded windows-core v0.56.0
[INFO] [stderr]   Downloaded zvariant v4.2.0
[INFO] [stderr]   Downloaded tauri-winrt-notification v0.2.1
[INFO] [stderr]   Downloaded notify-rust v4.11.3
[INFO] [stderr]   Downloaded pnet_datalink v0.35.0
[INFO] [stderr]   Downloaded zbus v4.4.0
[INFO] [stderr]   Downloaded windows-interface v0.56.0
[INFO] [stderr]   Downloaded async-process v2.3.0
[INFO] [stderr]   Downloaded async-recursion v1.1.1
[INFO] [stderr]   Downloaded zvariant_derive v4.2.0
[INFO] [stderr]   Downloaded pnet_packet v0.35.0
[INFO] [stderr]   Downloaded zbus_names v3.0.0
[INFO] [stderr]   Downloaded enumflags2 v0.7.10
[INFO] [stderr]   Downloaded ipnetwork v0.20.0
[INFO] [stderr]   Downloaded windows-version v0.1.1
[INFO] [stderr]   Downloaded endi v1.1.0
[INFO] [stderr]   Downloaded zvariant_utils v2.1.0
[INFO] [stderr]   Downloaded pnet v0.35.0
[INFO] [stderr]   Downloaded no-std-net v0.6.0
[INFO] [stderr]   Downloaded windows v0.56.0
[INFO] running `Command { std: "docker" "create" "-v" "/var/lib/crater-agent-workspace/builds/worker-2-tc1/target:/opt/rustwide/target:rw,Z" "-v" "/var/lib/crater-agent-workspace/builds/worker-2-tc1/source:/opt/rustwide/workdir:ro,Z" "-v" "/var/lib/crater-agent-workspace/cargo-home:/opt/rustwide/cargo-home:ro,Z" "-v" "/var/lib/crater-agent-workspace/rustup-home:/opt/rustwide/rustup-home:ro,Z" "-e" "SOURCE_DIR=/opt/rustwide/workdir" "-e" "CARGO_TARGET_DIR=/opt/rustwide/target" "-e" "CARGO_HOME=/opt/rustwide/cargo-home" "-e" "RUSTUP_HOME=/opt/rustwide/rustup-home" "-w" "/opt/rustwide/workdir" "-m" "1610612736" "--user" "0:0" "--network" "none" "ghcr.io/rust-lang/crates-build-env/linux@sha256:4a844ea9eb2546a2d2c7022eacef16ef2e8229c7fbb2c7d4d55a9ceca922f72d" "/opt/rustwide/cargo-home/bin/cargo" "+nightly-2024-10-28" "metadata" "--no-deps" "--format-version=1", kill_on_drop: false }`
[INFO] [stdout] 1cf9548a5d506f13f9b438a4785957971ca7b52f36ea13b7ff7d6a733c6f2106
[INFO] running `Command { std: "docker" "start" "-a" "1cf9548a5d506f13f9b438a4785957971ca7b52f36ea13b7ff7d6a733c6f2106", kill_on_drop: false }`
[INFO] running `Command { std: "docker" "inspect" "1cf9548a5d506f13f9b438a4785957971ca7b52f36ea13b7ff7d6a733c6f2106", kill_on_drop: false }`
[INFO] running `Command { std: "docker" "rm" "-f" "1cf9548a5d506f13f9b438a4785957971ca7b52f36ea13b7ff7d6a733c6f2106", kill_on_drop: false }`
[INFO] [stdout] 1cf9548a5d506f13f9b438a4785957971ca7b52f36ea13b7ff7d6a733c6f2106
[INFO] running `Command { std: "docker" "create" "-v" "/var/lib/crater-agent-workspace/builds/worker-2-tc1/target:/opt/rustwide/target:rw,Z" "-v" "/var/lib/crater-agent-workspace/builds/worker-2-tc1/source:/opt/rustwide/workdir:ro,Z" "-v" "/var/lib/crater-agent-workspace/cargo-home:/opt/rustwide/cargo-home:ro,Z" "-v" "/var/lib/crater-agent-workspace/rustup-home:/opt/rustwide/rustup-home:ro,Z" "-e" "SOURCE_DIR=/opt/rustwide/workdir" "-e" "CARGO_TARGET_DIR=/opt/rustwide/target" "-e" "CARGO_INCREMENTAL=0" "-e" "RUST_BACKTRACE=full" "-e" "RUSTFLAGS=--cap-lints=forbid" "-e" "RUSTDOCFLAGS=--cap-lints=forbid" "-e" "CARGO_HOME=/opt/rustwide/cargo-home" "-e" "RUSTUP_HOME=/opt/rustwide/rustup-home" "-w" "/opt/rustwide/workdir" "-m" "1610612736" "--user" "0:0" "--network" "none" "ghcr.io/rust-lang/crates-build-env/linux@sha256:4a844ea9eb2546a2d2c7022eacef16ef2e8229c7fbb2c7d4d55a9ceca922f72d" "/opt/rustwide/cargo-home/bin/cargo" "+nightly-2024-10-28" "build" "--frozen" "--message-format=json", kill_on_drop: false }`
[INFO] [stdout] 517b06544ab3e3e79a7df551e56c81542cb35784d27435af326bf284a913f10c
[INFO] running `Command { std: "docker" "start" "-a" "517b06544ab3e3e79a7df551e56c81542cb35784d27435af326bf284a913f10c", kill_on_drop: false }`
[INFO] [stderr]    Compiling equivalent v1.0.1
[INFO] [stderr]    Compiling hashbrown v0.15.0
[INFO] [stderr]    Compiling syn v2.0.86
[INFO] [stderr]    Compiling event-listener v5.3.1
[INFO] [stderr]    Compiling memchr v2.7.4
[INFO] [stderr]    Compiling regex-syntax v0.8.5
[INFO] [stderr]    Compiling no-std-net v0.6.0
[INFO] [stderr]    Compiling bitflags v2.6.0
[INFO] [stderr]    Compiling rustix v0.38.38
[INFO] [stderr]    Compiling pnet_base v0.35.0
[INFO] [stderr]    Compiling memoffset v0.9.1
[INFO] [stderr]    Compiling linux-raw-sys v0.4.14
[INFO] [stderr]    Compiling event-listener-strategy v0.5.2
[INFO] [stderr]    Compiling async-channel v2.3.1
[INFO] [stderr]    Compiling async-lock v3.4.0
[INFO] [stderr]    Compiling nix v0.29.0
[INFO] [stderr]    Compiling endi v1.1.0
[INFO] [stderr]    Compiling digest v0.10.7
[INFO] [stderr]    Compiling indexmap v2.6.0
[INFO] [stderr]    Compiling aho-corasick v1.1.3
[INFO] [stderr]    Compiling blocking v1.6.1
[INFO] [stderr]    Compiling pnet_macros_support v0.35.0
[INFO] [stderr]    Compiling pnet_sys v0.35.0
[INFO] [stderr]    Compiling sha1 v0.10.6
[INFO] [stderr]    Compiling futures-util v0.3.31
[INFO] [stderr]    Compiling async-fs v2.1.2
[INFO] [stderr]    Compiling toml_edit v0.22.22
[INFO] [stderr]    Compiling async-broadcast v0.7.1
[INFO] [stderr]    Compiling regex-automata v0.4.8
[INFO] [stderr]    Compiling async-executor v1.13.1
[INFO] [stderr]    Compiling xdg-home v1.3.0
[INFO] [stderr]    Compiling ordered-stream v0.2.0
[INFO] [stderr]    Compiling hex v0.4.3
[INFO] [stderr]    Compiling zvariant_utils v2.1.0
[INFO] [stderr]    Compiling proc-macro-crate v3.2.0
[INFO] [stderr]    Compiling pnet v0.35.0
[INFO] [stderr]    Compiling winapi v0.3.9
[INFO] [stderr]    Compiling serde_derive v1.0.214
[INFO] [stderr]    Compiling zerocopy-derive v0.7.35
[INFO] [stderr]    Compiling enumflags2_derive v0.7.10
[INFO] [stderr]    Compiling tracing-attributes v0.1.27
[INFO] [stderr]    Compiling zvariant_derive v4.2.0
[INFO] [stderr]    Compiling regex v1.11.1
[INFO] [stderr]    Compiling zbus_macros v4.4.0
[INFO] [stderr]    Compiling zerocopy v0.7.35
[INFO] [stderr]    Compiling serde_repr v0.1.19
[INFO] [stderr]    Compiling async-trait v0.1.83
[INFO] [stderr]    Compiling tracing v0.1.40
[INFO] [stderr]    Compiling polling v3.7.3
[INFO] [stderr]    Compiling ppv-lite86 v0.2.20
[INFO] [stderr]    Compiling async-io v2.3.4
[INFO] [stderr]    Compiling pnet_macros v0.35.0
[INFO] [stderr]    Compiling rand_chacha v0.3.1
[INFO] [stderr]    Compiling rand v0.8.5
[INFO] [stderr]    Compiling pnet_packet v0.35.0
[INFO] [stderr]    Compiling serde v1.0.214
[INFO] [stderr]    Compiling enumflags2 v0.7.10
[INFO] [stderr]    Compiling ipnetwork v0.20.0
[INFO] [stderr]    Compiling serde_json v1.0.132
[INFO] [stderr]    Compiling zvariant v4.2.0
[INFO] [stderr]    Compiling pnet_datalink v0.35.0
[INFO] [stderr]    Compiling pnet_transport v0.35.0
[INFO] [stderr]    Compiling zbus_names v3.0.0
[INFO] [stderr]    Compiling zbus v4.4.0
[INFO] [stderr]    Compiling notify-rust v4.11.3
[INFO] [stderr]    Compiling blooemu v0.2.1 (/opt/rustwide/workdir)
[INFO] [stdout] error[E0433]: failed to resolve: use of undeclared crate or module `procfs`
[INFO] [stdout]  --> src/process.rs:2:5
[INFO] [stdout]   |
[INFO] [stdout] 2 | use procfs::process::{all_processes, Process, ProcessStat};
[INFO] [stdout]   |     ^^^^^^ use of undeclared crate or module `procfs`
[INFO] [stdout] 
[INFO] [stdout] 
[INFO] [stdout] error[E0433]: failed to resolve: could not find `windows` in `os`
[INFO] [stdout]  --> src/file_system.rs:6:14
[INFO] [stdout]   |
[INFO] [stdout] 6 | use std::os::windows::ffi::OsStrExt;
[INFO] [stdout]   |              ^^^^^^^ could not find `windows` in `os`
[INFO] [stdout]   |
[INFO] [stdout] note: found an item that was configured out
[INFO] [stdout]  --> /rustc/df4ca44d3fbc9301ee17f30f4d474e6ae4b05252/library/std/src/os/mod.rs:54:9
[INFO] [stdout] note: the item is gated here
[INFO] [stdout]  --> /rustc/df4ca44d3fbc9301ee17f30f4d474e6ae4b05252/library/std/src/os/mod.rs:46:1
[INFO] [stdout] note: found an item that was configured out
[INFO] [stdout]  --> /rustc/df4ca44d3fbc9301ee17f30f4d474e6ae4b05252/library/std/src/os/mod.rs:101:9
[INFO] [stdout] note: the item is gated here
[INFO] [stdout]  --> /rustc/df4ca44d3fbc9301ee17f30f4d474e6ae4b05252/library/std/src/os/mod.rs:100:1
[INFO] [stdout] 
[INFO] [stdout] 
[INFO] [stdout] error[E0432]: unresolved import `x11_dl`
[INFO] [stdout]   --> src/mouse_position.rs:50:13
[INFO] [stdout]    |
[INFO] [stdout] 50 |         use x11_dl::xlib;
[INFO] [stdout]    |             ^^^^^^ use of undeclared crate or module `x11_dl`
[INFO] [stdout] 
[INFO] [stdout] 
[INFO] [stdout] error[E0432]: unresolved import `process::get_pid`
[INFO] [stdout]    --> src/lib.rs:39:5
[INFO] [stdout]     |
[INFO] [stdout] 39  |     get_pid,
[INFO] [stdout]     |     ^^^^^^^ no `get_pid` in `process`
[INFO] [stdout]     |
[INFO] [stdout] note: found an item that was configured out
[INFO] [stdout]    --> src/process.rs:579:8
[INFO] [stdout]     |
[INFO] [stdout] 579 | pub fn get_pid(task_name: &str) -> Option<u32> {
[INFO] [stdout]     |        ^^^^^^^
[INFO] [stdout] note: the item is gated behind the `windows` feature
[INFO] [stdout]    --> src/process.rs:578:7
[INFO] [stdout]     |
[INFO] [stdout] 578 | #[cfg(target_os = "windows")]
[INFO] [stdout]     |       ^^^^^^^^^^^^^^^^^^^^^
[INFO] [stdout] 
[INFO] [stdout] 
[INFO] [stdout] error[E0425]: cannot find function `get_pid` in this scope
[INFO] [stdout]    --> src/process.rs:516:15
[INFO] [stdout]     |
[INFO] [stdout] 516 |     let pid = get_pid(task_name)?;
[INFO] [stdout]     |               ^^^^^^^ not found in this scope
[INFO] [stdout]     |
[INFO] [stdout] help: consider importing this function
[INFO] [stdout]     |
[INFO] [stdout] 1   + use crate::utils::get_pid;
[INFO] [stdout]     |
[INFO] [stdout] 
[INFO] [stdout] 
[INFO] [stdout] error[E0425]: cannot find function `get_pid` in this scope
[INFO] [stdout]    --> src/process.rs:567:15
[INFO] [stdout]     |
[INFO] [stdout] 567 |     let pid = get_pid(task_name)?;
[INFO] [stdout]     |               ^^^^^^^ not found in this scope
[INFO] [stdout]     |
[INFO] [stdout] help: consider importing this function
[INFO] [stdout]     |
[INFO] [stdout] 1   + use crate::utils::get_pid;
[INFO] [stdout]     |
[INFO] [stdout] 
[INFO] [stdout] 
[INFO] [stdout] warning: unused import: `std::time::Duration`
[INFO] [stdout]   --> src/process.rs:24:5
[INFO] [stdout]    |
[INFO] [stdout] 24 | use std::time::Duration;
[INFO] [stdout]    |     ^^^^^^^^^^^^^^^^^^^
[INFO] [stdout]    |
[INFO] [stdout]    = note: `#[warn(unused_imports)]` on by default
[INFO] [stdout] 
[INFO] [stdout] 
[INFO] [stdout] warning: unused import: `std::os::unix::fs::symlink`
[INFO] [stdout]  --> src/file_system.rs:8:5
[INFO] [stdout]   |
[INFO] [stdout] 8 | use std::os::unix::fs::symlink;
[INFO] [stdout]   |     ^^^^^^^^^^^^^^^^^^^^^^^^^^
[INFO] [stdout] 
[INFO] [stdout] 
[INFO] [stdout] error[E0425]: cannot find function `all_processes` in this scope
[INFO] [stdout]   --> src/utils.rs:84:20
[INFO] [stdout]    |
[INFO] [stdout] 84 |     for process in all_processes().unwrap() {
[INFO] [stdout]    |                    ^^^^^^^^^^^^^ not found in this scope
[INFO] [stdout] 
[INFO] [stdout] 
[INFO] [stdout] error[E0277]: the trait bound `OsString: From<CString>` is not satisfied
[INFO] [stdout]   --> src/file_system.rs:45:14
[INFO] [stdout]    |
[INFO] [stdout] 45 |     Ok(owner.into())
[INFO] [stdout]    |              ^^^^ the trait `From<CString>` is not implemented for `OsString`, which is required by `CString: Into<_>`
[INFO] [stdout]    |
[INFO] [stdout]    = help: the following other types implement trait `From<T>`:
[INFO] [stdout]              `OsString` implements `From<&T>`
[INFO] [stdout]              `OsString` implements `From<Box<OsStr>>`
[INFO] [stdout]              `OsString` implements `From<Cow<'_, OsStr>>`
[INFO] [stdout]              `OsString` implements `From<PathBuf>`
[INFO] [stdout]              `OsString` implements `From<std::string::String>`
[INFO] [stdout]    = note: required for `CString` to implement `Into<OsString>`
[INFO] [stdout] 
[INFO] [stdout] 
[INFO] [stdout] warning: unused variable: `buttons`
[INFO] [stdout]   --> src/popups.rs:14:5
[INFO] [stdout]    |
[INFO] [stdout] 14 |     buttons: Option<&str>,
[INFO] [stdout]    |     ^^^^^^^ help: if this is intentional, prefix it with an underscore: `_buttons`
[INFO] [stdout]    |
[INFO] [stdout]    = note: `#[warn(unused_variables)]` on by default
[INFO] [stdout] 
[INFO] [stdout] 
[INFO] [stdout] warning: unused variable: `no_callback`
[INFO] [stdout]   --> src/popups.rs:16:5
[INFO] [stdout]    |
[INFO] [stdout] 16 |     no_callback: Option<fn()>,
[INFO] [stdout]    |     ^^^^^^^^^^^ help: if this is intentional, prefix it with an underscore: `_no_callback`
[INFO] [stdout] 
[INFO] [stdout] 
[INFO] [stdout] Some errors have detailed explanations: E0277, E0425, E0432, E0433.
[INFO] [stdout] 
[INFO] [stdout] For more information about an error, try `rustc --explain E0277`.
[INFO] [stdout] 
[INFO] [stderr] error: could not compile `blooemu` (lib) due to 8 previous errors; 4 warnings emitted
[INFO] [stderr] warning: build failed, waiting for other jobs to finish...
[INFO] running `Command { std: "docker" "inspect" "517b06544ab3e3e79a7df551e56c81542cb35784d27435af326bf284a913f10c", kill_on_drop: false }`
[INFO] running `Command { std: "docker" "rm" "-f" "517b06544ab3e3e79a7df551e56c81542cb35784d27435af326bf284a913f10c", kill_on_drop: false }`
[INFO] [stdout] 517b06544ab3e3e79a7df551e56c81542cb35784d27435af326bf284a913f10c
