[INFO] fetching crate blockless-web-cgi 0.1.1...
[INFO] testing blockless-web-cgi-0.1.1 against nightly-2024-10-28 for randomize-layout
[INFO] extracting crate blockless-web-cgi 0.1.1 into /workspace/builds/worker-0-tc1/source
[INFO] validating manifest of crates.io crate blockless-web-cgi 0.1.1 on toolchain nightly-2024-10-28
[INFO] running `Command { std: CARGO_HOME="/workspace/cargo-home" RUSTUP_HOME="/workspace/rustup-home" "/workspace/cargo-home/bin/cargo" "+nightly-2024-10-28" "metadata" "--manifest-path" "Cargo.toml" "--no-deps", kill_on_drop: false }`
[INFO] started tweaking crates.io crate blockless-web-cgi 0.1.1
[INFO] finished tweaking crates.io crate blockless-web-cgi 0.1.1
[INFO] tweaked toml for crates.io crate blockless-web-cgi 0.1.1 written to /workspace/builds/worker-0-tc1/source/Cargo.toml
[INFO] crate crates.io crate blockless-web-cgi 0.1.1 already has a lockfile, it will not be regenerated
[INFO] running `Command { std: CARGO_HOME="/workspace/cargo-home" RUSTUP_HOME="/workspace/rustup-home" "/workspace/cargo-home/bin/cargo" "+nightly-2024-10-28" "fetch" "--manifest-path" "Cargo.toml", kill_on_drop: false }`
[INFO] [stderr]     Updating crates.io index
[INFO] [stderr]  Downloading crates ...
[INFO] [stderr]   Downloaded trackable v1.3.0
[INFO] [stderr]   Downloaded blockless-sdk v0.1.2
[INFO] [stderr]   Downloaded httpcodec v0.2.3
[INFO] [stderr]   Downloaded bytecodec v0.4.15
[INFO] [stderr]   Downloaded trackable v0.2.24
[INFO] [stderr]   Downloaded trackable_derive v1.0.0
[INFO] running `Command { std: "docker" "create" "-v" "/var/lib/crater-agent-workspace/builds/worker-0-tc1/target:/opt/rustwide/target:rw,Z" "-v" "/var/lib/crater-agent-workspace/builds/worker-0-tc1/source:/opt/rustwide/workdir:ro,Z" "-v" "/var/lib/crater-agent-workspace/cargo-home:/opt/rustwide/cargo-home:ro,Z" "-v" "/var/lib/crater-agent-workspace/rustup-home:/opt/rustwide/rustup-home:ro,Z" "-e" "SOURCE_DIR=/opt/rustwide/workdir" "-e" "CARGO_TARGET_DIR=/opt/rustwide/target" "-e" "CARGO_HOME=/opt/rustwide/cargo-home" "-e" "RUSTUP_HOME=/opt/rustwide/rustup-home" "-w" "/opt/rustwide/workdir" "-m" "1610612736" "--user" "0:0" "--network" "none" "ghcr.io/rust-lang/crates-build-env/linux@sha256:4a844ea9eb2546a2d2c7022eacef16ef2e8229c7fbb2c7d4d55a9ceca922f72d" "/opt/rustwide/cargo-home/bin/cargo" "+nightly-2024-10-28" "metadata" "--no-deps" "--format-version=1", kill_on_drop: false }`
[INFO] [stdout] dab1747679317e3df17a4590f270101ea42fd1e9c77e90435b6262de721171a9
[INFO] running `Command { std: "docker" "start" "-a" "dab1747679317e3df17a4590f270101ea42fd1e9c77e90435b6262de721171a9", kill_on_drop: false }`
[INFO] running `Command { std: "docker" "inspect" "dab1747679317e3df17a4590f270101ea42fd1e9c77e90435b6262de721171a9", kill_on_drop: false }`
[INFO] running `Command { std: "docker" "rm" "-f" "dab1747679317e3df17a4590f270101ea42fd1e9c77e90435b6262de721171a9", kill_on_drop: false }`
[INFO] [stdout] dab1747679317e3df17a4590f270101ea42fd1e9c77e90435b6262de721171a9
[INFO] running `Command { std: "docker" "create" "-v" "/var/lib/crater-agent-workspace/builds/worker-0-tc1/target:/opt/rustwide/target:rw,Z" "-v" "/var/lib/crater-agent-workspace/builds/worker-0-tc1/source:/opt/rustwide/workdir:ro,Z" "-v" "/var/lib/crater-agent-workspace/cargo-home:/opt/rustwide/cargo-home:ro,Z" "-v" "/var/lib/crater-agent-workspace/rustup-home:/opt/rustwide/rustup-home:ro,Z" "-e" "SOURCE_DIR=/opt/rustwide/workdir" "-e" "CARGO_TARGET_DIR=/opt/rustwide/target" "-e" "CARGO_INCREMENTAL=0" "-e" "RUST_BACKTRACE=full" "-e" "RUSTFLAGS=--cap-lints=forbid" "-e" "RUSTDOCFLAGS=--cap-lints=forbid" "-e" "CARGO_HOME=/opt/rustwide/cargo-home" "-e" "RUSTUP_HOME=/opt/rustwide/rustup-home" "-w" "/opt/rustwide/workdir" "-m" "1610612736" "--user" "0:0" "--network" "none" "ghcr.io/rust-lang/crates-build-env/linux@sha256:4a844ea9eb2546a2d2c7022eacef16ef2e8229c7fbb2c7d4d55a9ceca922f72d" "/opt/rustwide/cargo-home/bin/cargo" "+nightly-2024-10-28" "build" "--frozen" "--message-format=json", kill_on_drop: false }`
[INFO] [stdout] 42ec7134b897487dbbb7cb3b61746ce20268922a4c979b226c352a62b69f8350
[INFO] running `Command { std: "docker" "start" "-a" "42ec7134b897487dbbb7cb3b61746ce20268922a4c979b226c352a62b69f8350", kill_on_drop: false }`
[INFO] [stderr]    Compiling proc-macro2 v1.0.60
[INFO] [stderr]    Compiling unicode-ident v1.0.9
[INFO] [stderr]    Compiling quote v1.0.28
[INFO] [stderr]    Compiling json v0.12.4
[INFO] [stderr]    Compiling blockless-sdk v0.1.2
[INFO] [stderr]    Compiling syn v1.0.109
[INFO] [stderr]    Compiling trackable_derive v1.0.0
[INFO] [stderr]    Compiling trackable v1.3.0
[INFO] [stderr]    Compiling trackable v0.2.24
[INFO] [stderr]    Compiling bytecodec v0.4.15
[INFO] [stderr]    Compiling httpcodec v0.2.3
[INFO] [stderr]    Compiling blockless-web-cgi v0.1.1 (/opt/rustwide/workdir)
[INFO] [stdout] error: linking with `cc` failed: exit status: 1
[INFO] [stdout]   |
[INFO] [stdout]   = note: LC_ALL="C" PATH="/opt/rustwide/rustup-home/toolchains/nightly-2024-10-28-x86_64-unknown-linux-gnu/lib/rustlib/x86_64-unknown-linux-gnu/bin:/opt/rustwide/rustup-home/toolchains/nightly-2024-10-28-x86_64-unknown-linux-gnu/lib/rustlib/x86_64-unknown-linux-gnu/bin/self-contained:/opt/rustwide/cargo-home/bin:/usr/local/sbin:/usr/local/bin:/usr/sbin:/usr/bin:/sbin:/bin" VSLANG="1033" "cc" "-m64" "/tmp/rustcXr0WVA/symbols.o" "/opt/rustwide/target/debug/deps/blockless_web_cgi-7467ddcc98292a33.blockless_web_cgi.f27d1d4a126232a1-cgu.0.rcgu.o" "/opt/rustwide/target/debug/deps/blockless_web_cgi-7467ddcc98292a33.blockless_web_cgi.f27d1d4a126232a1-cgu.1.rcgu.o" "/opt/rustwide/target/debug/deps/blockless_web_cgi-7467ddcc98292a33.efio6e6t59hc00h1yugicphm1.rcgu.o" "-Wl,--as-needed" "-Wl,-Bstatic" "/opt/rustwide/target/debug/deps/libblockless_sdk-5ed2c0c16fc58fc6.rlib" "/opt/rustwide/target/debug/deps/libjson-fb477a4d45dd1e30.rlib" "/opt/rustwide/target/debug/deps/libhttpcodec-a101a461992b252d.rlib" "/opt/rustwide/target/debug/deps/libbytecodec-954ac9d5ad99bf08.rlib" "/opt/rustwide/target/debug/deps/libtrackable-fc464e76ce90231f.rlib" "/opt/rustwide/target/debug/deps/libtrackable-f517414c22453e14.rlib" "/opt/rustwide/target/debug/deps/libbyteorder-a1f9de351ee5c7d4.rlib" "/opt/rustwide/rustup-home/toolchains/nightly-2024-10-28-x86_64-unknown-linux-gnu/lib/rustlib/x86_64-unknown-linux-gnu/lib/libstd-fb8c387236db3c10.rlib" "/opt/rustwide/rustup-home/toolchains/nightly-2024-10-28-x86_64-unknown-linux-gnu/lib/rustlib/x86_64-unknown-linux-gnu/lib/libpanic_unwind-b251837809b2f64b.rlib" "/opt/rustwide/rustup-home/toolchains/nightly-2024-10-28-x86_64-unknown-linux-gnu/lib/rustlib/x86_64-unknown-linux-gnu/lib/libobject-cbef83eaa4e01f04.rlib" "/opt/rustwide/rustup-home/toolchains/nightly-2024-10-28-x86_64-unknown-linux-gnu/lib/rustlib/x86_64-unknown-linux-gnu/lib/libmemchr-12a772286de2fca7.rlib" "/opt/rustwide/rustup-home/toolchains/nightly-2024-10-28-x86_64-unknown-linux-gnu/lib/rustlib/x86_64-unknown-linux-gnu/lib/libaddr2line-023bbe5ada7abfc3.rlib" "/opt/rustwide/rustup-home/toolchains/nightly-2024-10-28-x86_64-unknown-linux-gnu/lib/rustlib/x86_64-unknown-linux-gnu/lib/libgimli-de2bcdf10ec69c2b.rlib" "/opt/rustwide/rustup-home/toolchains/nightly-2024-10-28-x86_64-unknown-linux-gnu/lib/rustlib/x86_64-unknown-linux-gnu/lib/librustc_demangle-8e1754df350800fd.rlib" "/opt/rustwide/rustup-home/toolchains/nightly-2024-10-28-x86_64-unknown-linux-gnu/lib/rustlib/x86_64-unknown-linux-gnu/lib/libstd_detect-06c2ab7b9c32e037.rlib" "/opt/rustwide/rustup-home/toolchains/nightly-2024-10-28-x86_64-unknown-linux-gnu/lib/rustlib/x86_64-unknown-linux-gnu/lib/libhashbrown-51d2621fc57a281b.rlib" "/opt/rustwide/rustup-home/toolchains/nightly-2024-10-28-x86_64-unknown-linux-gnu/lib/rustlib/x86_64-unknown-linux-gnu/lib/librustc_std_workspace_alloc-54a930408793772f.rlib" "/opt/rustwide/rustup-home/toolchains/nightly-2024-10-28-x86_64-unknown-linux-gnu/lib/rustlib/x86_64-unknown-linux-gnu/lib/libminiz_oxide-0c7d01cba400dcb2.rlib" "/opt/rustwide/rustup-home/toolchains/nightly-2024-10-28-x86_64-unknown-linux-gnu/lib/rustlib/x86_64-unknown-linux-gnu/lib/libadler-b9f84d69e331b75b.rlib" "/opt/rustwide/rustup-home/toolchains/nightly-2024-10-28-x86_64-unknown-linux-gnu/lib/rustlib/x86_64-unknown-linux-gnu/lib/libunwind-eec95493246aae39.rlib" "/opt/rustwide/rustup-home/toolchains/nightly-2024-10-28-x86_64-unknown-linux-gnu/lib/rustlib/x86_64-unknown-linux-gnu/lib/libcfg_if-6f6676c475e08ab0.rlib" "/opt/rustwide/rustup-home/toolchains/nightly-2024-10-28-x86_64-unknown-linux-gnu/lib/rustlib/x86_64-unknown-linux-gnu/lib/liblibc-799d520624f8b2e0.rlib" "/opt/rustwide/rustup-home/toolchains/nightly-2024-10-28-x86_64-unknown-linux-gnu/lib/rustlib/x86_64-unknown-linux-gnu/lib/liballoc-fcf93d4842acd9a9.rlib" "/opt/rustwide/rustup-home/toolchains/nightly-2024-10-28-x86_64-unknown-linux-gnu/lib/rustlib/x86_64-unknown-linux-gnu/lib/librustc_std_workspace_core-395a38b8e0851c9b.rlib" "/opt/rustwide/rustup-home/toolchains/nightly-2024-10-28-x86_64-unknown-linux-gnu/lib/rustlib/x86_64-unknown-linux-gnu/lib/libcore-d453bab70303062c.rlib" "/opt/rustwide/rustup-home/toolchains/nightly-2024-10-28-x86_64-unknown-linux-gnu/lib/rustlib/x86_64-unknown-linux-gnu/lib/libcompiler_builtins-0e6386368b0a24e8.rlib" "-Wl,-Bdynamic" "-lgcc_s" "-lutil" "-lrt" "-lpthread" "-lm" "-ldl" "-lc" "-B/opt/rustwide/rustup-home/toolchains/nightly-2024-10-28-x86_64-unknown-linux-gnu/lib/rustlib/x86_64-unknown-linux-gnu/bin/gcc-ld" "-fuse-ld=lld" "-Wl,--eh-frame-hdr" "-Wl,-z,noexecstack" "-L" "/opt/rustwide/rustup-home/toolchains/nightly-2024-10-28-x86_64-unknown-linux-gnu/lib/rustlib/x86_64-unknown-linux-gnu/lib" "-o" "/opt/rustwide/target/debug/deps/blockless_web_cgi-7467ddcc98292a33" "-Wl,--gc-sections" "-pie" "-Wl,-z,relro,-z,now" "-nodefaultlibs"
[INFO] [stdout]   = note: rust-lld: error: undefined symbol: cgi_open
[INFO] [stdout]           >>> referenced by cgi.rs:52 (src/cgi.rs:52)
[INFO] [stdout]           >>>               blockless_sdk-5ed2c0c16fc58fc6.blockless_sdk.afaba6a9e933a408-cgu.0.rcgu.o:(blockless_sdk::cgi::CGICommand::exec::h1023c407a7aa1421) in archive /opt/rustwide/target/debug/deps/libblockless_sdk-5ed2c0c16fc58fc6.rlib
[INFO] [stdout]           
[INFO] [stdout]           rust-lld: error: undefined symbol: cgi_stdout_read
[INFO] [stdout]           >>> referenced by cgi.rs:85 (src/cgi.rs:85)
[INFO] [stdout]           >>>               blockless_sdk-5ed2c0c16fc58fc6.blockless_sdk.afaba6a9e933a408-cgu.0.rcgu.o:(blockless_sdk::cgi::CGICommand::read_all_stdin::h5ed7392f4e2b0e68) in archive /opt/rustwide/target/debug/deps/libblockless_sdk-5ed2c0c16fc58fc6.rlib
[INFO] [stdout]           
[INFO] [stdout]           rust-lld: error: undefined symbol: cgi_close
[INFO] [stdout]           >>> referenced by cgi.rs:132 (src/cgi.rs:132)
[INFO] [stdout]           >>>               blockless_sdk-5ed2c0c16fc58fc6.blockless_sdk.afaba6a9e933a408-cgu.0.rcgu.o:(_$LT$blockless_sdk..cgi..CGIListExtensions$u20$as$u20$core..ops..drop..Drop$GT$::drop::h489575ac291b33b4) in archive /opt/rustwide/target/debug/deps/libblockless_sdk-5ed2c0c16fc58fc6.rlib
[INFO] [stdout]           
[INFO] [stdout]           rust-lld: error: undefined symbol: cgi_list_exec
[INFO] [stdout]           >>> referenced by cgi.rs:141 (src/cgi.rs:141)
[INFO] [stdout]           >>>               blockless_sdk-5ed2c0c16fc58fc6.blockless_sdk.afaba6a9e933a408-cgu.0.rcgu.o:(blockless_sdk::cgi::CGIListExtensions::new::h4d80429002581e8b) in archive /opt/rustwide/target/debug/deps/libblockless_sdk-5ed2c0c16fc58fc6.rlib
[INFO] [stdout]           
[INFO] [stdout]           rust-lld: error: undefined symbol: cgi_list_read
[INFO] [stdout]           >>> referenced by cgi.rs:155 (src/cgi.rs:155)
[INFO] [stdout]           >>>               blockless_sdk-5ed2c0c16fc58fc6.blockless_sdk.afaba6a9e933a408-cgu.0.rcgu.o:(blockless_sdk::cgi::CGIListExtensions::list_read_all::h10dfde2fd002a7b2) in archive /opt/rustwide/target/debug/deps/libblockless_sdk-5ed2c0c16fc58fc6.rlib
[INFO] [stdout]           
[INFO] [stdout]           rust-lld: error: undefined symbol: create_tcp_bind_socket
[INFO] [stdout]           >>> referenced by socket.rs:10 (src/socket.rs:10)
[INFO] [stdout]           >>>               blockless_sdk-5ed2c0c16fc58fc6.blockless_sdk.afaba6a9e933a408-cgu.0.rcgu.o:(blockless_sdk::socket::create_tcp_bind_socket::hd626ca67c61323ca) in archive /opt/rustwide/target/debug/deps/libblockless_sdk-5ed2c0c16fc58fc6.rlib
[INFO] [stdout]           collect2: error: ld returned 1 exit status
[INFO] [stdout]           
[INFO] [stdout] 
[INFO] [stdout] 
[INFO] [stderr] error: could not compile `blockless-web-cgi` (bin "blockless-web-cgi") due to 1 previous error
[INFO] running `Command { std: "docker" "inspect" "42ec7134b897487dbbb7cb3b61746ce20268922a4c979b226c352a62b69f8350", kill_on_drop: false }`
[INFO] running `Command { std: "docker" "rm" "-f" "42ec7134b897487dbbb7cb3b61746ce20268922a4c979b226c352a62b69f8350", kill_on_drop: false }`
[INFO] [stdout] 42ec7134b897487dbbb7cb3b61746ce20268922a4c979b226c352a62b69f8350
