[INFO] fetching crate blissify-rs 0.1.2...
[INFO] testing blissify-rs-0.1.2 against nightly-2024-10-28 for randomize-layout
[INFO] extracting crate blissify-rs 0.1.2 into /workspace/builds/worker-4-tc1/source
[INFO] validating manifest of crates.io crate blissify-rs 0.1.2 on toolchain nightly-2024-10-28
[INFO] running `Command { std: CARGO_HOME="/workspace/cargo-home" RUSTUP_HOME="/workspace/rustup-home" "/workspace/cargo-home/bin/cargo" "+nightly-2024-10-28" "metadata" "--manifest-path" "Cargo.toml" "--no-deps", kill_on_drop: false }`
[INFO] started tweaking crates.io crate blissify-rs 0.1.2
[INFO] finished tweaking crates.io crate blissify-rs 0.1.2
[INFO] tweaked toml for crates.io crate blissify-rs 0.1.2 written to /workspace/builds/worker-4-tc1/source/Cargo.toml
[INFO] crate crates.io crate blissify-rs 0.1.2 already has a lockfile, it will not be regenerated
[INFO] running `Command { std: CARGO_HOME="/workspace/cargo-home" RUSTUP_HOME="/workspace/rustup-home" "/workspace/cargo-home/bin/cargo" "+nightly-2024-10-28" "fetch" "--manifest-path" "Cargo.toml", kill_on_drop: false }`
[INFO] [stderr]     Updating crates.io index
[INFO] [stderr]  Downloading crates ...
[INFO] [stderr]   Downloaded vcpkg v0.2.12
[INFO] [stderr]   Downloaded mpd v0.0.12
[INFO] [stderr]   Downloaded memoffset v0.6.3
[INFO] [stderr]   Downloaded shlex v0.1.1
[INFO] [stderr]   Downloaded primal-check v0.3.1
[INFO] [stderr]   Downloaded ffmpeg-sys-next v4.3.5
[INFO] [stderr]   Downloaded crossbeam-queue v0.3.1
[INFO] [stderr]   Downloaded ripemd160 v0.9.1
[INFO] [stderr]   Downloaded thiserror-impl v1.0.24
[INFO] [stderr]   Downloaded hashlink v0.7.0
[INFO] [stderr]   Downloaded anyhow v1.0.40
[INFO] [stderr]   Downloaded ndarray-npy v0.8.0
[INFO] [stderr]   Downloaded bliss-audio-aubio-rs v0.2.0
[INFO] [stderr]   Downloaded num-bigint v0.4.0
[INFO] [stderr]   Downloaded ffmpeg-next v4.3.8
[INFO] [stderr]   Downloaded itertools v0.10.0
[INFO] [stderr]   Downloaded crossbeam-channel v0.5.1
[INFO] [stderr]   Downloaded flate2 v1.0.20
[INFO] [stderr]   Downloaded bindgen v0.54.0
[INFO] [stderr]   Downloaded ndarray v0.15.1
[INFO] [stderr]   Downloaded rustfft v5.1.1
[INFO] [stderr]   Downloaded cc v1.0.67
[INFO] [stderr]   Downloaded indexmap v1.6.2
[INFO] [stderr]   Downloaded matrixmultiply v0.3.1
[INFO] [stderr]   Downloaded ndarray-stats v0.5.0
[INFO] [stderr]   Downloaded crossbeam-epoch v0.9.4
[INFO] [stderr]   Downloaded proc-macro2 v1.0.26
[INFO] [stderr]   Downloaded redox_syscall v0.2.8
[INFO] [stderr]   Downloaded rustc-serialize v0.3.24
[INFO] [stderr]   Downloaded libc v0.2.94
[INFO] [stderr]   Downloaded libloading v0.5.2
[INFO] [stderr]   Downloaded clang-sys v0.29.3
[INFO] [stderr]   Downloaded jobserver v0.1.22
[INFO] [stderr]   Downloaded zip v0.5.12
[INFO] [stderr]   Downloaded num-complex v0.4.0
[INFO] [stderr]   Downloaded bliss-audio-aubio-sys v0.2.0
[INFO] [stderr]   Downloaded noisy_float v0.2.0
[INFO] [stderr]   Downloaded rusqlite v0.25.3
[INFO] [stderr]   Downloaded crossbeam v0.8.0
[INFO] [stderr]   Downloaded py_literal v0.4.0
[INFO] [stderr]   Downloaded strength_reduce v0.2.3
[INFO] [stderr]   Downloaded transpose v0.2.1
[INFO] [stderr]   Downloaded thiserror v1.0.24
[INFO] [stderr]   Downloaded bufstream v0.1.4
[INFO] [stderr]   Downloaded libsqlite3-sys v0.22.2
[INFO] [stderr]   Downloaded ahash v0.7.2
[INFO] [stderr]   Downloaded bliss-audio v0.1.3
[INFO] running `Command { std: "docker" "create" "-v" "/var/lib/crater-agent-workspace/builds/worker-4-tc1/target:/opt/rustwide/target:rw,Z" "-v" "/var/lib/crater-agent-workspace/builds/worker-4-tc1/source:/opt/rustwide/workdir:ro,Z" "-v" "/var/lib/crater-agent-workspace/cargo-home:/opt/rustwide/cargo-home:ro,Z" "-v" "/var/lib/crater-agent-workspace/rustup-home:/opt/rustwide/rustup-home:ro,Z" "-e" "SOURCE_DIR=/opt/rustwide/workdir" "-e" "CARGO_TARGET_DIR=/opt/rustwide/target" "-e" "CARGO_HOME=/opt/rustwide/cargo-home" "-e" "RUSTUP_HOME=/opt/rustwide/rustup-home" "-w" "/opt/rustwide/workdir" "-m" "1610612736" "--user" "0:0" "--network" "none" "ghcr.io/rust-lang/crates-build-env/linux@sha256:4a844ea9eb2546a2d2c7022eacef16ef2e8229c7fbb2c7d4d55a9ceca922f72d" "/opt/rustwide/cargo-home/bin/cargo" "+nightly-2024-10-28" "metadata" "--no-deps" "--format-version=1", kill_on_drop: false }`
[INFO] [stdout] 1bdd97162b48280c07983b94b4e7b329dcb09e79c26b6c40816e98d39d854613
[INFO] running `Command { std: "docker" "start" "-a" "1bdd97162b48280c07983b94b4e7b329dcb09e79c26b6c40816e98d39d854613", kill_on_drop: false }`
[INFO] running `Command { std: "docker" "inspect" "1bdd97162b48280c07983b94b4e7b329dcb09e79c26b6c40816e98d39d854613", kill_on_drop: false }`
[INFO] running `Command { std: "docker" "rm" "-f" "1bdd97162b48280c07983b94b4e7b329dcb09e79c26b6c40816e98d39d854613", kill_on_drop: false }`
[INFO] [stdout] 1bdd97162b48280c07983b94b4e7b329dcb09e79c26b6c40816e98d39d854613
[INFO] running `Command { std: "docker" "create" "-v" "/var/lib/crater-agent-workspace/builds/worker-4-tc1/target:/opt/rustwide/target:rw,Z" "-v" "/var/lib/crater-agent-workspace/builds/worker-4-tc1/source:/opt/rustwide/workdir:ro,Z" "-v" "/var/lib/crater-agent-workspace/cargo-home:/opt/rustwide/cargo-home:ro,Z" "-v" "/var/lib/crater-agent-workspace/rustup-home:/opt/rustwide/rustup-home:ro,Z" "-e" "SOURCE_DIR=/opt/rustwide/workdir" "-e" "CARGO_TARGET_DIR=/opt/rustwide/target" "-e" "CARGO_INCREMENTAL=0" "-e" "RUST_BACKTRACE=full" "-e" "RUSTFLAGS=--cap-lints=forbid" "-e" "RUSTDOCFLAGS=--cap-lints=forbid" "-e" "CARGO_HOME=/opt/rustwide/cargo-home" "-e" "RUSTUP_HOME=/opt/rustwide/rustup-home" "-w" "/opt/rustwide/workdir" "-m" "1610612736" "--user" "0:0" "--network" "none" "ghcr.io/rust-lang/crates-build-env/linux@sha256:4a844ea9eb2546a2d2c7022eacef16ef2e8229c7fbb2c7d4d55a9ceca922f72d" "/opt/rustwide/cargo-home/bin/cargo" "+nightly-2024-10-28" "build" "--frozen" "--message-format=json", kill_on_drop: false }`
[INFO] [stdout] 8ba7b3a71d92ce5ba7481700b191470dcba79e6034cdfe63819d06e974092b09
[INFO] running `Command { std: "docker" "start" "-a" "8ba7b3a71d92ce5ba7481700b191470dcba79e6034cdfe63819d06e974092b09", kill_on_drop: false }`
[INFO] [stderr]    Compiling libc v0.2.94
[INFO] [stderr]    Compiling autocfg v1.0.1
[INFO] [stderr]    Compiling cfg-if v1.0.0
[INFO] [stderr]    Compiling version_check v0.9.3
[INFO] [stderr]    Compiling proc-macro2 v1.0.26
[INFO] [stderr]    Compiling lazy_static v1.4.0
[INFO] [stderr]    Compiling unicode-xid v0.2.2
[INFO] [stderr]    Compiling memchr v2.4.0
[INFO] [stderr]    Compiling glob v0.3.0
[INFO] [stderr]    Compiling bitflags v1.2.1
[INFO] [stderr]    Compiling getrandom v0.2.2
[INFO] [stderr]    Compiling pkg-config v0.3.19
[INFO] [stderr]    Compiling syn v1.0.72
[INFO] [stderr]    Compiling scopeguard v1.1.0
[INFO] [stderr]    Compiling regex-syntax v0.6.25
[INFO] [stderr]    Compiling rayon-core v1.9.0
[INFO] [stderr]    Compiling bindgen v0.54.0
[INFO] [stderr]    Compiling rustc-hash v1.1.0
[INFO] [stderr]    Compiling cfg-if v0.1.10
[INFO] [stderr]    Compiling ucd-trie v0.1.3
[INFO] [stderr]    Compiling typenum v1.13.0
[INFO] [stderr]    Compiling lazycell v1.3.0
[INFO] [stderr]    Compiling shlex v0.1.1
[INFO] [stderr]    Compiling peeking_take_while v0.1.2
[INFO] [stderr]    Compiling crc32fast v1.2.1
[INFO] [stderr]    Compiling pest v2.1.3
[INFO] [stderr]    Compiling num-traits v0.2.14
[INFO] [stderr]    Compiling crossbeam-utils v0.8.4
[INFO] [stderr]    Compiling memoffset v0.6.3
[INFO] [stderr]    Compiling num-integer v0.1.44
[INFO] [stderr]    Compiling nom v5.1.2
[INFO] [stderr]    Compiling generic-array v0.14.4
[INFO] [stderr]    Compiling miniz_oxide v0.4.4
[INFO] [stderr]    Compiling clang-sys v0.29.3
[INFO] [stderr]    Compiling rayon v1.5.0
[INFO] [stderr]    Compiling maplit v1.0.2
[INFO] [stderr]    Compiling either v1.6.1
[INFO] [stderr]    Compiling ahash v0.7.2
[INFO] [stderr]    Compiling num-bigint v0.4.0
[INFO] [stderr]    Compiling adler v1.0.2
[INFO] [stderr]    Compiling rawpointer v0.2.1
[INFO] [stderr]    Compiling quote v1.0.9
[INFO] [stderr]    Compiling matrixmultiply v0.3.1
[INFO] [stderr]    Compiling indexmap v1.6.2
[INFO] [stderr]    Compiling aho-corasick v0.7.18
[INFO] [stderr]    Compiling once_cell v1.7.2
[INFO] [stderr]    Compiling jobserver v0.1.22
[INFO] [stderr]    Compiling num_cpus v1.13.0
[INFO] [stderr]    Compiling pest_meta v2.1.3
[INFO] [stderr]    Compiling ppv-lite86 v0.2.10
[INFO] [stderr]    Compiling log v0.4.14
[INFO] [stderr]    Compiling cc v1.0.67
[INFO] [stderr]    Compiling rand_core v0.6.2
[INFO] [stderr]    Compiling flate2 v1.0.20
[INFO] [stderr]    Compiling atty v0.2.14
[INFO] [stderr]    Compiling crossbeam-epoch v0.9.4
[INFO] [stderr]    Compiling crossbeam-channel v0.5.1
[INFO] [stderr]    Compiling num-complex v0.4.0
[INFO] [stderr]    Compiling rand_chacha v0.3.0
[INFO] [stderr]    Compiling crossbeam-deque v0.8.0
[INFO] [stderr]    Compiling libsqlite3-sys v0.22.2
[INFO] [stderr]    Compiling strength_reduce v0.2.3
[INFO] [stderr]    Compiling byteorder v1.4.3
[INFO] [stderr]    Compiling hashbrown v0.9.1
[INFO] [stderr]    Compiling ffmpeg-next v4.3.8
[INFO] [stderr]    Compiling transpose v0.2.1
[INFO] [stderr]    Compiling primal-check v0.3.1
[INFO] [stderr]    Compiling block-buffer v0.9.0
[INFO] [stderr]    Compiling digest v0.9.0
[INFO] [stderr]    Compiling regex v1.5.4
[INFO] [stderr]    Compiling rand v0.8.3
[INFO] [stderr]    Compiling hashbrown v0.11.2
[INFO] [stderr]    Compiling crossbeam-queue v0.3.1
[INFO] [stderr]    Compiling num-complex v0.3.1
[INFO] [stderr]    Compiling noisy_float v0.2.0
[INFO] [stderr]    Compiling itertools v0.10.0
[INFO] [stderr]    Compiling libloading v0.5.2
[INFO] [stderr]    Compiling bliss-audio-aubio-sys v0.2.0
[INFO] [stdout] error[E0308]: mismatched types
[INFO] [stdout]   --> /opt/rustwide/cargo-home/registry/src/index.crates.io-6f17d22bba15001f/num-bigint-0.4.0/src/biguint/convert.rs:70:19
[INFO] [stdout]    |
[INFO] [stdout] 70 |         .div_ceil(&big_digit::BITS.into())
[INFO] [stdout]    |          -------- ^^^^^^^^^^^^^^^^^^^^^^^ expected `u64`, found `&_`
[INFO] [stdout]    |          |
[INFO] [stdout]    |          arguments to this method are incorrect
[INFO] [stdout]    |
[INFO] [stdout]    = note:   expected type `u64`
[INFO] [stdout]            found reference `&_`
[INFO] [stdout] note: method defined here
[INFO] [stdout]   --> /rustc/df4ca44d3fbc9301ee17f30f4d474e6ae4b05252/library/core/src/num/mod.rs:1230:5
[INFO] [stdout]    = note: this error originates in the macro `uint_impl` (in Nightly builds, run with -Z macro-backtrace for more info)
[INFO] [stdout] help: consider removing the borrow
[INFO] [stdout]    |
[INFO] [stdout] 70 -         .div_ceil(&big_digit::BITS.into())
[INFO] [stdout] 70 +         .div_ceil(big_digit::BITS.into())
[INFO] [stdout]    |
[INFO] [stdout] 
[INFO] [stdout] 
[INFO] [stderr]    Compiling termcolor v1.1.2
[INFO] [stdout] error[E0308]: mismatched types
[INFO] [stdout]    --> /opt/rustwide/cargo-home/registry/src/index.crates.io-6f17d22bba15001f/num-bigint-0.4.0/src/biguint/convert.rs:585:19
[INFO] [stdout]     |
[INFO] [stdout] 585 |         .div_ceil(&u64::from(bits))
[INFO] [stdout]     |          -------- ^^^^^^^^^^^^^^^^ expected `u64`, found `&u64`
[INFO] [stdout]     |          |
[INFO] [stdout]     |          arguments to this method are incorrect
[INFO] [stdout]     |
[INFO] [stdout] note: method defined here
[INFO] [stdout]    --> /rustc/df4ca44d3fbc9301ee17f30f4d474e6ae4b05252/library/core/src/num/mod.rs:1230:5
[INFO] [stdout]     = note: this error originates in the macro `uint_impl` (in Nightly builds, run with -Z macro-backtrace for more info)
[INFO] [stdout] help: consider removing the borrow
[INFO] [stdout]     |
[INFO] [stdout] 585 -         .div_ceil(&u64::from(bits))
[INFO] [stdout] 585 +         .div_ceil(u64::from(bits))
[INFO] [stdout]     |
[INFO] [stdout] 
[INFO] [stdout] 
[INFO] [stdout] error[E0308]: mismatched types
[INFO] [stdout]    --> /opt/rustwide/cargo-home/registry/src/index.crates.io-6f17d22bba15001f/num-bigint-0.4.0/src/biguint/convert.rs:613:19
[INFO] [stdout]     |
[INFO] [stdout] 613 |         .div_ceil(&u64::from(bits))
[INFO] [stdout]     |          -------- ^^^^^^^^^^^^^^^^ expected `u64`, found `&u64`
[INFO] [stdout]     |          |
[INFO] [stdout]     |          arguments to this method are incorrect
[INFO] [stdout]     |
[INFO] [stdout] note: method defined here
[INFO] [stdout]    --> /rustc/df4ca44d3fbc9301ee17f30f4d474e6ae4b05252/library/core/src/num/mod.rs:1230:5
[INFO] [stdout]     = note: this error originates in the macro `uint_impl` (in Nightly builds, run with -Z macro-backtrace for more info)
[INFO] [stdout] help: consider removing the borrow
[INFO] [stdout]     |
[INFO] [stdout] 613 -         .div_ceil(&u64::from(bits))
[INFO] [stdout] 613 +         .div_ceil(u64::from(bits))
[INFO] [stdout]     |
[INFO] [stdout] 
[INFO] [stdout] 
[INFO] [stderr]    Compiling opaque-debug v0.3.0
[INFO] [stderr]    Compiling humantime v2.1.0
[INFO] [stderr]    Compiling unicode-width v0.1.8
[INFO] [stderr]    Compiling anyhow v1.0.40
[INFO] [stderr]    Compiling rustfft v5.1.1
[INFO] [stderr]    Compiling cexpr v0.4.0
[INFO] [stderr]    Compiling textwrap v0.11.0
[INFO] [stdout] For more information about this error, try `rustc --explain E0308`.
[INFO] [stdout] 
[INFO] [stderr] error: could not compile `num-bigint` (lib) due to 3 previous errors
[INFO] [stderr] warning: build failed, waiting for other jobs to finish...
[INFO] running `Command { std: "docker" "inspect" "8ba7b3a71d92ce5ba7481700b191470dcba79e6034cdfe63819d06e974092b09", kill_on_drop: false }`
[INFO] running `Command { std: "docker" "rm" "-f" "8ba7b3a71d92ce5ba7481700b191470dcba79e6034cdfe63819d06e974092b09", kill_on_drop: false }`
[INFO] [stdout] 8ba7b3a71d92ce5ba7481700b191470dcba79e6034cdfe63819d06e974092b09
