[INFO] fetching crate blazzy 0.1.1...
[INFO] testing blazzy-0.1.1 against nightly-2024-10-28+rustflags=-Zrandomize-layout for randomize-layout
[INFO] extracting crate blazzy 0.1.1 into /workspace/builds/worker-3-tc2/source
[INFO] validating manifest of crates.io crate blazzy 0.1.1 on toolchain nightly-2024-10-28
[INFO] running `Command { std: CARGO_HOME="/workspace/cargo-home" RUSTUP_HOME="/workspace/rustup-home" "/workspace/cargo-home/bin/cargo" "+nightly-2024-10-28" "metadata" "--manifest-path" "Cargo.toml" "--no-deps", kill_on_drop: false }`
[INFO] started tweaking crates.io crate blazzy 0.1.1
[INFO] finished tweaking crates.io crate blazzy 0.1.1
[INFO] tweaked toml for crates.io crate blazzy 0.1.1 written to /workspace/builds/worker-3-tc2/source/Cargo.toml
[INFO] crate crates.io crate blazzy 0.1.1 already has a lockfile, it will not be regenerated
[INFO] running `Command { std: CARGO_HOME="/workspace/cargo-home" RUSTUP_HOME="/workspace/rustup-home" "/workspace/cargo-home/bin/cargo" "+nightly-2024-10-28" "fetch" "--manifest-path" "Cargo.toml", kill_on_drop: false }`
[INFO] running `Command { std: "docker" "create" "-v" "/var/lib/crater-agent-workspace/builds/worker-3-tc2/target:/opt/rustwide/target:rw,Z" "-v" "/var/lib/crater-agent-workspace/builds/worker-3-tc2/source:/opt/rustwide/workdir:ro,Z" "-v" "/var/lib/crater-agent-workspace/cargo-home:/opt/rustwide/cargo-home:ro,Z" "-v" "/var/lib/crater-agent-workspace/rustup-home:/opt/rustwide/rustup-home:ro,Z" "-e" "SOURCE_DIR=/opt/rustwide/workdir" "-e" "CARGO_TARGET_DIR=/opt/rustwide/target" "-e" "CARGO_HOME=/opt/rustwide/cargo-home" "-e" "RUSTUP_HOME=/opt/rustwide/rustup-home" "-w" "/opt/rustwide/workdir" "-m" "1610612736" "--user" "0:0" "--network" "none" "ghcr.io/rust-lang/crates-build-env/linux@sha256:4a844ea9eb2546a2d2c7022eacef16ef2e8229c7fbb2c7d4d55a9ceca922f72d" "/opt/rustwide/cargo-home/bin/cargo" "+nightly-2024-10-28" "metadata" "--no-deps" "--format-version=1", kill_on_drop: false }`
[INFO] [stdout] ab80dc8521d0e3657229484e2d290091b785b3a9d2118fc206dfcb45da38ad67
[INFO] running `Command { std: "docker" "start" "-a" "ab80dc8521d0e3657229484e2d290091b785b3a9d2118fc206dfcb45da38ad67", kill_on_drop: false }`
[INFO] running `Command { std: "docker" "inspect" "ab80dc8521d0e3657229484e2d290091b785b3a9d2118fc206dfcb45da38ad67", kill_on_drop: false }`
[INFO] running `Command { std: "docker" "rm" "-f" "ab80dc8521d0e3657229484e2d290091b785b3a9d2118fc206dfcb45da38ad67", kill_on_drop: false }`
[INFO] [stdout] ab80dc8521d0e3657229484e2d290091b785b3a9d2118fc206dfcb45da38ad67
[INFO] running `Command { std: "docker" "create" "-v" "/var/lib/crater-agent-workspace/builds/worker-3-tc2/target:/opt/rustwide/target:rw,Z" "-v" "/var/lib/crater-agent-workspace/builds/worker-3-tc2/source:/opt/rustwide/workdir:ro,Z" "-v" "/var/lib/crater-agent-workspace/cargo-home:/opt/rustwide/cargo-home:ro,Z" "-v" "/var/lib/crater-agent-workspace/rustup-home:/opt/rustwide/rustup-home:ro,Z" "-e" "SOURCE_DIR=/opt/rustwide/workdir" "-e" "CARGO_TARGET_DIR=/opt/rustwide/target" "-e" "CARGO_INCREMENTAL=0" "-e" "RUST_BACKTRACE=full" "-e" "RUSTFLAGS=--cap-lints=forbid -Zrandomize-layout" "-e" "RUSTDOCFLAGS=--cap-lints=forbid" "-e" "CARGO_HOME=/opt/rustwide/cargo-home" "-e" "RUSTUP_HOME=/opt/rustwide/rustup-home" "-w" "/opt/rustwide/workdir" "-m" "1610612736" "--user" "0:0" "--network" "none" "ghcr.io/rust-lang/crates-build-env/linux@sha256:4a844ea9eb2546a2d2c7022eacef16ef2e8229c7fbb2c7d4d55a9ceca922f72d" "/opt/rustwide/cargo-home/bin/cargo" "+nightly-2024-10-28" "build" "--frozen" "--message-format=json", kill_on_drop: false }`
[INFO] [stdout] 85e8ed01571931aa64b4101857c1fb49defd65838f1f6ec472861f1808ab961f
[INFO] running `Command { std: "docker" "start" "-a" "85e8ed01571931aa64b4101857c1fb49defd65838f1f6ec472861f1808ab961f", kill_on_drop: false }`
[INFO] [stderr]    Compiling libc v0.2.155
[INFO] [stderr]    Compiling proc-macro2 v1.0.86
[INFO] [stderr]    Compiling unicode-ident v1.0.12
[INFO] [stderr]    Compiling bytes v1.6.0
[INFO] [stderr]    Compiling lock_api v0.4.12
[INFO] [stderr]    Compiling generic-array v0.14.7
[INFO] [stderr]    Compiling tracing-core v0.1.32
[INFO] [stderr]    Compiling zerocopy v0.7.35
[INFO] [stderr]    Compiling futures-sink v0.3.30
[INFO] [stderr]    Compiling aho-corasick v1.1.3
[INFO] [stderr]    Compiling paste v1.0.15
[INFO] [stderr]    Compiling regex-syntax v0.8.4
[INFO] [stderr]    Compiling futures-task v0.3.30
[INFO] [stderr]    Compiling serde v1.0.203
[INFO] [stderr]    Compiling local-waker v0.1.4
[INFO] [stderr]    Compiling zstd-safe v7.1.0
[INFO] [stderr]    Compiling alloc-no-stdlib v2.0.4
[INFO] [stderr]    Compiling futures-util v0.3.30
[INFO] [stderr]    Compiling fnv v1.0.7
[INFO] [stderr]    Compiling tinyvec v1.6.1
[INFO] [stderr]    Compiling alloc-stdlib v0.2.2
[INFO] [stderr]    Compiling crossbeam-utils v0.8.20
[INFO] [stderr]    Compiling regex-lite v0.1.6
[INFO] [stderr]    Compiling httparse v1.9.4
[INFO] [stderr]    Compiling tracing v0.1.40
[INFO] [stderr]    Compiling quote v1.0.36
[INFO] [stderr]    Compiling http v0.2.12
[INFO] [stderr]    Compiling utf8parse v0.2.2
[INFO] [stderr]    Compiling ppv-lite86 v0.2.17
[INFO] [stderr]    Compiling log v0.4.22
[INFO] [stderr]    Compiling anstyle-parse v0.2.4
[INFO] [stderr]    Compiling time-macros v0.2.18
[INFO] [stderr]    Compiling actix-service v2.0.2
[INFO] [stderr]    Compiling syn v2.0.68
[INFO] [stderr]    Compiling jobserver v0.1.31
[INFO] [stderr]    Compiling block-buffer v0.10.4
[INFO] [stderr]    Compiling crypto-common v0.1.6
[INFO] [stderr]    Compiling bytestring v1.3.1
[INFO] [stderr]    Compiling digest v0.10.7
[INFO] [stderr]    Compiling unicode-normalization v0.1.23
[INFO] [stderr]    Compiling cc v1.0.104
[INFO] [stderr]    Compiling miniz_oxide v0.7.4
[INFO] [stderr]    Compiling brotli-decompressor v4.0.1
[INFO] [stderr]    Compiling actix-utils v3.0.1
[INFO] [stderr]    Compiling cookie v0.16.2
[INFO] [stderr]    Compiling colorchoice v1.0.1
[INFO] [stderr]    Compiling unicode-bidi v0.3.15
[INFO] [stderr]    Compiling is_terminal_polyfill v1.70.0
[INFO] [stderr]    Compiling convert_case v0.4.0
[INFO] [stderr]    Compiling anstyle v1.0.7
[INFO] [stderr]    Compiling getrandom v0.2.15
[INFO] [stderr]    Compiling parking_lot_core v0.9.10
[INFO] [stderr]    Compiling mio v0.8.11
[INFO] [stderr]    Compiling signal-hook-registry v1.4.2
[INFO] [stderr]    Compiling socket2 v0.5.7
[INFO] [stderr]    Compiling parking_lot v0.12.3
[INFO] [stderr]    Compiling num_cpus v1.16.0
[INFO] [stderr]    Compiling ahash v0.8.11
[INFO] [stderr]    Compiling rand_core v0.6.4
[INFO] [stderr]    Compiling regex-automata v0.4.7
[INFO] [stderr]    Compiling cpufeatures v0.2.12
[INFO] [stderr]    Compiling hashbrown v0.14.5
[INFO] [stderr]    Compiling rand_chacha v0.3.1
[INFO] [stderr]    Compiling anstyle-query v1.1.0
[INFO] [stderr]    Compiling serde_json v1.0.120
[INFO] [stderr]    Compiling sha1 v0.10.6
[INFO] [stderr]    Compiling anstream v0.6.14
[INFO] [stderr]    Compiling time v0.3.36
[INFO] [stderr]    Compiling brotli v6.0.0
[INFO] [stderr]    Compiling idna v0.5.0
[INFO] [stderr]    Compiling flate2 v1.0.30
[INFO] [stderr]    Compiling rand v0.8.5
[INFO] [stderr]    Compiling nix v0.28.0
[INFO] [stderr]    Compiling zstd-sys v2.0.11+zstd.1.5.6
[INFO] [stderr]    Compiling local-channel v0.1.5
[INFO] [stderr]    Compiling num-traits v0.2.19
[INFO] [stderr]    Compiling indexmap v2.2.6
[INFO] [stderr]    Compiling encoding_rs v0.8.34
[INFO] [stderr]    Compiling httpdate v1.0.3
[INFO] [stderr]    Compiling language-tags v0.3.2
[INFO] [stderr]    Compiling mime v0.3.17
[INFO] [stderr]    Compiling crossbeam-channel v0.5.13
[INFO] [stderr]    Compiling url v2.5.2
[INFO] [stderr]    Compiling winapi v0.3.9
[INFO] [stderr]    Compiling clap_lex v0.7.1
[INFO] [stderr]    Compiling heck v0.5.0
[INFO] [stderr]    Compiling strsim v0.11.1
[INFO] [stderr]    Compiling clap_builder v4.5.8
[INFO] [stderr]    Compiling humantime v2.1.0
[INFO] [stderr]    Compiling iana-time-zone v0.1.60
[INFO] [stderr]    Compiling lru v0.12.3
[INFO] [stderr]    Compiling atomic_refcell v0.1.13
[INFO] [stderr]    Compiling actix-router v0.5.3
[INFO] [stderr]    Compiling chrono v0.4.38
[INFO] [stderr]    Compiling regex v1.10.5
[INFO] [stderr]    Compiling env_filter v0.1.0
[INFO] [stderr]    Compiling ctrlc v3.4.4
[INFO] [stderr]    Compiling env_logger v0.11.3
[INFO] [stderr]    Compiling tokio-macros v2.3.0
[INFO] [stderr]    Compiling serde_derive v1.0.203
[INFO] [stderr]    Compiling actix-macros v0.2.4
[INFO] [stderr]    Compiling derive_more v0.99.18
[INFO] [stderr]    Compiling actix_derive v0.6.1
[INFO] [stderr]    Compiling actix-web-codegen v4.3.0
[INFO] [stderr]    Compiling clap_derive v4.5.8
[INFO] [stderr]    Compiling tokio v1.38.0
[INFO] [stderr]    Compiling clap v4.5.8
[INFO] [stderr]    Compiling zstd v0.13.1
[INFO] [stderr]    Compiling serde_urlencoded v0.7.1
[INFO] [stderr]    Compiling tokio-util v0.7.11
[INFO] [stderr]    Compiling actix-rt v2.10.0
[INFO] [stderr]    Compiling actix-server v2.4.0
[INFO] [stderr]    Compiling h2 v0.3.26
[INFO] [stderr]    Compiling actix-codec v0.5.2
[INFO] [stderr]    Compiling actix v0.13.5
[INFO] [stderr]    Compiling actix-http v3.8.0
[INFO] [stderr]    Compiling actix-web v4.8.0
[INFO] [stderr]    Compiling actix-web-actors v4.3.0
[INFO] [stderr]    Compiling blazzy v0.1.1 (/opt/rustwide/workdir)
[INFO] [stdout] error[E0433]: failed to resolve: could not find `windows` in `os`
[INFO] [stdout]  --> src/observer/mod.rs:3:14
[INFO] [stdout]   |
[INFO] [stdout] 3 | use std::os::windows::prelude::{OsStrExt, OsStringExt};
[INFO] [stdout]   |              ^^^^^^^ could not find `windows` in `os`
[INFO] [stdout]   |
[INFO] [stdout] note: found an item that was configured out
[INFO] [stdout]  --> /rustc/df4ca44d3fbc9301ee17f30f4d474e6ae4b05252/library/std/src/os/mod.rs:54:9
[INFO] [stdout] note: the item is gated here
[INFO] [stdout]  --> /rustc/df4ca44d3fbc9301ee17f30f4d474e6ae4b05252/library/std/src/os/mod.rs:46:1
[INFO] [stdout] note: found an item that was configured out
[INFO] [stdout]  --> /rustc/df4ca44d3fbc9301ee17f30f4d474e6ae4b05252/library/std/src/os/mod.rs:101:9
[INFO] [stdout] note: the item is gated here
[INFO] [stdout]  --> /rustc/df4ca44d3fbc9301ee17f30f4d474e6ae4b05252/library/std/src/os/mod.rs:100:1
[INFO] [stdout] 
[INFO] [stdout] 
[INFO] [stdout] error[E0433]: failed to resolve: could not find `um` in `winapi`
[INFO] [stdout]   --> src/observer/mod.rs:10:13
[INFO] [stdout]    |
[INFO] [stdout] 10 | use winapi::um::fileapi::{CreateFileW, FindFirstChangeNotificationW, FindNextChangeNotification, GetFileAttributesExW, OPEN_EXISTING, WIN...
[INFO] [stdout]    |             ^^ could not find `um` in `winapi`
[INFO] [stdout] 
[INFO] [stdout] 
[INFO] [stdout] error[E0433]: failed to resolve: could not find `um` in `winapi`
[INFO] [stdout]   --> src/observer/mod.rs:11:13
[INFO] [stdout]    |
[INFO] [stdout] 11 | use winapi::um::handleapi::INVALID_HANDLE_VALUE;
[INFO] [stdout]    |             ^^ could not find `um` in `winapi`
[INFO] [stdout] 
[INFO] [stdout] 
[INFO] [stdout] error[E0433]: failed to resolve: could not find `um` in `winapi`
[INFO] [stdout]   --> src/observer/mod.rs:12:13
[INFO] [stdout]    |
[INFO] [stdout] 12 | use winapi::um::synchapi::WaitForSingleObject;
[INFO] [stdout]    |             ^^ could not find `um` in `winapi`
[INFO] [stdout] 
[INFO] [stdout] 
[INFO] [stdout] error[E0433]: failed to resolve: could not find `um` in `winapi`
[INFO] [stdout]   --> src/observer/mod.rs:13:13
[INFO] [stdout]    |
[INFO] [stdout] 13 | use winapi::um::winbase::{FILE_FLAG_BACKUP_SEMANTICS, ReadDirectoryChangesW};
[INFO] [stdout]    |             ^^ could not find `um` in `winapi`
[INFO] [stdout] 
[INFO] [stdout] 
[INFO] [stdout] error[E0433]: failed to resolve: could not find `um` in `winapi`
[INFO] [stdout]   --> src/observer/mod.rs:14:13
[INFO] [stdout]    |
[INFO] [stdout] 14 | use winapi::um::winnt::{FILE_ATTRIBUTE_DIRECTORY, FILE_ATTRIBUTE_REPARSE_POINT, FILE_LIST_DIRECTORY, FILE_NOTIFY_CHANGE_ATTRIBUTES, FILE_...
[INFO] [stdout]    |             ^^ could not find `um` in `winapi`
[INFO] [stdout] 
[INFO] [stdout] 
[INFO] [stdout] error[E0433]: failed to resolve: could not find `um` in `winapi`
[INFO] [stdout]   --> src/observer/mod.rs:16:13
[INFO] [stdout]    |
[INFO] [stdout] 16 | use winapi::um::minwinbase::GetFileExInfoStandard;
[INFO] [stdout]    |             ^^ could not find `um` in `winapi`
[INFO] [stdout] 
[INFO] [stdout] 
[INFO] [stdout] error[E0599]: no method named `encode_wide` found for struct `OsString` in the current scope
[INFO] [stdout]   --> src/observer/mod.rs:27:41
[INFO] [stdout]    |
[INFO] [stdout] 27 |         let path = OsString::from(path).encode_wide().chain(Some(0)).collect::<Vec<u16>>();
[INFO] [stdout]    |                                         ^^^^^^^^^^^ method not found in `OsString`
[INFO] [stdout] 
[INFO] [stdout] 
[INFO] [stdout] error[E0599]: no function or associated item named `from_wide` found for struct `OsString` in the current scope
[INFO] [stdout]    --> src/observer/mod.rs:101:57
[INFO] [stdout]     |
[INFO] [stdout] 101 |                         let filename_os_str = OsString::from_wide(&filename_wide);
[INFO] [stdout]     |                                                         ^^^^^^^^^ function or associated item not found in `OsString`
[INFO] [stdout]     |
[INFO] [stdout] note: if you're trying to build a new `OsString` consider using one of the following associated functions:
[INFO] [stdout]       OsString::new
[INFO] [stdout]       OsString::from_encoded_bytes_unchecked
[INFO] [stdout]       OsString::with_capacity
[INFO] [stdout]    --> /rustc/df4ca44d3fbc9301ee17f30f4d474e6ae4b05252/library/std/src/ffi/os_str.rs:140:5
[INFO] [stdout] help: there is an associated function `from_iter` with a similar name
[INFO] [stdout]     |
[INFO] [stdout] 101 |                         let filename_os_str = OsString::from_iter(&filename_wide);
[INFO] [stdout]     |                                                         ~~~~~~~~~
[INFO] [stdout] 
[INFO] [stdout] 
[INFO] [stdout] error[E0599]: no method named `encode_wide` found for reference `&std::ffi::OsStr` in the current scope
[INFO] [stdout]    --> src/observer/mod.rs:146:52
[INFO] [stdout]     |
[INFO] [stdout] 146 |         let path_wide: Vec<u16> = OsStr::new(path).encode_wide().chain(Some(0)).collect();
[INFO] [stdout]     |                                                    ^^^^^^^^^^^ method not found in `&OsStr`
[INFO] [stdout] 
[INFO] [stdout] 
[INFO] [stdout] Some errors have detailed explanations: E0433, E0599.
[INFO] [stdout] 
[INFO] [stdout] For more information about an error, try `rustc --explain E0433`.
[INFO] [stdout] 
[INFO] [stderr] error: could not compile `blazzy` (bin "blazzy") due to 10 previous errors
[INFO] running `Command { std: "docker" "inspect" "85e8ed01571931aa64b4101857c1fb49defd65838f1f6ec472861f1808ab961f", kill_on_drop: false }`
[INFO] running `Command { std: "docker" "rm" "-f" "85e8ed01571931aa64b4101857c1fb49defd65838f1f6ec472861f1808ab961f", kill_on_drop: false }`
[INFO] [stdout] 85e8ed01571931aa64b4101857c1fb49defd65838f1f6ec472861f1808ab961f
