[INFO] fetching crate blas-array2 0.3.0...
[INFO] testing blas-array2-0.3.0 against nightly-2024-10-28+rustflags=-Zrandomize-layout for randomize-layout
[INFO] extracting crate blas-array2 0.3.0 into /workspace/builds/worker-0-tc2/source
[INFO] validating manifest of crates.io crate blas-array2 0.3.0 on toolchain nightly-2024-10-28
[INFO] running `Command { std: CARGO_HOME="/workspace/cargo-home" RUSTUP_HOME="/workspace/rustup-home" "/workspace/cargo-home/bin/cargo" "+nightly-2024-10-28" "metadata" "--manifest-path" "Cargo.toml" "--no-deps", kill_on_drop: false }`
[INFO] started tweaking crates.io crate blas-array2 0.3.0
[INFO] finished tweaking crates.io crate blas-array2 0.3.0
[INFO] tweaked toml for crates.io crate blas-array2 0.3.0 written to /workspace/builds/worker-0-tc2/source/Cargo.toml
[INFO] running `Command { std: CARGO_HOME="/workspace/cargo-home" RUSTUP_HOME="/workspace/rustup-home" "/workspace/cargo-home/bin/cargo" "+nightly-2024-10-28" "generate-lockfile" "--manifest-path" "Cargo.toml", kill_on_drop: false }`
[INFO] [stderr]     Updating crates.io index
[INFO] [stderr]      Locking 35 packages to latest compatible versions
[INFO] [stderr]       Adding ndarray v0.15.6 (available: v0.16.1)
[INFO] running `Command { std: CARGO_HOME="/workspace/cargo-home" RUSTUP_HOME="/workspace/rustup-home" "/workspace/cargo-home/bin/cargo" "+nightly-2024-10-28" "fetch" "--manifest-path" "Cargo.toml", kill_on_drop: false }`
[INFO] running `Command { std: "docker" "create" "-v" "/var/lib/crater-agent-workspace/builds/worker-0-tc2/target:/opt/rustwide/target:rw,Z" "-v" "/var/lib/crater-agent-workspace/builds/worker-0-tc2/source:/opt/rustwide/workdir:ro,Z" "-v" "/var/lib/crater-agent-workspace/cargo-home:/opt/rustwide/cargo-home:ro,Z" "-v" "/var/lib/crater-agent-workspace/rustup-home:/opt/rustwide/rustup-home:ro,Z" "-e" "SOURCE_DIR=/opt/rustwide/workdir" "-e" "CARGO_TARGET_DIR=/opt/rustwide/target" "-e" "CARGO_HOME=/opt/rustwide/cargo-home" "-e" "RUSTUP_HOME=/opt/rustwide/rustup-home" "-w" "/opt/rustwide/workdir" "-m" "1610612736" "--user" "0:0" "--network" "none" "ghcr.io/rust-lang/crates-build-env/linux@sha256:4a844ea9eb2546a2d2c7022eacef16ef2e8229c7fbb2c7d4d55a9ceca922f72d" "/opt/rustwide/cargo-home/bin/cargo" "+nightly-2024-10-28" "metadata" "--no-deps" "--format-version=1", kill_on_drop: false }`
[INFO] [stdout] ad03829dcf3a5a2254856e71100cbef4bcb3d108b18ce0b0a206ae73949d3ac2
[INFO] running `Command { std: "docker" "start" "-a" "ad03829dcf3a5a2254856e71100cbef4bcb3d108b18ce0b0a206ae73949d3ac2", kill_on_drop: false }`
[INFO] running `Command { std: "docker" "inspect" "ad03829dcf3a5a2254856e71100cbef4bcb3d108b18ce0b0a206ae73949d3ac2", kill_on_drop: false }`
[INFO] running `Command { std: "docker" "rm" "-f" "ad03829dcf3a5a2254856e71100cbef4bcb3d108b18ce0b0a206ae73949d3ac2", kill_on_drop: false }`
[INFO] [stdout] ad03829dcf3a5a2254856e71100cbef4bcb3d108b18ce0b0a206ae73949d3ac2
[INFO] running `Command { std: "docker" "create" "-v" "/var/lib/crater-agent-workspace/builds/worker-0-tc2/target:/opt/rustwide/target:rw,Z" "-v" "/var/lib/crater-agent-workspace/builds/worker-0-tc2/source:/opt/rustwide/workdir:ro,Z" "-v" "/var/lib/crater-agent-workspace/cargo-home:/opt/rustwide/cargo-home:ro,Z" "-v" "/var/lib/crater-agent-workspace/rustup-home:/opt/rustwide/rustup-home:ro,Z" "-e" "SOURCE_DIR=/opt/rustwide/workdir" "-e" "CARGO_TARGET_DIR=/opt/rustwide/target" "-e" "CARGO_INCREMENTAL=0" "-e" "RUST_BACKTRACE=full" "-e" "RUSTFLAGS=--cap-lints=forbid -Zrandomize-layout" "-e" "RUSTDOCFLAGS=--cap-lints=forbid" "-e" "CARGO_HOME=/opt/rustwide/cargo-home" "-e" "RUSTUP_HOME=/opt/rustwide/rustup-home" "-w" "/opt/rustwide/workdir" "-m" "1610612736" "--user" "0:0" "--network" "none" "ghcr.io/rust-lang/crates-build-env/linux@sha256:4a844ea9eb2546a2d2c7022eacef16ef2e8229c7fbb2c7d4d55a9ceca922f72d" "/opt/rustwide/cargo-home/bin/cargo" "+nightly-2024-10-28" "build" "--frozen" "--message-format=json", kill_on_drop: false }`
[INFO] [stdout] 6cca3dd757d5212b0308afdd46c0a735266ece4907d271d7292f102aed7db397
[INFO] running `Command { std: "docker" "start" "-a" "6cca3dd757d5212b0308afdd46c0a735266ece4907d271d7292f102aed7db397", kill_on_drop: false }`
[INFO] [stderr]    Compiling proc-macro2 v1.0.89
[INFO] [stderr]    Compiling unicode-ident v1.0.13
[INFO] [stderr]    Compiling autocfg v1.4.0
[INFO] [stderr]    Compiling strsim v0.11.1
[INFO] [stderr]    Compiling fnv v1.0.7
[INFO] [stderr]    Compiling ident_case v1.0.1
[INFO] [stderr]    Compiling rawpointer v0.2.1
[INFO] [stderr]    Compiling num-traits v0.2.19
[INFO] [stderr]    Compiling matrixmultiply v0.3.9
[INFO] [stderr]    Compiling quote v1.0.37
[INFO] [stderr]    Compiling syn v2.0.86
[INFO] [stderr]    Compiling num-integer v0.1.46
[INFO] [stderr]    Compiling num-complex v0.4.6
[INFO] [stderr]    Compiling ndarray v0.15.6
[INFO] [stderr]    Compiling darling_core v0.20.10
[INFO] [stderr]    Compiling darling_macro v0.20.10
[INFO] [stderr]    Compiling darling v0.20.10
[INFO] [stderr]    Compiling derive_builder_core v0.20.2
[INFO] [stderr]    Compiling derive_builder_macro v0.20.2
[INFO] [stderr]    Compiling derive_builder v0.20.2
[INFO] [stderr]    Compiling blas-array2 v0.3.0 (/opt/rustwide/workdir)
[INFO] [stderr]     Finished `dev` profile [unoptimized + debuginfo] target(s) in 6.11s
[INFO] running `Command { std: "docker" "inspect" "6cca3dd757d5212b0308afdd46c0a735266ece4907d271d7292f102aed7db397", kill_on_drop: false }`
[INFO] running `Command { std: "docker" "rm" "-f" "6cca3dd757d5212b0308afdd46c0a735266ece4907d271d7292f102aed7db397", kill_on_drop: false }`
[INFO] [stdout] 6cca3dd757d5212b0308afdd46c0a735266ece4907d271d7292f102aed7db397
[INFO] running `Command { std: "docker" "create" "-v" "/var/lib/crater-agent-workspace/builds/worker-0-tc2/target:/opt/rustwide/target:rw,Z" "-v" "/var/lib/crater-agent-workspace/builds/worker-0-tc2/source:/opt/rustwide/workdir:ro,Z" "-v" "/var/lib/crater-agent-workspace/cargo-home:/opt/rustwide/cargo-home:ro,Z" "-v" "/var/lib/crater-agent-workspace/rustup-home:/opt/rustwide/rustup-home:ro,Z" "-e" "SOURCE_DIR=/opt/rustwide/workdir" "-e" "CARGO_TARGET_DIR=/opt/rustwide/target" "-e" "CARGO_INCREMENTAL=0" "-e" "RUST_BACKTRACE=full" "-e" "RUSTFLAGS=--cap-lints=forbid -Zrandomize-layout" "-e" "RUSTDOCFLAGS=--cap-lints=forbid" "-e" "CARGO_HOME=/opt/rustwide/cargo-home" "-e" "RUSTUP_HOME=/opt/rustwide/rustup-home" "-w" "/opt/rustwide/workdir" "-m" "1610612736" "--user" "0:0" "--network" "none" "ghcr.io/rust-lang/crates-build-env/linux@sha256:4a844ea9eb2546a2d2c7022eacef16ef2e8229c7fbb2c7d4d55a9ceca922f72d" "/opt/rustwide/cargo-home/bin/cargo" "+nightly-2024-10-28" "test" "--frozen" "--no-run" "--message-format=json", kill_on_drop: false }`
[INFO] [stdout] c1ec56a9012991018ecb841b4ec7c022129879898be1b420c3f263f04dd6f885
[INFO] running `Command { std: "docker" "start" "-a" "c1ec56a9012991018ecb841b4ec7c022129879898be1b420c3f263f04dd6f885", kill_on_drop: false }`
[INFO] [stderr]    Compiling libc v0.2.161
[INFO] [stderr]    Compiling byteorder v1.5.0
[INFO] [stderr]    Compiling cfg-if v1.0.0
[INFO] [stderr]    Compiling either v1.13.0
[INFO] [stderr]    Compiling zerocopy-derive v0.7.35
[INFO] [stderr]    Compiling approx v0.5.1
[INFO] [stderr]    Compiling itertools v0.13.0
[INFO] [stderr]    Compiling zerocopy v0.7.35
[INFO] [stderr]    Compiling getrandom v0.2.15
[INFO] [stderr]    Compiling cblas-sys v0.1.4
[INFO] [stderr]    Compiling rand_core v0.6.4
[INFO] [stderr]    Compiling ppv-lite86 v0.2.20
[INFO] [stderr]    Compiling rand_chacha v0.3.1
[INFO] [stderr]    Compiling rand v0.8.5
[INFO] [stderr]    Compiling blas-array2 v0.3.0 (/opt/rustwide/workdir)
[INFO] [stdout] error: linking with `cc` failed: exit status: 1
[INFO] [stdout]   |
[INFO] [stdout]   = note: LC_ALL="C" PATH="/opt/rustwide/rustup-home/toolchains/nightly-2024-10-28-x86_64-unknown-linux-gnu/lib/rustlib/x86_64-unknown-linux-gnu/bin:/opt/rustwide/rustup-home/toolchains/nightly-2024-10-28-x86_64-unknown-linux-gnu/lib/rustlib/x86_64-unknown-linux-gnu/bin/self-contained:/opt/rustwide/cargo-home/bin:/usr/local/sbin:/usr/local/bin:/usr/sbin:/usr/bin:/sbin:/bin" VSLANG="1033" "cc" "-m64" "/tmp/rustcp2gusm/symbols.o" "/opt/rustwide/target/debug/deps/mod-aec30c41a3b0531a.mod.f64cd78f9ac016f9-cgu.00.rcgu.o" "/opt/rustwide/target/debug/deps/mod-aec30c41a3b0531a.mod.f64cd78f9ac016f9-cgu.01.rcgu.o" "/opt/rustwide/target/debug/deps/mod-aec30c41a3b0531a.mod.f64cd78f9ac016f9-cgu.02.rcgu.o" "/opt/rustwide/target/debug/deps/mod-aec30c41a3b0531a.mod.f64cd78f9ac016f9-cgu.03.rcgu.o" "/opt/rustwide/target/debug/deps/mod-aec30c41a3b0531a.mod.f64cd78f9ac016f9-cgu.04.rcgu.o" "/opt/rustwide/target/debug/deps/mod-aec30c41a3b0531a.mod.f64cd78f9ac016f9-cgu.05.rcgu.o" "/opt/rustwide/target/debug/deps/mod-aec30c41a3b0531a.mod.f64cd78f9ac016f9-cgu.06.rcgu.o" "/opt/rustwide/target/debug/deps/mod-aec30c41a3b0531a.mod.f64cd78f9ac016f9-cgu.07.rcgu.o" "/opt/rustwide/target/debug/deps/mod-aec30c41a3b0531a.mod.f64cd78f9ac016f9-cgu.08.rcgu.o" "/opt/rustwide/target/debug/deps/mod-aec30c41a3b0531a.mod.f64cd78f9ac016f9-cgu.09.rcgu.o" "/opt/rustwide/target/debug/deps/mod-aec30c41a3b0531a.mod.f64cd78f9ac016f9-cgu.10.rcgu.o" "/opt/rustwide/target/debug/deps/mod-aec30c41a3b0531a.mod.f64cd78f9ac016f9-cgu.11.rcgu.o" "/opt/rustwide/target/debug/deps/mod-aec30c41a3b0531a.mod.f64cd78f9ac016f9-cgu.12.rcgu.o" "/opt/rustwide/target/debug/deps/mod-aec30c41a3b0531a.mod.f64cd78f9ac016f9-cgu.13.rcgu.o" "/opt/rustwide/target/debug/deps/mod-aec30c41a3b0531a.mod.f64cd78f9ac016f9-cgu.14.rcgu.o" "/opt/rustwide/target/debug/deps/mod-aec30c41a3b0531a.mod.f64cd78f9ac016f9-cgu.15.rcgu.o" "/opt/rustwide/target/debug/deps/mod-aec30c41a3b0531a.dby07bvshh5pyf4oe5mmo730o.rcgu.o" "-Wl,--as-needed" "-Wl,-Bstatic" "/opt/rustwide/rustup-home/toolchains/nightly-2024-10-28-x86_64-unknown-linux-gnu/lib/rustlib/x86_64-unknown-linux-gnu/lib/libtest-a09fad3b5321e7d6.rlib" "/opt/rustwide/rustup-home/toolchains/nightly-2024-10-28-x86_64-unknown-linux-gnu/lib/rustlib/x86_64-unknown-linux-gnu/lib/libgetopts-f9c3dff41ad42661.rlib" "/opt/rustwide/rustup-home/toolchains/nightly-2024-10-28-x86_64-unknown-linux-gnu/lib/rustlib/x86_64-unknown-linux-gnu/lib/libunicode_width-ad2aef31af6addd3.rlib" "/opt/rustwide/rustup-home/toolchains/nightly-2024-10-28-x86_64-unknown-linux-gnu/lib/rustlib/x86_64-unknown-linux-gnu/lib/librustc_std_workspace_std-e3f907dc03deb913.rlib" "/opt/rustwide/target/debug/deps/librand-399d396480564aec.rlib" "/opt/rustwide/target/debug/deps/librand_chacha-8901da041475b03f.rlib" "/opt/rustwide/target/debug/deps/libppv_lite86-820cb6cfacc25d79.rlib" "/opt/rustwide/target/debug/deps/libzerocopy-f5fd84ba20da526b.rlib" "/opt/rustwide/target/debug/deps/libbyteorder-7817d47eb31dfb0c.rlib" "/opt/rustwide/target/debug/deps/librand_core-0300dee92e55e3b5.rlib" "/opt/rustwide/target/debug/deps/libgetrandom-54cd17dd5507d029.rlib" "/opt/rustwide/target/debug/deps/libcfg_if-57bf25c23e31efdb.rlib" "/opt/rustwide/target/debug/deps/libitertools-606cceed5b988775.rlib" "/opt/rustwide/target/debug/deps/libeither-386a0ff0e76518e4.rlib" "/opt/rustwide/target/debug/deps/libcblas_sys-4473046e221cbd7e.rlib" "/opt/rustwide/target/debug/deps/liblibc-663f09ba3db1840e.rlib" "/opt/rustwide/target/debug/deps/libblas_array2-cb94ac6da3f53938.rlib" "/opt/rustwide/target/debug/deps/libndarray-48b61cbb6b7838ec.rlib" "/opt/rustwide/target/debug/deps/libmatrixmultiply-24d2e6dc4e19cd54.rlib" "/opt/rustwide/target/debug/deps/libnum_complex-25493465bc1b7f8f.rlib" "/opt/rustwide/target/debug/deps/libnum_integer-6302718d4eb2f562.rlib" "/opt/rustwide/target/debug/deps/librawpointer-9a82b3d0237eca24.rlib" "/opt/rustwide/target/debug/deps/libderive_builder-a77ed6b004ba8bcb.rlib" "/opt/rustwide/target/debug/deps/libapprox-d6904d52942457d2.rlib" "/opt/rustwide/target/debug/deps/libnum_traits-f4156d1e802a5c62.rlib" "/opt/rustwide/rustup-home/toolchains/nightly-2024-10-28-x86_64-unknown-linux-gnu/lib/rustlib/x86_64-unknown-linux-gnu/lib/libstd-fb8c387236db3c10.rlib" "/opt/rustwide/rustup-home/toolchains/nightly-2024-10-28-x86_64-unknown-linux-gnu/lib/rustlib/x86_64-unknown-linux-gnu/lib/libpanic_unwind-b251837809b2f64b.rlib" "/opt/rustwide/rustup-home/toolchains/nightly-2024-10-28-x86_64-unknown-linux-gnu/lib/rustlib/x86_64-unknown-linux-gnu/lib/libobject-cbef83eaa4e01f04.rlib" "/opt/rustwide/rustup-home/toolchains/nightly-2024-10-28-x86_64-unknown-linux-gnu/lib/rustlib/x86_64-unknown-linux-gnu/lib/libmemchr-12a772286de2fca7.rlib" "/opt/rustwide/rustup-home/toolchains/nightly-2024-10-28-x86_64-unknown-linux-gnu/lib/rustlib/x86_64-unknown-linux-gnu/lib/libaddr2line-023bbe5ada7abfc3.rlib" "/opt/rustwide/rustup-home/toolchains/nightly-2024-10-28-x86_64-unknown-linux-gnu/lib/rustlib/x86_64-unknown-linux-gnu/lib/libgimli-de2bcdf10ec69c2b.rlib" "/opt/rustwide/rustup-home/toolchains/nightly-2024-10-28-x86_64-unknown-linux-gnu/lib/rustlib/x86_64-unknown-linux-gnu/lib/librustc_demangle-8e1754df350800fd.rlib" "/opt/rustwide/rustup-home/toolchains/nightly-2024-10-28-x86_64-unknown-linux-gnu/lib/rustlib/x86_64-unknown-linux-gnu/lib/libstd_detect-06c2ab7b9c32e037.rlib" "/opt/rustwide/rustup-home/toolchains/nightly-2024-10-28-x86_64-unknown-linux-gnu/lib/rustlib/x86_64-unknown-linux-gnu/lib/libhashbrown-51d2621fc57a281b.rlib" "/opt/rustwide/rustup-home/toolchains/nightly-2024-10-28-x86_64-unknown-linux-gnu/lib/rustlib/x86_64-unknown-linux-gnu/lib/librustc_std_workspace_alloc-54a930408793772f.rlib" "/opt/rustwide/rustup-home/toolchains/nightly-2024-10-28-x86_64-unknown-linux-gnu/lib/rustlib/x86_64-unknown-linux-gnu/lib/libminiz_oxide-0c7d01cba400dcb2.rlib" "/opt/rustwide/rustup-home/toolchains/nightly-2024-10-28-x86_64-unknown-linux-gnu/lib/rustlib/x86_64-unknown-linux-gnu/lib/libadler-b9f84d69e331b75b.rlib" "/opt/rustwide/rustup-home/toolchains/nightly-2024-10-28-x86_64-unknown-linux-gnu/lib/rustlib/x86_64-unknown-linux-gnu/lib/libunwind-eec95493246aae39.rlib" "/opt/rustwide/rustup-home/toolchains/nightly-2024-10-28-x86_64-unknown-linux-gnu/lib/rustlib/x86_64-unknown-linux-gnu/lib/libcfg_if-6f6676c475e08ab0.rlib" "/opt/rustwide/rustup-home/toolchains/nightly-2024-10-28-x86_64-unknown-linux-gnu/lib/rustlib/x86_64-unknown-linux-gnu/lib/liblibc-799d520624f8b2e0.rlib" "/opt/rustwide/rustup-home/toolchains/nightly-2024-10-28-x86_64-unknown-linux-gnu/lib/rustlib/x86_64-unknown-linux-gnu/lib/liballoc-fcf93d4842acd9a9.rlib" "/opt/rustwide/rustup-home/toolchains/nightly-2024-10-28-x86_64-unknown-linux-gnu/lib/rustlib/x86_64-unknown-linux-gnu/lib/librustc_std_workspace_core-395a38b8e0851c9b.rlib" "/opt/rustwide/rustup-home/toolchains/nightly-2024-10-28-x86_64-unknown-linux-gnu/lib/rustlib/x86_64-unknown-linux-gnu/lib/libcore-d453bab70303062c.rlib" "/opt/rustwide/rustup-home/toolchains/nightly-2024-10-28-x86_64-unknown-linux-gnu/lib/rustlib/x86_64-unknown-linux-gnu/lib/libcompiler_builtins-0e6386368b0a24e8.rlib" "-Wl,-Bdynamic" "-lgcc_s" "-lutil" "-lrt" "-lpthread" "-lm" "-ldl" "-lc" "-B/opt/rustwide/rustup-home/toolchains/nightly-2024-10-28-x86_64-unknown-linux-gnu/lib/rustlib/x86_64-unknown-linux-gnu/bin/gcc-ld" "-fuse-ld=lld" "-Wl,--eh-frame-hdr" "-Wl,-z,noexecstack" "-L" "/opt/rustwide/rustup-home/toolchains/nightly-2024-10-28-x86_64-unknown-linux-gnu/lib/rustlib/x86_64-unknown-linux-gnu/lib" "-o" "/opt/rustwide/target/debug/deps/mod-aec30c41a3b0531a" "-Wl,--gc-sections" "-pie" "-Wl,-z,relro,-z,now" "-nodefaultlibs"
[INFO] [stdout]   = note: rust-lld: error: undefined symbol: cblas_cgbmv
[INFO] [stdout]           >>> referenced by test_gbmv.rs:247 (tests/blas2/test_gbmv.rs:247)
[INFO] [stdout]           >>>               /opt/rustwide/target/debug/deps/mod-aec30c41a3b0531a.mod.f64cd78f9ac016f9-cgu.04.rcgu.o:(mod::blas2::test_gbmv::valid_row_major::test_cblas_row_major::hea135354f28c4c74)
[INFO] [stdout]           
[INFO] [stdout]           rust-lld: error: undefined symbol: cblas_cgeru
[INFO] [stdout]           >>> referenced by test_ger.rs:38 (tests/blas2/test_ger.rs:38)
[INFO] [stdout]           >>>               /opt/rustwide/target/debug/deps/mod-aec30c41a3b0531a.mod.f64cd78f9ac016f9-cgu.04.rcgu.o:(mod::blas2::test_ger::valid_cblas::test_cblas_c32_view::heaf4159c5b33a8da)
[INFO] [stdout]           
[INFO] [stdout]           rust-lld: error: undefined symbol: cblas_sger
[INFO] [stdout]           >>> referenced by test_ger.rs:90 (tests/blas2/test_ger.rs:90)
[INFO] [stdout]           >>>               /opt/rustwide/target/debug/deps/mod-aec30c41a3b0531a.mod.f64cd78f9ac016f9-cgu.04.rcgu.o:(mod::blas2::test_ger::valid_cblas::test_cblas_f32_owned::h7b9971f04d614ee3)
[INFO] [stdout]           
[INFO] [stdout]           rust-lld: error: undefined symbol: cblas_cgerc
[INFO] [stdout]           >>> referenced by test_gerc.rs:38 (tests/blas2/test_gerc.rs:38)
[INFO] [stdout]           >>>               /opt/rustwide/target/debug/deps/mod-aec30c41a3b0531a.mod.f64cd78f9ac016f9-cgu.04.rcgu.o:(mod::blas2::test_gerc::valid_cblas::test_cblas_c32_view::h563b160c57fe8979)
[INFO] [stdout]           >>> referenced by test_gerc.rs:90 (tests/blas2/test_gerc.rs:90)
[INFO] [stdout]           >>>               /opt/rustwide/target/debug/deps/mod-aec30c41a3b0531a.mod.f64cd78f9ac016f9-cgu.04.rcgu.o:(mod::blas2::test_gerc::valid_cblas::test_cblas_c32_owned::h86d4778f221c73d0)
[INFO] [stdout]           
[INFO] [stdout]           rust-lld: error: undefined symbol: cblas_chpmv
[INFO] [stdout]           >>> referenced by test_spmv.rs:40 (tests/blas2/test_spmv.rs:40)
[INFO] [stdout]           >>>               /opt/rustwide/target/debug/deps/mod-aec30c41a3b0531a.mod.f64cd78f9ac016f9-cgu.04.rcgu.o:(mod::blas2::test_spmv::valid_row_major::test_cblas_row_major_c32::h2bc517b193a9344b)
[INFO] [stdout]           
[INFO] [stdout]           rust-lld: error: undefined symbol: cblas_sspmv
[INFO] [stdout]           >>> referenced by test_spmv.rs:102 (tests/blas2/test_spmv.rs:102)
[INFO] [stdout]           >>>               /opt/rustwide/target/debug/deps/mod-aec30c41a3b0531a.mod.f64cd78f9ac016f9-cgu.04.rcgu.o:(mod::blas2::test_spmv::valid_row_major::test_cblas_row_major_f32::h3257c10da530550c)
[INFO] [stdout]           
[INFO] [stdout]           rust-lld: error: undefined symbol: cblas_chpr2
[INFO] [stdout]           >>> referenced by test_spr2.rs:36 (tests/blas2/test_spr2.rs:36)
[INFO] [stdout]           >>>               /opt/rustwide/target/debug/deps/mod-aec30c41a3b0531a.mod.f64cd78f9ac016f9-cgu.04.rcgu.o:(mod::blas2::test_spr2::valid_cblas::test_cblas_c32_view::h2380f45788f83a00)
[INFO] [stdout]           >>> referenced by test_spr2.rs:88 (tests/blas2/test_spr2.rs:88)
[INFO] [stdout]           >>>               /opt/rustwide/target/debug/deps/mod-aec30c41a3b0531a.mod.f64cd78f9ac016f9-cgu.04.rcgu.o:(mod::blas2::test_spr2::valid_cblas::test_cblas_c32_owned::h5db246506f22cb97)
[INFO] [stdout]           
[INFO] [stdout]           rust-lld: error: undefined symbol: cblas_cher
[INFO] [stdout]           >>> referenced by test_syr.rs:33 (tests/blas2/test_syr.rs:33)
[INFO] [stdout]           >>>               /opt/rustwide/target/debug/deps/mod-aec30c41a3b0531a.mod.f64cd78f9ac016f9-cgu.04.rcgu.o:(mod::blas2::test_syr::valid_cblas::test_cblas_c32_view::hde029eb295aef593)
[INFO] [stdout]           >>> referenced by test_syr.rs:79 (tests/blas2/test_syr.rs:79)
[INFO] [stdout]           >>>               /opt/rustwide/target/debug/deps/mod-aec30c41a3b0531a.mod.f64cd78f9ac016f9-cgu.04.rcgu.o:(mod::blas2::test_syr::valid_cblas::test_cblas_c32_owned::h159e23d5efa6cdeb)
[INFO] [stdout]           
[INFO] [stdout]           rust-lld: error: undefined symbol: cblas_ssyr
[INFO] [stdout]           >>> referenced by test_syr.rs:117 (tests/blas2/test_syr.rs:117)
[INFO] [stdout]           >>>               /opt/rustwide/target/debug/deps/mod-aec30c41a3b0531a.mod.f64cd78f9ac016f9-cgu.04.rcgu.o:(mod::blas2::test_syr::valid_cblas::test_cblas_f32_owned::h9a6977dbc03d76ce)
[INFO] [stdout]           
[INFO] [stdout]           rust-lld: error: undefined symbol: cblas_cher2
[INFO] [stdout]           >>> referenced by test_syr2.rs:39 (tests/blas2/test_syr2.rs:39)
[INFO] [stdout]           >>>               /opt/rustwide/target/debug/deps/mod-aec30c41a3b0531a.mod.f64cd78f9ac016f9-cgu.04.rcgu.o:(mod::blas2::test_syr2::valid_cblas::test_cblas_c32_view::h3977165d4b8ad08d)
[INFO] [stdout]           >>> referenced by test_syr2.rs:91 (tests/blas2/test_syr2.rs:91)
[INFO] [stdout]           >>>               /opt/rustwide/target/debug/deps/mod-aec30c41a3b0531a.mod.f64cd78f9ac016f9-cgu.04.rcgu.o:(mod::blas2::test_syr2::valid_cblas::test_cblas_c32_owned::h1152162b5213dc44)
[INFO] [stdout]           
[INFO] [stdout]           rust-lld: error: undefined symbol: cblas_ctbmv
[INFO] [stdout]           >>> referenced by test_tbmv.rs:145 (tests/blas2/test_tbmv.rs:145)
[INFO] [stdout]           >>>               /opt/rustwide/target/debug/deps/mod-aec30c41a3b0531a.mod.f64cd78f9ac016f9-cgu.04.rcgu.o:(mod::blas2::test_tbmv::valid_row_major::test_cblas_row_major::h60ac1e07ba80c215)
[INFO] [stdout]           
[INFO] [stdout]           rust-lld: error: undefined symbol: cblas_cgemm
[INFO] [stdout]           >>> referenced by test_gemm.rs:348 (tests/blas3/test_gemm.rs:348)
[INFO] [stdout]           >>>               /opt/rustwide/target/debug/deps/mod-aec30c41a3b0531a.mod.f64cd78f9ac016f9-cgu.04.rcgu.o:(mod::blas3::test_gemm::valid_cblas::test_cblas::hdf947c48e82be23a)
[INFO] [stdout]           >>> referenced by test_gemm.rs:387 (tests/blas3/test_gemm.rs:387)
[INFO] [stdout]           >>>               /opt/rustwide/target/debug/deps/mod-aec30c41a3b0531a.mod.f64cd78f9ac016f9-cgu.04.rcgu.o:(mod::blas3::test_gemm::valid_cblas::test_cblas::hdf947c48e82be23a)
[INFO] [stdout]           >>> referenced by test_gemm.rs:462 (tests/blas3/test_gemm.rs:462)
[INFO] [stdout]           >>>               /opt/rustwide/target/debug/deps/mod-aec30c41a3b0531a.mod.f64cd78f9ac016f9-cgu.04.rcgu.o:(mod::blas3::test_gemm::valid_cblas::test_000::hc1e4930c539a89d4)
[INFO] [stdout]           >>> referenced 23 more times
[INFO] [stdout]           
[INFO] [stdout]           rust-lld: error: undefined symbol: dasum_
[INFO] [stdout]           >>> referenced by asum.rs:21 (src/blas1/asum.rs:21)
[INFO] [stdout]           >>>               blas_array2-cb94ac6da3f53938.blas_array2.36af9dacc38a2096-cgu.0.rcgu.o:(_$LT$f64$u20$as$u20$blas_array2..blas1..asum..ASUMNum$GT$::asum::h472202821f2c7878) in archive /opt/rustwide/target/debug/deps/libblas_array2-cb94ac6da3f53938.rlib
[INFO] [stdout]           
[INFO] [stdout]           rust-lld: error: undefined symbol: dzasum_
[INFO] [stdout]           >>> referenced by asum.rs:21 (src/blas1/asum.rs:21)
[INFO] [stdout]           >>>               blas_array2-cb94ac6da3f53938.blas_array2.36af9dacc38a2096-cgu.0.rcgu.o:(_$LT$num_complex..Complex$LT$f64$GT$$u20$as$u20$blas_array2..blas1..asum..ASUMNum$GT$::asum::h68a7f6d3ccfcc29b) in archive /opt/rustwide/target/debug/deps/libblas_array2-cb94ac6da3f53938.rlib
[INFO] [stdout]           
[INFO] [stdout]           rust-lld: error: undefined symbol: idamax_
[INFO] [stdout]           >>> referenced by iamax.rs:19 (src/blas1/iamax.rs:19)
[INFO] [stdout]           >>>               blas_array2-cb94ac6da3f53938.blas_array2.36af9dacc38a2096-cgu.0.rcgu.o:(_$LT$f64$u20$as$u20$blas_array2..blas1..iamax..IAMAXNum$GT$::iamax::h9706976c67cff64a) in archive /opt/rustwide/target/debug/deps/libblas_array2-cb94ac6da3f53938.rlib
[INFO] [stdout]           
[INFO] [stdout]           rust-lld: error: undefined symbol: izamax_
[INFO] [stdout]           >>> referenced by iamax.rs:19 (src/blas1/iamax.rs:19)
[INFO] [stdout]           >>>               blas_array2-cb94ac6da3f53938.blas_array2.36af9dacc38a2096-cgu.0.rcgu.o:(_$LT$num_complex..Complex$LT$f64$GT$$u20$as$u20$blas_array2..blas1..iamax..IAMAXNum$GT$::iamax::h26517ad70edf95be) in archive /opt/rustwide/target/debug/deps/libblas_array2-cb94ac6da3f53938.rlib
[INFO] [stdout]           
[INFO] [stdout]           rust-lld: error: undefined symbol: dnrm2_
[INFO] [stdout]           >>> referenced by nrm2.rs:24 (src/blas1/nrm2.rs:24)
[INFO] [stdout]           >>>               blas_array2-cb94ac6da3f53938.blas_array2.36af9dacc38a2096-cgu.0.rcgu.o:(_$LT$f64$u20$as$u20$blas_array2..blas1..nrm2..NRM2Num$GT$::nrm2::hc739c4a4117ebe5e) in archive /opt/rustwide/target/debug/deps/libblas_array2-cb94ac6da3f53938.rlib
[INFO] [stdout]           
[INFO] [stdout]           rust-lld: error: undefined symbol: dznrm2_
[INFO] [stdout]           >>> referenced by nrm2.rs:24 (src/blas1/nrm2.rs:24)
[INFO] [stdout]           >>>               blas_array2-cb94ac6da3f53938.blas_array2.36af9dacc38a2096-cgu.0.rcgu.o:(_$LT$num_complex..Complex$LT$f64$GT$$u20$as$u20$blas_array2..blas1..nrm2..NRM2Num$GT$::nrm2::h948c03e7a23360fc) in archive /opt/rustwide/target/debug/deps/libblas_array2-cb94ac6da3f53938.rlib
[INFO] [stdout]           
[INFO] [stdout]           rust-lld: error: undefined symbol: sgbmv_
[INFO] [stdout]           >>> referenced by gbmv.rs:44 (src/blas2/gbmv.rs:44)
[INFO] [stdout]           >>>               blas_array2-cb94ac6da3f53938.blas_array2.36af9dacc38a2096-cgu.0.rcgu.o:(_$LT$f32$u20$as$u20$blas_array2..blas2..gbmv..GBMVNum$GT$::gbmv::h221c5adda82a1415) in archive /opt/rustwide/target/debug/deps/libblas_array2-cb94ac6da3f53938.rlib
[INFO] [stdout]           
[INFO] [stdout]           rust-lld: error: undefined symbol: dgbmv_
[INFO] [stdout]           >>> referenced by gbmv.rs:44 (src/blas2/gbmv.rs:44)
[INFO] [stdout]           >>>               blas_array2-cb94ac6da3f53938.blas_array2.36af9dacc38a2096-cgu.0.rcgu.o:(_$LT$f64$u20$as$u20$blas_array2..blas2..gbmv..GBMVNum$GT$::gbmv::he91b7be43f9faeea) in archive /opt/rustwide/target/debug/deps/libblas_array2-cb94ac6da3f53938.rlib
[INFO] [stdout]           
[INFO] [stdout]           rust-lld: error: too many errors emitted, stopping now (use --error-limit=0 to see all errors)
[INFO] [stdout]           collect2: error: ld returned 1 exit status
[INFO] [stdout]           
[INFO] [stdout] 
[INFO] [stdout] 
[INFO] [stderr] error: could not compile `blas-array2` (test "mod") due to 1 previous error
[INFO] running `Command { std: "docker" "inspect" "c1ec56a9012991018ecb841b4ec7c022129879898be1b420c3f263f04dd6f885", kill_on_drop: false }`
[INFO] running `Command { std: "docker" "rm" "-f" "c1ec56a9012991018ecb841b4ec7c022129879898be1b420c3f263f04dd6f885", kill_on_drop: false }`
[INFO] [stdout] c1ec56a9012991018ecb841b4ec7c022129879898be1b420c3f263f04dd6f885
