[INFO] fetching crate bitenum_macro 0.2.1...
[INFO] testing bitenum_macro-0.2.1 against nightly-2024-10-28 for randomize-layout
[INFO] extracting crate bitenum_macro 0.2.1 into /workspace/builds/worker-4-tc1/source
[INFO] validating manifest of crates.io crate bitenum_macro 0.2.1 on toolchain nightly-2024-10-28
[INFO] running `Command { std: CARGO_HOME="/workspace/cargo-home" RUSTUP_HOME="/workspace/rustup-home" "/workspace/cargo-home/bin/cargo" "+nightly-2024-10-28" "metadata" "--manifest-path" "Cargo.toml" "--no-deps", kill_on_drop: false }`
[INFO] started tweaking crates.io crate bitenum_macro 0.2.1
[INFO] finished tweaking crates.io crate bitenum_macro 0.2.1
[INFO] tweaked toml for crates.io crate bitenum_macro 0.2.1 written to /workspace/builds/worker-4-tc1/source/Cargo.toml
[INFO] running `Command { std: CARGO_HOME="/workspace/cargo-home" RUSTUP_HOME="/workspace/rustup-home" "/workspace/cargo-home/bin/cargo" "+nightly-2024-10-28" "generate-lockfile" "--manifest-path" "Cargo.toml", kill_on_drop: false }`
[INFO] [stderr]     Updating crates.io index
[INFO] [stderr]      Locking 4 packages to latest compatible versions
[INFO] running `Command { std: CARGO_HOME="/workspace/cargo-home" RUSTUP_HOME="/workspace/rustup-home" "/workspace/cargo-home/bin/cargo" "+nightly-2024-10-28" "fetch" "--manifest-path" "Cargo.toml", kill_on_drop: false }`
[INFO] running `Command { std: "docker" "create" "-v" "/var/lib/crater-agent-workspace/builds/worker-4-tc1/target:/opt/rustwide/target:rw,Z" "-v" "/var/lib/crater-agent-workspace/builds/worker-4-tc1/source:/opt/rustwide/workdir:ro,Z" "-v" "/var/lib/crater-agent-workspace/cargo-home:/opt/rustwide/cargo-home:ro,Z" "-v" "/var/lib/crater-agent-workspace/rustup-home:/opt/rustwide/rustup-home:ro,Z" "-e" "SOURCE_DIR=/opt/rustwide/workdir" "-e" "CARGO_TARGET_DIR=/opt/rustwide/target" "-e" "CARGO_HOME=/opt/rustwide/cargo-home" "-e" "RUSTUP_HOME=/opt/rustwide/rustup-home" "-w" "/opt/rustwide/workdir" "-m" "1610612736" "--user" "0:0" "--network" "none" "ghcr.io/rust-lang/crates-build-env/linux@sha256:4a844ea9eb2546a2d2c7022eacef16ef2e8229c7fbb2c7d4d55a9ceca922f72d" "/opt/rustwide/cargo-home/bin/cargo" "+nightly-2024-10-28" "metadata" "--no-deps" "--format-version=1", kill_on_drop: false }`
[INFO] [stdout] 50ebefdbb670b34d7868ce1f02cf96c80f643c103c1576b973a9565ead3a9e5a
[INFO] running `Command { std: "docker" "start" "-a" "50ebefdbb670b34d7868ce1f02cf96c80f643c103c1576b973a9565ead3a9e5a", kill_on_drop: false }`
[INFO] running `Command { std: "docker" "inspect" "50ebefdbb670b34d7868ce1f02cf96c80f643c103c1576b973a9565ead3a9e5a", kill_on_drop: false }`
[INFO] running `Command { std: "docker" "rm" "-f" "50ebefdbb670b34d7868ce1f02cf96c80f643c103c1576b973a9565ead3a9e5a", kill_on_drop: false }`
[INFO] [stdout] 50ebefdbb670b34d7868ce1f02cf96c80f643c103c1576b973a9565ead3a9e5a
[INFO] running `Command { std: "docker" "create" "-v" "/var/lib/crater-agent-workspace/builds/worker-4-tc1/target:/opt/rustwide/target:rw,Z" "-v" "/var/lib/crater-agent-workspace/builds/worker-4-tc1/source:/opt/rustwide/workdir:ro,Z" "-v" "/var/lib/crater-agent-workspace/cargo-home:/opt/rustwide/cargo-home:ro,Z" "-v" "/var/lib/crater-agent-workspace/rustup-home:/opt/rustwide/rustup-home:ro,Z" "-e" "SOURCE_DIR=/opt/rustwide/workdir" "-e" "CARGO_TARGET_DIR=/opt/rustwide/target" "-e" "CARGO_INCREMENTAL=0" "-e" "RUST_BACKTRACE=full" "-e" "RUSTFLAGS=--cap-lints=forbid" "-e" "RUSTDOCFLAGS=--cap-lints=forbid" "-e" "CARGO_HOME=/opt/rustwide/cargo-home" "-e" "RUSTUP_HOME=/opt/rustwide/rustup-home" "-w" "/opt/rustwide/workdir" "-m" "1610612736" "--user" "0:0" "--network" "none" "ghcr.io/rust-lang/crates-build-env/linux@sha256:4a844ea9eb2546a2d2c7022eacef16ef2e8229c7fbb2c7d4d55a9ceca922f72d" "/opt/rustwide/cargo-home/bin/cargo" "+nightly-2024-10-28" "build" "--frozen" "--message-format=json", kill_on_drop: false }`
[INFO] [stdout] a1f2db46e69a8d748f44c1cec8bc2e0ac2fc435fd34845eb546f92b5bb54620a
[INFO] running `Command { std: "docker" "start" "-a" "a1f2db46e69a8d748f44c1cec8bc2e0ac2fc435fd34845eb546f92b5bb54620a", kill_on_drop: false }`
[INFO] [stderr]    Compiling proc-macro2 v1.0.89
[INFO] [stderr]    Compiling quote v1.0.37
[INFO] [stderr]    Compiling syn v2.0.86
[INFO] [stderr]    Compiling bitenum_macro v0.2.1 (/opt/rustwide/workdir)
[INFO] [stdout] warning: unused import: `ToTokens`
[INFO] [stdout]  --> src/lib.rs:3:20
[INFO] [stdout]   |
[INFO] [stdout] 3 | use quote::{quote, ToTokens};
[INFO] [stdout]   |                    ^^^^^^^^
[INFO] [stdout]   |
[INFO] [stdout]   = note: `#[warn(unused_imports)]` on by default
[INFO] [stdout] 
[INFO] [stdout] 
[INFO] [stderr]     Finished `dev` profile [unoptimized + debuginfo] target(s) in 7.07s
[INFO] running `Command { std: "docker" "inspect" "a1f2db46e69a8d748f44c1cec8bc2e0ac2fc435fd34845eb546f92b5bb54620a", kill_on_drop: false }`
[INFO] running `Command { std: "docker" "rm" "-f" "a1f2db46e69a8d748f44c1cec8bc2e0ac2fc435fd34845eb546f92b5bb54620a", kill_on_drop: false }`
[INFO] [stdout] a1f2db46e69a8d748f44c1cec8bc2e0ac2fc435fd34845eb546f92b5bb54620a
[INFO] running `Command { std: "docker" "create" "-v" "/var/lib/crater-agent-workspace/builds/worker-4-tc1/target:/opt/rustwide/target:rw,Z" "-v" "/var/lib/crater-agent-workspace/builds/worker-4-tc1/source:/opt/rustwide/workdir:ro,Z" "-v" "/var/lib/crater-agent-workspace/cargo-home:/opt/rustwide/cargo-home:ro,Z" "-v" "/var/lib/crater-agent-workspace/rustup-home:/opt/rustwide/rustup-home:ro,Z" "-e" "SOURCE_DIR=/opt/rustwide/workdir" "-e" "CARGO_TARGET_DIR=/opt/rustwide/target" "-e" "CARGO_INCREMENTAL=0" "-e" "RUST_BACKTRACE=full" "-e" "RUSTFLAGS=--cap-lints=forbid" "-e" "RUSTDOCFLAGS=--cap-lints=forbid" "-e" "CARGO_HOME=/opt/rustwide/cargo-home" "-e" "RUSTUP_HOME=/opt/rustwide/rustup-home" "-w" "/opt/rustwide/workdir" "-m" "1610612736" "--user" "0:0" "--network" "none" "ghcr.io/rust-lang/crates-build-env/linux@sha256:4a844ea9eb2546a2d2c7022eacef16ef2e8229c7fbb2c7d4d55a9ceca922f72d" "/opt/rustwide/cargo-home/bin/cargo" "+nightly-2024-10-28" "test" "--frozen" "--no-run" "--message-format=json", kill_on_drop: false }`
[INFO] [stdout] 8d1052a8c1f89a5b8af74a2e7582cc14249f1ac967d1b22a45fd8ae33b86a043
[INFO] running `Command { std: "docker" "start" "-a" "8d1052a8c1f89a5b8af74a2e7582cc14249f1ac967d1b22a45fd8ae33b86a043", kill_on_drop: false }`
[INFO] [stderr]    Compiling proc-macro2 v1.0.89
[INFO] [stderr]    Compiling quote v1.0.37
[INFO] [stderr]    Compiling syn v2.0.86
[INFO] [stderr]    Compiling bitenum_macro v0.2.1 (/opt/rustwide/workdir)
[INFO] [stdout] warning: unused import: `ToTokens`
[INFO] [stdout]  --> src/lib.rs:3:20
[INFO] [stdout]   |
[INFO] [stdout] 3 | use quote::{quote, ToTokens};
[INFO] [stdout]   |                    ^^^^^^^^
[INFO] [stdout]   |
[INFO] [stdout]   = note: `#[warn(unused_imports)]` on by default
[INFO] [stdout] 
[INFO] [stdout] 
[INFO] [stdout] warning: unused import: `ToTokens`
[INFO] [stdout]  --> src/lib.rs:3:20
[INFO] [stdout]   |
[INFO] [stdout] 3 | use quote::{quote, ToTokens};
[INFO] [stdout]   |                    ^^^^^^^^
[INFO] [stdout]   |
[INFO] [stdout]   = note: `#[warn(unused_imports)]` on by default
[INFO] [stdout] 
[INFO] [stdout] 
[INFO] [stdout] error[E0432]: unresolved import `bitenum`
[INFO] [stdout]   --> tests/lib.rs:11:9
[INFO] [stdout]    |
[INFO] [stdout] 11 |     use bitenum::BitEnumSet;
[INFO] [stdout]    |         ^^^^^^^ use of undeclared crate or module `bitenum`
[INFO] [stdout] 
[INFO] [stdout] 
[INFO] [stdout] error[E0432]: unresolved import `bitenum`
[INFO] [stdout]   --> tests/lib.rs:29:9
[INFO] [stdout]    |
[INFO] [stdout] 29 |     use bitenum::BitEnumSet;
[INFO] [stdout]    |         ^^^^^^^ use of undeclared crate or module `bitenum`
[INFO] [stdout] 
[INFO] [stdout] 
[INFO] [stdout] error[E0433]: failed to resolve: use of undeclared crate or module `bitenum`
[INFO] [stdout]  --> tests/lib.rs:3:1
[INFO] [stdout]   |
[INFO] [stdout] 3 | #[bitenum(u32)]
[INFO] [stdout]   | ^^^^^^^^^^^^^^^ use of undeclared crate or module `bitenum`
[INFO] [stdout]   |
[INFO] [stdout]   = note: this error originates in the attribute macro `bitenum` (in Nightly builds, run with -Z macro-backtrace for more info)
[INFO] [stdout] 
[INFO] [stdout] 
[INFO] [stdout] Some errors have detailed explanations: E0432, E0433.
[INFO] [stdout] 
[INFO] [stdout] For more information about an error, try `rustc --explain E0432`.
[INFO] [stdout] 
[INFO] [stderr] error: could not compile `bitenum_macro` (test "lib") due to 3 previous errors
[INFO] running `Command { std: "docker" "inspect" "8d1052a8c1f89a5b8af74a2e7582cc14249f1ac967d1b22a45fd8ae33b86a043", kill_on_drop: false }`
[INFO] running `Command { std: "docker" "rm" "-f" "8d1052a8c1f89a5b8af74a2e7582cc14249f1ac967d1b22a45fd8ae33b86a043", kill_on_drop: false }`
[INFO] [stdout] 8d1052a8c1f89a5b8af74a2e7582cc14249f1ac967d1b22a45fd8ae33b86a043
