[INFO] fetching crate bitbazaar 0.7.2...
[INFO] testing bitbazaar-0.7.2 against nightly-2024-10-28 for randomize-layout
[INFO] extracting crate bitbazaar 0.7.2 into /workspace/builds/worker-1-tc1/source
[INFO] validating manifest of crates.io crate bitbazaar 0.7.2 on toolchain nightly-2024-10-28
[INFO] running `Command { std: CARGO_HOME="/workspace/cargo-home" RUSTUP_HOME="/workspace/rustup-home" "/workspace/cargo-home/bin/cargo" "+nightly-2024-10-28" "metadata" "--manifest-path" "Cargo.toml" "--no-deps", kill_on_drop: false }`
[INFO] removed /workspace/builds/worker-1-tc1/source/rust-toolchain.toml
[INFO] started tweaking crates.io crate bitbazaar 0.7.2
[INFO] finished tweaking crates.io crate bitbazaar 0.7.2
[INFO] tweaked toml for crates.io crate bitbazaar 0.7.2 written to /workspace/builds/worker-1-tc1/source/Cargo.toml
[INFO] running `Command { std: CARGO_HOME="/workspace/cargo-home" RUSTUP_HOME="/workspace/rustup-home" "/workspace/cargo-home/bin/cargo" "+nightly-2024-10-28" "generate-lockfile" "--manifest-path" "Cargo.toml", kill_on_drop: false }`
[INFO] [stderr]     Updating crates.io index
[INFO] [stderr]      Locking 473 packages to latest compatible versions
[INFO] [stderr]       Adding criterion v0.3.6 (available: v0.5.1)
[INFO] [stderr]       Adding deadpool-redis v0.16.0 (available: v0.18.0)
[INFO] [stderr]       Adding homedir v0.2.1 (available: v0.3.4)
[INFO] [stderr]       Adding hostname v0.3.1 (available: v0.4.0)
[INFO] [stderr]       Adding itertools v0.12.1 (available: v0.13.0)
[INFO] [stderr]       Adding opentelemetry v0.21.0 (available: v0.26.0)
[INFO] [stderr]       Adding opentelemetry-appender-tracing v0.2.0 (available: v0.26.0)
[INFO] [stderr]       Adding opentelemetry-otlp v0.14.0 (available: v0.26.0)
[INFO] [stderr]       Adding opentelemetry-semantic-conventions v0.13.0 (available: v0.26.0)
[INFO] [stderr]       Adding opentelemetry_sdk v0.21.2 (available: v0.26.0)
[INFO] [stderr]       Adding redis v0.26.1 (available: v0.27.5)
[INFO] [stderr]       Adding rstest v0.18.2 (available: v0.23.0)
[INFO] [stderr]       Adding strum v0.25.0 (available: v0.26.3)
[INFO] [stderr]       Adding sysinfo v0.30.13 (available: v0.32.0)
[INFO] [stderr]       Adding tracing-opentelemetry v0.22.0 (available: v0.27.0)
[INFO] running `Command { std: CARGO_HOME="/workspace/cargo-home" RUSTUP_HOME="/workspace/rustup-home" "/workspace/cargo-home/bin/cargo" "+nightly-2024-10-28" "fetch" "--manifest-path" "Cargo.toml", kill_on_drop: false }`
[INFO] [stderr]  Downloading crates ...
[INFO] [stderr]   Downloaded redis-macros-derive v0.4.2
[INFO] [stderr]   Downloaded async-semaphore v1.2.0
[INFO] [stderr]   Downloaded redis-macros v0.4.2
[INFO] [stderr]   Downloaded wasm-cookies v0.2.1
[INFO] [stderr]   Downloaded deadpool-redis v0.17.2
[INFO] [stderr]   Downloaded chrono-humanize v0.2.3
[INFO] [stderr]   Downloaded deadpool-redis v0.16.0
[INFO] [stderr]   Downloaded comfy-table v7.1.1
[INFO] [stderr]   Downloaded axum-extra v0.9.4
[INFO] [stderr]   Downloaded error-stack v0.5.0
[INFO] [stderr]   Downloaded wmi v0.13.4
[INFO] [stderr]   Downloaded conch-parser v0.1.1
[INFO] [stderr]   Downloaded windows-core v0.53.0
[INFO] [stderr]   Downloaded redis v0.27.5
[INFO] [stderr]   Downloaded named-lock v0.4.1
[INFO] [stderr]   Downloaded tracing-subscriber-wasm v0.1.0
[INFO] [stderr]   Downloaded windows v0.53.0
[INFO] running `Command { std: "docker" "create" "-v" "/var/lib/crater-agent-workspace/builds/worker-1-tc1/target:/opt/rustwide/target:rw,Z" "-v" "/var/lib/crater-agent-workspace/builds/worker-1-tc1/source:/opt/rustwide/workdir:ro,Z" "-v" "/var/lib/crater-agent-workspace/cargo-home:/opt/rustwide/cargo-home:ro,Z" "-v" "/var/lib/crater-agent-workspace/rustup-home:/opt/rustwide/rustup-home:ro,Z" "-e" "SOURCE_DIR=/opt/rustwide/workdir" "-e" "CARGO_TARGET_DIR=/opt/rustwide/target" "-e" "CARGO_HOME=/opt/rustwide/cargo-home" "-e" "RUSTUP_HOME=/opt/rustwide/rustup-home" "-w" "/opt/rustwide/workdir" "-m" "1610612736" "--user" "0:0" "--network" "none" "ghcr.io/rust-lang/crates-build-env/linux@sha256:4a844ea9eb2546a2d2c7022eacef16ef2e8229c7fbb2c7d4d55a9ceca922f72d" "/opt/rustwide/cargo-home/bin/cargo" "+nightly-2024-10-28" "metadata" "--no-deps" "--format-version=1", kill_on_drop: false }`
[INFO] [stdout] 60a0983de662f69d0d8eab2e8b0cd4fb1c392f99e372ae52bc1f37371365e8bc
[INFO] running `Command { std: "docker" "start" "-a" "60a0983de662f69d0d8eab2e8b0cd4fb1c392f99e372ae52bc1f37371365e8bc", kill_on_drop: false }`
[INFO] running `Command { std: "docker" "inspect" "60a0983de662f69d0d8eab2e8b0cd4fb1c392f99e372ae52bc1f37371365e8bc", kill_on_drop: false }`
[INFO] running `Command { std: "docker" "rm" "-f" "60a0983de662f69d0d8eab2e8b0cd4fb1c392f99e372ae52bc1f37371365e8bc", kill_on_drop: false }`
[INFO] [stdout] 60a0983de662f69d0d8eab2e8b0cd4fb1c392f99e372ae52bc1f37371365e8bc
[INFO] running `Command { std: "docker" "create" "-v" "/var/lib/crater-agent-workspace/builds/worker-1-tc1/target:/opt/rustwide/target:rw,Z" "-v" "/var/lib/crater-agent-workspace/builds/worker-1-tc1/source:/opt/rustwide/workdir:ro,Z" "-v" "/var/lib/crater-agent-workspace/cargo-home:/opt/rustwide/cargo-home:ro,Z" "-v" "/var/lib/crater-agent-workspace/rustup-home:/opt/rustwide/rustup-home:ro,Z" "-e" "SOURCE_DIR=/opt/rustwide/workdir" "-e" "CARGO_TARGET_DIR=/opt/rustwide/target" "-e" "CARGO_INCREMENTAL=0" "-e" "RUST_BACKTRACE=full" "-e" "RUSTFLAGS=--cap-lints=forbid" "-e" "RUSTDOCFLAGS=--cap-lints=forbid" "-e" "CARGO_HOME=/opt/rustwide/cargo-home" "-e" "RUSTUP_HOME=/opt/rustwide/rustup-home" "-w" "/opt/rustwide/workdir" "-m" "1610612736" "--user" "0:0" "--network" "none" "ghcr.io/rust-lang/crates-build-env/linux@sha256:4a844ea9eb2546a2d2c7022eacef16ef2e8229c7fbb2c7d4d55a9ceca922f72d" "/opt/rustwide/cargo-home/bin/cargo" "+nightly-2024-10-28" "build" "--frozen" "--message-format=json", kill_on_drop: false }`
[INFO] [stdout] 6ed5790dbaf0fc563de746694ca59355892e958175807833596baafa2a32025a
[INFO] running `Command { std: "docker" "start" "-a" "6ed5790dbaf0fc563de746694ca59355892e958175807833596baafa2a32025a", kill_on_drop: false }`
[INFO] [stderr]    Compiling serde v1.0.214
[INFO] [stderr]    Compiling semver v1.0.23
[INFO] [stderr]    Compiling slab v0.4.9
[INFO] [stderr]    Compiling lock_api v0.4.12
[INFO] [stderr]    Compiling num-traits v0.2.19
[INFO] [stderr]    Compiling powerfmt v0.2.0
[INFO] [stderr]    Compiling futures-core v0.3.31
[INFO] [stderr]    Compiling tracing-core v0.1.32
[INFO] [stderr]    Compiling futures-sink v0.3.31
[INFO] [stderr]    Compiling futures-macro v0.3.31
[INFO] [stderr]    Compiling futures-io v0.3.31
[INFO] [stderr]    Compiling pin-utils v0.1.0
[INFO] [stderr]    Compiling num_threads v0.1.7
[INFO] [stderr]    Compiling time-core v0.1.2
[INFO] [stderr]    Compiling overload v0.1.1
[INFO] [stderr]    Compiling log v0.4.22
[INFO] [stderr]    Compiling num-conv v0.1.0
[INFO] [stderr]    Compiling anyhow v1.0.92
[INFO] [stderr]    Compiling futures-task v0.3.31
[INFO] [stderr]    Compiling nu-ansi-term v0.46.0
[INFO] [stderr]    Compiling sharded-slab v0.1.7
[INFO] [stderr]    Compiling deranged v0.3.11
[INFO] [stderr]    Compiling futures-channel v0.3.31
[INFO] [stderr]    Compiling thread_local v1.1.8
[INFO] [stderr]    Compiling paste v1.0.15
[INFO] [stderr]    Compiling serde_json v1.0.132
[INFO] [stderr]    Compiling iana-time-zone v0.1.61
[INFO] [stderr]    Compiling crossbeam-channel v0.5.13
[INFO] [stderr]    Compiling signal-hook-registry v1.4.2
[INFO] [stderr]    Compiling tracing-log v0.2.0
[INFO] [stderr]    Compiling mio v1.0.2
[INFO] [stderr]    Compiling event-listener v2.5.3
[INFO] [stderr]    Compiling rustc_version v0.4.1
[INFO] [stderr]    Compiling match_cfg v0.1.0
[INFO] [stderr]    Compiling bytes v1.8.0
[INFO] [stderr]    Compiling either v1.13.0
[INFO] [stderr]    Compiling hostname v0.3.1
[INFO] [stderr]    Compiling async-semaphore v1.2.0
[INFO] [stderr]    Compiling tracing v0.1.40
[INFO] [stderr]    Compiling futures-util v0.3.31
[INFO] [stderr]    Compiling colored v2.1.0
[INFO] [stderr]    Compiling arc-swap v1.7.1
[INFO] [stderr]    Compiling error-stack v0.5.0
[INFO] [stderr]    Compiling bitbazaar v0.7.2 (/opt/rustwide/workdir)
[INFO] [stderr]    Compiling itertools v0.12.1
[INFO] [stderr]    Compiling tokio v1.41.0
[INFO] [stderr]    Compiling time v0.3.36
[INFO] [stderr]    Compiling tracing-subscriber v0.3.18
[INFO] [stderr]    Compiling chrono v0.4.38
[INFO] [stderr]    Compiling parking_lot v0.12.3
[INFO] [stderr]    Compiling dashmap v6.1.0
[INFO] [stderr]    Compiling named-lock v0.4.1
[INFO] [stderr]    Compiling futures-executor v0.3.31
[INFO] [stderr]    Compiling futures v0.3.31
[INFO] [stderr]    Compiling tracing-appender v0.2.3
[INFO] [stderr]    Compiling chrono-humanize v0.2.3
[INFO] [stdout] warning: use of deprecated type alias `std::panic::PanicInfo`: use `PanicHookInfo` instead
[INFO] [stdout]   --> bitbazaar/log/global_log/exceptions.rs:38:40
[INFO] [stdout]    |
[INFO] [stdout] 38 | fn panic_hook(panic_info: &std::panic::PanicInfo) {
[INFO] [stdout]    |                                        ^^^^^^^^^
[INFO] [stdout]    |
[INFO] [stdout]    = note: `#[warn(deprecated)]` on by default
[INFO] [stdout] 
[INFO] [stdout] 
[INFO] [stdout] warning: associated function `new` is never used
[INFO] [stdout]   --> bitbazaar/misc/looper.rs:10:19
[INFO] [stdout]    |
[INFO] [stdout] 9  | impl<State, Value> Looper<State, Value> {
[INFO] [stdout]    | --------------------------------------- associated function in this implementation
[INFO] [stdout] 10 |     pub(crate) fn new(state: State, value: Value) -> Self {
[INFO] [stdout]    |                   ^^^
[INFO] [stdout]    |
[INFO] [stdout]    = note: `#[warn(dead_code)]` on by default
[INFO] [stdout] 
[INFO] [stdout] 
[INFO] [stderr]     Finished `dev` profile [unoptimized + debuginfo] target(s) in 19.13s
[INFO] running `Command { std: "docker" "inspect" "6ed5790dbaf0fc563de746694ca59355892e958175807833596baafa2a32025a", kill_on_drop: false }`
[INFO] running `Command { std: "docker" "rm" "-f" "6ed5790dbaf0fc563de746694ca59355892e958175807833596baafa2a32025a", kill_on_drop: false }`
[INFO] [stdout] 6ed5790dbaf0fc563de746694ca59355892e958175807833596baafa2a32025a
[INFO] running `Command { std: "docker" "create" "-v" "/var/lib/crater-agent-workspace/builds/worker-1-tc1/target:/opt/rustwide/target:rw,Z" "-v" "/var/lib/crater-agent-workspace/builds/worker-1-tc1/source:/opt/rustwide/workdir:ro,Z" "-v" "/var/lib/crater-agent-workspace/cargo-home:/opt/rustwide/cargo-home:ro,Z" "-v" "/var/lib/crater-agent-workspace/rustup-home:/opt/rustwide/rustup-home:ro,Z" "-e" "SOURCE_DIR=/opt/rustwide/workdir" "-e" "CARGO_TARGET_DIR=/opt/rustwide/target" "-e" "CARGO_INCREMENTAL=0" "-e" "RUST_BACKTRACE=full" "-e" "RUSTFLAGS=--cap-lints=forbid" "-e" "RUSTDOCFLAGS=--cap-lints=forbid" "-e" "CARGO_HOME=/opt/rustwide/cargo-home" "-e" "RUSTUP_HOME=/opt/rustwide/rustup-home" "-w" "/opt/rustwide/workdir" "-m" "1610612736" "--user" "0:0" "--network" "none" "ghcr.io/rust-lang/crates-build-env/linux@sha256:4a844ea9eb2546a2d2c7022eacef16ef2e8229c7fbb2c7d4d55a9ceca922f72d" "/opt/rustwide/cargo-home/bin/cargo" "+nightly-2024-10-28" "test" "--frozen" "--no-run" "--message-format=json", kill_on_drop: false }`
[INFO] [stdout] 27ab1c9ffbe5694666f450d0e286bd003315a62efd81c2d42c3ba140b51d64ae
[INFO] running `Command { std: "docker" "start" "-a" "27ab1c9ffbe5694666f450d0e286bd003315a62efd81c2d42c3ba140b51d64ae", kill_on_drop: false }`
[INFO] [stderr]    Compiling num-traits v0.2.19
[INFO] [stderr]    Compiling memchr v2.7.4
[INFO] [stderr]    Compiling rayon-core v1.12.1
[INFO] [stderr]    Compiling syn v2.0.86
[INFO] [stderr]    Compiling crossbeam-epoch v0.9.18
[INFO] [stderr]    Compiling regex-syntax v0.8.5
[INFO] [stderr]    Compiling rstest_macros v0.18.2
[INFO] [stderr]    Compiling socket2 v0.5.7
[INFO] [stderr]    Compiling plotters-backend v0.3.7
[INFO] [stderr]    Compiling textwrap v0.11.0
[INFO] [stderr]    Compiling itertools v0.10.5
[INFO] [stderr]    Compiling csv-core v0.1.11
[INFO] [stderr]    Compiling bitflags v1.3.2
[INFO] [stderr]    Compiling relative-path v1.9.3
[INFO] [stderr]    Compiling half v1.8.3
[INFO] [stderr]    Compiling same-file v1.0.6
[INFO] [stderr]    Compiling glob v0.3.1
[INFO] [stderr]    Compiling cast v0.3.0
[INFO] [stderr]    Compiling clap v2.34.0
[INFO] [stderr]    Compiling walkdir v2.5.0
[INFO] [stderr]    Compiling atty v0.2.14
[INFO] [stderr]    Compiling crossbeam-deque v0.8.5
[INFO] [stderr]    Compiling plotters-svg v0.3.7
[INFO] [stderr]    Compiling futures-timer v3.0.3
[INFO] [stderr]    Compiling oorandom v11.1.4
[INFO] [stderr]    Compiling aho-corasick v1.1.3
[INFO] [stderr]    Compiling rayon v1.10.0
[INFO] [stderr]    Compiling plotters v0.3.7
[INFO] [stderr]    Compiling regex-automata v0.4.8
[INFO] [stderr]    Compiling criterion-plot v0.4.5
[INFO] [stderr]    Compiling regex v1.11.1
[INFO] [stderr]    Compiling serde_derive v1.0.214
[INFO] [stderr]    Compiling futures-macro v0.3.31
[INFO] [stderr]    Compiling thiserror-impl v1.0.66
[INFO] [stderr]    Compiling tokio-macros v2.4.0
[INFO] [stderr]    Compiling tracing-attributes v0.1.27
[INFO] [stderr]    Compiling futures-util v0.3.31
[INFO] [stderr]    Compiling thiserror v1.0.66
[INFO] [stderr]    Compiling tracing-appender v0.2.3
[INFO] [stderr]    Compiling tracing v0.1.40
[INFO] [stderr]    Compiling serde v1.0.214
[INFO] [stderr]    Compiling futures-executor v0.3.31
[INFO] [stderr]    Compiling futures v0.3.31
[INFO] [stderr]    Compiling rstest v0.18.2
[INFO] [stderr]    Compiling lock_api v0.4.12
[INFO] [stderr]    Compiling serde_json v1.0.132
[INFO] [stderr]    Compiling chrono v0.4.38
[INFO] [stderr]    Compiling csv v1.3.0
[INFO] [stderr]    Compiling serde_cbor v0.11.2
[INFO] [stderr]    Compiling error-stack v0.5.0
[INFO] [stderr]    Compiling parking_lot v0.12.3
[INFO] [stderr]    Compiling dashmap v6.1.0
[INFO] [stderr]    Compiling tokio v1.41.0
[INFO] [stderr]    Compiling named-lock v0.4.1
[INFO] [stderr]    Compiling tinytemplate v1.2.1
[INFO] [stderr]    Compiling chrono-humanize v0.2.3
[INFO] [stderr]    Compiling criterion v0.3.6
[INFO] [stderr]    Compiling bitbazaar v0.7.2 (/opt/rustwide/workdir)
[INFO] [stdout] warning: use of deprecated type alias `std::panic::PanicInfo`: use `PanicHookInfo` instead
[INFO] [stdout]   --> bitbazaar/log/global_log/exceptions.rs:38:40
[INFO] [stdout]    |
[INFO] [stdout] 38 | fn panic_hook(panic_info: &std::panic::PanicInfo) {
[INFO] [stdout]    |                                        ^^^^^^^^^
[INFO] [stdout]    |
[INFO] [stdout]    = note: `#[warn(deprecated)]` on by default
[INFO] [stdout] 
[INFO] [stdout] 
[INFO] [stdout] warning: associated function `new` is never used
[INFO] [stdout]   --> bitbazaar/misc/looper.rs:10:19
[INFO] [stdout]    |
[INFO] [stdout] 9  | impl<State, Value> Looper<State, Value> {
[INFO] [stdout]    | --------------------------------------- associated function in this implementation
[INFO] [stdout] 10 |     pub(crate) fn new(state: State, value: Value) -> Self {
[INFO] [stdout]    |                   ^^^
[INFO] [stdout]    |
[INFO] [stdout]    = note: `#[warn(dead_code)]` on by default
[INFO] [stdout] 
[INFO] [stdout] 
[INFO] [stdout] error[E0432]: unresolved import `tempfile`
[INFO] [stdout]   --> bitbazaar/log/mod.rs:50:9
[INFO] [stdout]    |
[INFO] [stdout] 50 |     use tempfile::tempdir;
[INFO] [stdout]    |         ^^^^^^^^ use of undeclared crate or module `tempfile`
[INFO] [stdout] 
[INFO] [stdout] 
[INFO] [stdout] error[E0433]: failed to resolve: use of undeclared crate or module `regex`
[INFO] [stdout]    --> bitbazaar/log/mod.rs:100:25
[INFO] [stdout]     |
[INFO] [stdout] 100 |                 assert!(regex::Regex::new(r"\d{2}:\d{2}:\d{2}.\d{3}")
[INFO] [stdout]     |                         ^^^^^ use of undeclared crate or module `regex`
[INFO] [stdout] 
[INFO] [stdout] 
[INFO] [stdout] error[E0433]: failed to resolve: use of undeclared crate or module `regex`
[INFO] [stdout]    --> bitbazaar/log/mod.rs:314:18
[INFO] [stdout]     |
[INFO] [stdout] 314 |         let re = regex::Regex::new(r"^foo.log.\d{4}-\d{2}-\d{2}$").change_context(AnyErr)?;
[INFO] [stdout]     |                  ^^^^^ use of undeclared crate or module `regex`
[INFO] [stdout] 
[INFO] [stdout] 
[INFO] [stdout] error[E0412]: cannot find type `CollectorStandalone` in this scope
[INFO] [stdout]    --> bitbazaar/log/mod.rs:365:19
[INFO] [stdout]     |
[INFO] [stdout] 365 |     ) -> RResult<(CollectorStandalone, u16, Arc<Mutex<Vec<String>>>), AnyErr> {
[INFO] [stdout]     |                   ^^^^^^^^^^^^^^^^^^^ not found in this scope
[INFO] [stdout]     |
[INFO] [stdout] help: you might be missing a type parameter
[INFO] [stdout]     |
[INFO] [stdout] 363 |     async fn _build_collector<CollectorStandalone>(
[INFO] [stdout]     |                              +++++++++++++++++++++
[INFO] [stdout] 
[INFO] [stdout] 
[INFO] [stdout] warning: use of deprecated type alias `std::panic::PanicInfo`: use `PanicHookInfo` instead
[INFO] [stdout]   --> bitbazaar/log/global_log/exceptions.rs:38:40
[INFO] [stdout]    |
[INFO] [stdout] 38 | fn panic_hook(panic_info: &std::panic::PanicInfo) {
[INFO] [stdout]    |                                        ^^^^^^^^^
[INFO] [stdout]    |
[INFO] [stdout]    = note: `#[warn(deprecated)]` on by default
[INFO] [stdout] 
[INFO] [stdout] 
[INFO] [stdout] error[E0433]: failed to resolve: use of undeclared crate or module `portpicker`
[INFO] [stdout]    --> bitbazaar/log/mod.rs:370:20
[INFO] [stdout]     |
[INFO] [stdout] 370 |         let port = portpicker::pick_unused_port().unwrap();
[INFO] [stdout]     |                    ^^^^^^^^^^ use of undeclared crate or module `portpicker`
[INFO] [stdout] 
[INFO] [stdout] 
[INFO] [stdout] error[E0433]: failed to resolve: use of undeclared type `CollectorStandalone`
[INFO] [stdout]    --> bitbazaar/log/mod.rs:371:25
[INFO] [stdout]     |
[INFO] [stdout] 371 |         let collector = CollectorStandalone::new(
[INFO] [stdout]     |                         ^^^^^^^^^^^^^^^^^^^ use of undeclared type `CollectorStandalone`
[INFO] [stdout] 
[INFO] [stdout] 
[INFO] [stdout] error[E0599]: no method named `meter` found for struct `out::GlobalLog` in the current scope
[INFO] [stdout]    --> bitbazaar/log/mod.rs:420:29
[INFO] [stdout]     |
[INFO] [stdout] 420 |             let meter = log.meter("my_meter").unwrap();
[INFO] [stdout]     |                             ^^^^^ method not found in `GlobalLog`
[INFO] [stdout]     |
[INFO] [stdout]    ::: bitbazaar/log/global_log/out.rs:38:1
[INFO] [stdout]     |
[INFO] [stdout] 38  | pub struct GlobalLog {
[INFO] [stdout]     | -------------------- method `meter` not found for this struct
[INFO] [stdout] 
[INFO] [stdout] 
[INFO] [stdout] Some errors have detailed explanations: E0412, E0432, E0433, E0599.
[INFO] [stdout] 
[INFO] [stdout] For more information about an error, try `rustc --explain E0412`.
[INFO] [stdout] 
[INFO] [stderr] error: could not compile `bitbazaar` (lib test) due to 7 previous errors; 1 warning emitted
[INFO] running `Command { std: "docker" "inspect" "27ab1c9ffbe5694666f450d0e286bd003315a62efd81c2d42c3ba140b51d64ae", kill_on_drop: false }`
[INFO] running `Command { std: "docker" "rm" "-f" "27ab1c9ffbe5694666f450d0e286bd003315a62efd81c2d42c3ba140b51d64ae", kill_on_drop: false }`
[INFO] [stdout] 27ab1c9ffbe5694666f450d0e286bd003315a62efd81c2d42c3ba140b51d64ae
