[INFO] fetching crate birli 0.15.1...
[INFO] testing birli-0.15.1 against nightly-2024-10-28 for randomize-layout
[INFO] extracting crate birli 0.15.1 into /workspace/builds/worker-5-tc1/source
[INFO] validating manifest of crates.io crate birli 0.15.1 on toolchain nightly-2024-10-28
[INFO] running `Command { std: CARGO_HOME="/workspace/cargo-home" RUSTUP_HOME="/workspace/rustup-home" "/workspace/cargo-home/bin/cargo" "+nightly-2024-10-28" "metadata" "--manifest-path" "Cargo.toml" "--no-deps", kill_on_drop: false }`
[INFO] started tweaking crates.io crate birli 0.15.1
[INFO] finished tweaking crates.io crate birli 0.15.1
[INFO] tweaked toml for crates.io crate birli 0.15.1 written to /workspace/builds/worker-5-tc1/source/Cargo.toml
[INFO] crate crates.io crate birli 0.15.1 already has a lockfile, it will not be regenerated
[INFO] running `Command { std: CARGO_HOME="/workspace/cargo-home" RUSTUP_HOME="/workspace/rustup-home" "/workspace/cargo-home/bin/cargo" "+nightly-2024-10-28" "fetch" "--manifest-path" "Cargo.toml", kill_on_drop: false }`
[INFO] [stderr]     Updating crates.io index
[INFO] [stderr]  Downloading crates ...
[INFO] [stderr]   Downloaded prettytable-rs v0.10.0
[INFO] [stderr]   Downloaded never v0.1.0
[INFO] [stderr]   Downloaded link-cplusplus v1.0.9
[INFO] [stderr]   Downloaded derive_builder_macro v0.11.2
[INFO] [stderr]   Downloaded cxxbridge-flags v1.0.128
[INFO] [stderr]   Downloaded environment v0.1.1
[INFO] [stderr]   Downloaded redox_syscall v0.5.4
[INFO] [stderr]   Downloaded aoflagger_sys v0.1.2
[INFO] [stderr]   Downloaded scratch v1.0.7
[INFO] [stderr]   Downloaded derive_builder v0.11.2
[INFO] [stderr]   Downloaded cxxbridge-macro v1.0.128
[INFO] [stderr]   Downloaded erfa v0.2.1
[INFO] [stderr]   Downloaded flate2 v1.0.33
[INFO] [stderr]   Downloaded hifitime v3.9.0
[INFO] [stderr]   Downloaded difference v2.0.0
[INFO] [stderr]   Downloaded lexical-parse-float v0.8.5
[INFO] [stderr]   Downloaded ndarray v0.16.1
[INFO] [stderr]   Downloaded cbindgen v0.26.0
[INFO] [stderr]   Downloaded git2 v0.19.0
[INFO] [stderr]   Downloaded cxx v1.0.128
[INFO] [stderr]   Downloaded marlu v0.14.0
[INFO] [stderr]   Downloaded regex v1.9.6
[INFO] [stderr]   Downloaded portable-atomic v1.8.0
[INFO] [stderr]   Downloaded lexical-write-float v0.8.5
[INFO] [stderr]   Downloaded mwalib v1.5.0
[INFO] [stderr]   Downloaded lexical-util v0.8.5
[INFO] [stderr]   Downloaded cxx-build v1.0.128
[INFO] [stderr]   Downloaded lexical-write-integer v0.8.5
[INFO] [stderr]   Downloaded lexical-parse-integer v0.8.6
[INFO] [stderr]   Downloaded rubbl_casatables v0.8.0
[INFO] [stderr]   Downloaded portable-atomic-util v0.2.2
[INFO] [stderr]   Downloaded regex-automata v0.3.9
[INFO] [stderr]   Downloaded assert_cli v0.6.3
[INFO] [stderr]   Downloaded derive_builder_core v0.11.2
[INFO] [stderr]   Downloaded lexical v6.1.1
[INFO] [stderr]   Downloaded lexical-core v0.8.5
[INFO] [stderr]   Downloaded rubbl_core v0.5.0
[INFO] [stderr]   Downloaded colored v1.9.4
[INFO] [stderr]   Downloaded built v0.7.4
[INFO] [stderr]   Downloaded fitsio-sys v0.4.0
[INFO] [stderr]   Downloaded libgit2-sys v0.17.0+1.8.1
[INFO] [stderr]   Downloaded rubbl_casatables_impl v0.4.35000
[INFO] [stderr]   Downloaded fitsio v0.20.0
[INFO] running `Command { std: "docker" "create" "-v" "/var/lib/crater-agent-workspace/builds/worker-5-tc1/target:/opt/rustwide/target:rw,Z" "-v" "/var/lib/crater-agent-workspace/builds/worker-5-tc1/source:/opt/rustwide/workdir:ro,Z" "-v" "/var/lib/crater-agent-workspace/cargo-home:/opt/rustwide/cargo-home:ro,Z" "-v" "/var/lib/crater-agent-workspace/rustup-home:/opt/rustwide/rustup-home:ro,Z" "-e" "SOURCE_DIR=/opt/rustwide/workdir" "-e" "CARGO_TARGET_DIR=/opt/rustwide/target" "-e" "CARGO_HOME=/opt/rustwide/cargo-home" "-e" "RUSTUP_HOME=/opt/rustwide/rustup-home" "-w" "/opt/rustwide/workdir" "-m" "1610612736" "--user" "0:0" "--network" "none" "ghcr.io/rust-lang/crates-build-env/linux@sha256:4a844ea9eb2546a2d2c7022eacef16ef2e8229c7fbb2c7d4d55a9ceca922f72d" "/opt/rustwide/cargo-home/bin/cargo" "+nightly-2024-10-28" "metadata" "--no-deps" "--format-version=1", kill_on_drop: false }`
[INFO] [stdout] a557b688d3cc41756f55ec3a55080f99b698be0eaaf7e7f7ab7867839d3ebb3a
[INFO] running `Command { std: "docker" "start" "-a" "a557b688d3cc41756f55ec3a55080f99b698be0eaaf7e7f7ab7867839d3ebb3a", kill_on_drop: false }`
[INFO] running `Command { std: "docker" "inspect" "a557b688d3cc41756f55ec3a55080f99b698be0eaaf7e7f7ab7867839d3ebb3a", kill_on_drop: false }`
[INFO] running `Command { std: "docker" "rm" "-f" "a557b688d3cc41756f55ec3a55080f99b698be0eaaf7e7f7ab7867839d3ebb3a", kill_on_drop: false }`
[INFO] [stdout] a557b688d3cc41756f55ec3a55080f99b698be0eaaf7e7f7ab7867839d3ebb3a
[INFO] running `Command { std: "docker" "create" "-v" "/var/lib/crater-agent-workspace/builds/worker-5-tc1/target:/opt/rustwide/target:rw,Z" "-v" "/var/lib/crater-agent-workspace/builds/worker-5-tc1/source:/opt/rustwide/workdir:ro,Z" "-v" "/var/lib/crater-agent-workspace/cargo-home:/opt/rustwide/cargo-home:ro,Z" "-v" "/var/lib/crater-agent-workspace/rustup-home:/opt/rustwide/rustup-home:ro,Z" "-e" "SOURCE_DIR=/opt/rustwide/workdir" "-e" "CARGO_TARGET_DIR=/opt/rustwide/target" "-e" "CARGO_INCREMENTAL=0" "-e" "RUST_BACKTRACE=full" "-e" "RUSTFLAGS=--cap-lints=forbid" "-e" "RUSTDOCFLAGS=--cap-lints=forbid" "-e" "CARGO_HOME=/opt/rustwide/cargo-home" "-e" "RUSTUP_HOME=/opt/rustwide/rustup-home" "-w" "/opt/rustwide/workdir" "-m" "1610612736" "--user" "0:0" "--network" "none" "ghcr.io/rust-lang/crates-build-env/linux@sha256:4a844ea9eb2546a2d2c7022eacef16ef2e8229c7fbb2c7d4d55a9ceca922f72d" "/opt/rustwide/cargo-home/bin/cargo" "+nightly-2024-10-28" "build" "--frozen" "--message-format=json", kill_on_drop: false }`
[INFO] [stdout] d52fbf6a28137ab1bbb75bae2125a87bc673d01c03d012ad4a49c8f35996dbd7
[INFO] running `Command { std: "docker" "start" "-a" "d52fbf6a28137ab1bbb75bae2125a87bc673d01c03d012ad4a49c8f35996dbd7", kill_on_drop: false }`
[INFO] [stderr]    Compiling libc v0.2.158
[INFO] [stderr]    Compiling autocfg v1.3.0
[INFO] [stderr]    Compiling proc-macro2 v1.0.86
[INFO] [stderr]    Compiling shlex v1.3.0
[INFO] [stderr]    Compiling pkg-config v0.3.31
[INFO] [stderr]    Compiling bitflags v2.6.0
[INFO] [stderr]    Compiling vcpkg v0.2.15
[INFO] [stderr]    Compiling tinyvec_macros v0.1.1
[INFO] [stderr]    Compiling tinyvec v1.8.0
[INFO] [stderr]    Compiling syn v1.0.109
[INFO] [stderr]    Compiling libm v0.2.8
[INFO] [stderr]    Compiling num-traits v0.2.19
[INFO] [stderr]    Compiling percent-encoding v2.3.1
[INFO] [stderr]    Compiling once_cell v1.19.0
[INFO] [stderr]    Compiling unicode-bidi v0.3.15
[INFO] [stderr]    Compiling crossbeam-utils v0.8.20
[INFO] [stderr]    Compiling form_urlencoded v1.2.1
[INFO] [stderr]    Compiling quote v1.0.37
[INFO] [stderr]    Compiling log v0.4.22
[INFO] [stderr]    Compiling syn v2.0.77
[INFO] [stderr]    Compiling iana-time-zone v0.1.61
[INFO] [stderr]    Compiling semver v1.0.23
[INFO] [stderr]    Compiling unicode-normalization v0.1.24
[INFO] [stderr]    Compiling jobserver v0.1.32
[INFO] [stderr]    Compiling idna v0.5.0
[INFO] [stderr]    Compiling cc v1.1.21
[INFO] [stderr]    Compiling crossbeam-epoch v0.9.18
[INFO] [stderr]    Compiling rayon-core v1.12.1
[INFO] [stderr]    Compiling chrono v0.4.38
[INFO] [stderr]    Compiling url v2.5.2
[INFO] [stderr]    Compiling unicode-width v0.1.14
[INFO] [stderr]    Compiling memchr v2.7.4
[INFO] [stderr]    Compiling serde v1.0.210
[INFO] [stderr]    Compiling crossbeam-deque v0.8.5
[INFO] [stderr]    Compiling hashbrown v0.12.3
[INFO] [stderr]    Compiling rustix v0.38.37
[INFO] [stderr]    Compiling ryu v1.0.18
[INFO] [stderr]    Compiling either v1.13.0
[INFO] [stderr]    Compiling termcolor v1.4.1
[INFO] [stderr]    Compiling itoa v1.0.11
[INFO] [stderr]    Compiling fitsio-sys v0.4.0
[INFO] [stderr]    Compiling indexmap v1.9.3
[INFO] [stderr]    Compiling thiserror v1.0.64
[INFO] [stderr]    Compiling scratch v1.0.7
[INFO] [stderr]    Compiling strsim v0.10.0
[INFO] [stderr]    Compiling serde_json v1.0.128
[INFO] [stderr]    Compiling linux-raw-sys v0.4.14
[INFO] [stderr]    Compiling libz-sys v1.1.20
[INFO] [stderr]    Compiling libgit2-sys v0.17.0+1.8.1
[INFO] [stderr]    Compiling link-cplusplus v1.0.9
[INFO] [stderr]    Compiling rayon v1.10.0
[INFO] [stderr]    Compiling matrixmultiply v0.3.9
[INFO] [stderr]    Compiling cbindgen v0.26.0
[INFO] [stderr]    Compiling static_assertions v1.1.0
[INFO] [stderr]    Compiling cxxbridge-flags v1.0.128
[INFO] [stderr]    Compiling fastrand v2.1.1
[INFO] [stderr]    Compiling ident_case v1.0.1
[INFO] [stderr]    Compiling fnv v1.0.7
[INFO] [stderr]    Compiling cxx v1.0.128
[INFO] [stderr]    Compiling lexical-util v0.8.5
[INFO] [stderr]    Compiling darling_core v0.14.4
[INFO] [stderr]    Compiling rubbl_casatables_impl v0.4.35000
[INFO] [stderr]    Compiling codespan-reporting v0.11.1
[INFO] [stderr]    Compiling aho-corasick v1.1.3
[INFO] [stderr]    Compiling serde_derive v1.0.210
[INFO] [stderr]    Compiling thiserror-impl v1.0.64
[INFO] [stderr]    Compiling tempfile v3.12.0
[INFO] [stderr]    Compiling regex-syntax v0.7.5
[INFO] [stderr]    Compiling lazy_static v1.4.0
[INFO] [stderr]    Compiling heck v0.4.1
[INFO] [stderr]    Compiling cxx-build v1.0.128
[INFO] [stderr]    Compiling darling_macro v0.14.4
[INFO] [stderr]    Compiling lexical-parse-integer v0.8.6
[INFO] [stderr]    Compiling regex-automata v0.3.9
[INFO] [stderr]    Compiling num-integer v0.1.46
[INFO] [stderr]    Compiling num-complex v0.4.6
[INFO] [stderr]    Compiling aoflagger_sys v0.1.2
[INFO] [stderr]    Compiling lexical-parse-float v0.8.5
[INFO] [stderr]    Compiling ndarray v0.16.1
[INFO] [stderr]    Compiling darling v0.14.4
[INFO] [stderr]    Compiling regex v1.9.6
[INFO] [stderr]    Compiling rubbl_casatables v0.8.0
[INFO] [stderr]    Compiling dirs-sys-next v0.1.2
[INFO] [stderr]    Compiling adler2 v2.0.0
[INFO] [stderr]    Compiling portable-atomic v1.8.0
[INFO] [stderr]    Compiling byteorder v1.5.0
[INFO] [stderr]    Compiling toml v0.5.11
[INFO] [stderr]    Compiling miniz_oxide v0.8.0
[INFO] [stderr]    Compiling xattr v1.3.1
[INFO] [stderr]    Compiling dirs-next v2.0.0
[INFO] [stderr]    Compiling fitsio v0.20.0
[INFO] [stderr]    Compiling lexical-core v0.8.5
[INFO] [stderr]    Compiling derive_builder_core v0.11.2
[INFO] [stderr]    Compiling rubbl_core v0.5.0
[INFO] [stderr]    Compiling num-derive v0.4.2
[INFO] [stderr]    Compiling cxxbridge-macro v1.0.128
[INFO] [stderr] The following warnings were emitted during compilation:
[INFO] [stderr] 
[INFO] [stderr] warning: aoflagger_sys@0.1.2: In file included from /opt/rustwide/target/debug/build/aoflagger_sys-b3448a2f025d3245/out/cxxbridge/sources/aoflagger_sys/src/cxx_aoflagger.rs.cc:1:
[INFO] [stderr] warning: aoflagger_sys@0.1.2: /opt/rustwide/target/debug/build/aoflagger_sys-b3448a2f025d3245/out/cxxbridge/crate/aoflagger_sys/include/cxx_aoflagger.h:4:10: fatal error: aoflagger.h: No such file or directory
[INFO] [stderr] warning: aoflagger_sys@0.1.2:     4 | #include <aoflagger.h>
[INFO] [stderr] warning: aoflagger_sys@0.1.2:       |          ^~~~~~~~~~~~~
[INFO] [stderr] warning: aoflagger_sys@0.1.2: compilation terminated.
[INFO] [stderr] warning: aoflagger_sys@0.1.2: ToolExecError: Command "c++" "-O0" "-ffunction-sections" "-fdata-sections" "-fPIC" "-gdwarf-4" "-fno-omit-frame-pointer" "-m64" "-I" "/opt/rustwide/target/debug/build/aoflagger_sys-b3448a2f025d3245/out/cxxbridge/include" "-I" "/opt/rustwide/target/debug/build/aoflagger_sys-b3448a2f025d3245/out/cxxbridge/crate" "-Wall" "-Wextra" "-std=c++11" "-Wno-unused-parameter" "-o" "/opt/rustwide/target/debug/build/aoflagger_sys-b3448a2f025d3245/out/09adeb2ef1683f96-cxx_aoflagger.rs.o" "-c" "/opt/rustwide/target/debug/build/aoflagger_sys-b3448a2f025d3245/out/cxxbridge/sources/aoflagger_sys/src/cxx_aoflagger.rs.cc" with args c++ did not execute successfully (status code exit status: 1).cargo:warning=In file included from src/cxx_aoflagger.cc:1:
[INFO] [stderr] warning: aoflagger_sys@0.1.2: /opt/rustwide/target/debug/build/aoflagger_sys-b3448a2f025d3245/out/cxxbridge/crate/aoflagger_sys/include/cxx_aoflagger.h:4:10: fatal error: aoflagger.h: No such file or directory
[INFO] [stderr] warning: aoflagger_sys@0.1.2:     4 | #include <aoflagger.h>
[INFO] [stderr] warning: aoflagger_sys@0.1.2:       |          ^~~~~~~~~~~~~
[INFO] [stderr] warning: aoflagger_sys@0.1.2: compilation terminated.
[INFO] [stderr] warning: aoflagger_sys@0.1.2: ToolExecError: Command "c++" "-O0" "-ffunction-sections" "-fdata-sections" "-fPIC" "-gdwarf-4" "-fno-omit-frame-pointer" "-m64" "-I" "/opt/rustwide/target/debug/build/aoflagger_sys-b3448a2f025d3245/out/cxxbridge/include" "-I" "/opt/rustwide/target/debug/build/aoflagger_sys-b3448a2f025d3245/out/cxxbridge/crate" "-Wall" "-Wextra" "-std=c++11" "-Wno-unused-parameter" "-o" "/opt/rustwide/target/debug/build/aoflagger_sys-b3448a2f025d3245/out/2e40c9e35e9506f4-cxx_aoflagger.o" "-c" "src/cxx_aoflagger.cc" with args c++ did not execute successfully (status code exit status: 1).
[INFO] [stderr] 
[INFO] [stderr] error: failed to run custom build command for `aoflagger_sys v0.1.2`
[INFO] [stderr] note: To improve backtraces for build dependencies, set the CARGO_PROFILE_DEV_BUILD_OVERRIDE_DEBUG=true environment variable to enable debug information generation.
[INFO] [stderr] 
[INFO] [stderr] Caused by:
[INFO] [stderr]   process didn't exit successfully: `/opt/rustwide/target/debug/build/aoflagger_sys-9177127ff2b2ed96/build-script-build` (exit status: 1)
[INFO] [stderr]   --- stdout
[INFO] [stderr]   cargo:rustc-cfg=verbose
[INFO] [stderr]   cargo:CXXBRIDGE_PREFIX=aoflagger_sys
[INFO] [stderr]   cargo:CXXBRIDGE_LINKS=aoflagger
[INFO] [stderr]   cargo:CXXBRIDGE_DIR0=/opt/rustwide/target/debug/build/aoflagger_sys-b3448a2f025d3245/out/cxxbridge/include
[INFO] [stderr]   cargo:CXXBRIDGE_DIR1=/opt/rustwide/target/debug/build/aoflagger_sys-b3448a2f025d3245/out/cxxbridge/crate
[INFO] [stderr]   OUT_DIR = Some(/opt/rustwide/target/debug/build/aoflagger_sys-b3448a2f025d3245/out)
[INFO] [stderr]   TARGET = Some(x86_64-unknown-linux-gnu)
[INFO] [stderr]   OPT_LEVEL = Some(0)
[INFO] [stderr]   HOST = Some(x86_64-unknown-linux-gnu)
[INFO] [stderr]   cargo:rerun-if-env-changed=CXX_x86_64-unknown-linux-gnu
[INFO] [stderr]   CXX_x86_64-unknown-linux-gnu = None
[INFO] [stderr]   cargo:rerun-if-env-changed=CXX_x86_64_unknown_linux_gnu
[INFO] [stderr]   CXX_x86_64_unknown_linux_gnu = None
[INFO] [stderr]   cargo:rerun-if-env-changed=HOST_CXX
[INFO] [stderr]   HOST_CXX = None
[INFO] [stderr]   cargo:rerun-if-env-changed=CXX
[INFO] [stderr]   CXX = None
[INFO] [stderr]   cargo:rerun-if-env-changed=CC_ENABLE_DEBUG_OUTPUT
[INFO] [stderr]   RUSTC_WRAPPER = None
[INFO] [stderr]   cargo:rerun-if-env-changed=CRATE_CC_NO_DEFAULTS
[INFO] [stderr]   CRATE_CC_NO_DEFAULTS = None
[INFO] [stderr]   DEBUG = Some(true)
[INFO] [stderr]   CARGO_CFG_TARGET_FEATURE = Some(fxsr,sse,sse2)
[INFO] [stderr]   cargo:rerun-if-env-changed=CXXFLAGS_x86_64-unknown-linux-gnu
[INFO] [stderr]   CXXFLAGS_x86_64-unknown-linux-gnu = None
[INFO] [stderr]   cargo:rerun-if-env-changed=CXXFLAGS_x86_64_unknown_linux_gnu
[INFO] [stderr]   CXXFLAGS_x86_64_unknown_linux_gnu = None
[INFO] [stderr]   cargo:rerun-if-env-changed=HOST_CXXFLAGS
[INFO] [stderr]   HOST_CXXFLAGS = None
[INFO] [stderr]   cargo:rerun-if-env-changed=CXXFLAGS
[INFO] [stderr]   CXXFLAGS = None
[INFO] [stderr]   OUT_DIR = Some(/opt/rustwide/target/debug/build/aoflagger_sys-b3448a2f025d3245/out)
[INFO] [stderr]   cargo:rerun-if-env-changed=CC_ENABLE_DEBUG_OUTPUT
[INFO] [stderr]   cargo:rerun-if-env-changed=CRATE_CC_NO_DEFAULTS
[INFO] [stderr]   CRATE_CC_NO_DEFAULTS = None
[INFO] [stderr]   CARGO_CFG_TARGET_FEATURE = Some(fxsr,sse,sse2)
[INFO] [stderr]   cargo:rerun-if-env-changed=CXXFLAGS_x86_64-unknown-linux-gnu
[INFO] [stderr]   CXXFLAGS_x86_64-unknown-linux-gnu = None
[INFO] [stderr]   cargo:rerun-if-env-changed=CXXFLAGS_x86_64_unknown_linux_gnu
[INFO] [stderr]   CXXFLAGS_x86_64_unknown_linux_gnu = None
[INFO] [stderr]   cargo:rerun-if-env-changed=HOST_CXXFLAGS
[INFO] [stderr]   HOST_CXXFLAGS = None
[INFO] [stderr]   cargo:rerun-if-env-changed=CXXFLAGS
[INFO] [stderr]   CXXFLAGS = None
[INFO] [stderr]   OUT_DIR = Some(/opt/rustwide/target/debug/build/aoflagger_sys-b3448a2f025d3245/out)
[INFO] [stderr]   cargo:rerun-if-env-changed=CC_ENABLE_DEBUG_OUTPUT
[INFO] [stderr]   cargo:rerun-if-env-changed=CRATE_CC_NO_DEFAULTS
[INFO] [stderr]   CRATE_CC_NO_DEFAULTS = None
[INFO] [stderr]   CARGO_CFG_TARGET_FEATURE = Some(fxsr,sse,sse2)
[INFO] [stderr]   cargo:rerun-if-env-changed=CXXFLAGS_x86_64-unknown-linux-gnu
[INFO] [stderr]   CXXFLAGS_x86_64-unknown-linux-gnu = None
[INFO] [stderr]   cargo:rerun-if-env-changed=CXXFLAGS_x86_64_unknown_linux_gnu
[INFO] [stderr]   CXXFLAGS_x86_64_unknown_linux_gnu = None
[INFO] [stderr]   cargo:rerun-if-env-changed=HOST_CXXFLAGS
[INFO] [stderr]   HOST_CXXFLAGS = None
[INFO] [stderr]   cargo:rerun-if-env-changed=CXXFLAGS
[INFO] [stderr]   CXXFLAGS = None
[INFO] [stderr]   cargo:warning=In file included from /opt/rustwide/target/debug/build/aoflagger_sys-b3448a2f025d3245/out/cxxbridge/sources/aoflagger_sys/src/cxx_aoflagger.rs.cc:1:
[INFO] [stderr]   cargo:warning=/opt/rustwide/target/debug/build/aoflagger_sys-b3448a2f025d3245/out/cxxbridge/crate/aoflagger_sys/include/cxx_aoflagger.h:4:10: fatal error: aoflagger.h: No such file or directory
[INFO] [stderr]   cargo:warning=    4 | #include <aoflagger.h>
[INFO] [stderr]   cargo:warning=      |          ^~~~~~~~~~~~~
[INFO] [stderr]   cargo:warning=compilation terminated.
[INFO] [stderr]   exit status: 1
[INFO] [stderr]   cargo:warning=ToolExecError: Command "c++" "-O0" "-ffunction-sections" "-fdata-sections" "-fPIC" "-gdwarf-4" "-fno-omit-frame-pointer" "-m64" "-I" "/opt/rustwide/target/debug/build/aoflagger_sys-b3448a2f025d3245/out/cxxbridge/include" "-I" "/opt/rustwide/target/debug/build/aoflagger_sys-b3448a2f025d3245/out/cxxbridge/crate" "-Wall" "-Wextra" "-std=c++11" "-Wno-unused-parameter" "-o" "/opt/rustwide/target/debug/build/aoflagger_sys-b3448a2f025d3245/out/09adeb2ef1683f96-cxx_aoflagger.rs.o" "-c" "/opt/rustwide/target/debug/build/aoflagger_sys-b3448a2f025d3245/out/cxxbridge/sources/aoflagger_sys/src/cxx_aoflagger.rs.cc" with args c++ did not execute successfully (status code exit status: 1).cargo:warning=In file included from src/cxx_aoflagger.cc:1:
[INFO] [stderr]   cargo:warning=/opt/rustwide/target/debug/build/aoflagger_sys-b3448a2f025d3245/out/cxxbridge/crate/aoflagger_sys/include/cxx_aoflagger.h:4:10: fatal error: aoflagger.h: No such file or directory
[INFO] [stderr]   cargo:warning=    4 | #include <aoflagger.h>
[INFO] [stderr]   cargo:warning=      |          ^~~~~~~~~~~~~
[INFO] [stderr]   cargo:warning=compilation terminated.
[INFO] [stderr] 
[INFO] [stderr]   exit status: 1
[INFO] [stderr]   cargo:warning=ToolExecError: Command "c++" "-O0" "-ffunction-sections" "-fdata-sections" "-fPIC" "-gdwarf-4" "-fno-omit-frame-pointer" "-m64" "-I" "/opt/rustwide/target/debug/build/aoflagger_sys-b3448a2f025d3245/out/cxxbridge/include" "-I" "/opt/rustwide/target/debug/build/aoflagger_sys-b3448a2f025d3245/out/cxxbridge/crate" "-Wall" "-Wextra" "-std=c++11" "-Wno-unused-parameter" "-o" "/opt/rustwide/target/debug/build/aoflagger_sys-b3448a2f025d3245/out/2e40c9e35e9506f4-cxx_aoflagger.o" "-c" "src/cxx_aoflagger.cc" with args c++ did not execute successfully (status code exit status: 1).
[INFO] [stderr] 
[INFO] [stderr]   --- stderr
[INFO] [stderr] 
[INFO] [stderr]   CXX include path:
[INFO] [stderr]     /opt/rustwide/target/debug/build/aoflagger_sys-b3448a2f025d3245/out/cxxbridge/include
[INFO] [stderr]     /opt/rustwide/target/debug/build/aoflagger_sys-b3448a2f025d3245/out/cxxbridge/crate
[INFO] [stderr] 
[INFO] [stderr] 
[INFO] [stderr]   error occurred: Command "c++" "-O0" "-ffunction-sections" "-fdata-sections" "-fPIC" "-gdwarf-4" "-fno-omit-frame-pointer" "-m64" "-I" "/opt/rustwide/target/debug/build/aoflagger_sys-b3448a2f025d3245/out/cxxbridge/include" "-I" "/opt/rustwide/target/debug/build/aoflagger_sys-b3448a2f025d3245/out/cxxbridge/crate" "-Wall" "-Wextra" "-std=c++11" "-Wno-unused-parameter" "-o" "/opt/rustwide/target/debug/build/aoflagger_sys-b3448a2f025d3245/out/2e40c9e35e9506f4-cxx_aoflagger.o" "-c" "src/cxx_aoflagger.cc" with args c++ did not execute successfully (status code exit status: 1).
[INFO] [stderr] 
[INFO] [stderr] 
[INFO] [stderr] warning: build failed, waiting for other jobs to finish...
[INFO] running `Command { std: "docker" "inspect" "d52fbf6a28137ab1bbb75bae2125a87bc673d01c03d012ad4a49c8f35996dbd7", kill_on_drop: false }`
[INFO] running `Command { std: "docker" "rm" "-f" "d52fbf6a28137ab1bbb75bae2125a87bc673d01c03d012ad4a49c8f35996dbd7", kill_on_drop: false }`
[INFO] [stdout] d52fbf6a28137ab1bbb75bae2125a87bc673d01c03d012ad4a49c8f35996dbd7
