[INFO] fetching crate biome_json_parser 0.5.7...
[INFO] testing biome_json_parser-0.5.7 against nightly-2024-10-28 for randomize-layout
[INFO] extracting crate biome_json_parser 0.5.7 into /workspace/builds/worker-6-tc1/source
[INFO] validating manifest of crates.io crate biome_json_parser 0.5.7 on toolchain nightly-2024-10-28
[INFO] running `Command { std: CARGO_HOME="/workspace/cargo-home" RUSTUP_HOME="/workspace/rustup-home" "/workspace/cargo-home/bin/cargo" "+nightly-2024-10-28" "metadata" "--manifest-path" "Cargo.toml" "--no-deps", kill_on_drop: false }`
[INFO] started tweaking crates.io crate biome_json_parser 0.5.7
[INFO] finished tweaking crates.io crate biome_json_parser 0.5.7
[INFO] tweaked toml for crates.io crate biome_json_parser 0.5.7 written to /workspace/builds/worker-6-tc1/source/Cargo.toml
[INFO] running `Command { std: CARGO_HOME="/workspace/cargo-home" RUSTUP_HOME="/workspace/rustup-home" "/workspace/cargo-home/bin/cargo" "+nightly-2024-10-28" "generate-lockfile" "--manifest-path" "Cargo.toml", kill_on_drop: false }`
[INFO] [stderr]     Updating crates.io index
[INFO] [stderr]      Locking 106 packages to latest compatible versions
[INFO] running `Command { std: CARGO_HOME="/workspace/cargo-home" RUSTUP_HOME="/workspace/rustup-home" "/workspace/cargo-home/bin/cargo" "+nightly-2024-10-28" "fetch" "--manifest-path" "Cargo.toml", kill_on_drop: false }`
[INFO] [stderr]  Downloading crates ...
[INFO] [stderr]   Downloaded insta v1.41.1
[INFO] [stderr]   Downloaded quickcheck_macros v1.0.0
[INFO] running `Command { std: "docker" "create" "-v" "/var/lib/crater-agent-workspace/builds/worker-6-tc1/target:/opt/rustwide/target:rw,Z" "-v" "/var/lib/crater-agent-workspace/builds/worker-6-tc1/source:/opt/rustwide/workdir:ro,Z" "-v" "/var/lib/crater-agent-workspace/cargo-home:/opt/rustwide/cargo-home:ro,Z" "-v" "/var/lib/crater-agent-workspace/rustup-home:/opt/rustwide/rustup-home:ro,Z" "-e" "SOURCE_DIR=/opt/rustwide/workdir" "-e" "CARGO_TARGET_DIR=/opt/rustwide/target" "-e" "CARGO_HOME=/opt/rustwide/cargo-home" "-e" "RUSTUP_HOME=/opt/rustwide/rustup-home" "-w" "/opt/rustwide/workdir" "-m" "1610612736" "--user" "0:0" "--network" "none" "ghcr.io/rust-lang/crates-build-env/linux@sha256:4a844ea9eb2546a2d2c7022eacef16ef2e8229c7fbb2c7d4d55a9ceca922f72d" "/opt/rustwide/cargo-home/bin/cargo" "+nightly-2024-10-28" "metadata" "--no-deps" "--format-version=1", kill_on_drop: false }`
[INFO] [stdout] c3d44e3e074b00c9636b399adedd9bba73f2ca288852b6dabab522fe147335e3
[INFO] running `Command { std: "docker" "start" "-a" "c3d44e3e074b00c9636b399adedd9bba73f2ca288852b6dabab522fe147335e3", kill_on_drop: false }`
[INFO] running `Command { std: "docker" "inspect" "c3d44e3e074b00c9636b399adedd9bba73f2ca288852b6dabab522fe147335e3", kill_on_drop: false }`
[INFO] running `Command { std: "docker" "rm" "-f" "c3d44e3e074b00c9636b399adedd9bba73f2ca288852b6dabab522fe147335e3", kill_on_drop: false }`
[INFO] [stdout] c3d44e3e074b00c9636b399adedd9bba73f2ca288852b6dabab522fe147335e3
[INFO] running `Command { std: "docker" "create" "-v" "/var/lib/crater-agent-workspace/builds/worker-6-tc1/target:/opt/rustwide/target:rw,Z" "-v" "/var/lib/crater-agent-workspace/builds/worker-6-tc1/source:/opt/rustwide/workdir:ro,Z" "-v" "/var/lib/crater-agent-workspace/cargo-home:/opt/rustwide/cargo-home:ro,Z" "-v" "/var/lib/crater-agent-workspace/rustup-home:/opt/rustwide/rustup-home:ro,Z" "-e" "SOURCE_DIR=/opt/rustwide/workdir" "-e" "CARGO_TARGET_DIR=/opt/rustwide/target" "-e" "CARGO_INCREMENTAL=0" "-e" "RUST_BACKTRACE=full" "-e" "RUSTFLAGS=--cap-lints=forbid" "-e" "RUSTDOCFLAGS=--cap-lints=forbid" "-e" "CARGO_HOME=/opt/rustwide/cargo-home" "-e" "RUSTUP_HOME=/opt/rustwide/rustup-home" "-w" "/opt/rustwide/workdir" "-m" "1610612736" "--user" "0:0" "--network" "none" "ghcr.io/rust-lang/crates-build-env/linux@sha256:4a844ea9eb2546a2d2c7022eacef16ef2e8229c7fbb2c7d4d55a9ceca922f72d" "/opt/rustwide/cargo-home/bin/cargo" "+nightly-2024-10-28" "build" "--frozen" "--message-format=json", kill_on_drop: false }`
[INFO] [stdout] e6f7f10f7a74419783263fa721711a6c6d00cb99abcb2fe3960730497830e413
[INFO] running `Command { std: "docker" "start" "-a" "e6f7f10f7a74419783263fa721711a6c6d00cb99abcb2fe3960730497830e413", kill_on_drop: false }`
[INFO] [stderr]    Compiling proc-macro2 v1.0.89
[INFO] [stderr]    Compiling unicode-ident v1.0.13
[INFO] [stderr]    Compiling serde v1.0.214
[INFO] [stderr]    Compiling autocfg v1.4.0
[INFO] [stderr]    Compiling version_check v0.9.5
[INFO] [stderr]    Compiling memchr v2.7.4
[INFO] [stderr]    Compiling once_cell v1.20.2
[INFO] [stderr]    Compiling libc v0.2.161
[INFO] [stderr]    Compiling unicode-segmentation v1.12.0
[INFO] [stderr]    Compiling hashbrown v0.15.0
[INFO] [stderr]    Compiling pin-project-lite v0.2.15
[INFO] [stderr]    Compiling serde_json v1.0.132
[INFO] [stderr]    Compiling equivalent v1.0.1
[INFO] [stderr]    Compiling crossbeam-utils v0.8.20
[INFO] [stderr]    Compiling ryu v1.0.18
[INFO] [stderr]    Compiling itoa v1.0.11
[INFO] [stderr]    Compiling parking_lot_core v0.9.10
[INFO] [stderr]    Compiling hashbrown v0.12.3
[INFO] [stderr]    Compiling syn v1.0.109
[INFO] [stderr]    Compiling smallvec v1.13.2
[INFO] [stderr]    Compiling tracing-core v0.1.32
[INFO] [stderr]    Compiling schemars v0.8.21
[INFO] [stderr]    Compiling thiserror v1.0.66
[INFO] [stderr]    Compiling countme v3.0.1
[INFO] [stderr]    Compiling scopeguard v1.2.0
[INFO] [stderr]    Compiling rustc-hash v1.1.0
[INFO] [stderr]    Compiling gimli v0.31.1
[INFO] [stderr]    Compiling proc-macro-error-attr v1.0.4
[INFO] [stderr]    Compiling proc-macro-error v1.0.4
[INFO] [stderr]    Compiling similar v2.6.0
[INFO] [stderr]    Compiling dyn-clone v1.0.17
[INFO] [stderr]    Compiling adler2 v2.0.0
[INFO] [stderr]    Compiling hashbrown v0.14.5
[INFO] [stderr]    Compiling dunce v1.0.5
[INFO] [stderr]    Compiling miniz_oxide v0.8.0
[INFO] [stderr]    Compiling rustc-demangle v0.1.24
[INFO] [stderr]    Compiling rustc-hash v2.0.0
[INFO] [stderr]    Compiling simdutf8 v0.1.5
[INFO] [stderr]    Compiling unicode-width v0.1.14
[INFO] [stderr]    Compiling termcolor v1.4.1
[INFO] [stderr]    Compiling bitflags v2.6.0
[INFO] [stderr]    Compiling memoffset v0.8.0
[INFO] [stderr]    Compiling lock_api v0.4.12
[INFO] [stderr]    Compiling object v0.36.5
[INFO] [stderr]    Compiling quote v1.0.37
[INFO] [stderr]    Compiling json-strip-comments v1.0.4
[INFO] [stderr]    Compiling drop_bomb v0.1.5
[INFO] [stderr]    Compiling biome_unicode_table v0.5.7
[INFO] [stderr]    Compiling unicode-bom v2.0.3
[INFO] [stderr]    Compiling syn v2.0.86
[INFO] [stderr]    Compiling biome_diagnostics_categories v0.5.7
[INFO] [stderr]    Compiling dashmap v6.1.0
[INFO] [stderr]    Compiling biome_markup v0.5.7
[INFO] [stderr]    Compiling addr2line v0.24.2
[INFO] [stderr]    Compiling biome_diagnostics_macros v0.5.7
[INFO] [stderr]    Compiling backtrace v0.3.74
[INFO] [stderr]    Compiling serde_derive_internals v0.29.1
[INFO] [stderr]    Compiling serde_derive v1.0.214
[INFO] [stderr]    Compiling tracing-attributes v0.1.27
[INFO] [stderr]    Compiling thiserror-impl v1.0.66
[INFO] [stderr]    Compiling bpaf_derive v0.5.13
[INFO] [stderr]    Compiling schemars_derive v0.8.21
[INFO] [stderr]    Compiling bpaf v0.9.15
[INFO] [stderr]    Compiling tracing v0.1.40
[INFO] [stderr]    Compiling biome_text_size v0.5.7
[INFO] [stderr]    Compiling indexmap v2.6.0
[INFO] [stderr]    Compiling biome_text_edit v0.5.7
[INFO] [stderr]    Compiling biome_rowan v0.5.7
[INFO] [stderr]    Compiling biome_json_syntax v0.5.7
[INFO] [stderr]    Compiling oxc_resolver v1.12.0
[INFO] [stderr]    Compiling biome_json_factory v0.5.7
[INFO] [stderr]    Compiling biome_console v0.5.7
[INFO] [stderr]    Compiling biome_diagnostics v0.5.7
[INFO] [stderr]    Compiling biome_parser v0.5.7
[INFO] [stderr]    Compiling biome_json_parser v0.5.7 (/opt/rustwide/workdir)
[INFO] [stderr]     Finished `dev` profile [unoptimized + debuginfo] target(s) in 20.63s
[INFO] running `Command { std: "docker" "inspect" "e6f7f10f7a74419783263fa721711a6c6d00cb99abcb2fe3960730497830e413", kill_on_drop: false }`
[INFO] running `Command { std: "docker" "rm" "-f" "e6f7f10f7a74419783263fa721711a6c6d00cb99abcb2fe3960730497830e413", kill_on_drop: false }`
[INFO] [stdout] e6f7f10f7a74419783263fa721711a6c6d00cb99abcb2fe3960730497830e413
[INFO] running `Command { std: "docker" "create" "-v" "/var/lib/crater-agent-workspace/builds/worker-6-tc1/target:/opt/rustwide/target:rw,Z" "-v" "/var/lib/crater-agent-workspace/builds/worker-6-tc1/source:/opt/rustwide/workdir:ro,Z" "-v" "/var/lib/crater-agent-workspace/cargo-home:/opt/rustwide/cargo-home:ro,Z" "-v" "/var/lib/crater-agent-workspace/rustup-home:/opt/rustwide/rustup-home:ro,Z" "-e" "SOURCE_DIR=/opt/rustwide/workdir" "-e" "CARGO_TARGET_DIR=/opt/rustwide/target" "-e" "CARGO_INCREMENTAL=0" "-e" "RUST_BACKTRACE=full" "-e" "RUSTFLAGS=--cap-lints=forbid" "-e" "RUSTDOCFLAGS=--cap-lints=forbid" "-e" "CARGO_HOME=/opt/rustwide/cargo-home" "-e" "RUSTUP_HOME=/opt/rustwide/rustup-home" "-w" "/opt/rustwide/workdir" "-m" "1610612736" "--user" "0:0" "--network" "none" "ghcr.io/rust-lang/crates-build-env/linux@sha256:4a844ea9eb2546a2d2c7022eacef16ef2e8229c7fbb2c7d4d55a9ceca922f72d" "/opt/rustwide/cargo-home/bin/cargo" "+nightly-2024-10-28" "test" "--frozen" "--no-run" "--message-format=json", kill_on_drop: false }`
[INFO] [stdout] 8fc69c030ff74949e69177eff70266e05faf78c68ba442bc904db3c169c2ef4b
[INFO] running `Command { std: "docker" "start" "-a" "8fc69c030ff74949e69177eff70266e05faf78c68ba442bc904db3c169c2ef4b", kill_on_drop: false }`
[INFO] [stderr]    Compiling similar v2.6.0
[INFO] [stderr]    Compiling syn v1.0.109
[INFO] [stderr]    Compiling aho-corasick v1.1.3
[INFO] [stderr]    Compiling regex-syntax v0.8.5
[INFO] [stderr]    Compiling getrandom v0.2.15
[INFO] [stderr]    Compiling lazy_static v1.5.0
[INFO] [stderr]    Compiling log v0.4.22
[INFO] [stderr]    Compiling linked-hash-map v0.5.6
[INFO] [stderr]    Compiling console v0.15.8
[INFO] [stderr]    Compiling rand_core v0.6.4
[INFO] [stderr]    Compiling rand v0.8.5
[INFO] [stderr]    Compiling biome_text_edit v0.5.7
[INFO] [stderr]    Compiling insta v1.41.1
[INFO] [stderr]    Compiling biome_rowan v0.5.7
[INFO] [stderr]    Compiling regex-automata v0.4.8
[INFO] [stderr]    Compiling biome_json_syntax v0.5.7
[INFO] [stderr]    Compiling biome_json_factory v0.5.7
[INFO] [stderr]    Compiling regex v1.11.1
[INFO] [stderr]    Compiling biome_diagnostics_macros v0.5.7
[INFO] [stderr]    Compiling quickcheck_macros v1.0.0
[INFO] [stderr]    Compiling env_logger v0.8.4
[INFO] [stderr]    Compiling biome_diagnostics v0.5.7
[INFO] [stderr]    Compiling quickcheck v1.0.3
[INFO] [stderr]    Compiling biome_parser v0.5.7
[INFO] [stderr]    Compiling biome_json_parser v0.5.7 (/opt/rustwide/workdir)
[INFO] [stdout] error[E0433]: failed to resolve: use of undeclared crate or module `tests_macros`
[INFO] [stdout]   --> tests/spec_tests.rs:28:5
[INFO] [stdout]    |
[INFO] [stdout] 28 |     tests_macros::gen_tests! {"tests/json_test_suite/allow_trailing_commas/err/*.json", crate::spec_test::run, "error"}
[INFO] [stdout]    |     ^^^^^^^^^^^^ use of undeclared crate or module `tests_macros`
[INFO] [stdout] 
[INFO] [stdout] 
[INFO] [stdout] error[E0433]: failed to resolve: use of undeclared crate or module `tests_macros`
[INFO] [stdout]   --> tests/spec_tests.rs:27:5
[INFO] [stdout]    |
[INFO] [stdout] 27 |     tests_macros::gen_tests! {"tests/json_test_suite/allow_trailing_commas/ok/*.json", crate::spec_test::run, "ok"}
[INFO] [stdout]    |     ^^^^^^^^^^^^ use of undeclared crate or module `tests_macros`
[INFO] [stdout] 
[INFO] [stdout] 
[INFO] [stdout] error[E0433]: failed to resolve: use of undeclared crate or module `tests_macros`
[INFO] [stdout]   --> tests/spec_tests.rs:22:5
[INFO] [stdout]    |
[INFO] [stdout] 22 |     tests_macros::gen_tests! {"tests/json_test_suite/allow_comments/ok/*.json", crate::spec_test::run, "ok"}
[INFO] [stdout]    |     ^^^^^^^^^^^^ use of undeclared crate or module `tests_macros`
[INFO] [stdout] 
[INFO] [stdout] 
[INFO] [stdout] error[E0433]: failed to resolve: use of undeclared crate or module `tests_macros`
[INFO] [stdout]   --> tests/spec_tests.rs:17:5
[INFO] [stdout]    |
[INFO] [stdout] 17 |     tests_macros::gen_tests! {"tests/json_test_suite/undefined/*.json", crate::spec_test::run, "undefined"}
[INFO] [stdout]    |     ^^^^^^^^^^^^ use of undeclared crate or module `tests_macros`
[INFO] [stdout] 
[INFO] [stdout] 
[INFO] [stdout] error[E0433]: failed to resolve: use of undeclared crate or module `tests_macros`
[INFO] [stdout]   --> tests/spec_tests.rs:12:5
[INFO] [stdout]    |
[INFO] [stdout] 12 |     tests_macros::gen_tests! {"tests/json_test_suite/err/*.json", crate::spec_test::run, "error"}
[INFO] [stdout]    |     ^^^^^^^^^^^^ use of undeclared crate or module `tests_macros`
[INFO] [stdout] 
[INFO] [stdout] 
[INFO] [stdout] error[E0433]: failed to resolve: use of undeclared crate or module `tests_macros`
[INFO] [stdout]  --> tests/spec_tests.rs:7:5
[INFO] [stdout]   |
[INFO] [stdout] 7 |     tests_macros::gen_tests! {"tests/json_test_suite/ok/*.json", crate::spec_test::run, "ok"}
[INFO] [stdout]   |     ^^^^^^^^^^^^ use of undeclared crate or module `tests_macros`
[INFO] [stdout] 
[INFO] [stdout] 
[INFO] [stdout] For more information about this error, try `rustc --explain E0433`.
[INFO] [stdout] 
[INFO] [stderr] error: could not compile `biome_json_parser` (test "spec_tests") due to 6 previous errors
[INFO] [stderr] warning: build failed, waiting for other jobs to finish...
[INFO] running `Command { std: "docker" "inspect" "8fc69c030ff74949e69177eff70266e05faf78c68ba442bc904db3c169c2ef4b", kill_on_drop: false }`
[INFO] running `Command { std: "docker" "rm" "-f" "8fc69c030ff74949e69177eff70266e05faf78c68ba442bc904db3c169c2ef4b", kill_on_drop: false }`
[INFO] [stdout] 8fc69c030ff74949e69177eff70266e05faf78c68ba442bc904db3c169c2ef4b
