[INFO] fetching crate biome_js_syntax 0.5.7...
[INFO] testing biome_js_syntax-0.5.7 against nightly-2024-10-28 for randomize-layout
[INFO] extracting crate biome_js_syntax 0.5.7 into /workspace/builds/worker-5-tc1/source
[INFO] validating manifest of crates.io crate biome_js_syntax 0.5.7 on toolchain nightly-2024-10-28
[INFO] running `Command { std: CARGO_HOME="/workspace/cargo-home" RUSTUP_HOME="/workspace/rustup-home" "/workspace/cargo-home/bin/cargo" "+nightly-2024-10-28" "metadata" "--manifest-path" "Cargo.toml" "--no-deps", kill_on_drop: false }`
[INFO] started tweaking crates.io crate biome_js_syntax 0.5.7
[INFO] finished tweaking crates.io crate biome_js_syntax 0.5.7
[INFO] tweaked toml for crates.io crate biome_js_syntax 0.5.7 written to /workspace/builds/worker-5-tc1/source/Cargo.toml
[INFO] running `Command { std: CARGO_HOME="/workspace/cargo-home" RUSTUP_HOME="/workspace/rustup-home" "/workspace/cargo-home/bin/cargo" "+nightly-2024-10-28" "generate-lockfile" "--manifest-path" "Cargo.toml", kill_on_drop: false }`
[INFO] [stderr]     Updating crates.io index
[INFO] [stderr]      Locking 83 packages to latest compatible versions
[INFO] running `Command { std: CARGO_HOME="/workspace/cargo-home" RUSTUP_HOME="/workspace/rustup-home" "/workspace/cargo-home/bin/cargo" "+nightly-2024-10-28" "fetch" "--manifest-path" "Cargo.toml", kill_on_drop: false }`
[INFO] [stderr]  Downloading crates ...
[INFO] [stderr]   Downloaded dashmap v6.1.0
[INFO] [stderr]   Downloaded biome_rowan v0.5.7
[INFO] [stderr]   Downloaded biome_diagnostics_macros v0.5.7
[INFO] [stderr]   Downloaded biome_markup v0.5.7
[INFO] [stderr]   Downloaded biome_text_edit v0.5.7
[INFO] [stderr]   Downloaded biome_console v0.5.7
[INFO] [stderr]   Downloaded biome_diagnostics_categories v0.5.7
[INFO] [stderr]   Downloaded bpaf_derive v0.5.13
[INFO] [stderr]   Downloaded biome_diagnostics v0.5.7
[INFO] [stderr]   Downloaded similar v2.6.0
[INFO] [stderr]   Downloaded biome_text_size v0.5.7
[INFO] [stderr]   Downloaded json-strip-comments v1.0.4
[INFO] [stderr]   Downloaded oxc_resolver v1.12.0
[INFO] [stderr]   Downloaded bpaf v0.9.15
[INFO] running `Command { std: "docker" "create" "-v" "/var/lib/crater-agent-workspace/builds/worker-5-tc1/target:/opt/rustwide/target:rw,Z" "-v" "/var/lib/crater-agent-workspace/builds/worker-5-tc1/source:/opt/rustwide/workdir:ro,Z" "-v" "/var/lib/crater-agent-workspace/cargo-home:/opt/rustwide/cargo-home:ro,Z" "-v" "/var/lib/crater-agent-workspace/rustup-home:/opt/rustwide/rustup-home:ro,Z" "-e" "SOURCE_DIR=/opt/rustwide/workdir" "-e" "CARGO_TARGET_DIR=/opt/rustwide/target" "-e" "CARGO_HOME=/opt/rustwide/cargo-home" "-e" "RUSTUP_HOME=/opt/rustwide/rustup-home" "-w" "/opt/rustwide/workdir" "-m" "1610612736" "--user" "0:0" "--network" "none" "ghcr.io/rust-lang/crates-build-env/linux@sha256:4a844ea9eb2546a2d2c7022eacef16ef2e8229c7fbb2c7d4d55a9ceca922f72d" "/opt/rustwide/cargo-home/bin/cargo" "+nightly-2024-10-28" "metadata" "--no-deps" "--format-version=1", kill_on_drop: false }`
[INFO] [stdout] 31906e3c4793db37322d40e74df7264a518f79e64963fc306a7b1d08cbcb148b
[INFO] running `Command { std: "docker" "start" "-a" "31906e3c4793db37322d40e74df7264a518f79e64963fc306a7b1d08cbcb148b", kill_on_drop: false }`
[INFO] running `Command { std: "docker" "inspect" "31906e3c4793db37322d40e74df7264a518f79e64963fc306a7b1d08cbcb148b", kill_on_drop: false }`
[INFO] running `Command { std: "docker" "rm" "-f" "31906e3c4793db37322d40e74df7264a518f79e64963fc306a7b1d08cbcb148b", kill_on_drop: false }`
[INFO] [stdout] 31906e3c4793db37322d40e74df7264a518f79e64963fc306a7b1d08cbcb148b
[INFO] running `Command { std: "docker" "create" "-v" "/var/lib/crater-agent-workspace/builds/worker-5-tc1/target:/opt/rustwide/target:rw,Z" "-v" "/var/lib/crater-agent-workspace/builds/worker-5-tc1/source:/opt/rustwide/workdir:ro,Z" "-v" "/var/lib/crater-agent-workspace/cargo-home:/opt/rustwide/cargo-home:ro,Z" "-v" "/var/lib/crater-agent-workspace/rustup-home:/opt/rustwide/rustup-home:ro,Z" "-e" "SOURCE_DIR=/opt/rustwide/workdir" "-e" "CARGO_TARGET_DIR=/opt/rustwide/target" "-e" "CARGO_INCREMENTAL=0" "-e" "RUST_BACKTRACE=full" "-e" "RUSTFLAGS=--cap-lints=forbid" "-e" "RUSTDOCFLAGS=--cap-lints=forbid" "-e" "CARGO_HOME=/opt/rustwide/cargo-home" "-e" "RUSTUP_HOME=/opt/rustwide/rustup-home" "-w" "/opt/rustwide/workdir" "-m" "1610612736" "--user" "0:0" "--network" "none" "ghcr.io/rust-lang/crates-build-env/linux@sha256:4a844ea9eb2546a2d2c7022eacef16ef2e8229c7fbb2c7d4d55a9ceca922f72d" "/opt/rustwide/cargo-home/bin/cargo" "+nightly-2024-10-28" "build" "--frozen" "--message-format=json", kill_on_drop: false }`
[INFO] [stdout] 9e806505374e4874fa87a884efe47e3cda10475b647eafa98e9e60ec7608d2dc
[INFO] running `Command { std: "docker" "start" "-a" "9e806505374e4874fa87a884efe47e3cda10475b647eafa98e9e60ec7608d2dc", kill_on_drop: false }`
[INFO] [stderr]    Compiling proc-macro2 v1.0.89
[INFO] [stderr]    Compiling unicode-ident v1.0.13
[INFO] [stderr]    Compiling serde v1.0.214
[INFO] [stderr]    Compiling version_check v0.9.5
[INFO] [stderr]    Compiling autocfg v1.4.0
[INFO] [stderr]    Compiling memchr v2.7.4
[INFO] [stderr]    Compiling libc v0.2.161
[INFO] [stderr]    Compiling once_cell v1.20.2
[INFO] [stderr]    Compiling hashbrown v0.15.0
[INFO] [stderr]    Compiling serde_json v1.0.132
[INFO] [stderr]    Compiling unicode-segmentation v1.12.0
[INFO] [stderr]    Compiling crossbeam-utils v0.8.20
[INFO] [stderr]    Compiling proc-macro-error-attr v1.0.4
[INFO] [stderr]    Compiling proc-macro-error v1.0.4
[INFO] [stderr]    Compiling lock_api v0.4.12
[INFO] [stderr]    Compiling itoa v1.0.11
[INFO] [stderr]    Compiling ryu v1.0.18
[INFO] [stderr]    Compiling memoffset v0.8.0
[INFO] [stderr]    Compiling tracing-core v0.1.32
[INFO] [stderr]    Compiling thiserror v1.0.66
[INFO] [stderr]    Compiling syn v1.0.109
[INFO] [stderr]    Compiling pin-project-lite v0.2.15
[INFO] [stderr]    Compiling smallvec v1.13.2
[INFO] [stderr]    Compiling schemars v0.8.21
[INFO] [stderr]    Compiling quote v1.0.37
[INFO] [stderr]    Compiling parking_lot_core v0.9.10
[INFO] [stderr]    Compiling similar v2.6.0
[INFO] [stderr]    Compiling syn v2.0.86
[INFO] [stderr]    Compiling dyn-clone v1.0.17
[INFO] [stderr]    Compiling gimli v0.31.1
[INFO] [stderr]    Compiling biome_diagnostics_categories v0.5.7
[INFO] [stderr]    Compiling hashbrown v0.14.5
[INFO] [stderr]    Compiling adler2 v2.0.0
[INFO] [stderr]    Compiling miniz_oxide v0.8.0
[INFO] [stderr]    Compiling object v0.36.5
[INFO] [stderr]    Compiling biome_markup v0.5.7
[INFO] [stderr]    Compiling json-strip-comments v1.0.4
[INFO] [stderr]    Compiling countme v3.0.1
[INFO] [stderr]    Compiling dashmap v6.1.0
[INFO] [stderr]    Compiling rustc-demangle v0.1.24
[INFO] [stderr]    Compiling hashbrown v0.12.3
[INFO] [stderr]    Compiling dunce v1.0.5
[INFO] [stderr]    Compiling rustc-hash v2.0.0
[INFO] [stderr]    Compiling simdutf8 v0.1.5
[INFO] [stderr]    Compiling unicode-width v0.1.14
[INFO] [stderr]    Compiling bitflags v2.6.0
[INFO] [stderr]    Compiling biome_diagnostics_macros v0.5.7
[INFO] [stderr]    Compiling addr2line v0.24.2
[INFO] [stderr]    Compiling serde_derive_internals v0.29.1
[INFO] [stderr]    Compiling backtrace v0.3.74
[INFO] [stderr]    Compiling serde_derive v1.0.214
[INFO] [stderr]    Compiling tracing-attributes v0.1.27
[INFO] [stderr]    Compiling schemars_derive v0.8.21
[INFO] [stderr]    Compiling thiserror-impl v1.0.66
[INFO] [stderr]    Compiling bpaf_derive v0.5.13
[INFO] [stderr]    Compiling tracing v0.1.40
[INFO] [stderr]    Compiling bpaf v0.9.15
[INFO] [stderr]    Compiling indexmap v2.6.0
[INFO] [stderr]    Compiling biome_text_size v0.5.7
[INFO] [stderr]    Compiling biome_text_edit v0.5.7
[INFO] [stderr]    Compiling biome_rowan v0.5.7
[INFO] [stderr]    Compiling oxc_resolver v1.12.0
[INFO] [stderr]    Compiling biome_console v0.5.7
[INFO] [stderr]    Compiling biome_diagnostics v0.5.7
[INFO] [stderr]    Compiling biome_js_syntax v0.5.7 (/opt/rustwide/workdir)
[INFO] [stderr]     Finished `dev` profile [unoptimized + debuginfo] target(s) in 1m 02s
[INFO] running `Command { std: "docker" "inspect" "9e806505374e4874fa87a884efe47e3cda10475b647eafa98e9e60ec7608d2dc", kill_on_drop: false }`
[INFO] running `Command { std: "docker" "rm" "-f" "9e806505374e4874fa87a884efe47e3cda10475b647eafa98e9e60ec7608d2dc", kill_on_drop: false }`
[INFO] [stdout] 9e806505374e4874fa87a884efe47e3cda10475b647eafa98e9e60ec7608d2dc
[INFO] running `Command { std: "docker" "create" "-v" "/var/lib/crater-agent-workspace/builds/worker-5-tc1/target:/opt/rustwide/target:rw,Z" "-v" "/var/lib/crater-agent-workspace/builds/worker-5-tc1/source:/opt/rustwide/workdir:ro,Z" "-v" "/var/lib/crater-agent-workspace/cargo-home:/opt/rustwide/cargo-home:ro,Z" "-v" "/var/lib/crater-agent-workspace/rustup-home:/opt/rustwide/rustup-home:ro,Z" "-e" "SOURCE_DIR=/opt/rustwide/workdir" "-e" "CARGO_TARGET_DIR=/opt/rustwide/target" "-e" "CARGO_INCREMENTAL=0" "-e" "RUST_BACKTRACE=full" "-e" "RUSTFLAGS=--cap-lints=forbid" "-e" "RUSTDOCFLAGS=--cap-lints=forbid" "-e" "CARGO_HOME=/opt/rustwide/cargo-home" "-e" "RUSTUP_HOME=/opt/rustwide/rustup-home" "-w" "/opt/rustwide/workdir" "-m" "1610612736" "--user" "0:0" "--network" "none" "ghcr.io/rust-lang/crates-build-env/linux@sha256:4a844ea9eb2546a2d2c7022eacef16ef2e8229c7fbb2c7d4d55a9ceca922f72d" "/opt/rustwide/cargo-home/bin/cargo" "+nightly-2024-10-28" "test" "--frozen" "--no-run" "--message-format=json", kill_on_drop: false }`
[INFO] [stdout] 811c1c1a10be20db08db04c39e402840044bd36e7f93b622337f171929ccb34b
[INFO] running `Command { std: "docker" "start" "-a" "811c1c1a10be20db08db04c39e402840044bd36e7f93b622337f171929ccb34b", kill_on_drop: false }`
[INFO] [stderr]    Compiling biome_js_syntax v0.5.7 (/opt/rustwide/workdir)
[INFO] [stdout] error[E0433]: failed to resolve: use of undeclared crate or module `biome_js_factory`
[INFO] [stdout]   --> src/directive_ext.rs:30:9
[INFO] [stdout]    |
[INFO] [stdout] 30 |     use biome_js_factory::syntax::{JsDirective, JsSyntaxKind::*};
[INFO] [stdout]    |         ^^^^^^^^^^^^^^^^ use of undeclared crate or module `biome_js_factory`
[INFO] [stdout] 
[INFO] [stdout] 
[INFO] [stdout] error[E0433]: failed to resolve: use of undeclared crate or module `biome_js_factory`
[INFO] [stdout]     --> src/expr_ext.rs:1768:9
[INFO] [stdout]      |
[INFO] [stdout] 1768 |     use biome_js_factory::syntax::{JsCallExpression, JsTemplateExpression};
[INFO] [stdout]      |         ^^^^^^^^^^^^^^^^ use of undeclared crate or module `biome_js_factory`
[INFO] [stdout] 
[INFO] [stdout] 
[INFO] [stdout] error[E0432]: unresolved import `biome_js_parser`
[INFO] [stdout]     --> src/expr_ext.rs:1769:9
[INFO] [stdout]      |
[INFO] [stdout] 1769 |     use biome_js_parser::parse_module;
[INFO] [stdout]      |         ^^^^^^^^^^^^^^^ use of undeclared crate or module `biome_js_parser`
[INFO] [stdout] 
[INFO] [stdout] 
[INFO] [stdout] error[E0433]: failed to resolve: use of undeclared crate or module `biome_js_factory`
[INFO] [stdout]   --> src/numbers.rs:50:9
[INFO] [stdout]    |
[INFO] [stdout] 50 |     use biome_js_factory::syntax::{JsNumberLiteralExpression, JsSyntaxKind::*};
[INFO] [stdout]    |         ^^^^^^^^^^^^^^^^ use of undeclared crate or module `biome_js_factory`
[INFO] [stdout] 
[INFO] [stdout] 
[INFO] [stdout] error[E0433]: failed to resolve: use of undeclared crate or module `biome_js_factory`
[INFO] [stdout]    --> src/stmt_ext.rs:184:9
[INFO] [stdout]     |
[INFO] [stdout] 184 |     use biome_js_factory::syntax::{JsSyntaxKind::*, JsVariableDeclaration};
[INFO] [stdout]     |         ^^^^^^^^^^^^^^^^ use of undeclared crate or module `biome_js_factory`
[INFO] [stdout] 
[INFO] [stdout] 
[INFO] [stdout] error[E0432]: unresolved import `biome_js_parser`
[INFO] [stdout]     --> src/expr_ext.rs:1770:9
[INFO] [stdout]      |
[INFO] [stdout] 1770 |     use biome_js_parser::JsParserOptions;
[INFO] [stdout]      |         ^^^^^^^^^^^^^^^ use of undeclared crate or module `biome_js_parser`
[INFO] [stdout] 
[INFO] [stdout] 
[INFO] [stdout] error[E0432]: unresolved import `biome_js_factory`
[INFO] [stdout]   --> src/directive_ext.rs:31:9
[INFO] [stdout]    |
[INFO] [stdout] 31 |     use biome_js_factory::JsSyntaxTreeBuilder;
[INFO] [stdout]    |         ^^^^^^^^^^^^^^^^ use of undeclared crate or module `biome_js_factory`
[INFO] [stdout] 
[INFO] [stdout] 
[INFO] [stdout] error[E0432]: unresolved import `biome_js_factory`
[INFO] [stdout]   --> src/numbers.rs:51:9
[INFO] [stdout]    |
[INFO] [stdout] 51 |     use biome_js_factory::JsSyntaxTreeBuilder;
[INFO] [stdout]    |         ^^^^^^^^^^^^^^^^ use of undeclared crate or module `biome_js_factory`
[INFO] [stdout] 
[INFO] [stdout] 
[INFO] [stdout] error[E0432]: unresolved import `biome_js_factory`
[INFO] [stdout]    --> src/stmt_ext.rs:185:9
[INFO] [stdout]     |
[INFO] [stdout] 185 |     use biome_js_factory::JsSyntaxTreeBuilder;
[INFO] [stdout]     |         ^^^^^^^^^^^^^^^^ use of undeclared crate or module `biome_js_factory`
[INFO] [stdout] 
[INFO] [stdout] 
[INFO] [stdout] error[E0425]: cannot find value `JS_DIRECTIVE` in this scope
[INFO] [stdout]   --> src/directive_ext.rs:39:37
[INFO] [stdout]    |
[INFO] [stdout] 39 |             tree_builder.start_node(JS_DIRECTIVE);
[INFO] [stdout]    |                                     ^^^^^^^^^^^^ not found in this scope
[INFO] [stdout]    |
[INFO] [stdout] help: consider importing this unit variant
[INFO] [stdout]    |
[INFO] [stdout] 30 +     use crate::JsSyntaxKind::JS_DIRECTIVE;
[INFO] [stdout]    |
[INFO] [stdout] 
[INFO] [stdout] 
[INFO] [stdout] error[E0425]: cannot find value `JS_STRING_LITERAL` in this scope
[INFO] [stdout]   --> src/directive_ext.rs:40:32
[INFO] [stdout]    |
[INFO] [stdout] 40 |             tree_builder.token(JS_STRING_LITERAL, token);
[INFO] [stdout]    |                                ^^^^^^^^^^^^^^^^^ not found in this scope
[INFO] [stdout]    |
[INFO] [stdout] help: consider importing this unit variant
[INFO] [stdout]    |
[INFO] [stdout] 30 +     use crate::JsSyntaxKind::JS_STRING_LITERAL;
[INFO] [stdout]    |
[INFO] [stdout] 
[INFO] [stdout] 
[INFO] [stdout] error[E0425]: cannot find value `JS_NUMBER_LITERAL_EXPRESSION` in this scope
[INFO] [stdout]   --> src/numbers.rs:56:33
[INFO] [stdout]    |
[INFO] [stdout] 56 |         tree_builder.start_node(JS_NUMBER_LITERAL_EXPRESSION);
[INFO] [stdout]    |                                 ^^^^^^^^^^^^^^^^^^^^^^^^^^^^ not found in this scope
[INFO] [stdout]    |
[INFO] [stdout] help: consider importing this unit variant
[INFO] [stdout]    |
[INFO] [stdout] 49 +     use crate::JsSyntaxKind::JS_NUMBER_LITERAL_EXPRESSION;
[INFO] [stdout]    |
[INFO] [stdout] 
[INFO] [stdout] 
[INFO] [stdout] error[E0425]: cannot find value `JS_NUMBER_LITERAL` in this scope
[INFO] [stdout]   --> src/numbers.rs:57:28
[INFO] [stdout]    |
[INFO] [stdout] 57 |         tree_builder.token(JS_NUMBER_LITERAL, literal);
[INFO] [stdout]    |                            ^^^^^^^^^^^^^^^^^ not found in this scope
[INFO] [stdout]    |
[INFO] [stdout] help: consider importing this unit variant
[INFO] [stdout]    |
[INFO] [stdout] 49 +     use crate::JsSyntaxKind::JS_NUMBER_LITERAL;
[INFO] [stdout]    |
[INFO] [stdout] 
[INFO] [stdout] 
[INFO] [stdout] error[E0425]: cannot find value `JS_VARIABLE_DECLARATION` in this scope
[INFO] [stdout]    --> src/stmt_ext.rs:191:33
[INFO] [stdout]     |
[INFO] [stdout] 191 |         tree_builder.start_node(JS_VARIABLE_DECLARATION);
[INFO] [stdout]     |                                 ^^^^^^^^^^^^^^^^^^^^^^^ not found in this scope
[INFO] [stdout]     |
[INFO] [stdout] help: consider importing this unit variant
[INFO] [stdout]     |
[INFO] [stdout] 184 +     use crate::JsSyntaxKind::JS_VARIABLE_DECLARATION;
[INFO] [stdout]     |
[INFO] [stdout] 
[INFO] [stdout] 
[INFO] [stdout] error[E0425]: cannot find value `VAR_KW` in this scope
[INFO] [stdout]    --> src/stmt_ext.rs:192:28
[INFO] [stdout]     |
[INFO] [stdout] 192 |         tree_builder.token(VAR_KW, "var");
[INFO] [stdout]     |                            ^^^^^^ not found in this scope
[INFO] [stdout]     |
[INFO] [stdout] help: consider importing this unit variant
[INFO] [stdout]     |
[INFO] [stdout] 184 +     use crate::JsSyntaxKind::VAR_KW;
[INFO] [stdout]     |
[INFO] [stdout] 
[INFO] [stdout] 
[INFO] [stdout] error[E0425]: cannot find value `JS_VARIABLE_DECLARATOR_LIST` in this scope
[INFO] [stdout]    --> src/stmt_ext.rs:193:33
[INFO] [stdout]     |
[INFO] [stdout] 193 |         tree_builder.start_node(JS_VARIABLE_DECLARATOR_LIST);
[INFO] [stdout]     |                                 ^^^^^^^^^^^^^^^^^^^^^^^^^^^ not found in this scope
[INFO] [stdout]     |
[INFO] [stdout] help: consider importing this unit variant
[INFO] [stdout]     |
[INFO] [stdout] 184 +     use crate::JsSyntaxKind::JS_VARIABLE_DECLARATOR_LIST;
[INFO] [stdout]     |
[INFO] [stdout] 
[INFO] [stdout] 
[INFO] [stdout] error[E0425]: cannot find value `JS_VARIABLE_DECLARATOR` in this scope
[INFO] [stdout]    --> src/stmt_ext.rs:194:33
[INFO] [stdout]     |
[INFO] [stdout] 194 |         tree_builder.start_node(JS_VARIABLE_DECLARATOR);
[INFO] [stdout]     |                                 ^^^^^^^^^^^^^^^^^^^^^^ not found in this scope
[INFO] [stdout]     |
[INFO] [stdout] help: consider importing this unit variant
[INFO] [stdout]     |
[INFO] [stdout] 184 +     use crate::JsSyntaxKind::JS_VARIABLE_DECLARATOR;
[INFO] [stdout]     |
[INFO] [stdout] 
[INFO] [stdout] 
[INFO] [stdout] error[E0425]: cannot find value `JS_IDENTIFIER_BINDING` in this scope
[INFO] [stdout]    --> src/stmt_ext.rs:196:33
[INFO] [stdout]     |
[INFO] [stdout] 196 |         tree_builder.start_node(JS_IDENTIFIER_BINDING);
[INFO] [stdout]     |                                 ^^^^^^^^^^^^^^^^^^^^^ not found in this scope
[INFO] [stdout]     |
[INFO] [stdout] help: consider importing this unit variant
[INFO] [stdout]     |
[INFO] [stdout] 184 +     use crate::JsSyntaxKind::JS_IDENTIFIER_BINDING;
[INFO] [stdout]     |
[INFO] [stdout] 
[INFO] [stdout] 
[INFO] [stdout] error[E0425]: cannot find value `IDENT` in this scope
[INFO] [stdout]    --> src/stmt_ext.rs:197:28
[INFO] [stdout]     |
[INFO] [stdout] 197 |         tree_builder.token(IDENT, "a");
[INFO] [stdout]     |                            ^^^^^ not found in this scope
[INFO] [stdout]     |
[INFO] [stdout] help: consider importing this unit variant
[INFO] [stdout]     |
[INFO] [stdout] 184 +     use crate::JsSyntaxKind::IDENT;
[INFO] [stdout]     |
[INFO] [stdout] 
[INFO] [stdout] 
[INFO] [stdout] warning: unused import: `biome_rowan::AstNode`
[INFO] [stdout]   --> src/directive_ext.rs:32:9
[INFO] [stdout]    |
[INFO] [stdout] 32 |     use biome_rowan::AstNode;
[INFO] [stdout]    |         ^^^^^^^^^^^^^^^^^^^^
[INFO] [stdout]    |
[INFO] [stdout]    = note: `#[warn(unused_imports)]` on by default
[INFO] [stdout] 
[INFO] [stdout] 
[INFO] [stdout] warning: unused import: `biome_rowan::AstNode`
[INFO] [stdout]   --> src/numbers.rs:52:9
[INFO] [stdout]    |
[INFO] [stdout] 52 |     use biome_rowan::AstNode;
[INFO] [stdout]    |         ^^^^^^^^^^^^^^^^^^^^
[INFO] [stdout] 
[INFO] [stdout] 
[INFO] [stdout] warning: unused import: `biome_rowan::AstNode`
[INFO] [stdout]    --> src/stmt_ext.rs:186:9
[INFO] [stdout]     |
[INFO] [stdout] 186 |     use biome_rowan::AstNode;
[INFO] [stdout]     |         ^^^^^^^^^^^^^^^^^^^^
[INFO] [stdout] 
[INFO] [stdout] 
[INFO] [stdout] Some errors have detailed explanations: E0425, E0432, E0433.
[INFO] [stdout] 
[INFO] [stdout] For more information about an error, try `rustc --explain E0425`.
[INFO] [stdout] 
[INFO] [stderr] error: could not compile `biome_js_syntax` (lib test) due to 19 previous errors; 3 warnings emitted
[INFO] running `Command { std: "docker" "inspect" "811c1c1a10be20db08db04c39e402840044bd36e7f93b622337f171929ccb34b", kill_on_drop: false }`
[INFO] running `Command { std: "docker" "rm" "-f" "811c1c1a10be20db08db04c39e402840044bd36e7f93b622337f171929ccb34b", kill_on_drop: false }`
[INFO] [stdout] 811c1c1a10be20db08db04c39e402840044bd36e7f93b622337f171929ccb34b
