[INFO] fetching crate bilive-danmaku 0.3.0...
[INFO] testing bilive-danmaku-0.3.0 against nightly-2024-10-28 for randomize-layout
[INFO] extracting crate bilive-danmaku 0.3.0 into /workspace/builds/worker-1-tc1/source
[INFO] validating manifest of crates.io crate bilive-danmaku 0.3.0 on toolchain nightly-2024-10-28
[INFO] running `Command { std: CARGO_HOME="/workspace/cargo-home" RUSTUP_HOME="/workspace/rustup-home" "/workspace/cargo-home/bin/cargo" "+nightly-2024-10-28" "metadata" "--manifest-path" "Cargo.toml" "--no-deps", kill_on_drop: false }`
[INFO] removed /workspace/builds/worker-1-tc1/source/rust-toolchain.toml
[INFO] started tweaking crates.io crate bilive-danmaku 0.3.0
[INFO] removed 2 missing examples
[INFO] finished tweaking crates.io crate bilive-danmaku 0.3.0
[INFO] tweaked toml for crates.io crate bilive-danmaku 0.3.0 written to /workspace/builds/worker-1-tc1/source/Cargo.toml
[INFO] crate crates.io crate bilive-danmaku 0.3.0 already has a lockfile, it will not be regenerated
[INFO] running `Command { std: CARGO_HOME="/workspace/cargo-home" RUSTUP_HOME="/workspace/rustup-home" "/workspace/cargo-home/bin/cargo" "+nightly-2024-10-28" "fetch" "--manifest-path" "Cargo.toml", kill_on_drop: false }`
[INFO] [stderr]     Updating crates.io index
[INFO] [stderr]  Downloading crates ...
[INFO] [stderr]   Downloaded unicode-ident v1.0.11
[INFO] [stderr]   Downloaded futures-io v0.3.28
[INFO] [stderr]   Downloaded wasm-bindgen-futures v0.4.37
[INFO] [stderr]   Downloaded cpufeatures v0.2.9
[INFO] [stderr]   Downloaded alloc-stdlib v0.2.2
[INFO] [stderr]   Downloaded thiserror-impl v1.0.43
[INFO] [stderr]   Downloaded alloc-no-stdlib v2.0.4
[INFO] [stderr]   Downloaded futures-executor v0.3.28
[INFO] [stderr]   Downloaded pin-project-internal v1.1.2
[INFO] [stderr]   Downloaded futures-macro v0.3.28
[INFO] [stderr]   Downloaded deflate v1.0.0
[INFO] [stderr]   Downloaded tracing-core v0.1.31
[INFO] [stderr]   Downloaded serde v1.0.171
[INFO] [stderr]   Downloaded openssl-sys v0.9.90
[INFO] [stderr]   Downloaded bumpalo v3.13.0
[INFO] [stderr]   Downloaded serde_json v1.0.102
[INFO] [stderr]   Downloaded futures v0.3.28
[INFO] [stderr]   Downloaded brotli-decompressor v2.3.4
[INFO] [stderr]   Downloaded syn v2.0.26
[INFO] [stderr]   Downloaded pin-project v1.1.2
[INFO] [stderr]   Downloaded regex v1.9.1
[INFO] [stderr]   Downloaded openssl v0.10.55
[INFO] [stderr]   Downloaded idna v0.4.0
[INFO] [stderr]   Downloaded serde_derive v1.0.171
[INFO] [stderr]   Downloaded rustix v0.38.4
[INFO] [stderr]   Downloaded typenum v1.16.0
[INFO] [stderr]   Downloaded tungstenite v0.19.0
[INFO] [stderr]   Downloaded rustix v0.37.23
[INFO] [stderr]   Downloaded regex-syntax v0.7.4
[INFO] [stderr]   Downloaded proc-macro2 v1.0.64
[INFO] [stderr]   Downloaded gloo-net v0.3.0
[INFO] [stderr]   Downloaded data-encoding v2.4.0
[INFO] [stderr]   Downloaded thiserror v1.0.43
[INFO] [stderr]   Downloaded is-terminal v0.4.9
[INFO] [stderr]   Downloaded pkg-config v0.3.27
[INFO] [stderr]   Downloaded sha1 v0.10.5
[INFO] [stderr]   Downloaded form_urlencoded v1.2.0
[INFO] [stderr]   Downloaded url v2.4.0
[INFO] [stderr]   Downloaded regex-automata v0.3.3
[INFO] [stderr]   Downloaded tokio-tungstenite v0.19.0
[INFO] [stderr]   Downloaded brotli v3.3.4
[INFO] running `Command { std: "docker" "create" "-v" "/var/lib/crater-agent-workspace/builds/worker-1-tc1/target:/opt/rustwide/target:rw,Z" "-v" "/var/lib/crater-agent-workspace/builds/worker-1-tc1/source:/opt/rustwide/workdir:ro,Z" "-v" "/var/lib/crater-agent-workspace/cargo-home:/opt/rustwide/cargo-home:ro,Z" "-v" "/var/lib/crater-agent-workspace/rustup-home:/opt/rustwide/rustup-home:ro,Z" "-e" "SOURCE_DIR=/opt/rustwide/workdir" "-e" "CARGO_TARGET_DIR=/opt/rustwide/target" "-e" "CARGO_HOME=/opt/rustwide/cargo-home" "-e" "RUSTUP_HOME=/opt/rustwide/rustup-home" "-w" "/opt/rustwide/workdir" "-m" "1610612736" "--user" "0:0" "--network" "none" "ghcr.io/rust-lang/crates-build-env/linux@sha256:4a844ea9eb2546a2d2c7022eacef16ef2e8229c7fbb2c7d4d55a9ceca922f72d" "/opt/rustwide/cargo-home/bin/cargo" "+nightly-2024-10-28" "metadata" "--no-deps" "--format-version=1", kill_on_drop: false }`
[INFO] [stdout] 83d242b3fa09c157e4d208daa428e6ef6d1fda6b8e5f5cf1d582b64a651c3378
[INFO] running `Command { std: "docker" "start" "-a" "83d242b3fa09c157e4d208daa428e6ef6d1fda6b8e5f5cf1d582b64a651c3378", kill_on_drop: false }`
[INFO] running `Command { std: "docker" "inspect" "83d242b3fa09c157e4d208daa428e6ef6d1fda6b8e5f5cf1d582b64a651c3378", kill_on_drop: false }`
[INFO] running `Command { std: "docker" "rm" "-f" "83d242b3fa09c157e4d208daa428e6ef6d1fda6b8e5f5cf1d582b64a651c3378", kill_on_drop: false }`
[INFO] [stdout] 83d242b3fa09c157e4d208daa428e6ef6d1fda6b8e5f5cf1d582b64a651c3378
[INFO] running `Command { std: "docker" "create" "-v" "/var/lib/crater-agent-workspace/builds/worker-1-tc1/target:/opt/rustwide/target:rw,Z" "-v" "/var/lib/crater-agent-workspace/builds/worker-1-tc1/source:/opt/rustwide/workdir:ro,Z" "-v" "/var/lib/crater-agent-workspace/cargo-home:/opt/rustwide/cargo-home:ro,Z" "-v" "/var/lib/crater-agent-workspace/rustup-home:/opt/rustwide/rustup-home:ro,Z" "-e" "SOURCE_DIR=/opt/rustwide/workdir" "-e" "CARGO_TARGET_DIR=/opt/rustwide/target" "-e" "CARGO_INCREMENTAL=0" "-e" "RUST_BACKTRACE=full" "-e" "RUSTFLAGS=--cap-lints=forbid" "-e" "RUSTDOCFLAGS=--cap-lints=forbid" "-e" "CARGO_HOME=/opt/rustwide/cargo-home" "-e" "RUSTUP_HOME=/opt/rustwide/rustup-home" "-w" "/opt/rustwide/workdir" "-m" "1610612736" "--user" "0:0" "--network" "none" "ghcr.io/rust-lang/crates-build-env/linux@sha256:4a844ea9eb2546a2d2c7022eacef16ef2e8229c7fbb2c7d4d55a9ceca922f72d" "/opt/rustwide/cargo-home/bin/cargo" "+nightly-2024-10-28" "build" "--frozen" "--message-format=json", kill_on_drop: false }`
[INFO] [stdout] 41026ad5456a6cad1e7fe9fd15594b349c363d36ac844db12eefe11f5ab489a9
[INFO] running `Command { std: "docker" "start" "-a" "41026ad5456a6cad1e7fe9fd15594b349c363d36ac844db12eefe11f5ab489a9", kill_on_drop: false }`
[INFO] [stderr]    Compiling proc-macro2 v1.0.64
[INFO] [stderr]    Compiling unicode-ident v1.0.11
[INFO] [stderr]    Compiling quote v1.0.29
[INFO] [stderr]    Compiling futures-core v0.3.28
[INFO] [stderr]    Compiling futures-task v0.3.28
[INFO] [stderr]    Compiling memchr v2.5.0
[INFO] [stderr]    Compiling futures-channel v0.3.28
[INFO] [stderr]    Compiling futures-sink v0.3.28
[INFO] [stderr]    Compiling futures-util v0.3.28
[INFO] [stderr]    Compiling pin-project-lite v0.2.10
[INFO] [stderr]    Compiling futures-io v0.3.28
[INFO] [stderr]    Compiling serde v1.0.171
[INFO] [stderr]    Compiling serde_json v1.0.102
[INFO] [stderr]    Compiling ryu v1.0.14
[INFO] [stderr]    Compiling slab v0.4.8
[INFO] [stderr]    Compiling itoa v1.0.8
[INFO] [stderr]    Compiling log v0.4.19
[INFO] [stderr]    Compiling syn v2.0.26
[INFO] [stderr]    Compiling futures-macro v0.3.28
[INFO] [stderr]    Compiling serde_derive v1.0.171
[INFO] [stderr]    Compiling futures-executor v0.3.28
[INFO] [stderr]    Compiling futures v0.3.28
[INFO] [stderr]    Compiling bilive-danmaku v0.3.0 (/opt/rustwide/workdir)
[INFO] [stderr]     Finished `dev` profile [unoptimized + debuginfo] target(s) in 16.80s
[INFO] running `Command { std: "docker" "inspect" "41026ad5456a6cad1e7fe9fd15594b349c363d36ac844db12eefe11f5ab489a9", kill_on_drop: false }`
[INFO] running `Command { std: "docker" "rm" "-f" "41026ad5456a6cad1e7fe9fd15594b349c363d36ac844db12eefe11f5ab489a9", kill_on_drop: false }`
[INFO] [stdout] 41026ad5456a6cad1e7fe9fd15594b349c363d36ac844db12eefe11f5ab489a9
[INFO] running `Command { std: "docker" "create" "-v" "/var/lib/crater-agent-workspace/builds/worker-1-tc1/target:/opt/rustwide/target:rw,Z" "-v" "/var/lib/crater-agent-workspace/builds/worker-1-tc1/source:/opt/rustwide/workdir:ro,Z" "-v" "/var/lib/crater-agent-workspace/cargo-home:/opt/rustwide/cargo-home:ro,Z" "-v" "/var/lib/crater-agent-workspace/rustup-home:/opt/rustwide/rustup-home:ro,Z" "-e" "SOURCE_DIR=/opt/rustwide/workdir" "-e" "CARGO_TARGET_DIR=/opt/rustwide/target" "-e" "CARGO_INCREMENTAL=0" "-e" "RUST_BACKTRACE=full" "-e" "RUSTFLAGS=--cap-lints=forbid" "-e" "RUSTDOCFLAGS=--cap-lints=forbid" "-e" "CARGO_HOME=/opt/rustwide/cargo-home" "-e" "RUSTUP_HOME=/opt/rustwide/rustup-home" "-w" "/opt/rustwide/workdir" "-m" "1610612736" "--user" "0:0" "--network" "none" "ghcr.io/rust-lang/crates-build-env/linux@sha256:4a844ea9eb2546a2d2c7022eacef16ef2e8229c7fbb2c7d4d55a9ceca922f72d" "/opt/rustwide/cargo-home/bin/cargo" "+nightly-2024-10-28" "test" "--frozen" "--no-run" "--message-format=json", kill_on_drop: false }`
[INFO] [stdout] f812fa4eb4bc8f7eac6b9737b3e1fa9a4d360a7b2948f58e72097c323cf7fe21
[INFO] running `Command { std: "docker" "start" "-a" "f812fa4eb4bc8f7eac6b9737b3e1fa9a4d360a7b2948f58e72097c323cf7fe21", kill_on_drop: false }`
[INFO] [stderr]    Compiling rustix v0.38.4
[INFO] [stderr]    Compiling aho-corasick v1.0.2
[INFO] [stderr]    Compiling linux-raw-sys v0.4.3
[INFO] [stderr]    Compiling bitflags v2.3.3
[INFO] [stderr]    Compiling regex-syntax v0.7.4
[INFO] [stderr]    Compiling log v0.4.19
[INFO] [stderr]    Compiling termcolor v1.2.0
[INFO] [stderr]    Compiling bilive-danmaku v0.3.0 (/opt/rustwide/workdir)
[INFO] [stderr]    Compiling is-terminal v0.4.9
[INFO] [stderr]    Compiling regex-automata v0.3.3
[INFO] [stderr]    Compiling regex v1.9.1
[INFO] [stderr]    Compiling env_logger v0.10.0
[INFO] [stdout] error[E0432]: unresolved import `bilive_danmaku::Connector`
[INFO] [stdout]  --> examples/using-tokio/main.rs:1:5
[INFO] [stdout]   |
[INFO] [stdout] 1 | use bilive_danmaku::Connector;
[INFO] [stdout]   |     ^^^^^^^^^^^^^^^^^^^^^^^^^ no `Connector` in the root
[INFO] [stdout] 
[INFO] [stdout] 
[INFO] [stdout] error[E0432]: unresolved import `futures_util`
[INFO] [stdout]  --> examples/using-tokio/main.rs:2:5
[INFO] [stdout]   |
[INFO] [stdout] 2 | use futures_util::StreamExt;
[INFO] [stdout]   |     ^^^^^^^^^^^^ use of undeclared crate or module `futures_util`
[INFO] [stdout] 
[INFO] [stdout] 
[INFO] [stdout] error[E0433]: failed to resolve: use of undeclared crate or module `tokio`
[INFO] [stdout]  --> examples/using-tokio/main.rs:8:14
[INFO] [stdout]   |
[INFO] [stdout] 8 |     let rt = tokio::runtime::Builder::new_current_thread()
[INFO] [stdout]   |              ^^^^^ use of undeclared crate or module `tokio`
[INFO] [stdout]   |
[INFO] [stdout] help: consider importing one of these structs
[INFO] [stdout]   |
[INFO] [stdout] 1 + use std::thread::Builder;
[INFO] [stdout]   |
[INFO] [stdout] 1 + use env_logger::Builder;
[INFO] [stdout]   |
[INFO] [stdout] 1 + use env_logger::filter::Builder;
[INFO] [stdout]   |
[INFO] [stdout] help: if you import `Builder`, refer to it directly
[INFO] [stdout]   |
[INFO] [stdout] 8 -     let rt = tokio::runtime::Builder::new_current_thread()
[INFO] [stdout] 8 +     let rt = Builder::new_current_thread()
[INFO] [stdout]   |
[INFO] [stdout] 
[INFO] [stdout] 
[INFO] [stdout] error[E0432]: unresolved import `bilive_danmaku::Connector`
[INFO] [stdout]  --> examples/using-wasm/main.rs:1:5
[INFO] [stdout]   |
[INFO] [stdout] 1 | use bilive_danmaku::Connector;
[INFO] [stdout]   |     ^^^^^^^^^^^^^^^^^^^^^^^^^ no `Connector` in the root
[INFO] [stdout] 
[INFO] [stdout] 
[INFO] [stdout] error[E0432]: unresolved import `futures_util`
[INFO] [stdout]  --> examples/using-wasm/main.rs:2:5
[INFO] [stdout]   |
[INFO] [stdout] 2 | use futures_util::StreamExt;
[INFO] [stdout]   |     ^^^^^^^^^^^^ use of undeclared crate or module `futures_util`
[INFO] [stdout] 
[INFO] [stdout] 
[INFO] [stdout] error[E0432]: unresolved import `wasm_bindgen_futures`
[INFO] [stdout]  --> examples/using-wasm/main.rs:3:5
[INFO] [stdout]   |
[INFO] [stdout] 3 | use wasm_bindgen_futures::spawn_local;
[INFO] [stdout]   |     ^^^^^^^^^^^^^^^^^^^^ use of undeclared crate or module `wasm_bindgen_futures`
[INFO] [stdout] 
[INFO] [stdout] 
[INFO] [stdout] For more information about this error, try `rustc --explain E0432`.
[INFO] [stdout] 
[INFO] [stderr] error: could not compile `bilive-danmaku` (example "using-wasm") due to 3 previous errors
[INFO] [stderr] warning: build failed, waiting for other jobs to finish...
[INFO] [stdout] Some errors have detailed explanations: E0432, E0433.
[INFO] [stdout] 
[INFO] [stdout] For more information about an error, try `rustc --explain E0432`.
[INFO] [stdout] 
[INFO] [stderr] error: could not compile `bilive-danmaku` (example "using-tokio") due to 3 previous errors
[INFO] running `Command { std: "docker" "inspect" "f812fa4eb4bc8f7eac6b9737b3e1fa9a4d360a7b2948f58e72097c323cf7fe21", kill_on_drop: false }`
[INFO] running `Command { std: "docker" "rm" "-f" "f812fa4eb4bc8f7eac6b9737b3e1fa9a4d360a7b2948f58e72097c323cf7fe21", kill_on_drop: false }`
[INFO] [stdout] f812fa4eb4bc8f7eac6b9737b3e1fa9a4d360a7b2948f58e72097c323cf7fe21
