[INFO] fetching crate bh1730fvc 0.2.0...
[INFO] testing bh1730fvc-0.2.0 against nightly-2024-10-28+rustflags=-Zrandomize-layout for randomize-layout
[INFO] extracting crate bh1730fvc 0.2.0 into /workspace/builds/worker-3-tc2/source
[INFO] validating manifest of crates.io crate bh1730fvc 0.2.0 on toolchain nightly-2024-10-28
[INFO] running `Command { std: CARGO_HOME="/workspace/cargo-home" RUSTUP_HOME="/workspace/rustup-home" "/workspace/cargo-home/bin/cargo" "+nightly-2024-10-28" "metadata" "--manifest-path" "Cargo.toml" "--no-deps", kill_on_drop: false }`
[INFO] started tweaking crates.io crate bh1730fvc 0.2.0
[INFO] finished tweaking crates.io crate bh1730fvc 0.2.0
[INFO] tweaked toml for crates.io crate bh1730fvc 0.2.0 written to /workspace/builds/worker-3-tc2/source/Cargo.toml
[INFO] crate crates.io crate bh1730fvc 0.2.0 already has a lockfile, it will not be regenerated
[INFO] running `Command { std: CARGO_HOME="/workspace/cargo-home" RUSTUP_HOME="/workspace/rustup-home" "/workspace/cargo-home/bin/cargo" "+nightly-2024-10-28" "fetch" "--manifest-path" "Cargo.toml", kill_on_drop: false }`
[INFO] running `Command { std: "docker" "create" "-v" "/var/lib/crater-agent-workspace/builds/worker-3-tc2/target:/opt/rustwide/target:rw,Z" "-v" "/var/lib/crater-agent-workspace/builds/worker-3-tc2/source:/opt/rustwide/workdir:ro,Z" "-v" "/var/lib/crater-agent-workspace/cargo-home:/opt/rustwide/cargo-home:ro,Z" "-v" "/var/lib/crater-agent-workspace/rustup-home:/opt/rustwide/rustup-home:ro,Z" "-e" "SOURCE_DIR=/opt/rustwide/workdir" "-e" "CARGO_TARGET_DIR=/opt/rustwide/target" "-e" "CARGO_HOME=/opt/rustwide/cargo-home" "-e" "RUSTUP_HOME=/opt/rustwide/rustup-home" "-w" "/opt/rustwide/workdir" "-m" "1610612736" "--user" "0:0" "--network" "none" "ghcr.io/rust-lang/crates-build-env/linux@sha256:4a844ea9eb2546a2d2c7022eacef16ef2e8229c7fbb2c7d4d55a9ceca922f72d" "/opt/rustwide/cargo-home/bin/cargo" "+nightly-2024-10-28" "metadata" "--no-deps" "--format-version=1", kill_on_drop: false }`
[INFO] [stdout] 7e354c6555fa314821fb3a7429e5e7600ec026d2405d90cf6c6dc84c0f25eb3b
[INFO] running `Command { std: "docker" "start" "-a" "7e354c6555fa314821fb3a7429e5e7600ec026d2405d90cf6c6dc84c0f25eb3b", kill_on_drop: false }`
[INFO] running `Command { std: "docker" "inspect" "7e354c6555fa314821fb3a7429e5e7600ec026d2405d90cf6c6dc84c0f25eb3b", kill_on_drop: false }`
[INFO] running `Command { std: "docker" "rm" "-f" "7e354c6555fa314821fb3a7429e5e7600ec026d2405d90cf6c6dc84c0f25eb3b", kill_on_drop: false }`
[INFO] [stdout] 7e354c6555fa314821fb3a7429e5e7600ec026d2405d90cf6c6dc84c0f25eb3b
[INFO] running `Command { std: "docker" "create" "-v" "/var/lib/crater-agent-workspace/builds/worker-3-tc2/target:/opt/rustwide/target:rw,Z" "-v" "/var/lib/crater-agent-workspace/builds/worker-3-tc2/source:/opt/rustwide/workdir:ro,Z" "-v" "/var/lib/crater-agent-workspace/cargo-home:/opt/rustwide/cargo-home:ro,Z" "-v" "/var/lib/crater-agent-workspace/rustup-home:/opt/rustwide/rustup-home:ro,Z" "-e" "SOURCE_DIR=/opt/rustwide/workdir" "-e" "CARGO_TARGET_DIR=/opt/rustwide/target" "-e" "CARGO_INCREMENTAL=0" "-e" "RUST_BACKTRACE=full" "-e" "RUSTFLAGS=--cap-lints=forbid -Zrandomize-layout" "-e" "RUSTDOCFLAGS=--cap-lints=forbid" "-e" "CARGO_HOME=/opt/rustwide/cargo-home" "-e" "RUSTUP_HOME=/opt/rustwide/rustup-home" "-w" "/opt/rustwide/workdir" "-m" "1610612736" "--user" "0:0" "--network" "none" "ghcr.io/rust-lang/crates-build-env/linux@sha256:4a844ea9eb2546a2d2c7022eacef16ef2e8229c7fbb2c7d4d55a9ceca922f72d" "/opt/rustwide/cargo-home/bin/cargo" "+nightly-2024-10-28" "build" "--frozen" "--message-format=json", kill_on_drop: false }`
[INFO] [stdout] 9f3982aa48c56873c8abf30bc92696e2777416c329252b0c77e18ca8dc1ec373
[INFO] running `Command { std: "docker" "start" "-a" "9f3982aa48c56873c8abf30bc92696e2777416c329252b0c77e18ca8dc1ec373", kill_on_drop: false }`
[INFO] [stderr]    Compiling nb v1.1.0
[INFO] [stderr]    Compiling embedded-hal-async v1.0.0
[INFO] [stderr]    Compiling void v1.0.2
[INFO] [stderr]    Compiling embedded-hal v1.0.0
[INFO] [stderr]    Compiling log v0.4.21
[INFO] [stderr]    Compiling nb v0.1.3
[INFO] [stderr]    Compiling embedded-hal v0.2.7
[INFO] [stderr]    Compiling bh1730fvc v0.2.0 (/opt/rustwide/workdir)
[INFO] [stderr]     Finished `dev` profile [unoptimized + debuginfo] target(s) in 0.97s
[INFO] running `Command { std: "docker" "inspect" "9f3982aa48c56873c8abf30bc92696e2777416c329252b0c77e18ca8dc1ec373", kill_on_drop: false }`
[INFO] running `Command { std: "docker" "rm" "-f" "9f3982aa48c56873c8abf30bc92696e2777416c329252b0c77e18ca8dc1ec373", kill_on_drop: false }`
[INFO] [stdout] 9f3982aa48c56873c8abf30bc92696e2777416c329252b0c77e18ca8dc1ec373
[INFO] running `Command { std: "docker" "create" "-v" "/var/lib/crater-agent-workspace/builds/worker-3-tc2/target:/opt/rustwide/target:rw,Z" "-v" "/var/lib/crater-agent-workspace/builds/worker-3-tc2/source:/opt/rustwide/workdir:ro,Z" "-v" "/var/lib/crater-agent-workspace/cargo-home:/opt/rustwide/cargo-home:ro,Z" "-v" "/var/lib/crater-agent-workspace/rustup-home:/opt/rustwide/rustup-home:ro,Z" "-e" "SOURCE_DIR=/opt/rustwide/workdir" "-e" "CARGO_TARGET_DIR=/opt/rustwide/target" "-e" "CARGO_INCREMENTAL=0" "-e" "RUST_BACKTRACE=full" "-e" "RUSTFLAGS=--cap-lints=forbid -Zrandomize-layout" "-e" "RUSTDOCFLAGS=--cap-lints=forbid" "-e" "CARGO_HOME=/opt/rustwide/cargo-home" "-e" "RUSTUP_HOME=/opt/rustwide/rustup-home" "-w" "/opt/rustwide/workdir" "-m" "1610612736" "--user" "0:0" "--network" "none" "ghcr.io/rust-lang/crates-build-env/linux@sha256:4a844ea9eb2546a2d2c7022eacef16ef2e8229c7fbb2c7d4d55a9ceca922f72d" "/opt/rustwide/cargo-home/bin/cargo" "+nightly-2024-10-28" "test" "--frozen" "--no-run" "--message-format=json", kill_on_drop: false }`
[INFO] [stdout] b26fc5a5cd416e612af7f4905854c4d2df989dffe864819a7e6cc2185340c98f
[INFO] running `Command { std: "docker" "start" "-a" "b26fc5a5cd416e612af7f4905854c4d2df989dffe864819a7e6cc2185340c98f", kill_on_drop: false }`
[INFO] [stderr]    Compiling bh1730fvc v0.2.0 (/opt/rustwide/workdir)
[INFO] [stdout] error[E0433]: failed to resolve: use of undeclared crate or module `embedded_hal_mock`
[INFO] [stdout]    --> src/blocking.rs:270:9
[INFO] [stdout]     |
[INFO] [stdout] 270 |     use embedded_hal_mock::i2c::Mock as I2cMock;
[INFO] [stdout]     |         ^^^^^^^^^^^^^^^^^ use of undeclared crate or module `embedded_hal_mock`
[INFO] [stdout]     |
[INFO] [stdout] help: there is a crate or module with a similar name
[INFO] [stdout]     |
[INFO] [stdout] 270 |     use embedded_hal::i2c::Mock as I2cMock;
[INFO] [stdout]     |         ~~~~~~~~~~~~
[INFO] [stdout] 
[INFO] [stdout] 
[INFO] [stdout] error[E0433]: failed to resolve: use of undeclared crate or module `embedded_hal_mock`
[INFO] [stdout]    --> src/blocking.rs:272:9
[INFO] [stdout]     |
[INFO] [stdout] 272 |     use embedded_hal_mock::{delay::MockNoop as DelayMock, i2c::Transaction as I2cTransaction};
[INFO] [stdout]     |         ^^^^^^^^^^^^^^^^^ use of undeclared crate or module `embedded_hal_mock`
[INFO] [stdout]     |
[INFO] [stdout] help: there is a crate or module with a similar name
[INFO] [stdout]     |
[INFO] [stdout] 272 |     use embedded_hal::{delay::MockNoop as DelayMock, i2c::Transaction as I2cTransaction};
[INFO] [stdout]     |         ~~~~~~~~~~~~
[INFO] [stdout] 
[INFO] [stdout] 
[INFO] [stdout] error[E0432]: unresolved import `embedded_hal_mock`
[INFO] [stdout]    --> src/blocking.rs:271:9
[INFO] [stdout]     |
[INFO] [stdout] 271 |     use embedded_hal_mock::MockError;
[INFO] [stdout]     |         ^^^^^^^^^^^^^^^^^ use of undeclared crate or module `embedded_hal_mock`
[INFO] [stdout]     |
[INFO] [stdout] help: there is a crate or module with a similar name
[INFO] [stdout]     |
[INFO] [stdout] 271 |     use embedded_hal::MockError;
[INFO] [stdout]     |         ~~~~~~~~~~~~
[INFO] [stdout] 
[INFO] [stdout] 
[INFO] [stdout] error[E0432]: unresolved import `linux_embedded_hal`
[INFO] [stdout]  --> examples/rpi_demo.rs:6:5
[INFO] [stdout]   |
[INFO] [stdout] 6 | use linux_embedded_hal as hal;
[INFO] [stdout]   |     ^^^^^^^^^^^^^^^^^^^^^^^^^ no external crate `linux_embedded_hal`
[INFO] [stdout] 
[INFO] [stdout] 
[INFO] [stdout] For more information about this error, try `rustc --explain E0432`.
[INFO] [stdout] 
[INFO] [stderr] error: could not compile `bh1730fvc` (example "rpi_demo") due to 1 previous error
[INFO] [stderr] warning: build failed, waiting for other jobs to finish...
[INFO] [stdout] Some errors have detailed explanations: E0432, E0433.
[INFO] [stdout] 
[INFO] [stdout] For more information about an error, try `rustc --explain E0432`.
[INFO] [stdout] 
[INFO] [stderr] error: could not compile `bh1730fvc` (lib test) due to 3 previous errors
[INFO] running `Command { std: "docker" "inspect" "b26fc5a5cd416e612af7f4905854c4d2df989dffe864819a7e6cc2185340c98f", kill_on_drop: false }`
[INFO] running `Command { std: "docker" "rm" "-f" "b26fc5a5cd416e612af7f4905854c4d2df989dffe864819a7e6cc2185340c98f", kill_on_drop: false }`
[INFO] [stdout] b26fc5a5cd416e612af7f4905854c4d2df989dffe864819a7e6cc2185340c98f
