[INFO] fetching crate bgpkit-parser 0.10.11...
[INFO] testing bgpkit-parser-0.10.11 against nightly-2024-10-28 for randomize-layout
[INFO] extracting crate bgpkit-parser 0.10.11 into /workspace/builds/worker-0-tc1/source
[INFO] validating manifest of crates.io crate bgpkit-parser 0.10.11 on toolchain nightly-2024-10-28
[INFO] running `Command { std: CARGO_HOME="/workspace/cargo-home" RUSTUP_HOME="/workspace/rustup-home" "/workspace/cargo-home/bin/cargo" "+nightly-2024-10-28" "metadata" "--manifest-path" "Cargo.toml" "--no-deps", kill_on_drop: false }`
[INFO] started tweaking crates.io crate bgpkit-parser 0.10.11
[INFO] removed 0 missing examples
[INFO] removed 0 missing tests
[INFO] finished tweaking crates.io crate bgpkit-parser 0.10.11
[INFO] tweaked toml for crates.io crate bgpkit-parser 0.10.11 written to /workspace/builds/worker-0-tc1/source/Cargo.toml
[INFO] crate crates.io crate bgpkit-parser 0.10.11 already has a lockfile, it will not be regenerated
[INFO] running `Command { std: CARGO_HOME="/workspace/cargo-home" RUSTUP_HOME="/workspace/rustup-home" "/workspace/cargo-home/bin/cargo" "+nightly-2024-10-28" "fetch" "--manifest-path" "Cargo.toml", kill_on_drop: false }`
[INFO] [stderr]     Updating crates.io index
[INFO] [stderr]  Downloading crates ...
[INFO] [stderr]   Downloaded lazy-regex-proc_macros v3.3.0
[INFO] [stderr]   Downloaded which v6.0.3
[INFO] [stderr]   Downloaded lazy-regex v3.3.0
[INFO] [stderr]   Downloaded suppaftp v6.0.4
[INFO] [stderr]   Downloaded aws-creds v0.36.0
[INFO] [stderr]   Downloaded aws-region v0.25.5
[INFO] [stderr]   Downloaded ref_slice v1.2.1
[INFO] [stderr]   Downloaded quinn-udp v0.5.5
[INFO] [stderr]   Downloaded ctrlc v3.4.5
[INFO] [stderr]   Downloaded snap v1.1.1
[INFO] [stderr]   Downloaded rust-ini v0.19.0
[INFO] [stderr]   Downloaded bgpkit-broker v0.7.5
[INFO] [stderr]   Downloaded attohttpc v0.26.1
[INFO] [stderr]   Downloaded rust-s3 v0.34.0
[INFO] [stderr]   Downloaded dlv-list v0.5.2
[INFO] [stderr]   Downloaded ordered-multimap v0.6.0
[INFO] [stderr]   Downloaded oneio v0.17.0
[INFO] [stderr]   Downloaded kafka v0.10.0
[INFO] [stderr]   Downloaded reqwest v0.12.8
[INFO] [stderr]   Downloaded quick-xml v0.30.0
[INFO] [stderr]   Downloaded tungstenite v0.24.0
[INFO] [stderr]   Downloaded winsafe v0.0.19
[INFO] running `Command { std: "docker" "create" "-v" "/var/lib/crater-agent-workspace/builds/worker-0-tc1/target:/opt/rustwide/target:rw,Z" "-v" "/var/lib/crater-agent-workspace/builds/worker-0-tc1/source:/opt/rustwide/workdir:ro,Z" "-v" "/var/lib/crater-agent-workspace/cargo-home:/opt/rustwide/cargo-home:ro,Z" "-v" "/var/lib/crater-agent-workspace/rustup-home:/opt/rustwide/rustup-home:ro,Z" "-e" "SOURCE_DIR=/opt/rustwide/workdir" "-e" "CARGO_TARGET_DIR=/opt/rustwide/target" "-e" "CARGO_HOME=/opt/rustwide/cargo-home" "-e" "RUSTUP_HOME=/opt/rustwide/rustup-home" "-w" "/opt/rustwide/workdir" "-m" "1610612736" "--user" "0:0" "--network" "none" "ghcr.io/rust-lang/crates-build-env/linux@sha256:4a844ea9eb2546a2d2c7022eacef16ef2e8229c7fbb2c7d4d55a9ceca922f72d" "/opt/rustwide/cargo-home/bin/cargo" "+nightly-2024-10-28" "metadata" "--no-deps" "--format-version=1", kill_on_drop: false }`
[INFO] [stdout] 1883165ba7d3f121af547d381a244275b3c54434304989f0faa454d7a6be078b
[INFO] running `Command { std: "docker" "start" "-a" "1883165ba7d3f121af547d381a244275b3c54434304989f0faa454d7a6be078b", kill_on_drop: false }`
[INFO] running `Command { std: "docker" "inspect" "1883165ba7d3f121af547d381a244275b3c54434304989f0faa454d7a6be078b", kill_on_drop: false }`
[INFO] running `Command { std: "docker" "rm" "-f" "1883165ba7d3f121af547d381a244275b3c54434304989f0faa454d7a6be078b", kill_on_drop: false }`
[INFO] [stdout] 1883165ba7d3f121af547d381a244275b3c54434304989f0faa454d7a6be078b
[INFO] running `Command { std: "docker" "create" "-v" "/var/lib/crater-agent-workspace/builds/worker-0-tc1/target:/opt/rustwide/target:rw,Z" "-v" "/var/lib/crater-agent-workspace/builds/worker-0-tc1/source:/opt/rustwide/workdir:ro,Z" "-v" "/var/lib/crater-agent-workspace/cargo-home:/opt/rustwide/cargo-home:ro,Z" "-v" "/var/lib/crater-agent-workspace/rustup-home:/opt/rustwide/rustup-home:ro,Z" "-e" "SOURCE_DIR=/opt/rustwide/workdir" "-e" "CARGO_TARGET_DIR=/opt/rustwide/target" "-e" "CARGO_INCREMENTAL=0" "-e" "RUST_BACKTRACE=full" "-e" "RUSTFLAGS=--cap-lints=forbid" "-e" "RUSTDOCFLAGS=--cap-lints=forbid" "-e" "CARGO_HOME=/opt/rustwide/cargo-home" "-e" "RUSTUP_HOME=/opt/rustwide/rustup-home" "-w" "/opt/rustwide/workdir" "-m" "1610612736" "--user" "0:0" "--network" "none" "ghcr.io/rust-lang/crates-build-env/linux@sha256:4a844ea9eb2546a2d2c7022eacef16ef2e8229c7fbb2c7d4d55a9ceca922f72d" "/opt/rustwide/cargo-home/bin/cargo" "+nightly-2024-10-28" "build" "--frozen" "--message-format=json", kill_on_drop: false }`
[INFO] [stdout] f8ee320670461942deb29fa91c76414ec91588077514afd2484cb6a75e877704
[INFO] running `Command { std: "docker" "start" "-a" "f8ee320670461942deb29fa91c76414ec91588077514afd2484cb6a75e877704", kill_on_drop: false }`
[INFO] [stderr]    Compiling fs_extra v1.3.0
[INFO] [stderr]    Compiling dunce v1.0.5
[INFO] [stderr]    Compiling aws-lc-rs v1.10.0
[INFO] [stderr]    Compiling mirai-annotations v1.12.0
[INFO] [stderr]    Compiling zeroize v1.8.1
[INFO] [stderr]    Compiling regex-syntax v0.8.5
[INFO] [stderr]    Compiling jobserver v0.1.32
[INFO] [stderr]    Compiling spin v0.9.8
[INFO] [stderr]    Compiling untrusted v0.9.0
[INFO] [stderr]    Compiling rustls v0.23.15
[INFO] [stderr]    Compiling syn v2.0.85
[INFO] [stderr]    Compiling memchr v2.7.4
[INFO] [stderr]    Compiling futures-util v0.3.31
[INFO] [stderr]    Compiling serde v1.0.213
[INFO] [stderr]    Compiling h2 v0.4.6
[INFO] [stderr]    Compiling thiserror v1.0.65
[INFO] [stderr]    Compiling toml_edit v0.22.22
[INFO] [stderr]    Compiling webpki-roots v0.26.6
[INFO] [stderr]    Compiling adler2 v2.0.0
[INFO] [stderr]    Compiling fastrand v2.1.1
[INFO] [stderr]    Compiling crc32fast v1.4.2
[INFO] [stderr]    Compiling miniz_oxide v0.8.0
[INFO] [stderr]    Compiling dotenvy v0.15.7
[INFO] [stderr]    Compiling itertools v0.13.0
[INFO] [stderr]    Compiling futures-lite v2.3.0
[INFO] [stderr]    Compiling cc v1.1.31
[INFO] [stderr]    Compiling aho-corasick v1.1.3
[INFO] [stderr]    Compiling flate2 v1.0.34
[INFO] [stderr]    Compiling cmake v0.1.51
[INFO] [stderr]    Compiling ring v0.17.8
[INFO] [stderr]    Compiling bzip2-sys v0.1.11+1.0.8
[INFO] [stderr]    Compiling aws-lc-sys v0.22.0
[INFO] [stderr]    Compiling bzip2 v0.4.4
[INFO] [stderr]    Compiling proc-macro-crate v3.2.0
[INFO] [stderr]    Compiling regex-automata v0.4.8
[INFO] [stderr]    Compiling http-body-util v0.1.2
[INFO] [stderr]    Compiling serde_urlencoded v0.7.1
[INFO] [stderr]    Compiling bitflags v2.6.0
[INFO] [stderr]    Compiling hyper v1.5.0
[INFO] [stderr]    Compiling thiserror-impl v1.0.65
[INFO] [stderr]    Compiling num_enum_derive v0.7.3
[INFO] [stderr]    Compiling hyper-util v0.1.9
[INFO] [stderr]    Compiling num_enum v0.7.3
[INFO] [stderr]    Compiling regex v1.11.1
[INFO] [stderr]    Compiling lazy-regex-proc_macros v3.3.0
[INFO] [stderr]    Compiling lazy-regex v3.3.0
[INFO] [stderr]    Compiling rustls-webpki v0.102.8
[INFO] [stderr]    Compiling tokio-rustls v0.26.0
[INFO] [stderr]    Compiling suppaftp v6.0.4
[INFO] [stderr]    Compiling hyper-rustls v0.27.3
[INFO] [stderr]    Compiling reqwest v0.12.8
[INFO] [stderr]    Compiling oneio v0.17.0
[INFO] [stderr]    Compiling bgpkit-parser v0.10.11 (/opt/rustwide/workdir)
[INFO] [stderr]     Finished `dev` profile [unoptimized + debuginfo] target(s) in 56.05s
[INFO] running `Command { std: "docker" "inspect" "f8ee320670461942deb29fa91c76414ec91588077514afd2484cb6a75e877704", kill_on_drop: false }`
[INFO] running `Command { std: "docker" "rm" "-f" "f8ee320670461942deb29fa91c76414ec91588077514afd2484cb6a75e877704", kill_on_drop: false }`
[INFO] [stdout] f8ee320670461942deb29fa91c76414ec91588077514afd2484cb6a75e877704
[INFO] running `Command { std: "docker" "create" "-v" "/var/lib/crater-agent-workspace/builds/worker-0-tc1/target:/opt/rustwide/target:rw,Z" "-v" "/var/lib/crater-agent-workspace/builds/worker-0-tc1/source:/opt/rustwide/workdir:ro,Z" "-v" "/var/lib/crater-agent-workspace/cargo-home:/opt/rustwide/cargo-home:ro,Z" "-v" "/var/lib/crater-agent-workspace/rustup-home:/opt/rustwide/rustup-home:ro,Z" "-e" "SOURCE_DIR=/opt/rustwide/workdir" "-e" "CARGO_TARGET_DIR=/opt/rustwide/target" "-e" "CARGO_INCREMENTAL=0" "-e" "RUST_BACKTRACE=full" "-e" "RUSTFLAGS=--cap-lints=forbid" "-e" "RUSTDOCFLAGS=--cap-lints=forbid" "-e" "CARGO_HOME=/opt/rustwide/cargo-home" "-e" "RUSTUP_HOME=/opt/rustwide/rustup-home" "-w" "/opt/rustwide/workdir" "-m" "1610612736" "--user" "0:0" "--network" "none" "ghcr.io/rust-lang/crates-build-env/linux@sha256:4a844ea9eb2546a2d2c7022eacef16ef2e8229c7fbb2c7d4d55a9ceca922f72d" "/opt/rustwide/cargo-home/bin/cargo" "+nightly-2024-10-28" "test" "--frozen" "--no-run" "--message-format=json", kill_on_drop: false }`
[INFO] [stdout] 8423c2339f309beb6fd24032775506c5705e9a941338280edc61861f4f0e7efa
[INFO] running `Command { std: "docker" "start" "-a" "8423c2339f309beb6fd24032775506c5705e9a941338280edc61861f4f0e7efa", kill_on_drop: false }`
[INFO] [stderr]    Compiling libc v0.2.161
[INFO] [stderr]    Compiling serde v1.0.213
[INFO] [stderr]    Compiling syn v2.0.85
[INFO] [stderr]    Compiling either v1.13.0
[INFO] [stderr]    Compiling rustls-native-certs v0.8.0
[INFO] [stderr]    Compiling cfg_aliases v0.2.1
[INFO] [stderr]    Compiling futures-lite v2.3.0
[INFO] [stderr]    Compiling crypto-common v0.1.6
[INFO] [stderr]    Compiling half v2.4.1
[INFO] [stderr]    Compiling anstyle v1.0.9
[INFO] [stderr]    Compiling ciborium-io v0.2.2
[INFO] [stderr]    Compiling snap v1.1.1
[INFO] [stderr]    Compiling kafka v0.10.0
[INFO] [stderr]    Compiling anyhow v1.0.91
[INFO] [stderr]    Compiling crc-catalog v2.4.0
[INFO] [stderr]    Compiling nix v0.29.0
[INFO] [stderr]    Compiling crc v3.2.1
[INFO] [stderr]    Compiling tracing-log v0.2.0
[INFO] [stderr]    Compiling digest v0.10.7
[INFO] [stderr]    Compiling utf-8 v0.7.6
[INFO] [stderr]    Compiling ref_slice v1.2.1
[INFO] [stderr]    Compiling itertools v0.10.5
[INFO] [stderr]    Compiling clap_builder v4.5.20
[INFO] [stderr]    Compiling sha1 v0.10.6
[INFO] [stderr]    Compiling itertools v0.13.0
[INFO] [stderr]    Compiling rayon v1.10.0
[INFO] [stderr]    Compiling home v0.5.9
[INFO] [stderr]    Compiling ciborium-ll v0.2.2
[INFO] [stderr]    Compiling anes v0.1.6
[INFO] [stderr]    Compiling tracing-subscriber v0.3.18
[INFO] [stderr]    Compiling md5 v0.7.0
[INFO] [stderr]    Compiling hex v0.4.3
[INFO] [stderr]    Compiling jobserver v0.1.32
[INFO] [stderr]    Compiling cc v1.1.31
[INFO] [stderr]    Compiling getrandom v0.2.15
[INFO] [stderr]    Compiling mio v1.0.2
[INFO] [stderr]    Compiling socket2 v0.5.7
[INFO] [stderr]    Compiling is-terminal v0.4.13
[INFO] [stderr]    Compiling criterion-plot v0.5.0
[INFO] [stderr]    Compiling rand_core v0.6.4
[INFO] [stderr]    Compiling cmake v0.1.51
[INFO] [stderr]    Compiling tokio v1.41.0
[INFO] [stderr]    Compiling clap v4.5.20
[INFO] [stderr]    Compiling aws-lc-sys v0.22.0
[INFO] [stderr]    Compiling ring v0.17.8
[INFO] [stderr]    Compiling openssl-sys v0.9.104
[INFO] [stderr]    Compiling bzip2-sys v0.1.11+1.0.8
[INFO] [stderr]    Compiling bzip2 v0.4.4
[INFO] [stderr]    Compiling openssl v0.10.68
[INFO] [stderr]    Compiling serde_derive v1.0.213
[INFO] [stderr]    Compiling tracing-attributes v0.1.27
[INFO] [stderr]    Compiling thiserror-impl v1.0.65
[INFO] [stderr]    Compiling zerocopy-derive v0.7.35
[INFO] [stderr]    Compiling lazy-regex-proc_macros v3.3.0
[INFO] [stderr]    Compiling openssl-macros v0.1.1
[INFO] [stderr]    Compiling num_enum_derive v0.7.3
[INFO] [stderr]    Compiling tokio-util v0.7.12
[INFO] [stderr]    Compiling lazy-regex v3.3.0
[INFO] [stderr]    Compiling zerocopy v0.7.35
[INFO] [stderr]    Compiling num_enum v0.7.3
[INFO] [stderr]    Compiling thiserror v1.0.65
[INFO] [stderr]    Compiling tracing v0.1.40
[INFO] [stderr]    Compiling h2 v0.4.6
[INFO] [stderr]    Compiling ppv-lite86 v0.2.20
[INFO] [stderr]    Compiling rand_chacha v0.3.1
[INFO] [stderr]    Compiling rand v0.8.5
[INFO] [stderr]    Compiling twox-hash v1.6.3
[INFO] [stderr]    Compiling tungstenite v0.24.0
[INFO] [stderr]    Compiling aws-lc-rs v1.10.0
[INFO] [stderr]    Compiling rustls v0.23.15
[INFO] [stderr]    Compiling hyper v1.5.0
[INFO] [stderr]    Compiling hyper-util v0.1.9
[INFO] [stderr]    Compiling rustls-webpki v0.102.8
[INFO] [stderr]    Compiling bitflags v2.6.0
[INFO] [stderr]    Compiling serde_json v1.0.132
[INFO] [stderr]    Compiling serde_urlencoded v0.7.1
[INFO] [stderr]    Compiling chrono v0.4.38
[INFO] [stderr]    Compiling ciborium v0.2.2
[INFO] [stderr]    Compiling rustix v0.38.37
[INFO] [stderr]    Compiling tinytemplate v1.2.1
[INFO] [stderr]    Compiling criterion v0.5.1
[INFO] [stderr]    Compiling ctrlc v3.4.5
[INFO] [stderr]    Compiling tempfile v3.13.0
[INFO] [stderr]    Compiling which v6.0.3
[INFO] [stderr]    Compiling tokio-rustls v0.26.0
[INFO] [stderr]    Compiling suppaftp v6.0.4
[INFO] [stderr]    Compiling hyper-rustls v0.27.3
[INFO] [stderr]    Compiling reqwest v0.12.8
[INFO] [stderr]    Compiling oneio v0.17.0
[INFO] [stderr]    Compiling bgpkit-broker v0.7.5
[INFO] [stderr]    Compiling bgpkit-parser v0.10.11 (/opt/rustwide/workdir)
[INFO] [stdout] error[E0433]: failed to resolve: use of undeclared crate or module `env_logger`
[INFO] [stdout]  --> examples/cache_reading.rs:6:35
[INFO] [stdout]   |
[INFO] [stdout] 6 |     env_logger::Builder::from_env(env_logger::Env::default().default_filter_or("info")).init();
[INFO] [stdout]   |                                   ^^^^^^^^^^ use of undeclared crate or module `env_logger`
[INFO] [stdout] 
[INFO] [stdout] 
[INFO] [stdout] error[E0433]: failed to resolve: use of undeclared crate or module `env_logger`
[INFO] [stdout]  --> examples/cache_reading.rs:6:5
[INFO] [stdout]   |
[INFO] [stdout] 6 |     env_logger::Builder::from_env(env_logger::Env::default().default_filter_or("info")).init();
[INFO] [stdout]   |     ^^^^^^^^^^ use of undeclared crate or module `env_logger`
[INFO] [stdout]   |
[INFO] [stdout] help: consider importing one of these structs
[INFO] [stdout]   |
[INFO] [stdout] 1 + use std::thread::Builder;
[INFO] [stdout]   |
[INFO] [stdout] 1 + use kafka::consumer::Builder;
[INFO] [stdout]   |
[INFO] [stdout] 1 + use kafka::producer::Builder;
[INFO] [stdout]   |
[INFO] [stdout] 1 + use tempfile::Builder;
[INFO] [stdout]   |
[INFO] [stdout] help: if you import `Builder`, refer to it directly
[INFO] [stdout]   |
[INFO] [stdout] 6 -     env_logger::Builder::from_env(env_logger::Env::default().default_filter_or("info")).init();
[INFO] [stdout] 6 +     Builder::from_env(env_logger::Env::default().default_filter_or("info")).init();
[INFO] [stdout]   |
[INFO] [stdout] 
[INFO] [stdout] 
[INFO] [stdout] error[E0433]: failed to resolve: use of undeclared crate or module `env_logger`
[INFO] [stdout]  --> examples/parse-files-from-broker.rs:7:35
[INFO] [stdout]   |
[INFO] [stdout] 7 |     env_logger::Builder::from_env(env_logger::Env::default().default_filter_or("info")).init();
[INFO] [stdout]   |                                   ^^^^^^^^^^ use of undeclared crate or module `env_logger`
[INFO] [stdout] 
[INFO] [stdout] 
[INFO] [stdout] error[E0433]: failed to resolve: use of undeclared crate or module `env_logger`
[INFO] [stdout]  --> examples/parse-files-from-broker.rs:7:5
[INFO] [stdout]   |
[INFO] [stdout] 7 |     env_logger::Builder::from_env(env_logger::Env::default().default_filter_or("info")).init();
[INFO] [stdout]   |     ^^^^^^^^^^ use of undeclared crate or module `env_logger`
[INFO] [stdout]   |
[INFO] [stdout] help: consider importing one of these structs
[INFO] [stdout]   |
[INFO] [stdout] 1 + use std::thread::Builder;
[INFO] [stdout]   |
[INFO] [stdout] 1 + use kafka::consumer::Builder;
[INFO] [stdout]   |
[INFO] [stdout] 1 + use kafka::producer::Builder;
[INFO] [stdout]   |
[INFO] [stdout] 1 + use tempfile::Builder;
[INFO] [stdout]   |
[INFO] [stdout] help: if you import `Builder`, refer to it directly
[INFO] [stdout]   |
[INFO] [stdout] 7 -     env_logger::Builder::from_env(env_logger::Env::default().default_filter_or("info")).init();
[INFO] [stdout] 7 +     Builder::from_env(env_logger::Env::default().default_filter_or("info")).init();
[INFO] [stdout]   |
[INFO] [stdout] 
[INFO] [stdout] 
[INFO] [stdout] error[E0433]: failed to resolve: use of undeclared crate or module `env_logger`
[INFO] [stdout]  --> examples/parse-single-file.rs:5:35
[INFO] [stdout]   |
[INFO] [stdout] 5 |     env_logger::Builder::from_env(env_logger::Env::default().default_filter_or("info")).init();
[INFO] [stdout]   |                                   ^^^^^^^^^^ use of undeclared crate or module `env_logger`
[INFO] [stdout] 
[INFO] [stdout] 
[INFO] [stdout] error[E0433]: failed to resolve: use of undeclared crate or module `env_logger`
[INFO] [stdout]  --> examples/parse-single-file.rs:5:5
[INFO] [stdout]   |
[INFO] [stdout] 5 |     env_logger::Builder::from_env(env_logger::Env::default().default_filter_or("info")).init();
[INFO] [stdout]   |     ^^^^^^^^^^ use of undeclared crate or module `env_logger`
[INFO] [stdout]   |
[INFO] [stdout] help: consider importing one of these structs
[INFO] [stdout]   |
[INFO] [stdout] 1 + use std::thread::Builder;
[INFO] [stdout]   |
[INFO] [stdout] 1 + use kafka::consumer::Builder;
[INFO] [stdout]   |
[INFO] [stdout] 1 + use kafka::producer::Builder;
[INFO] [stdout]   |
[INFO] [stdout] 1 + use tempfile::Builder;
[INFO] [stdout]   |
[INFO] [stdout] help: if you import `Builder`, refer to it directly
[INFO] [stdout]   |
[INFO] [stdout] 5 -     env_logger::Builder::from_env(env_logger::Env::default().default_filter_or("info")).init();
[INFO] [stdout] 5 +     Builder::from_env(env_logger::Env::default().default_filter_or("info")).init();
[INFO] [stdout]   |
[INFO] [stdout] 
[INFO] [stdout] 
[INFO] [stdout] error[E0433]: failed to resolve: use of undeclared crate or module `env_logger`
[INFO] [stdout]   --> examples/filters.rs:21:35
[INFO] [stdout]    |
[INFO] [stdout] 21 |     env_logger::Builder::from_env(env_logger::Env::default().default_filter_or("info")).init();
[INFO] [stdout]    |                                   ^^^^^^^^^^ use of undeclared crate or module `env_logger`
[INFO] [stdout] 
[INFO] [stdout] 
[INFO] [stdout] error[E0433]: failed to resolve: use of undeclared crate or module `env_logger`
[INFO] [stdout]   --> examples/filters.rs:21:5
[INFO] [stdout]    |
[INFO] [stdout] 21 |     env_logger::Builder::from_env(env_logger::Env::default().default_filter_or("info")).init();
[INFO] [stdout]    |     ^^^^^^^^^^ use of undeclared crate or module `env_logger`
[INFO] [stdout]    |
[INFO] [stdout] help: consider importing one of these structs
[INFO] [stdout]    |
[INFO] [stdout] 1  + use std::thread::Builder;
[INFO] [stdout]    |
[INFO] [stdout] 1  + use kafka::consumer::Builder;
[INFO] [stdout]    |
[INFO] [stdout] 1  + use kafka::producer::Builder;
[INFO] [stdout]    |
[INFO] [stdout] 1  + use tempfile::Builder;
[INFO] [stdout]    |
[INFO] [stdout] help: if you import `Builder`, refer to it directly
[INFO] [stdout]    |
[INFO] [stdout] 21 -     env_logger::Builder::from_env(env_logger::Env::default().default_filter_or("info")).init();
[INFO] [stdout] 21 +     Builder::from_env(env_logger::Env::default().default_filter_or("info")).init();
[INFO] [stdout]    |
[INFO] [stdout] 
[INFO] [stdout] 
[INFO] [stdout] For more information about this error, try `rustc --explain E0433`.
[INFO] [stdout] 
[INFO] [stdout] For more information about this error, try `rustc --explain E0433`.
[INFO] [stdout] 
[INFO] [stderr] error: could not compile `bgpkit-parser` (example "cache_reading") due to 2 previous errors
[INFO] [stderr] warning: build failed, waiting for other jobs to finish...
[INFO] [stdout] For more information about this error, try `rustc --explain E0433`.
[INFO] [stdout] 
[INFO] [stderr] error: could not compile `bgpkit-parser` (example "parse-single-file") due to 2 previous errors
[INFO] [stderr] error: could not compile `bgpkit-parser` (example "filters") due to 2 previous errors
[INFO] [stdout] error[E0433]: failed to resolve: use of undeclared crate or module `env_logger`
[INFO] [stdout]  --> examples/parse-files-from-broker-parallel.rs:8:35
[INFO] [stdout]   |
[INFO] [stdout] 8 |     env_logger::Builder::from_env(env_logger::Env::default().default_filter_or("info")).init();
[INFO] [stdout]   |                                   ^^^^^^^^^^ use of undeclared crate or module `env_logger`
[INFO] [stdout] 
[INFO] [stdout] 
[INFO] [stdout] For more information about this error, try `rustc --explain E0433`.
[INFO] [stdout] 
[INFO] [stdout] error[E0433]: failed to resolve: use of undeclared crate or module `env_logger`
[INFO] [stdout]  --> examples/parse-files-from-broker-parallel.rs:8:5
[INFO] [stdout]   |
[INFO] [stdout] 8 |     env_logger::Builder::from_env(env_logger::Env::default().default_filter_or("info")).init();
[INFO] [stdout]   |     ^^^^^^^^^^ use of undeclared crate or module `env_logger`
[INFO] [stdout]   |
[INFO] [stdout] help: consider importing one of these structs
[INFO] [stdout]   |
[INFO] [stdout] 1 + use std::thread::Builder;
[INFO] [stdout]   |
[INFO] [stdout] 1 + use kafka::consumer::Builder;
[INFO] [stdout]   |
[INFO] [stdout] 1 + use kafka::producer::Builder;
[INFO] [stdout]   |
[INFO] [stdout] 1 + use tempfile::Builder;
[INFO] [stdout]   |
[INFO] [stdout] help: if you import `Builder`, refer to it directly
[INFO] [stdout]   |
[INFO] [stdout] 8 -     env_logger::Builder::from_env(env_logger::Env::default().default_filter_or("info")).init();
[INFO] [stdout] 8 +     Builder::from_env(env_logger::Env::default().default_filter_or("info")).init();
[INFO] [stdout]   |
[INFO] [stdout] 
[INFO] [stdout] 
[INFO] [stderr] error: could not compile `bgpkit-parser` (example "parse-files-from-broker") due to 2 previous errors
[INFO] [stdout] For more information about this error, try `rustc --explain E0433`.
[INFO] [stdout] 
[INFO] [stderr] error: could not compile `bgpkit-parser` (example "parse-files-from-broker-parallel") due to 2 previous errors
[INFO] [stderr] error: could not compile `bgpkit-parser` (lib test)
[INFO] [stderr] 
[INFO] [stderr] Caused by:
[INFO] [stderr]   process didn't exit successfully: `/opt/rustwide/rustup-home/toolchains/nightly-2024-10-28-x86_64-unknown-linux-gnu/bin/rustc --crate-name bgpkit_parser --edition=2021 src/lib.rs --error-format=json --json=diagnostic-rendered-ansi,artifacts,future-incompat --emit=dep-info,link -C embed-bitcode=no -C debuginfo=2 --test --cfg 'feature="bytes"' --cfg 'feature="chrono"' --cfg 'feature="default"' --cfg 'feature="oneio"' --cfg 'feature="parser"' --cfg 'feature="regex"' --cfg 'feature="rustls"' --check-cfg 'cfg(docsrs)' --check-cfg 'cfg(feature, values("bytes", "chrono", "clap", "cli", "default", "env_logger", "hex", "lz", "native-tls", "oneio", "parser", "regex", "rislive", "rustls", "serde", "serde_json", "xz"))' -C metadata=067c302a749bec0c -C extra-filename=-067c302a749bec0c --out-dir /opt/rustwide/target/debug/deps -L dependency=/opt/rustwide/target/debug/deps --extern anyhow=/opt/rustwide/target/debug/deps/libanyhow-82e418cb20af20d8.rlib --extern bgpkit_broker=/opt/rustwide/target/debug/deps/libbgpkit_broker-618dd617f739c426.rlib --extern bitflags=/opt/rustwide/target/debug/deps/libbitflags-00de9e0ba7e63da8.rlib --extern bytes=/opt/rustwide/target/debug/deps/libbytes-6a4c7ea0a880895d.rlib --extern bzip2=/opt/rustwide/target/debug/deps/libbzip2-ef930e10d3676c0b.rlib --extern chrono=/opt/rustwide/target/debug/deps/libchrono-d06268c3778af43d.rlib --extern criterion=/opt/rustwide/target/debug/deps/libcriterion-9209c23e427935aa.rlib --extern ctrlc=/opt/rustwide/target/debug/deps/libctrlc-5188a6e12c326104.rlib --extern flate2=/opt/rustwide/target/debug/deps/libflate2-a35c4f2443aaaaf6.rlib --extern hex=/opt/rustwide/target/debug/deps/libhex-718b4f18bb2e7953.rlib --extern ipnet=/opt/rustwide/target/debug/deps/libipnet-f8f4f35acfc01e80.rlib --extern itertools=/opt/rustwide/target/debug/deps/libitertools-4c279d79b517f41b.rlib --extern kafka=/opt/rustwide/target/debug/deps/libkafka-68d3511b532b7744.rlib --extern log=/opt/rustwide/target/debug/deps/liblog-e7e7e8ec9ff686da.rlib --extern md5=/opt/rustwide/target/debug/deps/libmd5-003462cf236179b8.rlib --extern num_enum=/opt/rustwide/target/debug/deps/libnum_enum-a582cc9c4bf1cf68.rlib --extern oneio=/opt/rustwide/target/debug/deps/liboneio-750bd22f689dd6e0.rlib --extern rayon=/opt/rustwide/target/debug/deps/librayon-e5623d23010f8239.rlib --extern regex=/opt/rustwide/target/debug/deps/libregex-e2f88c391915fb65.rlib --extern serde_json=/opt/rustwide/target/debug/deps/libserde_json-233b6394e6b7377b.rlib --extern tempfile=/opt/rustwide/target/debug/deps/libtempfile-3a860ef16c468824.rlib --extern tracing=/opt/rustwide/target/debug/deps/libtracing-025debbd9df8e6dc.rlib --extern tracing_subscriber=/opt/rustwide/target/debug/deps/libtracing_subscriber-ea17bf1b4a2988f2.rlib --extern tungstenite=/opt/rustwide/target/debug/deps/libtungstenite-f85e081ffdc7a0ca.rlib --extern which=/opt/rustwide/target/debug/deps/libwhich-a3c3d197a084c77a.rlib --cap-lints=forbid -L native=/opt/rustwide/target/debug/build/aws-lc-sys-b3f69dc90d2900a5/out -L native=/opt/rustwide/target/debug/build/ring-1016a1ec2bff93bc/out -L native=/opt/rustwide/target/debug/build/bzip2-sys-fa908cd0b407fbcc/out/lib` (signal: 9, SIGKILL: kill)
[INFO] running `Command { std: "docker" "inspect" "8423c2339f309beb6fd24032775506c5705e9a941338280edc61861f4f0e7efa", kill_on_drop: false }`
[INFO] running `Command { std: "docker" "rm" "-f" "8423c2339f309beb6fd24032775506c5705e9a941338280edc61861f4f0e7efa", kill_on_drop: false }`
[INFO] [stdout] 8423c2339f309beb6fd24032775506c5705e9a941338280edc61861f4f0e7efa
