[INFO] fetching crate bevy_text_animation 0.1.14...
[INFO] testing bevy_text_animation-0.1.14 against nightly-2024-10-28+rustflags=-Zrandomize-layout for randomize-layout
[INFO] extracting crate bevy_text_animation 0.1.14 into /workspace/builds/worker-3-tc2/source
[INFO] validating manifest of crates.io crate bevy_text_animation 0.1.14 on toolchain nightly-2024-10-28
[INFO] running `Command { std: CARGO_HOME="/workspace/cargo-home" RUSTUP_HOME="/workspace/rustup-home" "/workspace/cargo-home/bin/cargo" "+nightly-2024-10-28" "metadata" "--manifest-path" "Cargo.toml" "--no-deps", kill_on_drop: false }`
[INFO] started tweaking crates.io crate bevy_text_animation 0.1.14
[INFO] finished tweaking crates.io crate bevy_text_animation 0.1.14
[INFO] tweaked toml for crates.io crate bevy_text_animation 0.1.14 written to /workspace/builds/worker-3-tc2/source/Cargo.toml
[INFO] crate crates.io crate bevy_text_animation 0.1.14 already has a lockfile, it will not be regenerated
[INFO] running `Command { std: CARGO_HOME="/workspace/cargo-home" RUSTUP_HOME="/workspace/rustup-home" "/workspace/cargo-home/bin/cargo" "+nightly-2024-10-28" "fetch" "--manifest-path" "Cargo.toml", kill_on_drop: false }`
[INFO] running `Command { std: "docker" "create" "-v" "/var/lib/crater-agent-workspace/builds/worker-3-tc2/target:/opt/rustwide/target:rw,Z" "-v" "/var/lib/crater-agent-workspace/builds/worker-3-tc2/source:/opt/rustwide/workdir:ro,Z" "-v" "/var/lib/crater-agent-workspace/cargo-home:/opt/rustwide/cargo-home:ro,Z" "-v" "/var/lib/crater-agent-workspace/rustup-home:/opt/rustwide/rustup-home:ro,Z" "-e" "SOURCE_DIR=/opt/rustwide/workdir" "-e" "CARGO_TARGET_DIR=/opt/rustwide/target" "-e" "CARGO_HOME=/opt/rustwide/cargo-home" "-e" "RUSTUP_HOME=/opt/rustwide/rustup-home" "-w" "/opt/rustwide/workdir" "-m" "1610612736" "--user" "0:0" "--network" "none" "ghcr.io/rust-lang/crates-build-env/linux@sha256:4a844ea9eb2546a2d2c7022eacef16ef2e8229c7fbb2c7d4d55a9ceca922f72d" "/opt/rustwide/cargo-home/bin/cargo" "+nightly-2024-10-28" "metadata" "--no-deps" "--format-version=1", kill_on_drop: false }`
[INFO] [stdout] 8f3fb9e1e0237545aa8622c817dbb3fb14cce27f488fcd2f3db22fe2339db8cd
[INFO] running `Command { std: "docker" "start" "-a" "8f3fb9e1e0237545aa8622c817dbb3fb14cce27f488fcd2f3db22fe2339db8cd", kill_on_drop: false }`
[INFO] running `Command { std: "docker" "inspect" "8f3fb9e1e0237545aa8622c817dbb3fb14cce27f488fcd2f3db22fe2339db8cd", kill_on_drop: false }`
[INFO] running `Command { std: "docker" "rm" "-f" "8f3fb9e1e0237545aa8622c817dbb3fb14cce27f488fcd2f3db22fe2339db8cd", kill_on_drop: false }`
[INFO] [stdout] 8f3fb9e1e0237545aa8622c817dbb3fb14cce27f488fcd2f3db22fe2339db8cd
[INFO] running `Command { std: "docker" "create" "-v" "/var/lib/crater-agent-workspace/builds/worker-3-tc2/target:/opt/rustwide/target:rw,Z" "-v" "/var/lib/crater-agent-workspace/builds/worker-3-tc2/source:/opt/rustwide/workdir:ro,Z" "-v" "/var/lib/crater-agent-workspace/cargo-home:/opt/rustwide/cargo-home:ro,Z" "-v" "/var/lib/crater-agent-workspace/rustup-home:/opt/rustwide/rustup-home:ro,Z" "-e" "SOURCE_DIR=/opt/rustwide/workdir" "-e" "CARGO_TARGET_DIR=/opt/rustwide/target" "-e" "CARGO_INCREMENTAL=0" "-e" "RUST_BACKTRACE=full" "-e" "RUSTFLAGS=--cap-lints=forbid -Zrandomize-layout" "-e" "RUSTDOCFLAGS=--cap-lints=forbid" "-e" "CARGO_HOME=/opt/rustwide/cargo-home" "-e" "RUSTUP_HOME=/opt/rustwide/rustup-home" "-w" "/opt/rustwide/workdir" "-m" "1610612736" "--user" "0:0" "--network" "none" "ghcr.io/rust-lang/crates-build-env/linux@sha256:4a844ea9eb2546a2d2c7022eacef16ef2e8229c7fbb2c7d4d55a9ceca922f72d" "/opt/rustwide/cargo-home/bin/cargo" "+nightly-2024-10-28" "build" "--frozen" "--message-format=json", kill_on_drop: false }`
[INFO] [stdout] 975d55f9b9177108d3fde01bfbab6a1c860c187aefad117f7d4c5dfa119d6773
[INFO] running `Command { std: "docker" "start" "-a" "975d55f9b9177108d3fde01bfbab6a1c860c187aefad117f7d4c5dfa119d6773", kill_on_drop: false }`
[INFO] [stderr]    Compiling proc-macro2 v1.0.81
[INFO] [stderr]    Compiling unicode-ident v1.0.12
[INFO] [stderr]    Compiling serde v1.0.198
[INFO] [stderr]    Compiling cfg-if v1.0.0
[INFO] [stderr]    Compiling autocfg v1.2.0
[INFO] [stderr]    Compiling once_cell v1.19.0
[INFO] [stderr]    Compiling libc v0.2.153
[INFO] [stderr]    Compiling equivalent v1.0.1
[INFO] [stderr]    Compiling pin-project-lite v0.2.14
[INFO] [stderr]    Compiling version_check v0.9.4
[INFO] [stderr]    Compiling crossbeam-utils v0.8.19
[INFO] [stderr]    Compiling rustc-hash v1.1.0
[INFO] [stderr]    Compiling zerocopy v0.7.32
[INFO] [stderr]    Compiling parking v2.2.0
[INFO] [stderr]    Compiling allocator-api2 v0.2.18
[INFO] [stderr]    Compiling thiserror v1.0.58
[INFO] [stderr]    Compiling hashbrown v0.14.3
[INFO] [stderr]    Compiling winnow v0.5.40
[INFO] [stderr]    Compiling toml_datetime v0.6.5
[INFO] [stderr]    Compiling futures-core v0.3.30
[INFO] [stderr]    Compiling futures-io v0.3.30
[INFO] [stderr]    Compiling fastrand v2.0.2
[INFO] [stderr]    Compiling async-task v4.7.0
[INFO] [stderr]    Compiling fixedbitset v0.4.2
[INFO] [stderr]    Compiling tracing-core v0.1.32
[INFO] [stderr]    Compiling futures-lite v2.3.0
[INFO] [stderr]    Compiling web-time v0.2.4
[INFO] [stderr]    Compiling nonmax v0.5.5
[INFO] [stderr]    Compiling thread_local v1.1.8
[INFO] [stderr]    Compiling log v0.4.21
[INFO] [stderr]    Compiling ahash v0.8.11
[INFO] [stderr]    Compiling downcast-rs v1.2.1
[INFO] [stderr]    Compiling bevy_ptr v0.13.2
[INFO] [stderr]    Compiling slab v0.4.9
[INFO] [stderr]    Compiling smol_str v0.2.1
[INFO] [stderr]    Compiling num-traits v0.2.18
[INFO] [stderr]    Compiling memchr v2.7.2
[INFO] [stderr]    Compiling cfg_aliases v0.1.1
[INFO] [stderr]    Compiling regex-syntax v0.8.3
[INFO] [stderr]    Compiling regex-syntax v0.6.29
[INFO] [stderr]    Compiling lock_api v0.4.11
[INFO] [stderr]    Compiling parking_lot_core v0.9.9
[INFO] [stderr]    Compiling overload v0.1.1
[INFO] [stderr]    Compiling lazy_static v1.4.0
[INFO] [stderr]    Compiling nu-ansi-term v0.46.0
[INFO] [stderr]    Compiling concurrent-queue v2.4.0
[INFO] [stderr]    Compiling indexmap v2.2.6
[INFO] [stderr]    Compiling sharded-slab v0.1.7
[INFO] [stderr]    Compiling quote v1.0.36
[INFO] [stderr]    Compiling tracing-log v0.2.0
[INFO] [stderr]    Compiling event-listener v5.3.0
[INFO] [stderr]    Compiling async-executor v1.11.0
[INFO] [stderr]    Compiling syn v2.0.60
[INFO] [stderr]    Compiling getrandom v0.2.14
[INFO] [stderr]    Compiling aho-corasick v1.1.3
[INFO] [stderr]    Compiling termcolor v1.4.1
[INFO] [stderr]    Compiling scopeguard v1.2.0
[INFO] [stderr]    Compiling unicode-width v0.1.11
[INFO] [stderr]    Compiling bit-vec v0.6.3
[INFO] [stderr]    Compiling event-listener v4.0.3
[INFO] [stderr]    Compiling event-listener-strategy v0.5.1
[INFO] [stderr]    Compiling uuid v1.8.0
[INFO] [stderr]    Compiling tracing-log v0.1.4
[INFO] [stderr]    Compiling async-channel v2.2.1
[INFO] [stderr]    Compiling unicode-xid v0.2.4
[INFO] [stderr]    Compiling codespan-reporting v0.11.1
[INFO] [stderr]    Compiling bit-set v0.5.3
[INFO] [stderr]    Compiling arrayvec v0.7.4
[INFO] [stderr]    Compiling hexf-parse v0.2.1
[INFO] [stderr]    Compiling bevy_tasks v0.13.2
[INFO] [stderr]    Compiling khronos-egl v6.0.0
[INFO] [stderr]    Compiling ash v0.37.3+1.3.251
[INFO] [stderr]    Compiling event-listener-strategy v0.4.0
[INFO] [stderr]    Compiling wgpu-hal v0.19.4
[INFO] [stderr]    Compiling libloading v0.8.3
[INFO] [stderr]    Compiling libloading v0.7.4
[INFO] [stderr]    Compiling cc v1.0.95
[INFO] [stderr]    Compiling raw-window-handle v0.6.0
[INFO] [stderr]    Compiling atomic-waker v1.1.2
[INFO] [stderr]    Compiling async-lock v3.3.0
[INFO] [stderr]    Compiling piper v0.2.1
[INFO] [stderr]    Compiling crossbeam-channel v0.5.12
[INFO] [stderr]    Compiling wgpu-core v0.19.4
[INFO] [stderr]    Compiling renderdoc-sys v1.1.0
[INFO] [stderr]    Compiling glow v0.13.1
[INFO] [stderr]    Compiling profiling v1.0.15
[INFO] [stderr]    Compiling wgpu v0.19.4
[INFO] [stderr]    Compiling toml_edit v0.21.1
[INFO] [stderr]    Compiling base64 v0.21.7
[INFO] [stderr]    Compiling arrayref v0.3.7
[INFO] [stderr]    Compiling const_soft_float v0.1.4
[INFO] [stderr]    Compiling event-listener v2.5.3
[INFO] [stderr]    Compiling constant_time_eq v0.3.0
[INFO] [stderr]    Compiling accesskit v0.12.3
[INFO] [stderr]    Compiling const_panic v0.2.8
[INFO] [stderr]    Compiling byteorder v1.5.0
[INFO] [stderr]    Compiling async-broadcast v0.5.1
[INFO] [stderr]    Compiling data-encoding v2.5.0
[INFO] [stderr]    Compiling static_assertions v1.1.0
[INFO] [stderr]    Compiling constgebra v0.1.4
[INFO] [stderr]    Compiling regex-automata v0.4.6
[INFO] [stderr]    Compiling color_quant v1.1.0
[INFO] [stderr]    Compiling ttf-parser v0.20.0
[INFO] [stderr]    Compiling euclid v0.22.9
[INFO] [stderr]    Compiling ab_glyph_rasterizer v0.1.8
[INFO] [stderr]    Compiling radsort v0.1.0
[INFO] [stderr]    Compiling svg_fmt v0.4.2
[INFO] [stderr]    Compiling approx v0.5.1
[INFO] [stderr]    Compiling rectangle-pack v0.4.2
[INFO] [stderr]    Compiling xi-unicode v0.3.0
[INFO] [stderr]    Compiling sysinfo v0.30.11
[INFO] [stderr]    Compiling const-fnv1a-hash v1.1.0
[INFO] [stderr]    Compiling utf8_slice v1.0.0
[INFO] [stderr]    Compiling regex-automata v0.1.10
[INFO] [stderr]    Compiling guillotiere v0.6.2
[INFO] [stderr]    Compiling blake3 v1.5.1
[INFO] [stderr]    Compiling matchers v0.1.0
[INFO] [stderr]    Compiling owned_ttf_parser v0.20.0
[INFO] [stderr]    Compiling regex v1.10.4
[INFO] [stderr]    Compiling ab_glyph v0.2.25
[INFO] [stderr]    Compiling bevy_macro_utils v0.13.2
[INFO] [stderr]    Compiling encase_derive_impl v0.7.0
[INFO] [stderr]    Compiling glyph_brush_layout v0.2.3
[INFO] [stderr]    Compiling serde_derive v1.0.198
[INFO] [stderr]    Compiling thiserror-impl v1.0.58
[INFO] [stderr]    Compiling bytemuck_derive v1.6.0
[INFO] [stderr]    Compiling tracing-attributes v0.1.27
[INFO] [stderr]    Compiling bevy_utils_proc_macros v0.13.2
[INFO] [stderr]    Compiling bevy_reflect_derive v0.13.2
[INFO] [stderr]    Compiling bevy_ecs_macros v0.13.2
[INFO] [stderr]    Compiling bevy_derive v0.13.2
[INFO] [stderr]    Compiling bevy_asset_macros v0.13.2
[INFO] [stderr]    Compiling encase_derive v0.7.0
[INFO] [stderr]    Compiling bevy_render_macros v0.13.2
[INFO] [stderr]    Compiling bevy_encase_derive v0.13.2
[INFO] [stderr]    Compiling tracing v0.1.40
[INFO] [stderr]    Compiling blocking v1.5.1
[INFO] [stderr]    Compiling async-fs v2.1.1
[INFO] [stderr]    Compiling bytemuck v1.15.0
[INFO] [stderr]    Compiling image v0.24.9
[INFO] [stderr]    Compiling smallvec v1.13.2
[INFO] [stderr]    Compiling glam v0.25.0
[INFO] [stderr]    Compiling erased-serde v0.4.4
[INFO] [stderr]    Compiling bitflags v2.5.0
[INFO] [stderr]    Compiling spirv v0.3.0+sdk-1.3.268.0
[INFO] [stderr]    Compiling gpu-alloc-types v0.3.0
[INFO] [stderr]    Compiling gpu-descriptor-types v0.1.2
[INFO] [stderr]    Compiling wgpu-types v0.19.2
[INFO] [stderr]    Compiling ron v0.8.1
[INFO] [stderr]    Compiling tracing-subscriber v0.3.18
[INFO] [stderr]    Compiling parking_lot v0.12.1
[INFO] [stderr]    Compiling gpu-alloc v0.6.0
[INFO] [stderr]    Compiling gpu-descriptor v0.2.4
[INFO] [stderr]    Compiling petgraph v0.6.4
[INFO] [stderr]    Compiling naga v0.19.2
[INFO] [stderr]    Compiling bevy_utils v0.13.2
[INFO] [stderr]    Compiling bevy_math v0.13.2
[INFO] [stderr]    Compiling bevy_mikktspace v0.13.2
[INFO] [stderr]    Compiling hexasphere v10.0.0
[INFO] [stderr]    Compiling encase v0.7.0
[INFO] [stderr]    Compiling bevy_reflect v0.13.2
[INFO] [stderr]    Compiling naga_oil v0.13.0
[INFO] [stderr]    Compiling bevy_ecs v0.13.2
[INFO] [stderr]    Compiling bevy_app v0.13.2
[INFO] [stderr]    Compiling bevy_log v0.13.2
[INFO] [stderr]    Compiling bevy_core v0.13.2
[INFO] [stderr]    Compiling bevy_a11y v0.13.2
[INFO] [stderr]    Compiling bevy_time v0.13.2
[INFO] [stderr]    Compiling bevy_input v0.13.2
[INFO] [stderr]    Compiling bevy_asset v0.13.2
[INFO] [stderr]    Compiling bevy_hierarchy v0.13.2
[INFO] [stderr]    Compiling bevy_diagnostic v0.13.2
[INFO] [stderr]    Compiling bevy_transform v0.13.2
[INFO] [stderr]    Compiling bevy_window v0.13.2
[INFO] [stderr]    Compiling bevy_render v0.13.2
[INFO] [stderr]    Compiling bevy_core_pipeline v0.13.2
[INFO] [stderr]    Compiling bevy_sprite v0.13.2
[INFO] [stderr]    Compiling bevy_text v0.13.2
[INFO] [stderr]    Compiling bevy_internal v0.13.2
[INFO] [stderr]    Compiling bevy v0.13.2
[INFO] [stderr]    Compiling bevy_text_animation v0.1.14 (/opt/rustwide/workdir)
[INFO] [stdout] warning: unused import: `any::Any`
[INFO] [stdout]  --> src/lib.rs:1:11
[INFO] [stdout]   |
[INFO] [stdout] 1 | use std::{any::Any, time::Duration};
[INFO] [stdout]   |           ^^^^^^^^
[INFO] [stdout]   |
[INFO] [stdout]   = note: `#[warn(unused_imports)]` on by default
[INFO] [stdout] 
[INFO] [stdout] 
[INFO] [stdout] warning: unused import: `utils::tracing::event`
[INFO] [stdout]  --> src/lib.rs:3:24
[INFO] [stdout]   |
[INFO] [stdout] 3 | use bevy::{prelude::*, utils::tracing::event};
[INFO] [stdout]   |                        ^^^^^^^^^^^^^^^^^^^^^
[INFO] [stdout] 
[INFO] [stdout] 
[INFO] [stderr]     Finished `dev` profile [unoptimized + debuginfo] target(s) in 2m 41s
[INFO] running `Command { std: "docker" "inspect" "975d55f9b9177108d3fde01bfbab6a1c860c187aefad117f7d4c5dfa119d6773", kill_on_drop: false }`
[INFO] running `Command { std: "docker" "rm" "-f" "975d55f9b9177108d3fde01bfbab6a1c860c187aefad117f7d4c5dfa119d6773", kill_on_drop: false }`
[INFO] [stdout] 975d55f9b9177108d3fde01bfbab6a1c860c187aefad117f7d4c5dfa119d6773
[INFO] running `Command { std: "docker" "create" "-v" "/var/lib/crater-agent-workspace/builds/worker-3-tc2/target:/opt/rustwide/target:rw,Z" "-v" "/var/lib/crater-agent-workspace/builds/worker-3-tc2/source:/opt/rustwide/workdir:ro,Z" "-v" "/var/lib/crater-agent-workspace/cargo-home:/opt/rustwide/cargo-home:ro,Z" "-v" "/var/lib/crater-agent-workspace/rustup-home:/opt/rustwide/rustup-home:ro,Z" "-e" "SOURCE_DIR=/opt/rustwide/workdir" "-e" "CARGO_TARGET_DIR=/opt/rustwide/target" "-e" "CARGO_INCREMENTAL=0" "-e" "RUST_BACKTRACE=full" "-e" "RUSTFLAGS=--cap-lints=forbid -Zrandomize-layout" "-e" "RUSTDOCFLAGS=--cap-lints=forbid" "-e" "CARGO_HOME=/opt/rustwide/cargo-home" "-e" "RUSTUP_HOME=/opt/rustwide/rustup-home" "-w" "/opt/rustwide/workdir" "-m" "1610612736" "--user" "0:0" "--network" "none" "ghcr.io/rust-lang/crates-build-env/linux@sha256:4a844ea9eb2546a2d2c7022eacef16ef2e8229c7fbb2c7d4d55a9ceca922f72d" "/opt/rustwide/cargo-home/bin/cargo" "+nightly-2024-10-28" "test" "--frozen" "--no-run" "--message-format=json", kill_on_drop: false }`
[INFO] [stdout] 3445af4516c62feff1b9eef0e54b7cc986bbdb5963a801b336f5d9fd3d58d149
[INFO] running `Command { std: "docker" "start" "-a" "3445af4516c62feff1b9eef0e54b7cc986bbdb5963a801b336f5d9fd3d58d149", kill_on_drop: false }`
[INFO] [stderr]    Compiling bitflags v2.5.0
[INFO] [stderr]    Compiling rustix v0.38.32
[INFO] [stderr]    Compiling linux-raw-sys v0.4.13
[INFO] [stderr]    Compiling winit v0.29.15
[INFO] [stderr]    Compiling dlib v0.5.2
[INFO] [stderr]    Compiling slotmap v1.0.7
[INFO] [stderr]    Compiling xkeysym v0.2.0
[INFO] [stderr]    Compiling cursor-icon v1.1.0
[INFO] [stderr]    Compiling grid v0.10.0
[INFO] [stderr]    Compiling spirv v0.3.0+sdk-1.3.268.0
[INFO] [stderr]    Compiling gpu-descriptor-types v0.1.2
[INFO] [stderr]    Compiling gpu-alloc-types v0.3.0
[INFO] [stderr]    Compiling wgpu-types v0.19.2
[INFO] [stderr]    Compiling ron v0.8.1
[INFO] [stderr]    Compiling gpu-descriptor v0.2.4
[INFO] [stderr]    Compiling gpu-alloc v0.6.0
[INFO] [stderr]    Compiling taffy v0.3.19
[INFO] [stderr]    Compiling xkbcommon-dl v0.4.2
[INFO] [stderr]    Compiling bevy_asset v0.13.2
[INFO] [stderr]    Compiling naga v0.19.2
[INFO] [stderr]    Compiling polling v3.6.0
[INFO] [stderr]    Compiling calloop v0.12.4
[INFO] [stdout] error: The platform you're compiling for is not supported by winit
[INFO] [stdout]   --> /opt/rustwide/cargo-home/registry/src/index.crates.io-6f17d22bba15001f/winit-0.29.15/src/platform_impl/mod.rs:67:1
[INFO] [stdout]    |
[INFO] [stdout] 67 | compile_error!("The platform you're compiling for is not supported by winit");
[INFO] [stdout]    | ^^^^^^^^^^^^^^^^^^^^^^^^^^^^^^^^^^^^^^^^^^^^^^^^^^^^^^^^^^^^^^^^^^^^^^^^^^^^^
[INFO] [stdout] 
[INFO] [stdout] 
[INFO] [stdout] error[E0432]: unresolved import `self::platform`
[INFO] [stdout]   --> /opt/rustwide/cargo-home/registry/src/index.crates.io-6f17d22bba15001f/winit-0.29.15/src/platform_impl/mod.rs:26:15
[INFO] [stdout]    |
[INFO] [stdout] 26 | pub use self::platform::*;
[INFO] [stdout]    |               ^^^^^^^^ could not find `platform` in `self`
[INFO] [stdout] 
[INFO] [stdout] 
[INFO] [stdout] error[E0432]: unresolved import `crate::platform_impl::PlatformIcon`
[INFO] [stdout]  --> /opt/rustwide/cargo-home/registry/src/index.crates.io-6f17d22bba15001f/winit-0.29.15/src/icon.rs:1:5
[INFO] [stdout]   |
[INFO] [stdout] 1 | use crate::platform_impl::PlatformIcon;
[INFO] [stdout]   |     ^^^^^^^^^^^^^^^^^^^^^^^^^^^^^^^^^^ no `PlatformIcon` in `platform_impl`
[INFO] [stdout] 
[INFO] [stdout] 
[INFO] [stdout] error[E0369]: binary operation `==` cannot be applied to type `&std::option::Option<MonitorHandle>`
[INFO] [stdout]     --> /opt/rustwide/cargo-home/registry/src/index.crates.io-6f17d22bba15001f/winit-0.29.15/src/window.rs:1641:16
[INFO] [stdout]      |
[INFO] [stdout] 1636 | #[derive(Clone, Debug, PartialEq, Eq)]
[INFO] [stdout]      |                        --------- in this derive macro expansion
[INFO] [stdout] ...
[INFO] [stdout] 1641 |     Borderless(Option<MonitorHandle>),
[INFO] [stdout]      |                ^^^^^^^^^^^^^^^^^^^^^
[INFO] [stdout]      |
[INFO] [stdout]      = note: this error originates in the derive macro `PartialEq` (in Nightly builds, run with -Z macro-backtrace for more info)
[INFO] [stdout] 
[INFO] [stdout] 
[INFO] [stdout] Some errors have detailed explanations: E0369, E0432.
[INFO] [stdout] 
[INFO] [stdout] For more information about an error, try `rustc --explain E0369`.
[INFO] [stdout] 
[INFO] [stderr] error: could not compile `winit` (lib) due to 4 previous errors
[INFO] [stderr] warning: build failed, waiting for other jobs to finish...
[INFO] running `Command { std: "docker" "inspect" "3445af4516c62feff1b9eef0e54b7cc986bbdb5963a801b336f5d9fd3d58d149", kill_on_drop: false }`
[INFO] running `Command { std: "docker" "rm" "-f" "3445af4516c62feff1b9eef0e54b7cc986bbdb5963a801b336f5d9fd3d58d149", kill_on_drop: false }`
[INFO] [stdout] 3445af4516c62feff1b9eef0e54b7cc986bbdb5963a801b336f5d9fd3d58d149
