[INFO] fetching crate bevy_talks_macros 0.1.0...
[INFO] testing bevy_talks_macros-0.1.0 against nightly-2024-10-28 for randomize-layout
[INFO] extracting crate bevy_talks_macros 0.1.0 into /workspace/builds/worker-7-tc1/source
[INFO] validating manifest of crates.io crate bevy_talks_macros 0.1.0 on toolchain nightly-2024-10-28
[INFO] running `Command { std: CARGO_HOME="/workspace/cargo-home" RUSTUP_HOME="/workspace/rustup-home" "/workspace/cargo-home/bin/cargo" "+nightly-2024-10-28" "metadata" "--manifest-path" "Cargo.toml" "--no-deps", kill_on_drop: false }`
[INFO] started tweaking crates.io crate bevy_talks_macros 0.1.0
[INFO] finished tweaking crates.io crate bevy_talks_macros 0.1.0
[INFO] tweaked toml for crates.io crate bevy_talks_macros 0.1.0 written to /workspace/builds/worker-7-tc1/source/Cargo.toml
[INFO] running `Command { std: CARGO_HOME="/workspace/cargo-home" RUSTUP_HOME="/workspace/rustup-home" "/workspace/cargo-home/bin/cargo" "+nightly-2024-10-28" "generate-lockfile" "--manifest-path" "Cargo.toml", kill_on_drop: false }`
[INFO] [stderr]     Updating crates.io index
[INFO] [stderr]      Locking 122 packages to latest compatible versions
[INFO] [stderr]       Adding bevy v0.12.1 (available: v0.14.2)
[INFO] running `Command { std: CARGO_HOME="/workspace/cargo-home" RUSTUP_HOME="/workspace/rustup-home" "/workspace/cargo-home/bin/cargo" "+nightly-2024-10-28" "fetch" "--manifest-path" "Cargo.toml", kill_on_drop: false }`
[INFO] [stderr]  Downloading crates ...
[INFO] [stderr]   Downloaded bevy_internal v0.12.1
[INFO] [stderr]   Downloaded bevy_window v0.12.1
[INFO] [stderr]   Downloaded bevy_utils_proc_macros v0.12.1
[INFO] [stderr]   Downloaded bevy_macro_utils v0.12.1
[INFO] [stderr]   Downloaded bevy_diagnostic v0.12.1
[INFO] [stderr]   Downloaded bevy_core v0.12.1
[INFO] [stderr]   Downloaded bevy_time v0.12.1
[INFO] [stderr]   Downloaded bevy_transform v0.12.1
[INFO] [stderr]   Downloaded bevy_app v0.12.1
[INFO] [stderr]   Downloaded bevy_input v0.12.1
[INFO] [stderr]   Downloaded bevy_reflect v0.12.1
[INFO] [stderr]   Downloaded toml_edit v0.20.7
[INFO] [stderr]   Downloaded bevy_reflect_derive v0.12.1
[INFO] [stderr]   Downloaded bevy_tasks v0.12.1
[INFO] [stderr]   Downloaded bevy_log v0.12.1
[INFO] [stderr]   Downloaded bevy_hierarchy v0.12.1
[INFO] [stderr]   Downloaded bevy_a11y v0.12.1
[INFO] [stderr]   Downloaded bevy_derive v0.12.1
[INFO] [stderr]   Downloaded bevy v0.12.1
[INFO] [stderr]   Downloaded bevy_ecs_macros v0.12.1
[INFO] [stderr]   Downloaded bevy_math v0.12.1
[INFO] [stderr]   Downloaded bevy_ptr v0.12.1
[INFO] [stderr]   Downloaded bevy_ecs v0.12.1
[INFO] [stderr]   Downloaded bevy_utils v0.12.1
[INFO] running `Command { std: "docker" "create" "-v" "/var/lib/crater-agent-workspace/builds/worker-7-tc1/target:/opt/rustwide/target:rw,Z" "-v" "/var/lib/crater-agent-workspace/builds/worker-7-tc1/source:/opt/rustwide/workdir:ro,Z" "-v" "/var/lib/crater-agent-workspace/cargo-home:/opt/rustwide/cargo-home:ro,Z" "-v" "/var/lib/crater-agent-workspace/rustup-home:/opt/rustwide/rustup-home:ro,Z" "-e" "SOURCE_DIR=/opt/rustwide/workdir" "-e" "CARGO_TARGET_DIR=/opt/rustwide/target" "-e" "CARGO_HOME=/opt/rustwide/cargo-home" "-e" "RUSTUP_HOME=/opt/rustwide/rustup-home" "-w" "/opt/rustwide/workdir" "-m" "1610612736" "--user" "0:0" "--network" "none" "ghcr.io/rust-lang/crates-build-env/linux@sha256:4a844ea9eb2546a2d2c7022eacef16ef2e8229c7fbb2c7d4d55a9ceca922f72d" "/opt/rustwide/cargo-home/bin/cargo" "+nightly-2024-10-28" "metadata" "--no-deps" "--format-version=1", kill_on_drop: false }`
[INFO] [stdout] b99efa72df86f39d87261c720137551affe4f1e1aa91867180f9316b8ff657e5
[INFO] running `Command { std: "docker" "start" "-a" "b99efa72df86f39d87261c720137551affe4f1e1aa91867180f9316b8ff657e5", kill_on_drop: false }`
[INFO] running `Command { std: "docker" "inspect" "b99efa72df86f39d87261c720137551affe4f1e1aa91867180f9316b8ff657e5", kill_on_drop: false }`
[INFO] running `Command { std: "docker" "rm" "-f" "b99efa72df86f39d87261c720137551affe4f1e1aa91867180f9316b8ff657e5", kill_on_drop: false }`
[INFO] [stdout] b99efa72df86f39d87261c720137551affe4f1e1aa91867180f9316b8ff657e5
[INFO] running `Command { std: "docker" "create" "-v" "/var/lib/crater-agent-workspace/builds/worker-7-tc1/target:/opt/rustwide/target:rw,Z" "-v" "/var/lib/crater-agent-workspace/builds/worker-7-tc1/source:/opt/rustwide/workdir:ro,Z" "-v" "/var/lib/crater-agent-workspace/cargo-home:/opt/rustwide/cargo-home:ro,Z" "-v" "/var/lib/crater-agent-workspace/rustup-home:/opt/rustwide/rustup-home:ro,Z" "-e" "SOURCE_DIR=/opt/rustwide/workdir" "-e" "CARGO_TARGET_DIR=/opt/rustwide/target" "-e" "CARGO_INCREMENTAL=0" "-e" "RUST_BACKTRACE=full" "-e" "RUSTFLAGS=--cap-lints=forbid" "-e" "RUSTDOCFLAGS=--cap-lints=forbid" "-e" "CARGO_HOME=/opt/rustwide/cargo-home" "-e" "RUSTUP_HOME=/opt/rustwide/rustup-home" "-w" "/opt/rustwide/workdir" "-m" "1610612736" "--user" "0:0" "--network" "none" "ghcr.io/rust-lang/crates-build-env/linux@sha256:4a844ea9eb2546a2d2c7022eacef16ef2e8229c7fbb2c7d4d55a9ceca922f72d" "/opt/rustwide/cargo-home/bin/cargo" "+nightly-2024-10-28" "build" "--frozen" "--message-format=json", kill_on_drop: false }`
[INFO] [stdout] dd8157f23e7df2fa9a5023ed2b65a3dbcd7188c31cf9ba5b09f1c6df76f33f61
[INFO] running `Command { std: "docker" "start" "-a" "dd8157f23e7df2fa9a5023ed2b65a3dbcd7188c31cf9ba5b09f1c6df76f33f61", kill_on_drop: false }`
[INFO] [stderr]    Compiling equivalent v1.0.1
[INFO] [stderr]    Compiling hashbrown v0.15.0
[INFO] [stderr]    Compiling winnow v0.6.20
[INFO] [stderr]    Compiling toml_datetime v0.6.8
[INFO] [stderr]    Compiling indexmap v2.6.0
[INFO] [stderr]    Compiling toml_edit v0.22.22
[INFO] [stderr]    Compiling proc-macro-crate v3.2.0
[INFO] [stderr]    Compiling bevy_talks_macros v0.1.0 (/opt/rustwide/workdir)
[INFO] [stderr]     Finished `dev` profile [unoptimized + debuginfo] target(s) in 7.84s
[INFO] running `Command { std: "docker" "inspect" "dd8157f23e7df2fa9a5023ed2b65a3dbcd7188c31cf9ba5b09f1c6df76f33f61", kill_on_drop: false }`
[INFO] running `Command { std: "docker" "rm" "-f" "dd8157f23e7df2fa9a5023ed2b65a3dbcd7188c31cf9ba5b09f1c6df76f33f61", kill_on_drop: false }`
[INFO] [stdout] dd8157f23e7df2fa9a5023ed2b65a3dbcd7188c31cf9ba5b09f1c6df76f33f61
[INFO] running `Command { std: "docker" "create" "-v" "/var/lib/crater-agent-workspace/builds/worker-7-tc1/target:/opt/rustwide/target:rw,Z" "-v" "/var/lib/crater-agent-workspace/builds/worker-7-tc1/source:/opt/rustwide/workdir:ro,Z" "-v" "/var/lib/crater-agent-workspace/cargo-home:/opt/rustwide/cargo-home:ro,Z" "-v" "/var/lib/crater-agent-workspace/rustup-home:/opt/rustwide/rustup-home:ro,Z" "-e" "SOURCE_DIR=/opt/rustwide/workdir" "-e" "CARGO_TARGET_DIR=/opt/rustwide/target" "-e" "CARGO_INCREMENTAL=0" "-e" "RUST_BACKTRACE=full" "-e" "RUSTFLAGS=--cap-lints=forbid" "-e" "RUSTDOCFLAGS=--cap-lints=forbid" "-e" "CARGO_HOME=/opt/rustwide/cargo-home" "-e" "RUSTUP_HOME=/opt/rustwide/rustup-home" "-w" "/opt/rustwide/workdir" "-m" "1610612736" "--user" "0:0" "--network" "none" "ghcr.io/rust-lang/crates-build-env/linux@sha256:4a844ea9eb2546a2d2c7022eacef16ef2e8229c7fbb2c7d4d55a9ceca922f72d" "/opt/rustwide/cargo-home/bin/cargo" "+nightly-2024-10-28" "test" "--frozen" "--no-run" "--message-format=json", kill_on_drop: false }`
[INFO] [stdout] a76d8f90bff17cdfdbf12ac6d3fd26263eaa7685521358dbcf4557c82a150513
[INFO] running `Command { std: "docker" "start" "-a" "a76d8f90bff17cdfdbf12ac6d3fd26263eaa7685521358dbcf4557c82a150513", kill_on_drop: false }`
[INFO] [stderr]    Compiling syn v2.0.86
[INFO] [stderr]    Compiling serde v1.0.214
[INFO] [stderr]    Compiling cfg-if v1.0.0
[INFO] [stderr]    Compiling once_cell v1.20.2
[INFO] [stderr]    Compiling libc v0.2.161
[INFO] [stderr]    Compiling pin-project-lite v0.2.15
[INFO] [stderr]    Compiling crossbeam-utils v0.8.20
[INFO] [stderr]    Compiling winnow v0.5.40
[INFO] [stderr]    Compiling version_check v0.9.5
[INFO] [stderr]    Compiling autocfg v1.4.0
[INFO] [stderr]    Compiling rustc-hash v1.1.0
[INFO] [stderr]    Compiling tracing-core v0.1.32
[INFO] [stderr]    Compiling futures-core v0.3.31
[INFO] [stderr]    Compiling ahash v0.8.11
[INFO] [stderr]    Compiling zerocopy v0.7.35
[INFO] [stderr]    Compiling thiserror v1.0.66
[INFO] [stderr]    Compiling slab v0.4.9
[INFO] [stderr]    Compiling tracing v0.1.40
[INFO] [stderr]    Compiling concurrent-queue v2.5.0
[INFO] [stderr]    Compiling allocator-api2 v0.2.18
[INFO] [stderr]    Compiling bytemuck v1.19.0
[INFO] [stderr]    Compiling fixedbitset v0.4.2
[INFO] [stderr]    Compiling futures-lite v2.4.0
[INFO] [stderr]    Compiling instant v0.1.13
[INFO] [stderr]    Compiling petgraph v0.6.5
[INFO] [stderr]    Compiling memchr v2.7.4
[INFO] [stderr]    Compiling nonmax v0.5.5
[INFO] [stderr]    Compiling waker-fn v1.2.0
[INFO] [stderr]    Compiling fastrand v1.9.0
[INFO] [stderr]    Compiling fastrand v2.1.1
[INFO] [stderr]    Compiling getrandom v0.2.15
[INFO] [stderr]    Compiling futures-io v0.3.31
[INFO] [stderr]    Compiling event-listener v2.5.3
[INFO] [stderr]    Compiling parking v2.2.1
[INFO] [stderr]    Compiling async-task v4.7.1
[INFO] [stderr]    Compiling futures-lite v1.13.0
[INFO] [stderr]    Compiling async-channel v1.9.0
[INFO] [stderr]    Compiling thread_local v1.1.8
[INFO] [stderr]    Compiling smol_str v0.2.2
[INFO] [stderr]    Compiling downcast-rs v1.2.1
[INFO] [stderr]    Compiling async-executor v1.13.1
[INFO] [stderr]    Compiling bevy_ptr v0.12.1
[INFO] [stderr]    Compiling log v0.4.22
[INFO] [stderr]    Compiling regex-syntax v0.8.5
[INFO] [stderr]    Compiling regex-syntax v0.6.29
[INFO] [stderr]    Compiling overload v0.1.1
[INFO] [stderr]    Compiling lazy_static v1.5.0
[INFO] [stderr]    Compiling sharded-slab v0.1.7
[INFO] [stderr]    Compiling nu-ansi-term v0.46.0
[INFO] [stderr]    Compiling toml_edit v0.20.7
[INFO] [stderr]    Compiling tracing-log v0.2.0
[INFO] [stderr]    Compiling bevy_tasks v0.12.1
[INFO] [stderr]    Compiling tracing-log v0.1.4
[INFO] [stderr]    Compiling crossbeam-channel v0.5.13
[INFO] [stderr]    Compiling accesskit v0.12.3
[INFO] [stderr]    Compiling sysinfo v0.29.11
[INFO] [stderr]    Compiling raw-window-handle v0.5.2
[INFO] [stderr]    Compiling regex-automata v0.4.8
[INFO] [stderr]    Compiling regex-automata v0.1.10
[INFO] [stderr]    Compiling serde_derive v1.0.214
[INFO] [stderr]    Compiling thiserror-impl v1.0.66
[INFO] [stderr]    Compiling bevy_utils_proc_macros v0.12.1
[INFO] [stderr]    Compiling bevy_talks_macros v0.1.0 (/opt/rustwide/workdir)
[INFO] [stderr]    Compiling bevy_macro_utils v0.12.1
[INFO] [stderr]    Compiling matchers v0.1.0
[INFO] [stderr]    Compiling regex v1.11.1
[INFO] [stderr]    Compiling bevy_ecs_macros v0.12.1
[INFO] [stderr]    Compiling bevy_derive v0.12.1
[INFO] [stderr]    Compiling uuid v1.11.0
[INFO] [stderr]    Compiling hashbrown v0.14.5
[INFO] [stderr]    Compiling glam v0.24.2
[INFO] [stderr]    Compiling smallvec v1.13.2
[INFO] [stderr]    Compiling erased-serde v0.3.31
[INFO] [stderr]    Compiling tracing-subscriber v0.3.18
[INFO] [stderr]    Compiling bevy_reflect_derive v0.12.1
[INFO] [stderr]    Compiling bevy_utils v0.12.1
[INFO] [stderr]    Compiling bevy_math v0.12.1
[INFO] [stderr]    Compiling bevy_reflect v0.12.1
[INFO] [stderr]    Compiling bevy_ecs v0.12.1
[INFO] [stderr]    Compiling bevy_app v0.12.1
[INFO] [stderr]    Compiling bevy_log v0.12.1
[INFO] [stderr]    Compiling bevy_core v0.12.1
[INFO] [stderr]    Compiling bevy_a11y v0.12.1
[INFO] [stderr]    Compiling bevy_time v0.12.1
[INFO] [stderr]    Compiling bevy_input v0.12.1
[INFO] [stderr]    Compiling bevy_hierarchy v0.12.1
[INFO] [stderr]    Compiling bevy_diagnostic v0.12.1
[INFO] [stderr]    Compiling bevy_transform v0.12.1
[INFO] [stderr]    Compiling bevy_window v0.12.1
[INFO] [stderr]    Compiling bevy_internal v0.12.1
[INFO] [stderr]    Compiling bevy v0.12.1
[INFO] [stdout] error[E0433]: failed to resolve: use of undeclared crate or module `bevy_talks`
[INFO] [stdout]   --> src/lib.rs:71:9
[INFO] [stdout]    |
[INFO] [stdout] 71 |     use bevy_talks::prelude::*;
[INFO] [stdout]    |         ^^^^^^^^^^ use of undeclared crate or module `bevy_talks`
[INFO] [stdout] 
[INFO] [stdout] 
[INFO] [stdout] error: cannot find derive macro `NodeEventEmitter` in this scope
[INFO] [stdout]   --> src/lib.rs:73:14
[INFO] [stdout]    |
[INFO] [stdout] 73 |     #[derive(NodeEventEmitter, Component)]
[INFO] [stdout]    |              ^^^^^^^^^^^^^^^^
[INFO] [stdout]    |
[INFO] [stdout] help: consider importing this derive macro
[INFO] [stdout]    |
[INFO] [stdout] 70 +     use crate::NodeEventEmitter;
[INFO] [stdout]    |
[INFO] [stdout] 
[INFO] [stdout] 
[INFO] [stdout] error: cannot find derive macro `NodeEventEmitter` in this scope
[INFO] [stdout]   --> src/lib.rs:76:14
[INFO] [stdout]    |
[INFO] [stdout] 76 |     #[derive(NodeEventEmitter, Component)]
[INFO] [stdout]    |              ^^^^^^^^^^^^^^^^
[INFO] [stdout]    |
[INFO] [stdout] help: consider importing this derive macro
[INFO] [stdout]    |
[INFO] [stdout] 70 +     use crate::NodeEventEmitter;
[INFO] [stdout]    |
[INFO] [stdout] 
[INFO] [stdout] 
[INFO] [stdout] error[E0412]: cannot find type `TestEmptyEvent` in this scope
[INFO] [stdout]   --> src/lib.rs:86:34
[INFO] [stdout]    |
[INFO] [stdout] 86 |         assert!(boxed_event.is::<TestEmptyEvent>());
[INFO] [stdout]    |                                  ^^^^^^^^^^^^^^ not found in this scope
[INFO] [stdout]    |
[INFO] [stdout] help: you might be missing a type parameter
[INFO] [stdout]    |
[INFO] [stdout] 83 |     fn test_empty_struct<TestEmptyEvent>() {
[INFO] [stdout]    |                         ++++++++++++++++
[INFO] [stdout] 
[INFO] [stdout] 
[INFO] [stdout] error[E0412]: cannot find type `TestNamedEvent` in this scope
[INFO] [stdout]   --> src/lib.rs:96:34
[INFO] [stdout]    |
[INFO] [stdout] 96 |         assert!(boxed_event.is::<TestNamedEvent>());
[INFO] [stdout]    |                                  ^^^^^^^^^^^^^^ not found in this scope
[INFO] [stdout]    |
[INFO] [stdout] help: you might be missing a type parameter
[INFO] [stdout]    |
[INFO] [stdout] 90 |     fn test_named_struct<TestNamedEvent>() {
[INFO] [stdout]    |                         ++++++++++++++++
[INFO] [stdout] 
[INFO] [stdout] 
[INFO] [stdout] error[E0412]: cannot find type `TestNamedEvent` in this scope
[INFO] [stdout]   --> src/lib.rs:97:48
[INFO] [stdout]    |
[INFO] [stdout] 97 |         let event = boxed_event.downcast_ref::<TestNamedEvent>().unwrap();
[INFO] [stdout]    |                                                ^^^^^^^^^^^^^^ not found in this scope
[INFO] [stdout]    |
[INFO] [stdout] help: you might be missing a type parameter
[INFO] [stdout]    |
[INFO] [stdout] 90 |     fn test_named_struct<TestNamedEvent>() {
[INFO] [stdout]    |                         ++++++++++++++++
[INFO] [stdout] 
[INFO] [stdout] 
[INFO] [stdout] error[E0412]: cannot find type `TestNamedEvent` in this scope
[INFO] [stdout]    --> src/lib.rs:110:34
[INFO] [stdout]     |
[INFO] [stdout] 110 |         assert!(boxed_event.is::<TestNamedEvent>());
[INFO] [stdout]     |                                  ^^^^^^^^^^^^^^ not found in this scope
[INFO] [stdout]     |
[INFO] [stdout] help: you might be missing a type parameter
[INFO] [stdout]     |
[INFO] [stdout] 103 |     fn test_named_has_actors<TestNamedEvent>() {
[INFO] [stdout]     |                             ++++++++++++++++
[INFO] [stdout] 
[INFO] [stdout] 
[INFO] [stdout] error[E0412]: cannot find type `TestNamedEvent` in this scope
[INFO] [stdout]    --> src/lib.rs:111:48
[INFO] [stdout]     |
[INFO] [stdout] 111 |         let event = boxed_event.downcast_ref::<TestNamedEvent>().unwrap();
[INFO] [stdout]     |                                                ^^^^^^^^^^^^^^ not found in this scope
[INFO] [stdout]     |
[INFO] [stdout] help: you might be missing a type parameter
[INFO] [stdout]     |
[INFO] [stdout] 103 |     fn test_named_has_actors<TestNamedEvent>() {
[INFO] [stdout]     |                             ++++++++++++++++
[INFO] [stdout] 
[INFO] [stdout] 
[INFO] [stdout] error[E0599]: no method named `make` found for struct `TestEmpty` in the current scope
[INFO] [stdout]   --> src/lib.rs:85:33
[INFO] [stdout]    |
[INFO] [stdout] 74 |     struct TestEmpty;
[INFO] [stdout]    |     ---------------- method `make` not found for this struct
[INFO] [stdout] ...
[INFO] [stdout] 85 |         let boxed_event = empty.make(&[]);
[INFO] [stdout]    |                                 ^^^^ method not found in `TestEmpty`
[INFO] [stdout] 
[INFO] [stdout] 
[INFO] [stdout] error[E0599]: no method named `make` found for struct `TestNamed` in the current scope
[INFO] [stdout]   --> src/lib.rs:95:33
[INFO] [stdout]    |
[INFO] [stdout] 77 |     struct TestNamed {
[INFO] [stdout]    |     ---------------- method `make` not found for this struct
[INFO] [stdout] ...
[INFO] [stdout] 95 |         let boxed_event = named.make(&[]);
[INFO] [stdout]    |                                 ^^^^ method not found in `TestNamed`
[INFO] [stdout] 
[INFO] [stdout] 
[INFO] [stdout] error[E0599]: no method named `make` found for struct `TestNamed` in the current scope
[INFO] [stdout]    --> src/lib.rs:109:33
[INFO] [stdout]     |
[INFO] [stdout] 77  |     struct TestNamed {
[INFO] [stdout]     |     ---------------- method `make` not found for this struct
[INFO] [stdout] ...
[INFO] [stdout] 109 |         let boxed_event = named.make(&[Actor::new("actor", "Actor")]);
[INFO] [stdout]     |                                 ^^^^ method not found in `TestNamed`
[INFO] [stdout] 
[INFO] [stdout] 
[INFO] [stdout] error[E0433]: failed to resolve: use of undeclared type `Actor`
[INFO] [stdout]    --> src/lib.rs:109:40
[INFO] [stdout]     |
[INFO] [stdout] 109 |         let boxed_event = named.make(&[Actor::new("actor", "Actor")]);
[INFO] [stdout]     |                                        ^^^^^ use of undeclared type `Actor`
[INFO] [stdout] 
[INFO] [stdout] 
[INFO] [stdout] Some errors have detailed explanations: E0412, E0433, E0599.
[INFO] [stdout] 
[INFO] [stdout] For more information about an error, try `rustc --explain E0412`.
[INFO] [stdout] 
[INFO] [stderr] error: could not compile `bevy_talks_macros` (lib test) due to 12 previous errors
[INFO] running `Command { std: "docker" "inspect" "a76d8f90bff17cdfdbf12ac6d3fd26263eaa7685521358dbcf4557c82a150513", kill_on_drop: false }`
[INFO] running `Command { std: "docker" "rm" "-f" "a76d8f90bff17cdfdbf12ac6d3fd26263eaa7685521358dbcf4557c82a150513", kill_on_drop: false }`
[INFO] [stdout] a76d8f90bff17cdfdbf12ac6d3fd26263eaa7685521358dbcf4557c82a150513
