[INFO] fetching crate bevy_scriptum 0.6.0...
[INFO] testing bevy_scriptum-0.6.0 against nightly-2024-10-28 for randomize-layout
[INFO] extracting crate bevy_scriptum 0.6.0 into /workspace/builds/worker-4-tc1/source
[INFO] validating manifest of crates.io crate bevy_scriptum 0.6.0 on toolchain nightly-2024-10-28
[INFO] running `Command { std: CARGO_HOME="/workspace/cargo-home" RUSTUP_HOME="/workspace/rustup-home" "/workspace/cargo-home/bin/cargo" "+nightly-2024-10-28" "metadata" "--manifest-path" "Cargo.toml" "--no-deps", kill_on_drop: false }`
[INFO] started tweaking crates.io crate bevy_scriptum 0.6.0
[INFO] removed 0 missing examples
[INFO] finished tweaking crates.io crate bevy_scriptum 0.6.0
[INFO] tweaked toml for crates.io crate bevy_scriptum 0.6.0 written to /workspace/builds/worker-4-tc1/source/Cargo.toml
[INFO] crate crates.io crate bevy_scriptum 0.6.0 already has a lockfile, it will not be regenerated
[INFO] running `Command { std: CARGO_HOME="/workspace/cargo-home" RUSTUP_HOME="/workspace/rustup-home" "/workspace/cargo-home/bin/cargo" "+nightly-2024-10-28" "fetch" "--manifest-path" "Cargo.toml", kill_on_drop: false }`
[INFO] [stderr]     Updating crates.io index
[INFO] [stderr]  Downloading crates ...
[INFO] [stderr]   Downloaded proc-macro2 v1.0.79
[INFO] [stderr]   Downloaded syn v2.0.58
[INFO] [stderr]   Downloaded mlua v0.9.8
[INFO] [stderr]   Downloaded which v6.0.1
[INFO] [stderr]   Downloaded mlua-sys v0.6.0
[INFO] [stderr]   Downloaded rhai_codegen v1.5.0
[INFO] [stderr]   Downloaded regex-syntax v0.7.2
[INFO] [stderr]   Downloaded async-task v4.4.0
[INFO] [stderr]   Downloaded event-listener v5.2.0
[INFO] [stderr]   Downloaded winnow v0.4.6
[INFO] [stderr]   Downloaded toml_edit v0.19.10
[INFO] [stderr]   Downloaded lua-src v546.0.2
[INFO] [stderr]   Downloaded android_log-sys v0.3.0
[INFO] [stderr]   Downloaded erased-serde v0.4.4
[INFO] [stderr]   Downloaded uuid v1.3.4
[INFO] [stderr]   Downloaded allocator-api2 v0.2.15
[INFO] [stderr]   Downloaded winsafe v0.0.19
[INFO] [stderr]   Downloaded paste v1.0.12
[INFO] [stderr]   Downloaded polling v3.6.0
[INFO] [stderr]   Downloaded indexmap v2.0.1
[INFO] [stderr]   Downloaded luajit-src v210.5.8+5790d25
[INFO] [stderr]   Downloaded rhai v1.14.0
[INFO] running `Command { std: "docker" "create" "-v" "/var/lib/crater-agent-workspace/builds/worker-4-tc1/target:/opt/rustwide/target:rw,Z" "-v" "/var/lib/crater-agent-workspace/builds/worker-4-tc1/source:/opt/rustwide/workdir:ro,Z" "-v" "/var/lib/crater-agent-workspace/cargo-home:/opt/rustwide/cargo-home:ro,Z" "-v" "/var/lib/crater-agent-workspace/rustup-home:/opt/rustwide/rustup-home:ro,Z" "-e" "SOURCE_DIR=/opt/rustwide/workdir" "-e" "CARGO_TARGET_DIR=/opt/rustwide/target" "-e" "CARGO_HOME=/opt/rustwide/cargo-home" "-e" "RUSTUP_HOME=/opt/rustwide/rustup-home" "-w" "/opt/rustwide/workdir" "-m" "1610612736" "--user" "0:0" "--network" "none" "ghcr.io/rust-lang/crates-build-env/linux@sha256:4a844ea9eb2546a2d2c7022eacef16ef2e8229c7fbb2c7d4d55a9ceca922f72d" "/opt/rustwide/cargo-home/bin/cargo" "+nightly-2024-10-28" "metadata" "--no-deps" "--format-version=1", kill_on_drop: false }`
[INFO] [stdout] aed6d83a60991d487d73a864f5d79fb2de389fb1c860f92c6a3c57a0c899006a
[INFO] running `Command { std: "docker" "start" "-a" "aed6d83a60991d487d73a864f5d79fb2de389fb1c860f92c6a3c57a0c899006a", kill_on_drop: false }`
[INFO] running `Command { std: "docker" "inspect" "aed6d83a60991d487d73a864f5d79fb2de389fb1c860f92c6a3c57a0c899006a", kill_on_drop: false }`
[INFO] running `Command { std: "docker" "rm" "-f" "aed6d83a60991d487d73a864f5d79fb2de389fb1c860f92c6a3c57a0c899006a", kill_on_drop: false }`
[INFO] [stdout] aed6d83a60991d487d73a864f5d79fb2de389fb1c860f92c6a3c57a0c899006a
[INFO] running `Command { std: "docker" "create" "-v" "/var/lib/crater-agent-workspace/builds/worker-4-tc1/target:/opt/rustwide/target:rw,Z" "-v" "/var/lib/crater-agent-workspace/builds/worker-4-tc1/source:/opt/rustwide/workdir:ro,Z" "-v" "/var/lib/crater-agent-workspace/cargo-home:/opt/rustwide/cargo-home:ro,Z" "-v" "/var/lib/crater-agent-workspace/rustup-home:/opt/rustwide/rustup-home:ro,Z" "-e" "SOURCE_DIR=/opt/rustwide/workdir" "-e" "CARGO_TARGET_DIR=/opt/rustwide/target" "-e" "CARGO_INCREMENTAL=0" "-e" "RUST_BACKTRACE=full" "-e" "RUSTFLAGS=--cap-lints=forbid" "-e" "RUSTDOCFLAGS=--cap-lints=forbid" "-e" "CARGO_HOME=/opt/rustwide/cargo-home" "-e" "RUSTUP_HOME=/opt/rustwide/rustup-home" "-w" "/opt/rustwide/workdir" "-m" "1610612736" "--user" "0:0" "--network" "none" "ghcr.io/rust-lang/crates-build-env/linux@sha256:4a844ea9eb2546a2d2c7022eacef16ef2e8229c7fbb2c7d4d55a9ceca922f72d" "/opt/rustwide/cargo-home/bin/cargo" "+nightly-2024-10-28" "build" "--frozen" "--message-format=json", kill_on_drop: false }`
[INFO] [stdout] dc5473344d2f7b35341a286b8a41c9495f0915fd528922f8e93d31b79e775d12
[INFO] running `Command { std: "docker" "start" "-a" "dc5473344d2f7b35341a286b8a41c9495f0915fd528922f8e93d31b79e775d12", kill_on_drop: false }`
[INFO] [stderr]    Compiling proc-macro2 v1.0.79
[INFO] [stderr]    Compiling unicode-ident v1.0.9
[INFO] [stderr]    Compiling pin-project-lite v0.2.14
[INFO] [stderr]    Compiling crossbeam-utils v0.8.16
[INFO] [stderr]    Compiling once_cell v1.18.0
[INFO] [stderr]    Compiling serde v1.0.197
[INFO] [stderr]    Compiling equivalent v1.0.1
[INFO] [stderr]    Compiling hashbrown v0.14.0
[INFO] [stderr]    Compiling winnow v0.6.13
[INFO] [stderr]    Compiling ahash v0.8.11
[INFO] [stderr]    Compiling futures-io v0.3.28
[INFO] [stderr]    Compiling fastrand v2.0.2
[INFO] [stderr]    Compiling smallvec v1.13.2
[INFO] [stderr]    Compiling slab v0.4.8
[INFO] [stderr]    Compiling getrandom v0.2.10
[INFO] [stderr]    Compiling thiserror v1.0.40
[INFO] [stderr]    Compiling async-task v4.4.0
[INFO] [stderr]    Compiling allocator-api2 v0.2.15
[INFO] [stderr]    Compiling tracing-core v0.1.32
[INFO] [stderr]    Compiling futures-lite v2.3.0
[INFO] [stderr]    Compiling thread_local v1.1.7
[INFO] [stderr]    Compiling uuid v1.3.4
[INFO] [stderr]    Compiling indexmap v1.9.3
[INFO] [stderr]    Compiling bytemuck v1.13.1
[INFO] [stderr]    Compiling hashbrown v0.12.3
[INFO] [stderr]    Compiling smol_str v0.2.0
[INFO] [stderr]    Compiling lock_api v0.4.10
[INFO] [stderr]    Compiling cc v1.0.79
[INFO] [stderr]    Compiling parking_lot_core v0.9.8
[INFO] [stderr]    Compiling piper v0.2.1
[INFO] [stderr]    Compiling scopeguard v1.1.0
[INFO] [stderr]    Compiling log v0.4.19
[INFO] [stderr]    Compiling regex-syntax v0.7.2
[INFO] [stderr]    Compiling sharded-slab v0.1.4
[INFO] [stderr]    Compiling concurrent-queue v2.5.0
[INFO] [stderr]    Compiling crossbeam-channel v0.5.8
[INFO] [stderr]    Compiling arrayvec v0.7.4
[INFO] [stderr]    Compiling quote v1.0.36
[INFO] [stderr]    Compiling indexmap v2.0.1
[INFO] [stderr]    Compiling event-listener v4.0.3
[INFO] [stderr]    Compiling event-listener v5.2.0
[INFO] [stderr]    Compiling tracing-log v0.2.0
[INFO] [stderr]    Compiling event-listener-strategy v0.4.0
[INFO] [stderr]    Compiling parking_lot v0.12.1
[INFO] [stderr]    Compiling anyhow v1.0.82
[INFO] [stderr]    Compiling syn v2.0.58
[INFO] [stderr]    Compiling async-lock v3.3.0
[INFO] [stderr]    Compiling event-listener-strategy v0.5.1
[INFO] [stderr]    Compiling async-channel v2.2.0
[INFO] [stderr]    Compiling async-executor v1.12.0
[INFO] [stderr]    Compiling blake3 v1.5.1
[INFO] [stderr]    Compiling bevy_tasks v0.14.0
[INFO] [stderr]    Compiling petgraph v0.6.3
[INFO] [stderr]    Compiling toml_edit v0.22.14
[INFO] [stderr]    Compiling regex v1.8.4
[INFO] [stderr]    Compiling bevy_macro_utils v0.14.0
[INFO] [stderr]    Compiling serde_derive v1.0.197
[INFO] [stderr]    Compiling tracing-attributes v0.1.27
[INFO] [stderr]    Compiling bevy_utils_proc_macros v0.14.0
[INFO] [stderr]    Compiling thiserror-impl v1.0.40
[INFO] [stderr]    Compiling bevy_reflect_derive v0.14.0
[INFO] [stderr]    Compiling bevy_ecs_macros v0.14.0
[INFO] [stderr]    Compiling bevy_derive v0.14.0
[INFO] [stderr]    Compiling bevy_asset_macros v0.14.0
[INFO] [stderr]    Compiling tracing v0.1.40
[INFO] [stderr]    Compiling blocking v1.5.1
[INFO] [stderr]    Compiling tracing-subscriber v0.3.18
[INFO] [stderr]    Compiling async-fs v2.1.1
[INFO] [stderr]    Compiling glam v0.27.0
[INFO] [stderr]    Compiling erased-serde v0.4.4
[INFO] [stderr]    Compiling bitflags v2.5.0
[INFO] [stderr]    Compiling ron v0.8.1
[INFO] [stderr]    Compiling bevy_utils v0.14.0
[INFO] [stderr]    Compiling bevy_reflect v0.14.0
[INFO] [stderr]    Compiling bevy_ecs v0.14.0
[INFO] [stderr]    Compiling bevy_math v0.14.0
[INFO] [stderr]    Compiling bevy_app v0.14.0
[INFO] [stderr]    Compiling bevy_core v0.14.0
[INFO] [stderr]    Compiling bevy_time v0.14.0
[INFO] [stderr]    Compiling bevy_a11y v0.14.0
[INFO] [stderr]    Compiling bevy_asset v0.14.0
[INFO] [stderr]    Compiling bevy_log v0.14.0
[INFO] [stderr]    Compiling bevy_input v0.14.0
[INFO] [stderr]    Compiling bevy_window v0.14.0
[INFO] [stderr]    Compiling bevy_hierarchy v0.14.0
[INFO] [stderr]    Compiling bevy_transform v0.14.0
[INFO] [stderr]    Compiling bevy_diagnostic v0.14.0
[INFO] [stderr]    Compiling bevy_internal v0.14.0
[INFO] [stderr]    Compiling bevy v0.14.0
[INFO] [stderr]    Compiling bevy_scriptum v0.6.0 (/opt/rustwide/workdir)
[INFO] [stdout] warning: constant `ENTITY_VAR_NAME` is never used
[INFO] [stdout]    --> src/lib.rs:245:7
[INFO] [stdout]     |
[INFO] [stdout] 245 | const ENTITY_VAR_NAME: &str = "entity";
[INFO] [stdout]     |       ^^^^^^^^^^^^^^^
[INFO] [stdout]     |
[INFO] [stdout]     = note: `#[warn(dead_code)]` on by default
[INFO] [stdout] 
[INFO] [stdout] 
[INFO] [stdout] warning: method `then` is never used
[INFO] [stdout]   --> src/promise.rs:61:19
[INFO] [stdout]    |
[INFO] [stdout] 44 | impl<C: Clone + Send + 'static, V: Send + Clone> Promise<C, V> {
[INFO] [stdout]    | -------------------------------------------------------------- method in this implementation
[INFO] [stdout] ...
[INFO] [stdout] 61 |     pub(crate) fn then(&mut self, callback: V) -> Self {
[INFO] [stdout]    |                   ^^^^
[INFO] [stdout] 
[INFO] [stdout] 
[INFO] [stderr]     Finished `dev` profile [unoptimized + debuginfo] target(s) in 1m 08s
[INFO] running `Command { std: "docker" "inspect" "dc5473344d2f7b35341a286b8a41c9495f0915fd528922f8e93d31b79e775d12", kill_on_drop: false }`
[INFO] running `Command { std: "docker" "rm" "-f" "dc5473344d2f7b35341a286b8a41c9495f0915fd528922f8e93d31b79e775d12", kill_on_drop: false }`
[INFO] [stdout] dc5473344d2f7b35341a286b8a41c9495f0915fd528922f8e93d31b79e775d12
[INFO] running `Command { std: "docker" "create" "-v" "/var/lib/crater-agent-workspace/builds/worker-4-tc1/target:/opt/rustwide/target:rw,Z" "-v" "/var/lib/crater-agent-workspace/builds/worker-4-tc1/source:/opt/rustwide/workdir:ro,Z" "-v" "/var/lib/crater-agent-workspace/cargo-home:/opt/rustwide/cargo-home:ro,Z" "-v" "/var/lib/crater-agent-workspace/rustup-home:/opt/rustwide/rustup-home:ro,Z" "-e" "SOURCE_DIR=/opt/rustwide/workdir" "-e" "CARGO_TARGET_DIR=/opt/rustwide/target" "-e" "CARGO_INCREMENTAL=0" "-e" "RUST_BACKTRACE=full" "-e" "RUSTFLAGS=--cap-lints=forbid" "-e" "RUSTDOCFLAGS=--cap-lints=forbid" "-e" "CARGO_HOME=/opt/rustwide/cargo-home" "-e" "RUSTUP_HOME=/opt/rustwide/rustup-home" "-w" "/opt/rustwide/workdir" "-m" "1610612736" "--user" "0:0" "--network" "none" "ghcr.io/rust-lang/crates-build-env/linux@sha256:4a844ea9eb2546a2d2c7022eacef16ef2e8229c7fbb2c7d4d55a9ceca922f72d" "/opt/rustwide/cargo-home/bin/cargo" "+nightly-2024-10-28" "test" "--frozen" "--no-run" "--message-format=json", kill_on_drop: false }`
[INFO] [stdout] cb86dd324147dc9d49b6adcd1f1598c5673ea71003e4488d8168756d8bf8830e
[INFO] running `Command { std: "docker" "start" "-a" "cb86dd324147dc9d49b6adcd1f1598c5673ea71003e4488d8168756d8bf8830e", kill_on_drop: false }`
[INFO] [stderr]    Compiling crunchy v0.2.2
[INFO] [stderr]    Compiling tiny-keccak v2.0.2
[INFO] [stderr]    Compiling once_cell v1.18.0
[INFO] [stderr]    Compiling ahash v0.8.11
[INFO] [stderr]    Compiling smallvec v1.13.2
[INFO] [stderr]    Compiling rustix v0.38.32
[INFO] [stderr]    Compiling linux-raw-sys v0.4.13
[INFO] [stderr]    Compiling bitflags v2.5.0
[INFO] [stderr]    Compiling either v1.12.0
[INFO] [stderr]    Compiling home v0.5.9
[INFO] [stderr]    Compiling lua-src v546.0.2
[INFO] [stderr]    Compiling num-traits v0.2.15
[INFO] [stderr]    Compiling syn v1.0.109
[INFO] [stderr]    Compiling smartstring v1.0.1
[INFO] [stderr]    Compiling memchr v2.7.2
[INFO] [stderr]    Compiling bitflags v1.3.2
[INFO] [stderr]    Compiling parking_lot_core v0.9.8
[INFO] [stderr]    Compiling tracing-subscriber v0.3.18
[INFO] [stderr]    Compiling parking_lot v0.12.1
[INFO] [stderr]    Compiling const-random-macro v0.1.16
[INFO] [stderr]    Compiling bstr v1.9.1
[INFO] [stderr]    Compiling const-random v0.1.18
[INFO] [stderr]    Compiling hashbrown v0.14.0
[INFO] [stderr]    Compiling bevy_utils v0.14.0
[INFO] [stderr]    Compiling bevy_reflect v0.14.0
[INFO] [stderr]    Compiling which v6.0.1
[INFO] [stderr]    Compiling luajit-src v210.5.8+5790d25
[INFO] [stderr]    Compiling mlua-sys v0.6.0
[INFO] [stderr]    Compiling rhai_codegen v1.5.0
[INFO] [stderr]    Compiling rhai v1.14.0
[INFO] [stderr]    Compiling bevy_ecs v0.14.0
[INFO] [stderr]    Compiling bevy_math v0.14.0
[INFO] [stderr]    Compiling bevy_app v0.14.0
[INFO] [stderr]    Compiling bevy_core v0.14.0
[INFO] [stderr]    Compiling bevy_a11y v0.14.0
[INFO] [stderr]    Compiling bevy_time v0.14.0
[INFO] [stderr]    Compiling bevy_asset v0.14.0
[INFO] [stderr]    Compiling bevy_log v0.14.0
[INFO] [stderr]    Compiling bevy_input v0.14.0
[INFO] [stderr]    Compiling bevy_window v0.14.0
[INFO] [stderr]    Compiling bevy_hierarchy v0.14.0
[INFO] [stderr]    Compiling bevy_diagnostic v0.14.0
[INFO] [stderr]    Compiling bevy_transform v0.14.0
[INFO] [stderr]    Compiling bevy_internal v0.14.0
[INFO] [stderr]    Compiling bevy v0.14.0
[INFO] [stderr]    Compiling bevy_scriptum v0.6.0 (/opt/rustwide/workdir)
[INFO] [stdout] warning: constant `ENTITY_VAR_NAME` is never used
[INFO] [stdout]    --> src/lib.rs:245:7
[INFO] [stdout]     |
[INFO] [stdout] 245 | const ENTITY_VAR_NAME: &str = "entity";
[INFO] [stdout]     |       ^^^^^^^^^^^^^^^
[INFO] [stdout]     |
[INFO] [stdout]     = note: `#[warn(dead_code)]` on by default
[INFO] [stdout] 
[INFO] [stdout] 
[INFO] [stdout] warning: method `then` is never used
[INFO] [stdout]   --> src/promise.rs:61:19
[INFO] [stdout]    |
[INFO] [stdout] 44 | impl<C: Clone + Send + 'static, V: Send + Clone> Promise<C, V> {
[INFO] [stdout]    | -------------------------------------------------------------- method in this implementation
[INFO] [stdout] ...
[INFO] [stdout] 61 |     pub(crate) fn then(&mut self, callback: V) -> Self {
[INFO] [stdout]    |                   ^^^^
[INFO] [stdout] 
[INFO] [stdout] 
[INFO] [stderr]    Compiling mlua v0.9.8
[INFO] [stdout] error[E0433]: failed to resolve: could not find `rhai` in `runtimes`
[INFO] [stdout]  --> examples/rhai/non_closure_system.rs:3:30
[INFO] [stdout]   |
[INFO] [stdout] 3 | use bevy_scriptum::runtimes::rhai::prelude::*;
[INFO] [stdout]   |                              ^^^^ could not find `rhai` in `runtimes`
[INFO] [stdout]   |
[INFO] [stdout] note: found an item that was configured out
[INFO] [stdout]  --> /opt/rustwide/workdir/src/runtimes/mod.rs:4:9
[INFO] [stdout]   |
[INFO] [stdout] 4 | pub mod rhai;
[INFO] [stdout]   |         ^^^^
[INFO] [stdout] note: the item is gated behind the `rhai` feature
[INFO] [stdout]  --> /opt/rustwide/workdir/src/runtimes/mod.rs:3:7
[INFO] [stdout]   |
[INFO] [stdout] 3 | #[cfg(feature = "rhai")]
[INFO] [stdout]   |       ^^^^^^^^^^^^^^^^
[INFO] [stdout] 
[INFO] [stdout] 
[INFO] [stdout] error[E0433]: failed to resolve: could not find `rhai` in `runtimes`
[INFO] [stdout]  --> examples/rhai/promises.rs:3:30
[INFO] [stdout]   |
[INFO] [stdout] 3 | use bevy_scriptum::runtimes::rhai::prelude::*;
[INFO] [stdout]   |                              ^^^^ could not find `rhai` in `runtimes`
[INFO] [stdout]   |
[INFO] [stdout] note: found an item that was configured out
[INFO] [stdout]  --> /opt/rustwide/workdir/src/runtimes/mod.rs:4:9
[INFO] [stdout]   |
[INFO] [stdout] 4 | pub mod rhai;
[INFO] [stdout]   |         ^^^^
[INFO] [stdout] note: the item is gated behind the `rhai` feature
[INFO] [stdout]  --> /opt/rustwide/workdir/src/runtimes/mod.rs:3:7
[INFO] [stdout]   |
[INFO] [stdout] 3 | #[cfg(feature = "rhai")]
[INFO] [stdout]   |       ^^^^^^^^^^^^^^^^
[INFO] [stdout] 
[INFO] [stdout] 
[INFO] [stdout] error[E0433]: failed to resolve: could not find `rhai` in `runtimes`
[INFO] [stdout]  --> examples/rhai/side_effects.rs:3:30
[INFO] [stdout]   |
[INFO] [stdout] 3 | use bevy_scriptum::runtimes::rhai::prelude::*;
[INFO] [stdout]   |                              ^^^^ could not find `rhai` in `runtimes`
[INFO] [stdout]   |
[INFO] [stdout] note: found an item that was configured out
[INFO] [stdout]  --> /opt/rustwide/workdir/src/runtimes/mod.rs:4:9
[INFO] [stdout]   |
[INFO] [stdout] 4 | pub mod rhai;
[INFO] [stdout]   |         ^^^^
[INFO] [stdout] note: the item is gated behind the `rhai` feature
[INFO] [stdout]  --> /opt/rustwide/workdir/src/runtimes/mod.rs:3:7
[INFO] [stdout]   |
[INFO] [stdout] 3 | #[cfg(feature = "rhai")]
[INFO] [stdout]   |       ^^^^^^^^^^^^^^^^
[INFO] [stdout] 
[INFO] [stdout] 
[INFO] [stdout] error[E0433]: failed to resolve: could not find `rhai` in `runtimes`
[INFO] [stdout]  --> examples/rhai/current_entity.rs:3:30
[INFO] [stdout]   |
[INFO] [stdout] 3 | use bevy_scriptum::runtimes::rhai::prelude::*;
[INFO] [stdout]   |                              ^^^^ could not find `rhai` in `runtimes`
[INFO] [stdout]   |
[INFO] [stdout] note: found an item that was configured out
[INFO] [stdout]  --> /opt/rustwide/workdir/src/runtimes/mod.rs:4:9
[INFO] [stdout]   |
[INFO] [stdout] 4 | pub mod rhai;
[INFO] [stdout]   |         ^^^^
[INFO] [stdout] note: the item is gated behind the `rhai` feature
[INFO] [stdout]  --> /opt/rustwide/workdir/src/runtimes/mod.rs:3:7
[INFO] [stdout]   |
[INFO] [stdout] 3 | #[cfg(feature = "rhai")]
[INFO] [stdout]   |       ^^^^^^^^^^^^^^^^
[INFO] [stdout] 
[INFO] [stdout] 
[INFO] [stdout] error[E0433]: failed to resolve: could not find `lua` in `runtimes`
[INFO] [stdout]  --> examples/lua/entity_variable.rs:2:30
[INFO] [stdout]   |
[INFO] [stdout] 2 | use bevy_scriptum::runtimes::lua::prelude::*;
[INFO] [stdout]   |                              ^^^ could not find `lua` in `runtimes`
[INFO] [stdout]   |
[INFO] [stdout] note: found an item that was configured out
[INFO] [stdout]  --> /opt/rustwide/workdir/src/runtimes/mod.rs:2:9
[INFO] [stdout]   |
[INFO] [stdout] 2 | pub mod lua;
[INFO] [stdout]   |         ^^^
[INFO] [stdout] note: the item is gated behind the `lua` feature
[INFO] [stdout]  --> /opt/rustwide/workdir/src/runtimes/mod.rs:1:7
[INFO] [stdout]   |
[INFO] [stdout] 1 | #[cfg(feature = "lua")]
[INFO] [stdout]   |       ^^^^^^^^^^^^^^^
[INFO] [stdout] 
[INFO] [stdout] 
[INFO] [stdout] error[E0433]: failed to resolve: could not find `lua` in `runtimes`
[INFO] [stdout]  --> examples/lua/side_effects.rs:3:30
[INFO] [stdout]   |
[INFO] [stdout] 3 | use bevy_scriptum::runtimes::lua::prelude::*;
[INFO] [stdout]   |                              ^^^ could not find `lua` in `runtimes`
[INFO] [stdout]   |
[INFO] [stdout] note: found an item that was configured out
[INFO] [stdout]  --> /opt/rustwide/workdir/src/runtimes/mod.rs:2:9
[INFO] [stdout]   |
[INFO] [stdout] 2 | pub mod lua;
[INFO] [stdout]   |         ^^^
[INFO] [stdout] note: the item is gated behind the `lua` feature
[INFO] [stdout]  --> /opt/rustwide/workdir/src/runtimes/mod.rs:1:7
[INFO] [stdout]   |
[INFO] [stdout] 1 | #[cfg(feature = "lua")]
[INFO] [stdout]   |       ^^^^^^^^^^^^^^^
[INFO] [stdout] 
[INFO] [stdout] 
[INFO] [stdout] error[E0433]: failed to resolve: could not find `rhai` in `runtimes`
[INFO] [stdout]  --> examples/rhai/entity_variable.rs:2:30
[INFO] [stdout]   |
[INFO] [stdout] 2 | use bevy_scriptum::runtimes::rhai::prelude::*;
[INFO] [stdout]   |                              ^^^^ could not find `rhai` in `runtimes`
[INFO] [stdout]   |
[INFO] [stdout] note: found an item that was configured out
[INFO] [stdout]  --> /opt/rustwide/workdir/src/runtimes/mod.rs:4:9
[INFO] [stdout]   |
[INFO] [stdout] 4 | pub mod rhai;
[INFO] [stdout]   |         ^^^^
[INFO] [stdout] note: the item is gated behind the `rhai` feature
[INFO] [stdout]  --> /opt/rustwide/workdir/src/runtimes/mod.rs:3:7
[INFO] [stdout]   |
[INFO] [stdout] 3 | #[cfg(feature = "rhai")]
[INFO] [stdout]   |       ^^^^^^^^^^^^^^^^
[INFO] [stdout] 
[INFO] [stdout] 
[INFO] [stdout] error[E0433]: failed to resolve: could not find `rhai` in `runtimes`
[INFO] [stdout]  --> examples/rhai/ecs.rs:3:30
[INFO] [stdout]   |
[INFO] [stdout] 3 | use bevy_scriptum::runtimes::rhai::prelude::*;
[INFO] [stdout]   |                              ^^^^ could not find `rhai` in `runtimes`
[INFO] [stdout]   |
[INFO] [stdout] note: found an item that was configured out
[INFO] [stdout]  --> /opt/rustwide/workdir/src/runtimes/mod.rs:4:9
[INFO] [stdout]   |
[INFO] [stdout] 4 | pub mod rhai;
[INFO] [stdout]   |         ^^^^
[INFO] [stdout] note: the item is gated behind the `rhai` feature
[INFO] [stdout]  --> /opt/rustwide/workdir/src/runtimes/mod.rs:3:7
[INFO] [stdout]   |
[INFO] [stdout] 3 | #[cfg(feature = "rhai")]
[INFO] [stdout]   |       ^^^^^^^^^^^^^^^^
[INFO] [stdout] 
[INFO] [stdout] 
[INFO] [stdout] error[E0433]: failed to resolve: could not find `rhai` in `runtimes`
[INFO] [stdout]  --> examples/rhai/hello_world.rs:3:30
[INFO] [stdout]   |
[INFO] [stdout] 3 | use bevy_scriptum::runtimes::rhai::prelude::*;
[INFO] [stdout]   |                              ^^^^ could not find `rhai` in `runtimes`
[INFO] [stdout]   |
[INFO] [stdout] note: found an item that was configured out
[INFO] [stdout]  --> /opt/rustwide/workdir/src/runtimes/mod.rs:4:9
[INFO] [stdout]   |
[INFO] [stdout] 4 | pub mod rhai;
[INFO] [stdout]   |         ^^^^
[INFO] [stdout] note: the item is gated behind the `rhai` feature
[INFO] [stdout]  --> /opt/rustwide/workdir/src/runtimes/mod.rs:3:7
[INFO] [stdout]   |
[INFO] [stdout] 3 | #[cfg(feature = "rhai")]
[INFO] [stdout]   |       ^^^^^^^^^^^^^^^^
[INFO] [stdout] 
[INFO] [stdout] 
[INFO] [stdout] error[E0433]: failed to resolve: could not find `rhai` in `runtimes`
[INFO] [stdout]  --> examples/rhai/function_params.rs:3:30
[INFO] [stdout]   |
[INFO] [stdout] 3 | use bevy_scriptum::runtimes::rhai::prelude::*;
[INFO] [stdout]   |                              ^^^^ could not find `rhai` in `runtimes`
[INFO] [stdout]   |
[INFO] [stdout] note: found an item that was configured out
[INFO] [stdout]  --> /opt/rustwide/workdir/src/runtimes/mod.rs:4:9
[INFO] [stdout]   |
[INFO] [stdout] 4 | pub mod rhai;
[INFO] [stdout]   |         ^^^^
[INFO] [stdout] note: the item is gated behind the `rhai` feature
[INFO] [stdout]  --> /opt/rustwide/workdir/src/runtimes/mod.rs:3:7
[INFO] [stdout]   |
[INFO] [stdout] 3 | #[cfg(feature = "rhai")]
[INFO] [stdout]   |       ^^^^^^^^^^^^^^^^
[INFO] [stdout] 
[INFO] [stdout] 
[INFO] [stdout] error[E0433]: failed to resolve: could not find `lua` in `runtimes`
[INFO] [stdout]  --> examples/lua/hello_world.rs:3:30
[INFO] [stdout]   |
[INFO] [stdout] 3 | use bevy_scriptum::runtimes::lua::prelude::*;
[INFO] [stdout]   |                              ^^^ could not find `lua` in `runtimes`
[INFO] [stdout]   |
[INFO] [stdout] note: found an item that was configured out
[INFO] [stdout]  --> /opt/rustwide/workdir/src/runtimes/mod.rs:2:9
[INFO] [stdout]   |
[INFO] [stdout] 2 | pub mod lua;
[INFO] [stdout]   |         ^^^
[INFO] [stdout] note: the item is gated behind the `lua` feature
[INFO] [stdout]  --> /opt/rustwide/workdir/src/runtimes/mod.rs:1:7
[INFO] [stdout]   |
[INFO] [stdout] 1 | #[cfg(feature = "lua")]
[INFO] [stdout]   |       ^^^^^^^^^^^^^^^
[INFO] [stdout] 
[INFO] [stdout] 
[INFO] [stdout] error[E0433]: failed to resolve: could not find `lua` in `runtimes`
[INFO] [stdout]  --> examples/lua/ecs.rs:3:30
[INFO] [stdout]   |
[INFO] [stdout] 3 | use bevy_scriptum::runtimes::lua::prelude::*;
[INFO] [stdout]   |                              ^^^ could not find `lua` in `runtimes`
[INFO] [stdout]   |
[INFO] [stdout] note: found an item that was configured out
[INFO] [stdout]  --> /opt/rustwide/workdir/src/runtimes/mod.rs:2:9
[INFO] [stdout]   |
[INFO] [stdout] 2 | pub mod lua;
[INFO] [stdout]   |         ^^^
[INFO] [stdout] note: the item is gated behind the `lua` feature
[INFO] [stdout]  --> /opt/rustwide/workdir/src/runtimes/mod.rs:1:7
[INFO] [stdout]   |
[INFO] [stdout] 1 | #[cfg(feature = "lua")]
[INFO] [stdout]   |       ^^^^^^^^^^^^^^^
[INFO] [stdout] 
[INFO] [stdout] 
[INFO] [stdout] warning: unused import: `mlua::Table`
[INFO] [stdout]  --> tests/tests.rs:6:5
[INFO] [stdout]   |
[INFO] [stdout] 6 | use mlua::Table;
[INFO] [stdout]   |     ^^^^^^^^^^^
[INFO] [stdout]   |
[INFO] [stdout]   = note: `#[warn(unused_imports)]` on by default
[INFO] [stdout] 
[INFO] [stdout] 
[INFO] [stdout] warning: unused macro definition: `scripting_tests`
[INFO] [stdout]   --> tests/tests.rs:58:14
[INFO] [stdout]    |
[INFO] [stdout] 58 | macro_rules! scripting_tests {
[INFO] [stdout]    |              ^^^^^^^^^^^^^^^
[INFO] [stdout]    |
[INFO] [stdout]    = note: `#[warn(unused_macros)]` on by default
[INFO] [stdout] 
[INFO] [stdout] 
[INFO] [stdout] error[E0433]: failed to resolve: could not find `rhai` in `runtimes`
[INFO] [stdout]  --> examples/rhai/custom_type.rs:3:30
[INFO] [stdout]   |
[INFO] [stdout] 3 | use bevy_scriptum::runtimes::rhai::prelude::*;
[INFO] [stdout]   |                              ^^^^ could not find `rhai` in `runtimes`
[INFO] [stdout]   |
[INFO] [stdout] note: found an item that was configured out
[INFO] [stdout]  --> /opt/rustwide/workdir/src/runtimes/mod.rs:4:9
[INFO] [stdout]   |
[INFO] [stdout] 4 | pub mod rhai;
[INFO] [stdout]   |         ^^^^
[INFO] [stdout] note: the item is gated behind the `rhai` feature
[INFO] [stdout]  --> /opt/rustwide/workdir/src/runtimes/mod.rs:3:7
[INFO] [stdout]   |
[INFO] [stdout] 3 | #[cfg(feature = "rhai")]
[INFO] [stdout]   |       ^^^^^^^^^^^^^^^^
[INFO] [stdout] 
[INFO] [stdout] 
[INFO] [stdout] error[E0433]: failed to resolve: could not find `lua` in `runtimes`
[INFO] [stdout]  --> examples/lua/function_params.rs:3:30
[INFO] [stdout]   |
[INFO] [stdout] 3 | use bevy_scriptum::runtimes::lua::prelude::*;
[INFO] [stdout]   |                              ^^^ could not find `lua` in `runtimes`
[INFO] [stdout]   |
[INFO] [stdout] note: found an item that was configured out
[INFO] [stdout]  --> /opt/rustwide/workdir/src/runtimes/mod.rs:2:9
[INFO] [stdout]   |
[INFO] [stdout] 2 | pub mod lua;
[INFO] [stdout]   |         ^^^
[INFO] [stdout] note: the item is gated behind the `lua` feature
[INFO] [stdout]  --> /opt/rustwide/workdir/src/runtimes/mod.rs:1:7
[INFO] [stdout]   |
[INFO] [stdout] 1 | #[cfg(feature = "lua")]
[INFO] [stdout]   |       ^^^^^^^^^^^^^^^
[INFO] [stdout] 
[INFO] [stdout] 
[INFO] [stdout] error[E0412]: cannot find type `RhaiRuntime` in this scope
[INFO] [stdout]   --> examples/rhai/promises.rs:11:26
[INFO] [stdout]    |
[INFO] [stdout] 11 |         .add_scripting::<RhaiRuntime>(|builder| {
[INFO] [stdout]    |                          ^^^^^^^^^^^ not found in this scope
[INFO] [stdout] 
[INFO] [stdout] 
[INFO] [stdout] error[E0412]: cannot find type `RhaiScript` in this scope
[INFO] [stdout]   --> examples/rhai/promises.rs:23:29
[INFO] [stdout]    |
[INFO] [stdout] 23 |     commands.spawn(Script::<RhaiScript>::new(
[INFO] [stdout]    |                             ^^^^^^^^^^ not found in this scope
[INFO] [stdout]    |
[INFO] [stdout] help: you might be missing a type parameter
[INFO] [stdout]    |
[INFO] [stdout] 21 | fn startup<RhaiScript>(mut commands: Commands, assets_server: Res<AssetServer>) {
[INFO] [stdout]    |           ++++++++++++
[INFO] [stdout] 
[INFO] [stdout] 
[INFO] [stdout] error[E0412]: cannot find type `RhaiRuntime` in this scope
[INFO] [stdout]   --> examples/rhai/side_effects.rs:18:26
[INFO] [stdout]    |
[INFO] [stdout] 18 |         .add_scripting::<RhaiRuntime>(|runtime| {
[INFO] [stdout]    |                          ^^^^^^^^^^^ not found in this scope
[INFO] [stdout] 
[INFO] [stdout] 
[INFO] [stdout] error[E0412]: cannot find type `RhaiScript` in this scope
[INFO] [stdout]   --> examples/rhai/side_effects.rs:29:30
[INFO] [stdout]    |
[INFO] [stdout] 29 |     commands.spawn((Script::<RhaiScript>::new(
[INFO] [stdout]    |                              ^^^^^^^^^^ not found in this scope
[INFO] [stdout]    |
[INFO] [stdout] help: you might be missing a type parameter
[INFO] [stdout]    |
[INFO] [stdout] 28 | fn startup<RhaiScript>(mut commands: Commands, assets_server: Res<AssetServer>) {
[INFO] [stdout]    |           ++++++++++++
[INFO] [stdout] 
[INFO] [stdout] 
[INFO] [stdout] error[E0412]: cannot find type `RhaiRuntime` in this scope
[INFO] [stdout]  --> examples/rhai/non_closure_system.rs:8:26
[INFO] [stdout]   |
[INFO] [stdout] 8 |         .add_scripting::<RhaiRuntime>(|runtime| {
[INFO] [stdout]   |                          ^^^^^^^^^^^ not found in this scope
[INFO] [stdout] 
[INFO] [stdout] 
[INFO] [stdout] error[E0412]: cannot find type `RhaiScript` in this scope
[INFO] [stdout]   --> examples/rhai/non_closure_system.rs:16:29
[INFO] [stdout]    |
[INFO] [stdout] 16 |     commands.spawn(Script::<RhaiScript>::new(
[INFO] [stdout]    |                             ^^^^^^^^^^ not found in this scope
[INFO] [stdout]    |
[INFO] [stdout] help: you might be missing a type parameter
[INFO] [stdout]    |
[INFO] [stdout] 15 | fn startup<RhaiScript>(mut commands: Commands, assets_server: Res<AssetServer>) {
[INFO] [stdout]    |           ++++++++++++
[INFO] [stdout] 
[INFO] [stdout] 
[INFO] [stdout] error[E0412]: cannot find type `LuaRuntime` in this scope
[INFO] [stdout]  --> examples/lua/hello_world.rs:8:26
[INFO] [stdout]   |
[INFO] [stdout] 8 |         .add_scripting::<LuaRuntime>(|runtime| {
[INFO] [stdout]   |                          ^^^^^^^^^^ not found in this scope
[INFO] [stdout] 
[INFO] [stdout] 
[INFO] [stdout] error[E0412]: cannot find type `LuaScript` in this scope
[INFO] [stdout]   --> examples/lua/hello_world.rs:18:29
[INFO] [stdout]    |
[INFO] [stdout] 18 |     commands.spawn(Script::<LuaScript>::new(
[INFO] [stdout]    |                             ^^^^^^^^^
[INFO] [stdout]    |
[INFO] [stdout]   ::: /opt/rustwide/workdir/src/components.rs:5:1
[INFO] [stdout]    |
[INFO] [stdout] 5  | pub struct Script<A: Asset> {
[INFO] [stdout]    | --------------------------- similarly named struct `Script` defined here
[INFO] [stdout]    |
[INFO] [stdout] help: a struct with a similar name exists
[INFO] [stdout]    |
[INFO] [stdout] 18 |     commands.spawn(Script::<Script>::new(
[INFO] [stdout]    |                             ~~~~~~
[INFO] [stdout] help: you might be missing a type parameter
[INFO] [stdout]    |
[INFO] [stdout] 17 | fn startup<LuaScript>(mut commands: Commands, assets_server: Res<AssetServer>) {
[INFO] [stdout]    |           +++++++++++
[INFO] [stdout] 
[INFO] [stdout] 
[INFO] [stdout] error[E0412]: cannot find type `RhaiRuntime` in this scope
[INFO] [stdout]  --> examples/rhai/function_params.rs:9:26
[INFO] [stdout]   |
[INFO] [stdout] 9 |         .add_scripting::<RhaiRuntime>(|runtime| {
[INFO] [stdout]   |                          ^^^^^^^^^^^ not found in this scope
[INFO] [stdout] 
[INFO] [stdout] 
[INFO] [stdout] error[E0412]: cannot find type `RhaiScript` in this scope
[INFO] [stdout]   --> examples/rhai/function_params.rs:47:29
[INFO] [stdout]    |
[INFO] [stdout] 47 |     commands.spawn(Script::<RhaiScript>::new(
[INFO] [stdout]    |                             ^^^^^^^^^^ not found in this scope
[INFO] [stdout]    |
[INFO] [stdout] help: you might be missing a type parameter
[INFO] [stdout]    |
[INFO] [stdout] 46 | fn startup<RhaiScript>(mut commands: Commands, assets_server: Res<AssetServer>) {
[INFO] [stdout]    |           ++++++++++++
[INFO] [stdout] 
[INFO] [stdout] 
[INFO] [stdout] error[E0412]: cannot find type `RhaiRuntime` in this scope
[INFO] [stdout]   --> examples/rhai/ecs.rs:11:26
[INFO] [stdout]    |
[INFO] [stdout] 11 |         .add_scripting::<RhaiRuntime>(|runtime| {
[INFO] [stdout]    |                          ^^^^^^^^^^^ not found in this scope
[INFO] [stdout] 
[INFO] [stdout] 
[INFO] [stdout] error[E0412]: cannot find type `RhaiScript` in this scope
[INFO] [stdout]   --> examples/rhai/ecs.rs:30:29
[INFO] [stdout]    |
[INFO] [stdout] 30 |     commands.spawn(Script::<RhaiScript>::new(
[INFO] [stdout]    |                             ^^^^^^^^^^ not found in this scope
[INFO] [stdout]    |
[INFO] [stdout] help: you might be missing a type parameter
[INFO] [stdout]    |
[INFO] [stdout] 25 | fn startup<RhaiScript>(mut commands: Commands, assets_server: Res<AssetServer>) {
[INFO] [stdout]    |           ++++++++++++
[INFO] [stdout] 
[INFO] [stdout] 
[INFO] [stdout] error[E0412]: cannot find type `LuaRuntime` in this scope
[INFO] [stdout]  --> examples/lua/entity_variable.rs:8:26
[INFO] [stdout]   |
[INFO] [stdout] 8 |         .add_scripting::<LuaRuntime>(|_| {})
[INFO] [stdout]   |                          ^^^^^^^^^^ not found in this scope
[INFO] [stdout] 
[INFO] [stdout] 
[INFO] [stdout] error[E0412]: cannot find type `LuaScript` in this scope
[INFO] [stdout]   --> examples/lua/entity_variable.rs:14:29
[INFO] [stdout]    |
[INFO] [stdout] 14 |     commands.spawn(Script::<LuaScript>::new(
[INFO] [stdout]    |                             ^^^^^^^^^
[INFO] [stdout]    |
[INFO] [stdout]   ::: /opt/rustwide/workdir/src/components.rs:5:1
[INFO] [stdout]    |
[INFO] [stdout] 5  | pub struct Script<A: Asset> {
[INFO] [stdout]    | --------------------------- similarly named struct `Script` defined here
[INFO] [stdout]    |
[INFO] [stdout] help: a struct with a similar name exists
[INFO] [stdout]    |
[INFO] [stdout] 14 |     commands.spawn(Script::<Script>::new(
[INFO] [stdout]    |                             ~~~~~~
[INFO] [stdout] help: you might be missing a type parameter
[INFO] [stdout]    |
[INFO] [stdout] 13 | fn startup<LuaScript>(mut commands: Commands, assets_server: Res<AssetServer>) {
[INFO] [stdout]    |           +++++++++++
[INFO] [stdout] 
[INFO] [stdout] 
[INFO] [stdout] error[E0412]: cannot find type `RhaiRuntime` in this scope
[INFO] [stdout]  --> examples/rhai/current_entity.rs:8:26
[INFO] [stdout]   |
[INFO] [stdout] 8 |         .add_scripting::<RhaiRuntime>(|runtime| {
[INFO] [stdout]   |                          ^^^^^^^^^^^ not found in this scope
[INFO] [stdout] 
[INFO] [stdout] 
[INFO] [stdout] error[E0412]: cannot find type `RhaiScript` in this scope
[INFO] [stdout]   --> examples/rhai/current_entity.rs:23:18
[INFO] [stdout]    |
[INFO] [stdout] 23 |         Script::<RhaiScript>::new(assets_server.load("examples/rhai/current_entity.rhai")),
[INFO] [stdout]    |                  ^^^^^^^^^^ not found in this scope
[INFO] [stdout]    |
[INFO] [stdout] help: you might be missing a type parameter
[INFO] [stdout]    |
[INFO] [stdout] 20 | fn startup<RhaiScript>(mut commands: Commands, assets_server: Res<AssetServer>) {
[INFO] [stdout]    |           ++++++++++++
[INFO] [stdout] 
[INFO] [stdout] 
[INFO] [stdout] error[E0412]: cannot find type `RhaiRuntime` in this scope
[INFO] [stdout]  --> examples/rhai/hello_world.rs:8:26
[INFO] [stdout]   |
[INFO] [stdout] 8 |         .add_scripting::<RhaiRuntime>(|runtime| {
[INFO] [stdout]   |                          ^^^^^^^^^^^ not found in this scope
[INFO] [stdout] 
[INFO] [stdout] 
[INFO] [stdout] error[E0412]: cannot find type `RhaiScript` in this scope
[INFO] [stdout]   --> examples/rhai/hello_world.rs:18:29
[INFO] [stdout]    |
[INFO] [stdout] 18 |     commands.spawn(Script::<RhaiScript>::new(
[INFO] [stdout]    |                             ^^^^^^^^^^ not found in this scope
[INFO] [stdout]    |
[INFO] [stdout] help: you might be missing a type parameter
[INFO] [stdout]    |
[INFO] [stdout] 17 | fn startup<RhaiScript>(mut commands: Commands, assets_server: Res<AssetServer>) {
[INFO] [stdout]    |           ++++++++++++
[INFO] [stdout] 
[INFO] [stdout] 
[INFO] [stdout] error[E0412]: cannot find type `LuaRuntime` in this scope
[INFO] [stdout]   --> examples/lua/ecs.rs:11:26
[INFO] [stdout]    |
[INFO] [stdout] 11 |         .add_scripting::<LuaRuntime>(|runtime| {
[INFO] [stdout]    |                          ^^^^^^^^^^ not found in this scope
[INFO] [stdout] 
[INFO] [stdout] 
[INFO] [stdout] error[E0412]: cannot find type `LuaScript` in this scope
[INFO] [stdout]   --> examples/lua/ecs.rs:30:29
[INFO] [stdout]    |
[INFO] [stdout] 30 |     commands.spawn(Script::<LuaScript>::new(
[INFO] [stdout]    |                             ^^^^^^^^^
[INFO] [stdout]    |
[INFO] [stdout]   ::: /opt/rustwide/workdir/src/components.rs:5:1
[INFO] [stdout]    |
[INFO] [stdout] 5  | pub struct Script<A: Asset> {
[INFO] [stdout]    | --------------------------- similarly named struct `Script` defined here
[INFO] [stdout]    |
[INFO] [stdout] help: a struct with a similar name exists
[INFO] [stdout]    |
[INFO] [stdout] 30 |     commands.spawn(Script::<Script>::new(
[INFO] [stdout]    |                             ~~~~~~
[INFO] [stdout] help: you might be missing a type parameter
[INFO] [stdout]    |
[INFO] [stdout] 25 | fn startup<LuaScript>(mut commands: Commands, assets_server: Res<AssetServer>) {
[INFO] [stdout]    |           +++++++++++
[INFO] [stdout] 
[INFO] [stdout] 
[INFO] [stdout] error[E0412]: cannot find type `LuaRuntime` in this scope
[INFO] [stdout]   --> examples/lua/side_effects.rs:20:26
[INFO] [stdout]    |
[INFO] [stdout] 20 |         .add_scripting::<LuaRuntime>(|runtime| {
[INFO] [stdout]    |                          ^^^^^^^^^^ not found in this scope
[INFO] [stdout] 
[INFO] [stdout] 
[INFO] [stdout] error[E0412]: cannot find type `LuaScript` in this scope
[INFO] [stdout]   --> examples/lua/side_effects.rs:31:30
[INFO] [stdout]    |
[INFO] [stdout] 31 |     commands.spawn((Script::<LuaScript>::new(
[INFO] [stdout]    |                              ^^^^^^^^^
[INFO] [stdout]    |
[INFO] [stdout]   ::: /opt/rustwide/workdir/src/components.rs:5:1
[INFO] [stdout]    |
[INFO] [stdout] 5  | pub struct Script<A: Asset> {
[INFO] [stdout]    | --------------------------- similarly named struct `Script` defined here
[INFO] [stdout]    |
[INFO] [stdout] help: a struct with a similar name exists
[INFO] [stdout]    |
[INFO] [stdout] 31 |     commands.spawn((Script::<Script>::new(
[INFO] [stdout]    |                              ~~~~~~
[INFO] [stdout] help: you might be missing a type parameter
[INFO] [stdout]    |
[INFO] [stdout] 30 | fn startup<LuaScript>(mut commands: Commands, assets_server: Res<AssetServer>) {
[INFO] [stdout]    |           +++++++++++
[INFO] [stdout] 
[INFO] [stdout] 
[INFO] [stdout] error[E0412]: cannot find type `RhaiRuntime` in this scope
[INFO] [stdout]  --> examples/rhai/entity_variable.rs:8:26
[INFO] [stdout]   |
[INFO] [stdout] 8 |         .add_scripting::<RhaiRuntime>(|_| {})
[INFO] [stdout]   |                          ^^^^^^^^^^^ not found in this scope
[INFO] [stdout] 
[INFO] [stdout] 
[INFO] [stdout] error[E0412]: cannot find type `RhaiScript` in this scope
[INFO] [stdout]   --> examples/rhai/entity_variable.rs:14:29
[INFO] [stdout]    |
[INFO] [stdout] 14 |     commands.spawn(Script::<RhaiScript>::new(
[INFO] [stdout]    |                             ^^^^^^^^^^ not found in this scope
[INFO] [stdout]    |
[INFO] [stdout] help: you might be missing a type parameter
[INFO] [stdout]    |
[INFO] [stdout] 13 | fn startup<RhaiScript>(mut commands: Commands, assets_server: Res<AssetServer>) {
[INFO] [stdout]    |           ++++++++++++
[INFO] [stdout] 
[INFO] [stdout] 
[INFO] [stdout] error[E0412]: cannot find type `RhaiRuntime` in this scope
[INFO] [stdout]  --> examples/rhai/custom_type.rs:8:26
[INFO] [stdout]   |
[INFO] [stdout] 8 |         .add_scripting::<RhaiRuntime>(|runtime| {
[INFO] [stdout]   |                          ^^^^^^^^^^^ not found in this scope
[INFO] [stdout] 
[INFO] [stdout] 
[INFO] [stdout] error[E0412]: cannot find type `RhaiRuntime` in this scope
[INFO] [stdout]   --> examples/rhai/custom_type.rs:24:35
[INFO] [stdout]    |
[INFO] [stdout] 24 |     mut scripting_runtime: ResMut<RhaiRuntime>,
[INFO] [stdout]    |                                   ^^^^^^^^^^^ not found in this scope
[INFO] [stdout]    |
[INFO] [stdout] help: you might be missing a type parameter
[INFO] [stdout]    |
[INFO] [stdout] 22 | fn startup<RhaiRuntime>(
[INFO] [stdout]    |           +++++++++++++
[INFO] [stdout] 
[INFO] [stdout] 
[INFO] [stdout] error[E0412]: cannot find type `RhaiScript` in this scope
[INFO] [stdout]   --> examples/rhai/custom_type.rs:38:29
[INFO] [stdout]    |
[INFO] [stdout] 38 |     commands.spawn(Script::<RhaiScript>::new(
[INFO] [stdout]    |                             ^^^^^^^^^^ not found in this scope
[INFO] [stdout]    |
[INFO] [stdout] help: you might be missing a type parameter
[INFO] [stdout]    |
[INFO] [stdout] 22 | fn startup<RhaiScript>(
[INFO] [stdout]    |           ++++++++++++
[INFO] [stdout] 
[INFO] [stdout] 
[INFO] [stdout] error[E0412]: cannot find type `LuaRuntime` in this scope
[INFO] [stdout]   --> examples/lua/function_params.rs:33:77
[INFO] [stdout]    |
[INFO] [stdout] 33 |                     |In((x, y)): In<(i64, mlua::RegistryKey)>, runtime: Res<LuaRuntime>| {
[INFO] [stdout]    |                                                                             ^^^^^^^^^^ not found in this scope
[INFO] [stdout] 
[INFO] [stdout] 
[INFO] [stdout] error[E0412]: cannot find type `LuaRuntime` in this scope
[INFO] [stdout]  --> examples/lua/function_params.rs:8:26
[INFO] [stdout]   |
[INFO] [stdout] 8 |         .add_scripting::<LuaRuntime>(|runtime| {
[INFO] [stdout]   |                          ^^^^^^^^^^ not found in this scope
[INFO] [stdout] 
[INFO] [stdout] 
[INFO] [stdout] error[E0412]: cannot find type `LuaScript` in this scope
[INFO] [stdout]   --> examples/lua/function_params.rs:56:29
[INFO] [stdout]    |
[INFO] [stdout] 56 |     commands.spawn(Script::<LuaScript>::new(
[INFO] [stdout]    |                             ^^^^^^^^^
[INFO] [stdout]    |
[INFO] [stdout]   ::: /opt/rustwide/workdir/src/components.rs:5:1
[INFO] [stdout]    |
[INFO] [stdout] 5  | pub struct Script<A: Asset> {
[INFO] [stdout]    | --------------------------- similarly named struct `Script` defined here
[INFO] [stdout]    |
[INFO] [stdout] help: a struct with a similar name exists
[INFO] [stdout]    |
[INFO] [stdout] 56 |     commands.spawn(Script::<Script>::new(
[INFO] [stdout]    |                             ~~~~~~
[INFO] [stdout] help: you might be missing a type parameter
[INFO] [stdout]    |
[INFO] [stdout] 55 | fn startup<LuaScript>(mut commands: Commands, assets_server: Res<AssetServer>) {
[INFO] [stdout]    |           +++++++++++
[INFO] [stdout] 
[INFO] [stdout] 
[INFO] [stdout] warning: static `TRACING_SUBSCRIBER` is never used
[INFO] [stdout]  --> tests/tests.rs:8:8
[INFO] [stdout]   |
[INFO] [stdout] 8 | static TRACING_SUBSCRIBER: OnceLock<()> = OnceLock::new();
[INFO] [stdout]   |        ^^^^^^^^^^^^^^^^^^
[INFO] [stdout]   |
[INFO] [stdout]   = note: `#[warn(dead_code)]` on by default
[INFO] [stdout] 
[INFO] [stdout] 
[INFO] [stdout] warning: function `build_test_app` is never used
[INFO] [stdout]   --> tests/tests.rs:10:4
[INFO] [stdout]    |
[INFO] [stdout] 10 | fn build_test_app() -> App {
[INFO] [stdout]    |    ^^^^^^^^^^^^^^
[INFO] [stdout] 
[INFO] [stdout] 
[INFO] [stdout] warning: function `run_script` is never used
[INFO] [stdout]   --> tests/tests.rs:23:4
[INFO] [stdout]    |
[INFO] [stdout] 23 | fn run_script<R: Runtime, Out, Marker>(
[INFO] [stdout]    |    ^^^^^^^^^^
[INFO] [stdout] 
[INFO] [stdout] 
[INFO] [stdout] warning: function `call_script_on_update_from_rust` is never used
[INFO] [stdout]   --> tests/tests.rs:39:4
[INFO] [stdout]    |
[INFO] [stdout] 39 | fn call_script_on_update_from_rust<R: Runtime>(
[INFO] [stdout]    |    ^^^^^^^^^^^^^^^^^^^^^^^^^^^^^^^
[INFO] [stdout] 
[INFO] [stdout] 
[INFO] [stdout] warning: trait `AssertStateKeyValue` is never used
[INFO] [stdout]   --> tests/tests.rs:51:7
[INFO] [stdout]    |
[INFO] [stdout] 51 | trait AssertStateKeyValue {
[INFO] [stdout]    |       ^^^^^^^^^^^^^^^^^^^
[INFO] [stdout] 
[INFO] [stdout] 
[INFO] [stdout] Some errors have detailed explanations: E0412, E0433.
[INFO] [stdout] 
[INFO] [stdout] For more information about an error, try `rustc --explain E0412`.
[INFO] [stdout] 
[INFO] [stdout] Some errors have detailed explanations: E0412, E0433.
[INFO] [stdout] 
[INFO] [stdout] For more information about an error, try `rustc --explain E0412`.
[INFO] [stdout] 
[INFO] [stdout] Some errors have detailed explanations: E0412, E0433.
[INFO] [stdout] 
[INFO] [stdout] For more information about an error, try `rustc --explain E0412`.
[INFO] [stdout] 
[INFO] [stdout] Some errors have detailed explanations: E0412, E0433.
[INFO] [stdout] 
[INFO] [stdout] For more information about an error, try `rustc --explain E0412`.
[INFO] [stdout] 
[INFO] [stdout] Some errors have detailed explanations: E0412, E0433.
[INFO] [stdout] 
[INFO] [stdout] For more information about an error, try `rustc --explain E0412`.
[INFO] [stdout] 
[INFO] [stdout] Some errors have detailed explanations: E0412, E0433.
[INFO] [stdout] 
[INFO] [stdout] For more information about an error, try `rustc --explain E0412`.
[INFO] [stdout] 
[INFO] [stdout] Some errors have detailed explanations: E0412, E0433.
[INFO] [stdout] 
[INFO] [stdout] For more information about an error, try `rustc --explain E0412`.
[INFO] [stdout] 
[INFO] [stderr] error: could not compile `bevy_scriptum` (example "entity_variable_rhai") due to 3 previous errors
[INFO] [stderr] warning: build failed, waiting for other jobs to finish...
[INFO] [stderr] error: could not compile `bevy_scriptum` (example "entity_variable_lua") due to 3 previous errors
[INFO] [stdout] Some errors have detailed explanations: E0412, E0433.
[INFO] [stdout] 
[INFO] [stdout] For more information about an error, try `rustc --explain E0412`.
[INFO] [stdout] 
[INFO] [stderr] error: could not compile `bevy_scriptum` (example "hello_world_lua") due to 3 previous errors
[INFO] [stderr] error: could not compile `bevy_scriptum` (example "promises_rhai") due to 3 previous errors
[INFO] [stderr] error: could not compile `bevy_scriptum` (example "hello_world_rhai") due to 3 previous errors
[INFO] [stderr] error: could not compile `bevy_scriptum` (example "ecs_rhai") due to 3 previous errors
[INFO] [stderr] error: could not compile `bevy_scriptum` (example "non_closure_system_rhai") due to 3 previous errors
[INFO] [stdout] Some errors have detailed explanations: E0412, E0433.
[INFO] [stdout] 
[INFO] [stdout] For more information about an error, try `rustc --explain E0412`.
[INFO] [stdout] 
[INFO] [stderr] error: could not compile `bevy_scriptum` (example "function_params_rhai") due to 3 previous errors
[INFO] [stdout] Some errors have detailed explanations: E0412, E0433.
[INFO] [stdout] 
[INFO] [stdout] For more information about an error, try `rustc --explain E0412`.
[INFO] [stdout] 
[INFO] [stderr] error: could not compile `bevy_scriptum` (example "ecs_lua") due to 3 previous errors
[INFO] [stderr] error: could not compile `bevy_scriptum` (example "current_entity_rhai") due to 3 previous errors
[INFO] [stdout] Some errors have detailed explanations: E0412, E0433.
[INFO] [stdout] 
[INFO] [stdout] For more information about an error, try `rustc --explain E0412`.
[INFO] [stdout] 
[INFO] [stderr] error: could not compile `bevy_scriptum` (example "side_effects_rhai") due to 3 previous errors
[INFO] [stdout] Some errors have detailed explanations: E0412, E0433.
[INFO] [stdout] 
[INFO] [stdout] For more information about an error, try `rustc --explain E0412`.
[INFO] [stdout] 
[INFO] [stderr] error: could not compile `bevy_scriptum` (example "side_effects_lua") due to 3 previous errors
[INFO] [stdout] Some errors have detailed explanations: E0412, E0433.
[INFO] [stdout] 
[INFO] [stdout] For more information about an error, try `rustc --explain E0412`.
[INFO] [stdout] 
[INFO] [stdout] Some errors have detailed explanations: E0412, E0433.
[INFO] [stdout] 
[INFO] [stdout] For more information about an error, try `rustc --explain E0412`.
[INFO] [stdout] 
[INFO] [stderr] error: could not compile `bevy_scriptum` (example "function_params_lua") due to 4 previous errors
[INFO] [stderr] error: could not compile `bevy_scriptum` (example "custom_type_rhai") due to 4 previous errors
[INFO] [stdout] warning: constant `ENTITY_VAR_NAME` is never used
[INFO] [stdout]    --> src/lib.rs:245:7
[INFO] [stdout]     |
[INFO] [stdout] 245 | const ENTITY_VAR_NAME: &str = "entity";
[INFO] [stdout]     |       ^^^^^^^^^^^^^^^
[INFO] [stdout]     |
[INFO] [stdout]     = note: `#[warn(dead_code)]` on by default
[INFO] [stdout] 
[INFO] [stdout] 
[INFO] [stdout] warning: method `then` is never used
[INFO] [stdout]   --> src/promise.rs:61:19
[INFO] [stdout]    |
[INFO] [stdout] 44 | impl<C: Clone + Send + 'static, V: Send + Clone> Promise<C, V> {
[INFO] [stdout]    | -------------------------------------------------------------- method in this implementation
[INFO] [stdout] ...
[INFO] [stdout] 61 |     pub(crate) fn then(&mut self, callback: V) -> Self {
[INFO] [stdout]    |                   ^^^^
[INFO] [stdout] 
[INFO] [stdout] 
[INFO] running `Command { std: "docker" "inspect" "cb86dd324147dc9d49b6adcd1f1598c5673ea71003e4488d8168756d8bf8830e", kill_on_drop: false }`
[INFO] running `Command { std: "docker" "rm" "-f" "cb86dd324147dc9d49b6adcd1f1598c5673ea71003e4488d8168756d8bf8830e", kill_on_drop: false }`
[INFO] [stdout] cb86dd324147dc9d49b6adcd1f1598c5673ea71003e4488d8168756d8bf8830e
