[INFO] fetching crate bevy_dev 0.3.1...
[INFO] testing bevy_dev-0.3.1 against nightly-2024-10-28 for randomize-layout
[INFO] extracting crate bevy_dev 0.3.1 into /workspace/builds/worker-2-tc1/source
[INFO] validating manifest of crates.io crate bevy_dev 0.3.1 on toolchain nightly-2024-10-28
[INFO] running `Command { std: CARGO_HOME="/workspace/cargo-home" RUSTUP_HOME="/workspace/rustup-home" "/workspace/cargo-home/bin/cargo" "+nightly-2024-10-28" "metadata" "--manifest-path" "Cargo.toml" "--no-deps", kill_on_drop: false }`
[INFO] started tweaking crates.io crate bevy_dev 0.3.1
[INFO] finished tweaking crates.io crate bevy_dev 0.3.1
[INFO] tweaked toml for crates.io crate bevy_dev 0.3.1 written to /workspace/builds/worker-2-tc1/source/Cargo.toml
[INFO] crate crates.io crate bevy_dev 0.3.1 already has a lockfile, it will not be regenerated
[INFO] running `Command { std: CARGO_HOME="/workspace/cargo-home" RUSTUP_HOME="/workspace/rustup-home" "/workspace/cargo-home/bin/cargo" "+nightly-2024-10-28" "fetch" "--manifest-path" "Cargo.toml", kill_on_drop: false }`
[INFO] [stderr]     Updating crates.io index
[INFO] [stderr]  Downloading crates ...
[INFO] [stderr]   Downloaded wayland-csd-frame v0.3.0
[INFO] [stderr]   Downloaded bevy_utils_proc_macros v0.13.2
[INFO] [stderr]   Downloaded bevy_derive v0.13.2
[INFO] [stderr]   Downloaded accesskit_macos v0.10.1
[INFO] [stderr]   Downloaded bevy_asset_macros v0.13.2
[INFO] [stderr]   Downloaded async-fs v2.1.1
[INFO] [stderr]   Downloaded encase_derive v0.7.0
[INFO] [stderr]   Downloaded encase_derive_impl v0.7.0
[INFO] [stderr]   Downloaded error-code v3.2.0
[INFO] [stderr]   Downloaded constgebra v0.1.3
[INFO] [stderr]   Downloaded encase v0.7.0
[INFO] [stderr]   Downloaded ruzstd v0.5.0
[INFO] [stderr]   Downloaded naga_oil v0.13.0
[INFO] [stderr]   Downloaded bevy_render v0.13.2
[INFO] [stderr]   Downloaded tiny-skia v0.11.4
[INFO] [stderr]   Downloaded wgpu v0.19.3
[INFO] [stderr]   Downloaded sysinfo v0.30.5
[INFO] [stderr]   Downloaded bevy_pbr v0.13.2
[INFO] [stderr]   Downloaded wgpu-core v0.19.3
[INFO] [stderr]   Downloaded egui v0.27.2
[INFO] [stderr]   Downloaded bevy_ecs v0.13.2
[INFO] [stderr]   Downloaded glam v0.25.0
[INFO] [stderr]   Downloaded blake3 v1.5.0
[INFO] [stderr]   Downloaded android-activity v0.5.2
[INFO] [stderr]   Downloaded syn v2.0.46
[INFO] [stderr]   Downloaded petgraph v0.6.4
[INFO] [stderr]   Downloaded bevy v0.13.2
[INFO] [stderr]   Downloaded x11rb v0.13.0
[INFO] [stderr]   Downloaded x11rb-protocol v0.13.0
[INFO] [stderr]   Downloaded naga v0.19.2
[INFO] [stderr]   Downloaded winit v0.29.14
[INFO] [stderr]   Downloaded derive_more v0.99.17
[INFO] [stderr]   Downloaded bevy_core_pipeline v0.13.2
[INFO] [stderr]   Downloaded wgpu-types v0.19.2
[INFO] [stderr]   Downloaded arboard v3.3.2
[INFO] [stderr]   Downloaded bevy_asset v0.13.2
[INFO] [stderr]   Downloaded web-sys v0.3.67
[INFO] [stderr]   Downloaded owned_ttf_parser v0.20.0
[INFO] [stderr]   Downloaded smithay-client-toolkit v0.18.1
[INFO] [stderr]   Downloaded wayland-protocols v0.31.2
[INFO] [stderr]   Downloaded fdeflate v0.3.3
[INFO] [stderr]   Downloaded renderdoc-sys v1.0.0
[INFO] [stderr]   Downloaded rust-embed v8.3.0
[INFO] [stderr]   Downloaded clipboard-win v5.3.0
[INFO] [stderr]   Downloaded bevy_gizmos v0.13.2
[INFO] [stderr]   Downloaded piper v0.2.1
[INFO] [stderr]   Downloaded objc2 v0.4.1
[INFO] [stderr]   Downloaded wgpu-hal v0.19.3
[INFO] [stderr]   Downloaded quick-xml v0.31.0
[INFO] [stderr]   Downloaded hexasphere v10.0.0
[INFO] [stderr]   Downloaded icrate v0.0.4
[INFO] [stderr]   Downloaded data-encoding v2.5.0
[INFO] [stderr]   Downloaded profiling v1.0.13
[INFO] [stderr]   Downloaded bevy_diagnostic v0.13.2
[INFO] [stderr]   Downloaded zerocopy v0.7.32
[INFO] [stderr]   Downloaded winnow v0.5.31
[INFO] [stderr]   Downloaded ttf-parser v0.20.0
[INFO] [stderr]   Downloaded xkeysym v0.2.0
[INFO] [stderr]   Downloaded bevy_egui v0.27.0
[INFO] [stderr]   Downloaded blocking v1.5.1
[INFO] [stderr]   Downloaded bevy_time v0.13.2
[INFO] [stderr]   Downloaded bevy_reflect v0.13.2
[INFO] [stderr]   Downloaded bevy_scene v0.13.2
[INFO] [stderr]   Downloaded wayland-client v0.31.2
[INFO] [stderr]   Downloaded bevy_gizmos_macros v0.13.2
[INFO] [stderr]   Downloaded bevy_render_macros v0.13.2
[INFO] [stderr]   Downloaded accesskit_consumer v0.16.1
[INFO] [stderr]   Downloaded accesskit_windows v0.15.1
[INFO] [stderr]   Downloaded accesskit v0.12.1
[INFO] [stderr]   Downloaded bevy_app v0.13.2
[INFO] [stderr]   Downloaded async-task v4.6.0
[INFO] [stderr]   Downloaded bevy_math v0.13.2
[INFO] [stderr]   Downloaded crossbeam-channel v0.5.10
[INFO] [stderr]   Downloaded ahash v0.8.7
[INFO] [stderr]   Downloaded crossbeam-utils v0.8.18
[INFO] [stderr]   Downloaded jobserver v0.1.27
[INFO] [stderr]   Downloaded wayland-protocols-plasma v0.2.0
[INFO] [stderr]   Downloaded libloading v0.8.1
[INFO] [stderr]   Downloaded bevy_mikktspace v0.13.2
[INFO] [stderr]   Downloaded d3d12 v0.19.0
[INFO] [stderr]   Downloaded bevy_transform v0.13.2
[INFO] [stderr]   Downloaded bevy_core v0.13.2
[INFO] [stderr]   Downloaded bevy_log v0.13.2
[INFO] [stderr]   Downloaded bevy_a11y v0.13.2
[INFO] [stderr]   Downloaded event-listener v4.0.2
[INFO] [stderr]   Downloaded bevy_reflect_derive v0.13.2
[INFO] [stderr]   Downloaded bevy_window v0.13.2
[INFO] [stderr]   Downloaded bevy_winit v0.13.2
[INFO] [stderr]   Downloaded console_log v1.0.0
[INFO] [stderr]   Downloaded ecolor v0.27.2
[INFO] [stderr]   Downloaded zerocopy-derive v0.7.32
[INFO] [stderr]   Downloaded objc2-encode v3.0.0
[INFO] [stderr]   Downloaded tiny-skia-path v0.11.4
[INFO] [stderr]   Downloaded sctk-adwaita v0.8.1
[INFO] [stderr]   Downloaded concurrent-queue v2.4.0
[INFO] [stderr]   Downloaded memmap2 v0.9.4
[INFO] [stderr]   Downloaded wayland-protocols-wlr v0.2.0
[INFO] [stderr]   Downloaded wayland-backend v0.3.3
[INFO] [stderr]   Downloaded wayland-scanner v0.31.1
[INFO] [stderr]   Downloaded bevy_encase_derive v0.13.2
[INFO] [stderr]   Downloaded bevy_ecs_macros v0.13.2
[INFO] [stderr]   Downloaded event-listener-strategy v0.4.0
[INFO] [stderr]   Downloaded async-executor v1.8.0
[INFO] [stderr]   Downloaded futures-lite v2.1.0
[INFO] [stderr]   Downloaded bevy_tasks v0.13.2
[INFO] [stderr]   Downloaded metal v0.27.0
[INFO] [stderr]   Downloaded bevy_input v0.13.2
[INFO] [stderr]   Downloaded bevy_ptr v0.13.2
[INFO] [stderr]   Downloaded emath v0.27.2
[INFO] [stderr]   Downloaded webbrowser v0.8.14
[INFO] [stderr]   Downloaded block-sys v0.2.1
[INFO] [stderr]   Downloaded objc-sys v0.3.2
[INFO] [stderr]   Downloaded raw-window-handle v0.6.0
[INFO] [stderr]   Downloaded ab_glyph v0.2.24
[INFO] [stderr]   Downloaded polling v3.4.0
[INFO] [stderr]   Downloaded calloop-wayland-source v0.2.0
[INFO] [stderr]   Downloaded xcursor v0.3.5
[INFO] [stderr]   Downloaded wayland-sys v0.31.1
[INFO] [stderr]   Downloaded web-time v0.2.4
[INFO] [stderr]   Downloaded proc-macro2 v1.0.74
[INFO] [stderr]   Downloaded accesskit_winit v0.17.0
[INFO] [stderr]   Downloaded bevy_hierarchy v0.13.2
[INFO] [stderr]   Downloaded async-channel v2.1.1
[INFO] [stderr]   Downloaded async-lock v3.2.0
[INFO] [stderr]   Downloaded bevy_macro_utils v0.13.2
[INFO] [stderr]   Downloaded erased-serde v0.4.4
[INFO] [stderr]   Downloaded bevy_utils v0.13.2
[INFO] [stderr]   Downloaded bevy_internal v0.13.2
[INFO] [stderr]   Downloaded nohash-hasher v0.2.0
[INFO] [stderr]   Downloaded block2 v0.3.0
[INFO] [stderr]   Downloaded bytemuck_derive v1.5.0
[INFO] [stderr]   Downloaded smol_str v0.2.0
[INFO] [stderr]   Downloaded random_color v0.8.0
[INFO] [stderr]   Downloaded rust-embed-utils v8.3.0
[INFO] [stderr]   Downloaded serde_derive v1.0.194
[INFO] [stderr]   Downloaded uuid v1.7.0
[INFO] [stderr]   Downloaded wayland-cursor v0.31.1
[INFO] [stderr]   Downloaded serde v1.0.194
[INFO] [stderr]   Downloaded rust-embed-impl v8.3.0
[INFO] [stderr]   Downloaded epaint v0.27.2
[INFO] running `Command { std: "docker" "create" "-v" "/var/lib/crater-agent-workspace/builds/worker-2-tc1/target:/opt/rustwide/target:rw,Z" "-v" "/var/lib/crater-agent-workspace/builds/worker-2-tc1/source:/opt/rustwide/workdir:ro,Z" "-v" "/var/lib/crater-agent-workspace/cargo-home:/opt/rustwide/cargo-home:ro,Z" "-v" "/var/lib/crater-agent-workspace/rustup-home:/opt/rustwide/rustup-home:ro,Z" "-e" "SOURCE_DIR=/opt/rustwide/workdir" "-e" "CARGO_TARGET_DIR=/opt/rustwide/target" "-e" "CARGO_HOME=/opt/rustwide/cargo-home" "-e" "RUSTUP_HOME=/opt/rustwide/rustup-home" "-w" "/opt/rustwide/workdir" "-m" "1610612736" "--user" "0:0" "--network" "none" "ghcr.io/rust-lang/crates-build-env/linux@sha256:4a844ea9eb2546a2d2c7022eacef16ef2e8229c7fbb2c7d4d55a9ceca922f72d" "/opt/rustwide/cargo-home/bin/cargo" "+nightly-2024-10-28" "metadata" "--no-deps" "--format-version=1", kill_on_drop: false }`
[INFO] [stdout] 9c389529febf610992b8a65e12107e4177da6045f394e0400a381e33226e05ee
[INFO] running `Command { std: "docker" "start" "-a" "9c389529febf610992b8a65e12107e4177da6045f394e0400a381e33226e05ee", kill_on_drop: false }`
[INFO] running `Command { std: "docker" "inspect" "9c389529febf610992b8a65e12107e4177da6045f394e0400a381e33226e05ee", kill_on_drop: false }`
[INFO] running `Command { std: "docker" "rm" "-f" "9c389529febf610992b8a65e12107e4177da6045f394e0400a381e33226e05ee", kill_on_drop: false }`
[INFO] [stdout] 9c389529febf610992b8a65e12107e4177da6045f394e0400a381e33226e05ee
[INFO] running `Command { std: "docker" "create" "-v" "/var/lib/crater-agent-workspace/builds/worker-2-tc1/target:/opt/rustwide/target:rw,Z" "-v" "/var/lib/crater-agent-workspace/builds/worker-2-tc1/source:/opt/rustwide/workdir:ro,Z" "-v" "/var/lib/crater-agent-workspace/cargo-home:/opt/rustwide/cargo-home:ro,Z" "-v" "/var/lib/crater-agent-workspace/rustup-home:/opt/rustwide/rustup-home:ro,Z" "-e" "SOURCE_DIR=/opt/rustwide/workdir" "-e" "CARGO_TARGET_DIR=/opt/rustwide/target" "-e" "CARGO_INCREMENTAL=0" "-e" "RUST_BACKTRACE=full" "-e" "RUSTFLAGS=--cap-lints=forbid" "-e" "RUSTDOCFLAGS=--cap-lints=forbid" "-e" "CARGO_HOME=/opt/rustwide/cargo-home" "-e" "RUSTUP_HOME=/opt/rustwide/rustup-home" "-w" "/opt/rustwide/workdir" "-m" "1610612736" "--user" "0:0" "--network" "none" "ghcr.io/rust-lang/crates-build-env/linux@sha256:4a844ea9eb2546a2d2c7022eacef16ef2e8229c7fbb2c7d4d55a9ceca922f72d" "/opt/rustwide/cargo-home/bin/cargo" "+nightly-2024-10-28" "build" "--frozen" "--message-format=json", kill_on_drop: false }`
[INFO] [stdout] ac46a9818b66bd8de2bb111124251d0ce677edf414dad28950f4bdaf472a2eec
[INFO] running `Command { std: "docker" "start" "-a" "ac46a9818b66bd8de2bb111124251d0ce677edf414dad28950f4bdaf472a2eec", kill_on_drop: false }`
[INFO] [stderr]    Compiling proc-macro2 v1.0.74
[INFO] [stderr]    Compiling unicode-ident v1.0.12
[INFO] [stderr]    Compiling serde v1.0.194
[INFO] [stderr]    Compiling libc v0.2.151
[INFO] [stderr]    Compiling once_cell v1.19.0
[INFO] [stderr]    Compiling zerocopy v0.7.32
[INFO] [stderr]    Compiling crossbeam-utils v0.8.18
[INFO] [stderr]    Compiling thiserror v1.0.56
[INFO] [stderr]    Compiling allocator-api2 v0.2.16
[INFO] [stderr]    Compiling ahash v0.8.7
[INFO] [stderr]    Compiling hashbrown v0.14.3
[INFO] [stderr]    Compiling parking v2.2.0
[INFO] [stderr]    Compiling toml_datetime v0.6.5
[INFO] [stderr]    Compiling winnow v0.5.31
[INFO] [stderr]    Compiling futures-core v0.3.30
[INFO] [stderr]    Compiling fastrand v2.0.1
[INFO] [stderr]    Compiling futures-io v0.3.30
[INFO] [stderr]    Compiling async-task v4.6.0
[INFO] [stderr]    Compiling tracing-core v0.1.32
[INFO] [stderr]    Compiling fixedbitset v0.4.2
[INFO] [stderr]    Compiling web-time v0.2.4
[INFO] [stderr]    Compiling thread_local v1.1.7
[INFO] [stderr]    Compiling bevy_ptr v0.13.2
[INFO] [stderr]    Compiling downcast-rs v1.2.0
[INFO] [stderr]    Compiling smol_str v0.2.0
[INFO] [stderr]    Compiling num-traits v0.2.17
[INFO] [stderr]    Compiling lock_api v0.4.11
[INFO] [stderr]    Compiling memchr v2.7.1
[INFO] [stderr]    Compiling futures-lite v2.1.0
[INFO] [stderr]    Compiling parking_lot_core v0.9.9
[INFO] [stderr]    Compiling regex-syntax v0.8.2
[INFO] [stderr]    Compiling sharded-slab v0.1.7
[INFO] [stderr]    Compiling crc32fast v1.3.2
[INFO] [stderr]    Compiling concurrent-queue v2.4.0
[INFO] [stderr]    Compiling indexmap v2.1.0
[INFO] [stderr]    Compiling codespan-reporting v0.11.1
[INFO] [stderr]    Compiling tracing-log v0.2.0
[INFO] [stderr]    Compiling tracing-log v0.1.4
[INFO] [stderr]    Compiling getrandom v0.2.11
[INFO] [stderr]    Compiling event-listener v4.0.2
[INFO] [stderr]    Compiling quote v1.0.35
[INFO] [stderr]    Compiling aho-corasick v1.1.2
[INFO] [stderr]    Compiling syn v2.0.46
[INFO] [stderr]    Compiling event-listener-strategy v0.4.0
[INFO] [stderr]    Compiling num-integer v0.1.45
[INFO] [stderr]    Compiling adler v1.0.2
[INFO] [stderr]    Compiling unicode-xid v0.2.4
[INFO] [stderr]    Compiling async-lock v3.2.0
[INFO] [stderr]    Compiling async-channel v2.1.1
[INFO] [stderr]    Compiling uuid v1.7.0
[INFO] [stderr]    Compiling arrayvec v0.7.4
[INFO] [stderr]    Compiling miniz_oxide v0.7.1
[INFO] [stderr]    Compiling cc v1.0.83
[INFO] [stderr]    Compiling wgpu-hal v0.19.3
[INFO] [stderr]    Compiling libloading v0.8.1
[INFO] [stderr]    Compiling num-rational v0.4.1
[INFO] [stderr]    Compiling raw-window-handle v0.6.0
[INFO] [stderr]    Compiling piper v0.2.1
[INFO] [stderr]    Compiling khronos-egl v6.0.0
[INFO] [stderr]    Compiling ash v0.37.3+1.3.251
[INFO] [stderr]    Compiling crossbeam-channel v0.5.10
[INFO] [stderr]    Compiling fdeflate v0.3.3
[INFO] [stderr]    Compiling wgpu-core v0.19.3
[INFO] [stderr]    Compiling generic-array v0.14.7
[INFO] [stderr]    Compiling renderdoc-sys v1.0.0
[INFO] [stderr]    Compiling profiling v1.0.13
[INFO] [stderr]    Compiling wgpu v0.19.3
[INFO] [stderr]    Compiling async-executor v1.8.0
[INFO] [stderr]    Compiling constant_time_eq v0.3.0
[INFO] [stderr]    Compiling arrayref v0.3.7
[INFO] [stderr]    Compiling color_quant v1.1.0
[INFO] [stderr]    Compiling base64 v0.21.5
[INFO] [stderr]    Compiling flate2 v1.0.28
[INFO] [stderr]    Compiling toml_edit v0.21.1
[INFO] [stderr]    Compiling bevy_tasks v0.13.2
[INFO] [stderr]    Compiling accesskit v0.12.1
[INFO] [stderr]    Compiling async-broadcast v0.5.1
[INFO] [stderr]    Compiling constgebra v0.1.3
[INFO] [stderr]    Compiling data-encoding v2.5.0
[INFO] [stderr]    Compiling const_panic v0.2.8
[INFO] [stderr]    Compiling tinyvec v1.6.0
[INFO] [stderr]    Compiling radsort v0.1.0
[INFO] [stderr]    Compiling png v0.17.10
[INFO] [stderr]    Compiling ttf-parser v0.20.0
[INFO] [stderr]    Compiling rustix v0.38.28
[INFO] [stderr]    Compiling regex-automata v0.4.3
[INFO] [stderr]    Compiling sysinfo v0.30.5
[INFO] [stderr]    Compiling blake3 v1.5.0
[INFO] [stderr]    Compiling same-file v1.0.6
[INFO] [stderr]    Compiling linux-raw-sys v0.4.13
[INFO] [stderr]    Compiling unicode-bidi v0.3.15
[INFO] [stderr]    Compiling block-buffer v0.10.4
[INFO] [stderr]    Compiling crypto-common v0.1.6
[INFO] [stderr]    Compiling cpufeatures v0.2.11
[INFO] [stderr]    Compiling digest v0.10.7
[INFO] [stderr]    Compiling walkdir v2.4.0
[INFO] [stderr]    Compiling sha2 v0.10.8
[INFO] [stderr]    Compiling rand_core v0.6.4
[INFO] [stderr]    Compiling nohash-hasher v0.2.0
[INFO] [stderr]    Compiling unicode-normalization v0.1.23
[INFO] [stderr]    Compiling x11rb-protocol v0.13.0
[INFO] [stderr]    Compiling rand_chacha v0.3.1
[INFO] [stderr]    Compiling rust-embed-utils v8.3.0
[INFO] [stderr]    Compiling home v0.5.9
[INFO] [stderr]    Compiling rand v0.8.5
[INFO] [stderr]    Compiling idna v0.5.0
[INFO] [stderr]    Compiling url v2.5.0
[INFO] [stderr]    Compiling bevy_macro_utils v0.13.2
[INFO] [stderr]    Compiling encase_derive_impl v0.7.0
[INFO] [stderr]    Compiling owned_ttf_parser v0.20.0
[INFO] [stderr]    Compiling webbrowser v0.8.14
[INFO] [stderr]    Compiling ab_glyph v0.2.24
[INFO] [stderr]    Compiling random_color v0.8.0
[INFO] [stderr]    Compiling regex v1.10.2
[INFO] [stderr]    Compiling serde_derive v1.0.194
[INFO] [stderr]    Compiling bytemuck_derive v1.5.0
[INFO] [stderr]    Compiling thiserror-impl v1.0.56
[INFO] [stderr]    Compiling tracing-attributes v0.1.27
[INFO] [stderr]    Compiling bevy_utils_proc_macros v0.13.2
[INFO] [stderr]    Compiling bevy_reflect_derive v0.13.2
[INFO] [stderr]    Compiling bevy_ecs_macros v0.13.2
[INFO] [stderr]    Compiling bevy_derive v0.13.2
[INFO] [stderr]    Compiling encase_derive v0.7.0
[INFO] [stderr]    Compiling bevy_asset_macros v0.13.2
[INFO] [stderr]    Compiling bevy_encase_derive v0.13.2
[INFO] [stderr]    Compiling bevy_render_macros v0.13.2
[INFO] [stderr]    Compiling rust-embed-impl v8.3.0
[INFO] [stderr]    Compiling bytemuck v1.14.0
[INFO] [stderr]    Compiling tracing v0.1.40
[INFO] [stderr]    Compiling image v0.24.7
[INFO] [stderr]    Compiling emath v0.27.2
[INFO] [stderr]    Compiling ecolor v0.27.2
[INFO] [stderr]    Compiling rust-embed v8.3.0
[INFO] [stderr]    Compiling blocking v1.5.1
[INFO] [stderr]    Compiling async-fs v2.1.1
[INFO] [stderr]    Compiling smallvec v1.11.2
[INFO] [stderr]    Compiling glam v0.25.0
[INFO] [stderr]    Compiling bitflags v2.4.1
[INFO] [stderr]    Compiling erased-serde v0.4.4
[INFO] [stderr]    Compiling spirv v0.3.0+sdk-1.3.268.0
[INFO] [stderr]    Compiling gpu-descriptor-types v0.1.2
[INFO] [stderr]    Compiling gpu-alloc-types v0.3.0
[INFO] [stderr]    Compiling wgpu-types v0.19.2
[INFO] [stderr]    Compiling ron v0.8.1
[INFO] [stderr]    Compiling tracing-subscriber v0.3.18
[INFO] [stderr]    Compiling gpu-alloc v0.6.0
[INFO] [stderr]    Compiling parking_lot v0.12.1
[INFO] [stderr]    Compiling epaint v0.27.2
[INFO] [stderr]    Compiling gpu-descriptor v0.2.4
[INFO] [stderr]    Compiling egui v0.27.2
[INFO] [stderr]    Compiling petgraph v0.6.4
[INFO] [stderr]    Compiling naga v0.19.2
[INFO] [stderr]    Compiling x11rb v0.13.0
[INFO] [stderr]    Compiling bevy_math v0.13.2
[INFO] [stderr]    Compiling bevy_mikktspace v0.13.2
[INFO] [stderr]    Compiling encase v0.7.0
[INFO] [stderr]    Compiling hexasphere v10.0.0
[INFO] [stderr]    Compiling bevy_utils v0.13.2
[INFO] [stderr]    Compiling arboard v3.3.2
[INFO] [stderr]    Compiling bevy_reflect v0.13.2
[INFO] [stderr]    Compiling naga_oil v0.13.0
[INFO] [stderr]    Compiling bevy_ecs v0.13.2
[INFO] [stderr]    Compiling bevy_app v0.13.2
[INFO] [stderr]    Compiling bevy_log v0.13.2
[INFO] [stderr]    Compiling bevy_core v0.13.2
[INFO] [stderr]    Compiling bevy_a11y v0.13.2
[INFO] [stderr]    Compiling bevy_time v0.13.2
[INFO] [stderr]    Compiling bevy_input v0.13.2
[INFO] [stderr]    Compiling bevy_asset v0.13.2
[INFO] [stderr]    Compiling bevy_hierarchy v0.13.2
[INFO] [stderr]    Compiling bevy_diagnostic v0.13.2
[INFO] [stderr]    Compiling bevy_transform v0.13.2
[INFO] [stderr]    Compiling bevy_window v0.13.2
[INFO] [stderr]    Compiling bevy_render v0.13.2
[INFO] [stderr]    Compiling bevy_core_pipeline v0.13.2
[INFO] [stderr]    Compiling bevy_pbr v0.13.2
[INFO] [stderr]    Compiling bevy_internal v0.13.2
[INFO] [stderr]    Compiling bevy v0.13.2
[INFO] [stderr]    Compiling bevy_egui v0.27.0
[INFO] [stderr]    Compiling bevy_dev v0.3.1 (/opt/rustwide/workdir)
[INFO] [stderr]     Finished `dev` profile [unoptimized + debuginfo] target(s) in 2m 14s
[INFO] running `Command { std: "docker" "inspect" "ac46a9818b66bd8de2bb111124251d0ce677edf414dad28950f4bdaf472a2eec", kill_on_drop: false }`
[INFO] running `Command { std: "docker" "rm" "-f" "ac46a9818b66bd8de2bb111124251d0ce677edf414dad28950f4bdaf472a2eec", kill_on_drop: false }`
[INFO] [stdout] ac46a9818b66bd8de2bb111124251d0ce677edf414dad28950f4bdaf472a2eec
[INFO] running `Command { std: "docker" "create" "-v" "/var/lib/crater-agent-workspace/builds/worker-2-tc1/target:/opt/rustwide/target:rw,Z" "-v" "/var/lib/crater-agent-workspace/builds/worker-2-tc1/source:/opt/rustwide/workdir:ro,Z" "-v" "/var/lib/crater-agent-workspace/cargo-home:/opt/rustwide/cargo-home:ro,Z" "-v" "/var/lib/crater-agent-workspace/rustup-home:/opt/rustwide/rustup-home:ro,Z" "-e" "SOURCE_DIR=/opt/rustwide/workdir" "-e" "CARGO_TARGET_DIR=/opt/rustwide/target" "-e" "CARGO_INCREMENTAL=0" "-e" "RUST_BACKTRACE=full" "-e" "RUSTFLAGS=--cap-lints=forbid" "-e" "RUSTDOCFLAGS=--cap-lints=forbid" "-e" "CARGO_HOME=/opt/rustwide/cargo-home" "-e" "RUSTUP_HOME=/opt/rustwide/rustup-home" "-w" "/opt/rustwide/workdir" "-m" "1610612736" "--user" "0:0" "--network" "none" "ghcr.io/rust-lang/crates-build-env/linux@sha256:4a844ea9eb2546a2d2c7022eacef16ef2e8229c7fbb2c7d4d55a9ceca922f72d" "/opt/rustwide/cargo-home/bin/cargo" "+nightly-2024-10-28" "test" "--frozen" "--no-run" "--message-format=json", kill_on_drop: false }`
[INFO] [stdout] ca3a30a915f47c09014402fe79f3c91f06974a5e158ba431875bb9c93d9c6006
[INFO] running `Command { std: "docker" "start" "-a" "ca3a30a915f47c09014402fe79f3c91f06974a5e158ba431875bb9c93d9c6006", kill_on_drop: false }`
[INFO] [stderr]    Compiling rustix v0.38.28
[INFO] [stderr]    Compiling linux-raw-sys v0.4.13
[INFO] [stderr]    Compiling syn v1.0.109
[INFO] [stderr]    Compiling dlib v0.5.2
[INFO] [stderr]    Compiling winit v0.29.14
[INFO] [stderr]    Compiling xkeysym v0.2.0
[INFO] [stderr]    Compiling cursor-icon v1.1.0
[INFO] [stderr]    Compiling approx v0.5.1
[INFO] [stderr]    Compiling xkbcommon-dl v0.4.2
[INFO] [stderr]    Compiling derive_more v0.99.17
[INFO] [stderr]    Compiling ruzstd v0.5.0
[INFO] [stderr]    Compiling bevy_render v0.13.2
[INFO] [stderr]    Compiling polling v3.4.0
[INFO] [stderr]    Compiling x11rb v0.13.0
[INFO] [stderr]    Compiling calloop v0.12.4
[INFO] [stdout] error: The platform you're compiling for is not supported by winit
[INFO] [stdout]   --> /opt/rustwide/cargo-home/registry/src/index.crates.io-6f17d22bba15001f/winit-0.29.14/src/platform_impl/mod.rs:67:1
[INFO] [stdout]    |
[INFO] [stdout] 67 | compile_error!("The platform you're compiling for is not supported by winit");
[INFO] [stdout]    | ^^^^^^^^^^^^^^^^^^^^^^^^^^^^^^^^^^^^^^^^^^^^^^^^^^^^^^^^^^^^^^^^^^^^^^^^^^^^^
[INFO] [stdout] 
[INFO] [stdout] 
[INFO] [stdout] error[E0432]: unresolved import `self::platform`
[INFO] [stdout]   --> /opt/rustwide/cargo-home/registry/src/index.crates.io-6f17d22bba15001f/winit-0.29.14/src/platform_impl/mod.rs:26:15
[INFO] [stdout]    |
[INFO] [stdout] 26 | pub use self::platform::*;
[INFO] [stdout]    |               ^^^^^^^^ could not find `platform` in `self`
[INFO] [stdout] 
[INFO] [stdout] 
[INFO] [stdout] error[E0432]: unresolved import `crate::platform_impl::PlatformIcon`
[INFO] [stdout]  --> /opt/rustwide/cargo-home/registry/src/index.crates.io-6f17d22bba15001f/winit-0.29.14/src/icon.rs:1:5
[INFO] [stdout]   |
[INFO] [stdout] 1 | use crate::platform_impl::PlatformIcon;
[INFO] [stdout]   |     ^^^^^^^^^^^^^^^^^^^^^^^^^^^^^^^^^^ no `PlatformIcon` in `platform_impl`
[INFO] [stdout] 
[INFO] [stdout] 
[INFO] [stdout] error[E0369]: binary operation `==` cannot be applied to type `&std::option::Option<MonitorHandle>`
[INFO] [stdout]     --> /opt/rustwide/cargo-home/registry/src/index.crates.io-6f17d22bba15001f/winit-0.29.14/src/window.rs:1641:16
[INFO] [stdout]      |
[INFO] [stdout] 1636 | #[derive(Clone, Debug, PartialEq, Eq)]
[INFO] [stdout]      |                        --------- in this derive macro expansion
[INFO] [stdout] ...
[INFO] [stdout] 1641 |     Borderless(Option<MonitorHandle>),
[INFO] [stdout]      |                ^^^^^^^^^^^^^^^^^^^^^
[INFO] [stdout]      |
[INFO] [stdout]      = note: this error originates in the derive macro `PartialEq` (in Nightly builds, run with -Z macro-backtrace for more info)
[INFO] [stdout] 
[INFO] [stdout] 
[INFO] [stdout] Some errors have detailed explanations: E0369, E0432.
[INFO] [stdout] 
[INFO] [stdout] For more information about an error, try `rustc --explain E0369`.
[INFO] [stdout] 
[INFO] [stderr] error: could not compile `winit` (lib) due to 4 previous errors
[INFO] [stderr] warning: build failed, waiting for other jobs to finish...
[INFO] running `Command { std: "docker" "inspect" "ca3a30a915f47c09014402fe79f3c91f06974a5e158ba431875bb9c93d9c6006", kill_on_drop: false }`
[INFO] running `Command { std: "docker" "rm" "-f" "ca3a30a915f47c09014402fe79f3c91f06974a5e158ba431875bb9c93d9c6006", kill_on_drop: false }`
[INFO] [stdout] ca3a30a915f47c09014402fe79f3c91f06974a5e158ba431875bb9c93d9c6006
