[INFO] fetching crate benxu 0.1.0...
[INFO] testing benxu-0.1.0 against nightly-2024-10-28 for randomize-layout
[INFO] extracting crate benxu 0.1.0 into /workspace/builds/worker-7-tc1/source
[INFO] validating manifest of crates.io crate benxu 0.1.0 on toolchain nightly-2024-10-28
[INFO] running `Command { std: CARGO_HOME="/workspace/cargo-home" RUSTUP_HOME="/workspace/rustup-home" "/workspace/cargo-home/bin/cargo" "+nightly-2024-10-28" "metadata" "--manifest-path" "Cargo.toml" "--no-deps", kill_on_drop: false }`
[INFO] started tweaking crates.io crate benxu 0.1.0
[INFO] finished tweaking crates.io crate benxu 0.1.0
[INFO] tweaked toml for crates.io crate benxu 0.1.0 written to /workspace/builds/worker-7-tc1/source/Cargo.toml
[INFO] crate crates.io crate benxu 0.1.0 already has a lockfile, it will not be regenerated
[INFO] running `Command { std: CARGO_HOME="/workspace/cargo-home" RUSTUP_HOME="/workspace/rustup-home" "/workspace/cargo-home/bin/cargo" "+nightly-2024-10-28" "fetch" "--manifest-path" "Cargo.toml", kill_on_drop: false }`
[INFO] [stderr]     Updating crates.io index
[INFO] [stderr]  Downloading crates ...
[INFO] [stderr]   Downloaded backtrace v0.3.37
[INFO] [stderr]   Downloaded simple_logger v1.3.0
[INFO] [stderr]   Downloaded adler32 v1.0.4
[INFO] [stderr]   Downloaded boolinator v2.4.0
[INFO] [stderr]   Downloaded fsevent v0.4.0
[INFO] [stderr]   Downloaded r2d2 v0.8.5
[INFO] [stderr]   Downloaded vcpkg v0.2.7
[INFO] [stderr]   Downloaded typenum v1.11.2
[INFO] [stderr]   Downloaded blake2-rfc v0.2.18
[INFO] [stderr]   Downloaded winapi-util v0.1.2
[INFO] [stderr]   Downloaded pkg-config v0.3.16
[INFO] [stderr]   Downloaded discard v1.0.4
[INFO] [stderr]   Downloaded openssl-sys v0.9.49
[INFO] [stderr]   Downloaded block-cipher-trait v0.6.2
[INFO] [stderr]   Downloaded generic-array v0.12.3
[INFO] [stderr]   Downloaded rand v0.7.2
[INFO] [stderr]   Downloaded http v0.1.18
[INFO] [stderr]   Downloaded regex v1.3.1
[INFO] [stderr]   Downloaded stdweb v0.4.18
[INFO] [stderr]   Downloaded regex-syntax v0.6.12
[INFO] [stderr]   Downloaded argon2rs v0.2.5
[INFO] [stderr]   Downloaded diesel v1.4.2
[INFO] [stderr]   Downloaded openssl v0.10.24
[INFO] [stderr]   Downloaded web-sys v0.3.27
[INFO] [stderr]   Downloaded proc-macro-hack v0.5.9
[INFO] [stderr]   Downloaded blog-db v0.1.0
[INFO] [stderr]   Downloaded chrono v0.4.9
[INFO] [stderr]   Downloaded rocket v0.4.2
[INFO] [stderr]   Downloaded blog-client v0.1.0
[INFO] [stderr]   Downloaded blowfish v0.4.0
[INFO] [stderr]   Downloaded sha1 v0.6.0
[INFO] [stderr]   Downloaded stdweb-internal-macros v0.2.7
[INFO] [stderr]   Downloaded mio v0.6.19
[INFO] [stderr]   Downloaded hyper v0.10.16
[INFO] [stderr]   Downloaded bincode v1.0.1
[INFO] [stderr]   Downloaded proc-macro-nested v0.1.3
[INFO] [stderr]   Downloaded stdweb-derive v0.5.1
[INFO] [stderr]   Downloaded base-x v0.2.5
[INFO] [stderr]   Downloaded cgmath v0.16.1
[INFO] [stderr]   Downloaded rocket_http v0.4.2
[INFO] [stderr]   Downloaded rle-decode-fast v1.0.1
[INFO] [stderr]   Downloaded iovec v0.1.2
[INFO] [stderr]   Downloaded parking_lot_core v0.5.0
[INFO] [stderr]   Downloaded cookie v0.11.1
[INFO] [stderr]   Downloaded base64 v0.9.3
[INFO] [stderr]   Downloaded toml v0.4.10
[INFO] [stderr]   Downloaded uuid v0.6.5
[INFO] [stderr]   Downloaded sodiumoxide v0.2.4
[INFO] [stderr]   Downloaded stdweb-internal-runtime v0.1.4
[INFO] [stderr]   Downloaded yew-macro v0.7.0
[INFO] [stderr]   Downloaded yew v0.7.0
[INFO] [stderr]   Downloaded bcrypt v0.5.0
[INFO] [stderr]   Downloaded crc32fast v1.2.0
[INFO] [stderr]   Downloaded xattr v0.2.2
[INFO] [stderr]   Downloaded diesel_derives v1.4.0
[INFO] [stderr]   Downloaded lazycell v1.2.1
[INFO] [stderr]   Downloaded miow v0.2.1
[INFO] [stderr]   Downloaded walkdir v2.2.9
[INFO] [stderr]   Downloaded rocket_contrib v0.4.2
[INFO] [stderr]   Downloaded unicode-normalization v0.1.8
[INFO] [stderr]   Downloaded smallvec v0.6.10
[INFO] [stderr]   Downloaded typed-builder v0.3.0
[INFO] [stderr]   Downloaded tar v0.4.26
[INFO] [stderr]   Downloaded rand_chacha v0.2.1
[INFO] [stderr]   Downloaded filetime v0.2.7
[INFO] [stderr]   Downloaded inotify-sys v0.1.3
[INFO] [stderr]   Downloaded net2 v0.2.33
[INFO] [stderr]   Downloaded mio-extras v2.0.5
[INFO] [stderr]   Downloaded notify v4.0.13
[INFO] [stderr]   Downloaded lock_api v0.2.0
[INFO] [stderr]   Downloaded scopeguard v1.0.0
[INFO] [stderr]   Downloaded lock_api v0.3.1
[INFO] [stderr]   Downloaded scheduled-thread-pool v0.2.2
[INFO] [stderr]   Downloaded rgb v0.8.14
[INFO] [stderr]   Downloaded colored v1.8.0
[INFO] [stderr]   Downloaded libsodium-sys v0.2.4
[INFO] [stderr]   Downloaded devise_core v0.2.0
[INFO] [stderr]   Downloaded typeable v0.1.2
[INFO] [stderr]   Downloaded yansi v0.5.0
[INFO] [stderr]   Downloaded sourcefile v0.1.4
[INFO] [stderr]   Downloaded serde_derive v1.0.101
[INFO] [stderr]   Downloaded winconsole v0.10.0
[INFO] [stderr]   Downloaded indexmap v1.2.0
[INFO] [stderr]   Downloaded ppv-lite86 v0.2.5
[INFO] [stderr]   Downloaded bundled-crypto v0.1.0
[INFO] [stderr]   Downloaded wasi v0.7.0
[INFO] [stderr]   Downloaded static-page-builder v0.1.0
[INFO] [stderr]   Downloaded tap v0.4.0
[INFO] [stderr]   Downloaded wasm-slideshow v0.1.0
[INFO] [stderr]   Downloaded rocket_codegen v0.4.2
[INFO] [stderr]   Downloaded ring v0.13.5
[INFO] [stderr]   Downloaded version_check v0.9.1
[INFO] [stderr]   Downloaded cc v1.0.45
[INFO] [stderr]   Downloaded weedle v0.10.0
[INFO] [stderr]   Downloaded libflate v0.1.27
[INFO] [stderr]   Downloaded c2-chacha v0.2.2
[INFO] [stderr]   Downloaded getrandom v0.1.12
[INFO] [stderr]   Downloaded fsevent-sys v2.0.1
[INFO] [stderr]   Downloaded parking_lot v0.8.0
[INFO] [stderr]   Downloaded parking_lot_core v0.6.2
[INFO] [stderr]   Downloaded rocket_contrib_codegen v0.4.2
[INFO] [stderr]   Downloaded maud_htmlescape v0.17.0
[INFO] [stderr]   Downloaded devise_codegen v0.2.0
[INFO] [stderr]   Downloaded untrusted v0.6.2
[INFO] [stderr]   Downloaded mime v0.2.6
[INFO] [stderr]   Downloaded unicase v1.4.2
[INFO] [stderr]   Downloaded yansi v0.4.0
[INFO] [stderr]   Downloaded pear_codegen v0.1.2
[INFO] [stderr]   Downloaded inotify v0.6.1
[INFO] [stderr]   Downloaded same-file v1.0.5
[INFO] [stderr]   Downloaded serde v1.0.101
[INFO] [stderr]   Downloaded approx v0.1.1
[INFO] [stderr]   Downloaded maud_macros v0.21.0
[INFO] [stderr]   Downloaded num_cpus v1.10.1
[INFO] [stderr]   Downloaded state v0.4.1
[INFO] [stderr]   Downloaded wasm-bindgen-webidl v0.2.50
[INFO] [stderr]   Downloaded dotenv v0.14.1
[INFO] [stderr]   Downloaded pear v0.1.2
[INFO] [stderr]   Downloaded proc-macro2 v1.0.3
[INFO] [stderr]   Downloaded devise v0.2.0
[INFO] [stderr]   Downloaded safemem v0.3.2
[INFO] [stderr]   Downloaded maud v0.21.0
[INFO] running `Command { std: "docker" "create" "-v" "/var/lib/crater-agent-workspace/builds/worker-7-tc1/target:/opt/rustwide/target:rw,Z" "-v" "/var/lib/crater-agent-workspace/builds/worker-7-tc1/source:/opt/rustwide/workdir:ro,Z" "-v" "/var/lib/crater-agent-workspace/cargo-home:/opt/rustwide/cargo-home:ro,Z" "-v" "/var/lib/crater-agent-workspace/rustup-home:/opt/rustwide/rustup-home:ro,Z" "-e" "SOURCE_DIR=/opt/rustwide/workdir" "-e" "CARGO_TARGET_DIR=/opt/rustwide/target" "-e" "CARGO_HOME=/opt/rustwide/cargo-home" "-e" "RUSTUP_HOME=/opt/rustwide/rustup-home" "-w" "/opt/rustwide/workdir" "-m" "1610612736" "--user" "0:0" "--network" "none" "ghcr.io/rust-lang/crates-build-env/linux@sha256:4a844ea9eb2546a2d2c7022eacef16ef2e8229c7fbb2c7d4d55a9ceca922f72d" "/opt/rustwide/cargo-home/bin/cargo" "+nightly-2024-10-28" "metadata" "--no-deps" "--format-version=1", kill_on_drop: false }`
[INFO] [stdout] 74405aa3e70a5aefea773973cdc5950c0ae44860129c73d8ad73e10b2dab0483
[INFO] running `Command { std: "docker" "start" "-a" "74405aa3e70a5aefea773973cdc5950c0ae44860129c73d8ad73e10b2dab0483", kill_on_drop: false }`
[INFO] running `Command { std: "docker" "inspect" "74405aa3e70a5aefea773973cdc5950c0ae44860129c73d8ad73e10b2dab0483", kill_on_drop: false }`
[INFO] running `Command { std: "docker" "rm" "-f" "74405aa3e70a5aefea773973cdc5950c0ae44860129c73d8ad73e10b2dab0483", kill_on_drop: false }`
[INFO] [stdout] 74405aa3e70a5aefea773973cdc5950c0ae44860129c73d8ad73e10b2dab0483
[INFO] running `Command { std: "docker" "create" "-v" "/var/lib/crater-agent-workspace/builds/worker-7-tc1/target:/opt/rustwide/target:rw,Z" "-v" "/var/lib/crater-agent-workspace/builds/worker-7-tc1/source:/opt/rustwide/workdir:ro,Z" "-v" "/var/lib/crater-agent-workspace/cargo-home:/opt/rustwide/cargo-home:ro,Z" "-v" "/var/lib/crater-agent-workspace/rustup-home:/opt/rustwide/rustup-home:ro,Z" "-e" "SOURCE_DIR=/opt/rustwide/workdir" "-e" "CARGO_TARGET_DIR=/opt/rustwide/target" "-e" "CARGO_INCREMENTAL=0" "-e" "RUST_BACKTRACE=full" "-e" "RUSTFLAGS=--cap-lints=forbid" "-e" "RUSTDOCFLAGS=--cap-lints=forbid" "-e" "CARGO_HOME=/opt/rustwide/cargo-home" "-e" "RUSTUP_HOME=/opt/rustwide/rustup-home" "-w" "/opt/rustwide/workdir" "-m" "1610612736" "--user" "0:0" "--network" "none" "ghcr.io/rust-lang/crates-build-env/linux@sha256:4a844ea9eb2546a2d2c7022eacef16ef2e8229c7fbb2c7d4d55a9ceca922f72d" "/opt/rustwide/cargo-home/bin/cargo" "+nightly-2024-10-28" "build" "--frozen" "--message-format=json", kill_on_drop: false }`
[INFO] [stdout] 1a1b48852e755d8890d48039da77f2b7f676ed6e94c92d5e2f1bc245118ae39e
[INFO] running `Command { std: "docker" "start" "-a" "1a1b48852e755d8890d48039da77f2b7f676ed6e94c92d5e2f1bc245118ae39e", kill_on_drop: false }`
[INFO] [stderr] warning: benxu v0.1.0 (/opt/rustwide/workdir) ignoring invalid dependency `blog-client` which is missing a lib target
[INFO] [stderr]    Compiling libc v0.2.62
[INFO] [stderr]    Compiling cfg-if v0.1.9
[INFO] [stderr]    Compiling proc-macro2 v1.0.3
[INFO] [stderr]    Compiling unicode-xid v0.2.0
[INFO] [stderr]    Compiling syn v1.0.5
[INFO] [stderr]    Compiling serde v1.0.101
[INFO] [stderr]    Compiling autocfg v0.1.6
[INFO] [stderr]    Compiling cc v1.0.45
[INFO] [stderr]    Compiling proc-macro2 v0.4.30
[INFO] [stderr]    Compiling log v0.4.8
[INFO] [stderr]    Compiling unicode-xid v0.1.0
[INFO] [stderr]    Compiling syn v0.15.44
[INFO] [stderr]    Compiling version_check v0.1.5
[INFO] [stderr]    Compiling smallvec v0.6.10
[INFO] [stderr]    Compiling semver-parser v0.7.0
[INFO] [stderr]    Compiling semver v0.9.0
[INFO] [stderr]    Compiling memchr v2.2.1
[INFO] [stderr]    Compiling bitflags v1.1.0
[INFO] [stderr]    Compiling byteorder v1.3.2
[INFO] [stderr]    Compiling quote v1.0.2
[INFO] [stderr]    Compiling quote v0.6.13
[INFO] [stderr]    Compiling rustc_version v0.2.3
[INFO] [stderr]    Compiling rand_core v0.4.2
[INFO] [stderr]    Compiling num-traits v0.2.8
[INFO] [stderr]    Compiling time v0.1.42
[INFO] [stderr]    Compiling version_check v0.9.1
[INFO] [stderr]    Compiling yansi v0.5.0
[INFO] [stderr]    Compiling matches v0.1.8
[INFO] [stderr]    Compiling wasm-bindgen-shared v0.2.50
[INFO] [stderr]    Compiling rand_core v0.3.1
[INFO] [stderr]    Compiling backtrace-sys v0.1.31
[INFO] [stderr]    Compiling unicode-bidi v0.3.4
[INFO] [stderr]    Compiling ring v0.13.5
[INFO] [stderr]    Compiling unicode-normalization v0.1.8
[INFO] [stderr]    Compiling yansi v0.4.0
[INFO] [stderr]    Compiling bumpalo v2.6.0
[INFO] [stderr]    Compiling failure_derive v0.1.5
[INFO] [stderr]    Compiling pkg-config v0.3.16
[INFO] [stderr]    Compiling pear_codegen v0.1.2
[INFO] [stderr]    Compiling idna v0.1.5
[INFO] [stderr]    Compiling unicase v1.4.2
[INFO] [stderr]    Compiling rand_chacha v0.1.1
[INFO] [stderr]    Compiling rand_pcg v0.1.2
[INFO] [stderr]    Compiling safemem v0.3.2
[INFO] [stderr]    Compiling percent-encoding v1.0.1
[INFO] [stderr]    Compiling scopeguard v1.0.0
[INFO] [stderr]    Compiling untrusted v0.6.2
[INFO] [stderr]    Compiling rustc-demangle v0.1.16
[INFO] [stderr]    Compiling httparse v1.3.4
[INFO] [stderr]    Compiling base64 v0.9.3
[INFO] [stderr]    Compiling backtrace v0.3.37
[INFO] [stderr]    Compiling url v1.7.2
[INFO] [stderr]    Compiling parking_lot_core v0.6.2
[INFO] [stderr]    Compiling rand v0.4.6
[INFO] [stderr]    Compiling filetime v0.2.7
[INFO] [stderr]    Compiling nom v4.2.3
[INFO] [stderr]    Compiling rand v0.6.5
[INFO] [stderr]    Compiling num-integer v0.1.41
[INFO] [stderr]    Compiling crc32fast v1.2.0
[INFO] [stderr]    Compiling rand_isaac v0.1.1
[INFO] [stderr]    Compiling rand_hc v0.1.0
[INFO] [stderr]    Compiling rand_xorshift v0.1.1
[INFO] [stderr]    Compiling rand_jitter v0.1.4
[INFO] [stderr]    Compiling rand_os v0.1.3
[INFO] [stderr]    Compiling parking_lot_core v0.5.0
[INFO] [stderr]    Compiling parking_lot v0.9.0
[INFO] [stderr]    Compiling num_cpus v1.10.1
[INFO] [stderr]    Compiling getrandom v0.1.12
[INFO] [stderr]    Compiling typenum v1.11.2
[INFO] [stderr]    Compiling traitobject v0.1.0
[INFO] [stderr]    Compiling language-tags v0.2.2
[INFO] [stderr]    Compiling typeable v0.1.2
[INFO] [stderr]    Compiling lock_api v0.3.1
[INFO] [stderr]    Compiling serde_derive v1.0.101
[INFO] [stderr]    Compiling cookie v0.11.1
[INFO] [stderr]    Compiling rocket_codegen v0.4.2
[INFO] [stderr]    Compiling base64 v0.10.1
[INFO] [stderr]    Compiling synstructure v0.10.2
[INFO] [stderr]    Compiling devise_core v0.2.0
[INFO] [stdout] error[E0557]: feature has been removed
[INFO] [stdout]  --> /opt/rustwide/cargo-home/registry/src/index.crates.io-6f17d22bba15001f/devise_core-0.2.0/src/lib.rs:2:12
[INFO] [stdout]   |
[INFO] [stdout] 2 | #![feature(crate_visibility_modifier)]
[INFO] [stdout]   |            ^^^^^^^^^^^^^^^^^^^^^^^^^ feature has been removed
[INFO] [stdout]   |
[INFO] [stdout]   = note: removed in favor of `pub(crate)`
[INFO] [stdout] 
[INFO] [stdout] 
[INFO] [stdout] error: expected one of `!` or `::`, found keyword `enum`
[INFO] [stdout]   --> /opt/rustwide/cargo-home/registry/src/index.crates.io-6f17d22bba15001f/devise_core-0.2.0/src/field.rs:52:7
[INFO] [stdout]    |
[INFO] [stdout] 52 | crate enum FieldKind<'p> {
[INFO] [stdout]    |       ^^^^ expected one of `!` or `::`
[INFO] [stdout] 
[INFO] [stdout] 
[INFO] [stdout] error: expected identifier, found keyword `crate`
[INFO] [stdout]   --> /opt/rustwide/cargo-home/registry/src/index.crates.io-6f17d22bba15001f/devise_core-0.2.0/src/generator.rs:69:5
[INFO] [stdout]    |
[INFO] [stdout] 65 | pub struct DeriveGenerator {
[INFO] [stdout]    |            --------------- while parsing this struct
[INFO] [stdout] ...
[INFO] [stdout] 69 |     crate generic_support: GenericSupport,
[INFO] [stdout]    |     ^^^^^ expected identifier, found keyword
[INFO] [stdout] 
[INFO] [stdout] 
[INFO] [stdout] error: expected one of `!` or `::`, found keyword `fn`
[INFO] [stdout]    --> /opt/rustwide/cargo-home/registry/src/index.crates.io-6f17d22bba15001f/devise_core-0.2.0/src/generator.rs:28:15
[INFO] [stdout]     |
[INFO] [stdout] 28  |           crate fn push_default_mappers(&mut self) {
[INFO] [stdout]     |                 ^^ expected one of `!` or `::`
[INFO] [stdout] ...
[INFO] [stdout] 193 | /     mappers! {
[INFO] [stdout] 194 | |         (map_struct, try_map_struct, struct_mapper): Struct, struct_mappers,
[INFO] [stdout] 195 | |         (map_enum, try_map_enum, enum_mapper): Enum, enum_mappers,
[INFO] [stdout] 196 | |         (map_variant, try_map_variant, variant_mapper): Variant, variant_mappers,
[INFO] [stdout] 197 | |         (map_fields, try_map_fields, fields_mapper): Fields, fields_mappers,
[INFO] [stdout] 198 | |         (map_field, try_map_field, field_mapper): Field, field_mappers
[INFO] [stdout] 199 | |     }
[INFO] [stdout]     | |_____- in this macro invocation
[INFO] [stdout]     |
[INFO] [stdout]     = note: this error originates in the macro `mappers` (in Nightly builds, run with -Z macro-backtrace for more info)
[INFO] [stdout] 
[INFO] [stdout] 
[INFO] [stderr]    Compiling parking_lot v0.8.0
[INFO] [stdout] error[E0432]: unresolved imports `field::Field`, `field::Fields`
[INFO] [stdout]  --> /opt/rustwide/cargo-home/registry/src/index.crates.io-6f17d22bba15001f/devise_core-0.2.0/src/generator.rs:8:13
[INFO] [stdout]   |
[INFO] [stdout] 8 | use field::{Field, Fields};
[INFO] [stdout]   |             ^^^^^  ^^^^^^ no `Fields` in `field`
[INFO] [stdout]   |             |
[INFO] [stdout]   |             no `Field` in `field`
[INFO] [stdout]   |
[INFO] [stdout]   = help: consider importing one of these items instead:
[INFO] [stdout]           syn::Expr::Field
[INFO] [stdout]           syn::Field
[INFO] [stdout]   = help: consider importing this enum instead:
[INFO] [stdout]           syn::Fields
[INFO] [stdout] 
[INFO] [stdout] 
[INFO] [stdout] error[E0432]: unresolved imports `field::Field`, `field::FieldParent`, `field::Fields`
[INFO] [stdout]  --> /opt/rustwide/cargo-home/registry/src/index.crates.io-6f17d22bba15001f/devise_core-0.2.0/src/derived.rs:5:13
[INFO] [stdout]   |
[INFO] [stdout] 5 | use field::{Field, FieldParent, Fields};
[INFO] [stdout]   |             ^^^^^  ^^^^^^^^^^^  ^^^^^^ no `Fields` in `field`
[INFO] [stdout]   |             |      |
[INFO] [stdout]   |             |      no `FieldParent` in `field`
[INFO] [stdout]   |             no `Field` in `field`
[INFO] [stdout]   |
[INFO] [stdout]   = help: consider importing one of these items instead:
[INFO] [stdout]           syn::Expr::Field
[INFO] [stdout]           syn::Field
[INFO] [stdout]   = help: consider importing this enum instead:
[INFO] [stdout]           syn::Fields
[INFO] [stdout] 
[INFO] [stdout] 
[INFO] [stderr]    Compiling xattr v0.2.2
[INFO] [stderr]    Compiling take_mut v0.2.2
[INFO] [stdout] error[E0599]: no method named `variant_mapper` found for reference `&DeriveGenerator` in the current scope
[INFO] [stdout]   --> /opt/rustwide/cargo-home/registry/src/index.crates.io-6f17d22bba15001f/devise_core-0.2.0/src/generator.rs:90:22
[INFO] [stdout]    |
[INFO] [stdout] 90 |         .map(|v| gen.variant_mapper()(gen, v))
[INFO] [stdout]    |                      ^^^^^^^^^^^^^^ method not found in `&DeriveGenerator`
[INFO] [stdout] 
[INFO] [stdout] 
[INFO] [stdout] error[E0599]: no method named `variant_mapper` found for reference `&DeriveGenerator` in the current scope
[INFO] [stdout]    --> /opt/rustwide/cargo-home/registry/src/index.crates.io-6f17d22bba15001f/devise_core-0.2.0/src/generator.rs:106:22
[INFO] [stdout]     |
[INFO] [stdout] 106 |         .map(|v| gen.variant_mapper()(gen, v))
[INFO] [stdout]     |                      ^^^^^^^^^^^^^^ method not found in `&DeriveGenerator`
[INFO] [stdout] 
[INFO] [stdout] 
[INFO] [stdout] error[E0599]: no method named `fields_mapper` found for reference `&DeriveGenerator` in the current scope
[INFO] [stdout]    --> /opt/rustwide/cargo-home/registry/src/index.crates.io-6f17d22bba15001f/devise_core-0.2.0/src/generator.rs:113:9
[INFO] [stdout]     |
[INFO] [stdout] 113 |     gen.fields_mapper()(gen, data.fields())
[INFO] [stdout]     |         ^^^^^^^^^^^^^ method not found in `&DeriveGenerator`
[INFO] [stdout] 
[INFO] [stdout] 
[INFO] [stdout] error[E0599]: no method named `fields_mapper` found for reference `&DeriveGenerator` in the current scope
[INFO] [stdout]    --> /opt/rustwide/cargo-home/registry/src/index.crates.io-6f17d22bba15001f/devise_core-0.2.0/src/generator.rs:117:9
[INFO] [stdout]     |
[INFO] [stdout] 117 |     gen.fields_mapper()(gen, data.fields())
[INFO] [stdout]     |         ^^^^^^^^^^^^^ method not found in `&DeriveGenerator`
[INFO] [stdout] 
[INFO] [stdout] 
[INFO] [stdout] error[E0599]: no method named `field_mapper` found for reference `&DeriveGenerator` in the current scope
[INFO] [stdout]    --> /opt/rustwide/cargo-home/registry/src/index.crates.io-6f17d22bba15001f/devise_core-0.2.0/src/generator.rs:126:24
[INFO] [stdout]     |
[INFO] [stdout] 126 |         .map(|field| g.field_mapper()(g, field))
[INFO] [stdout]     |                        ^^^^^^^^^^^^ method not found in `&DeriveGenerator`
[INFO] [stdout] 
[INFO] [stdout] 
[INFO] [stdout] error[E0599]: no method named `push_default_mappers` found for mutable reference `&mut DeriveGenerator` in the current scope
[INFO] [stdout]    --> /opt/rustwide/cargo-home/registry/src/index.crates.io-6f17d22bba15001f/devise_core-0.2.0/src/generator.rs:189:14
[INFO] [stdout]     |
[INFO] [stdout] 189 |         self.push_default_mappers();
[INFO] [stdout]     |              ^^^^^^^^^^^^^^^^^^^^ method not found in `&mut DeriveGenerator`
[INFO] [stdout] 
[INFO] [stdout] 
[INFO] [stderr]    Compiling adler32 v1.0.4
[INFO] [stderr]    Compiling state v0.4.1
[INFO] [stderr]    Compiling rle-decode-fast v1.0.1
[INFO] [stderr]    Compiling unicode-segmentation v1.3.0
[INFO] [stdout] Some errors have detailed explanations: E0432, E0557, E0599.
[INFO] [stdout] 
[INFO] [stdout] For more information about an error, try `rustc --explain E0432`.
[INFO] [stdout] 
[INFO] [stderr] error: could not compile `devise_core` (lib) due to 12 previous errors
[INFO] [stderr] warning: build failed, waiting for other jobs to finish...
[INFO] running `Command { std: "docker" "inspect" "1a1b48852e755d8890d48039da77f2b7f676ed6e94c92d5e2f1bc245118ae39e", kill_on_drop: false }`
[INFO] running `Command { std: "docker" "rm" "-f" "1a1b48852e755d8890d48039da77f2b7f676ed6e94c92d5e2f1bc245118ae39e", kill_on_drop: false }`
[INFO] [stdout] 1a1b48852e755d8890d48039da77f2b7f676ed6e94c92d5e2f1bc245118ae39e
