[INFO] fetching crate beet_net 0.0.3...
[INFO] testing beet_net-0.0.3 against nightly-2024-10-28+rustflags=-Zrandomize-layout for randomize-layout
[INFO] extracting crate beet_net 0.0.3 into /workspace/builds/worker-4-tc2/source
[INFO] validating manifest of crates.io crate beet_net 0.0.3 on toolchain nightly-2024-10-28
[INFO] running `Command { std: CARGO_HOME="/workspace/cargo-home" RUSTUP_HOME="/workspace/rustup-home" "/workspace/cargo-home/bin/cargo" "+nightly-2024-10-28" "metadata" "--manifest-path" "Cargo.toml" "--no-deps", kill_on_drop: false }`
[INFO] started tweaking crates.io crate beet_net 0.0.3
[INFO] removed 0 missing examples
[INFO] finished tweaking crates.io crate beet_net 0.0.3
[INFO] tweaked toml for crates.io crate beet_net 0.0.3 written to /workspace/builds/worker-4-tc2/source/Cargo.toml
[INFO] crate crates.io crate beet_net 0.0.3 already has a lockfile, it will not be regenerated
[INFO] running `Command { std: CARGO_HOME="/workspace/cargo-home" RUSTUP_HOME="/workspace/rustup-home" "/workspace/cargo-home/bin/cargo" "+nightly-2024-10-28" "fetch" "--manifest-path" "Cargo.toml", kill_on_drop: false }`
[INFO] running `Command { std: "docker" "create" "-v" "/var/lib/crater-agent-workspace/builds/worker-4-tc2/target:/opt/rustwide/target:rw,Z" "-v" "/var/lib/crater-agent-workspace/builds/worker-4-tc2/source:/opt/rustwide/workdir:ro,Z" "-v" "/var/lib/crater-agent-workspace/cargo-home:/opt/rustwide/cargo-home:ro,Z" "-v" "/var/lib/crater-agent-workspace/rustup-home:/opt/rustwide/rustup-home:ro,Z" "-e" "SOURCE_DIR=/opt/rustwide/workdir" "-e" "CARGO_TARGET_DIR=/opt/rustwide/target" "-e" "CARGO_HOME=/opt/rustwide/cargo-home" "-e" "RUSTUP_HOME=/opt/rustwide/rustup-home" "-w" "/opt/rustwide/workdir" "-m" "1610612736" "--user" "0:0" "--network" "none" "ghcr.io/rust-lang/crates-build-env/linux@sha256:4a844ea9eb2546a2d2c7022eacef16ef2e8229c7fbb2c7d4d55a9ceca922f72d" "/opt/rustwide/cargo-home/bin/cargo" "+nightly-2024-10-28" "metadata" "--no-deps" "--format-version=1", kill_on_drop: false }`
[INFO] [stdout] 8ba9c495f69c1854a3cb70942bc8b6197cdd4c7a0060e1f669952ab6bf35e5f1
[INFO] running `Command { std: "docker" "start" "-a" "8ba9c495f69c1854a3cb70942bc8b6197cdd4c7a0060e1f669952ab6bf35e5f1", kill_on_drop: false }`
[INFO] running `Command { std: "docker" "inspect" "8ba9c495f69c1854a3cb70942bc8b6197cdd4c7a0060e1f669952ab6bf35e5f1", kill_on_drop: false }`
[INFO] running `Command { std: "docker" "rm" "-f" "8ba9c495f69c1854a3cb70942bc8b6197cdd4c7a0060e1f669952ab6bf35e5f1", kill_on_drop: false }`
[INFO] [stdout] 8ba9c495f69c1854a3cb70942bc8b6197cdd4c7a0060e1f669952ab6bf35e5f1
[INFO] running `Command { std: "docker" "create" "-v" "/var/lib/crater-agent-workspace/builds/worker-4-tc2/target:/opt/rustwide/target:rw,Z" "-v" "/var/lib/crater-agent-workspace/builds/worker-4-tc2/source:/opt/rustwide/workdir:ro,Z" "-v" "/var/lib/crater-agent-workspace/cargo-home:/opt/rustwide/cargo-home:ro,Z" "-v" "/var/lib/crater-agent-workspace/rustup-home:/opt/rustwide/rustup-home:ro,Z" "-e" "SOURCE_DIR=/opt/rustwide/workdir" "-e" "CARGO_TARGET_DIR=/opt/rustwide/target" "-e" "CARGO_INCREMENTAL=0" "-e" "RUST_BACKTRACE=full" "-e" "RUSTFLAGS=--cap-lints=forbid -Zrandomize-layout" "-e" "RUSTDOCFLAGS=--cap-lints=forbid" "-e" "CARGO_HOME=/opt/rustwide/cargo-home" "-e" "RUSTUP_HOME=/opt/rustwide/rustup-home" "-w" "/opt/rustwide/workdir" "-m" "1610612736" "--user" "0:0" "--network" "none" "ghcr.io/rust-lang/crates-build-env/linux@sha256:4a844ea9eb2546a2d2c7022eacef16ef2e8229c7fbb2c7d4d55a9ceca922f72d" "/opt/rustwide/cargo-home/bin/cargo" "+nightly-2024-10-28" "build" "--frozen" "--message-format=json", kill_on_drop: false }`
[INFO] [stdout] 3bb3f7cab21cc621a81d8d377dd94c3fac617a9437ce479023b0a2191a878b42
[INFO] running `Command { std: "docker" "start" "-a" "3bb3f7cab21cc621a81d8d377dd94c3fac617a9437ce479023b0a2191a878b42", kill_on_drop: false }`
[INFO] [stderr]    Compiling proc-macro2 v1.0.80
[INFO] [stderr]    Compiling serde v1.0.202
[INFO] [stderr]    Compiling pin-project-lite v0.2.14
[INFO] [stderr]    Compiling autocfg v1.2.0
[INFO] [stderr]    Compiling crossbeam-utils v0.8.19
[INFO] [stderr]    Compiling hashbrown v0.14.3
[INFO] [stderr]    Compiling winnow v0.6.6
[INFO] [stderr]    Compiling toml_datetime v0.6.6
[INFO] [stderr]    Compiling zerocopy v0.7.32
[INFO] [stderr]    Compiling tracing-core v0.1.32
[INFO] [stderr]    Compiling ahash v0.8.11
[INFO] [stderr]    Compiling allocator-api2 v0.2.18
[INFO] [stderr]    Compiling fastrand v2.0.2
[INFO] [stderr]    Compiling smallvec v1.13.2
[INFO] [stderr]    Compiling getrandom v0.2.14
[INFO] [stderr]    Compiling thread_local v1.1.8
[INFO] [stderr]    Compiling futures-lite v2.3.0
[INFO] [stderr]    Compiling thiserror v1.0.60
[INFO] [stderr]    Compiling async-task v4.7.0
[INFO] [stderr]    Compiling rand_core v0.6.4
[INFO] [stderr]    Compiling uuid v1.8.0
[INFO] [stderr]    Compiling tracing v0.1.40
[INFO] [stderr]    Compiling bytemuck v1.16.1
[INFO] [stderr]    Compiling web-time v1.1.0
[INFO] [stderr]    Compiling downcast-rs v1.2.1
[INFO] [stderr]    Compiling bevy_ptr v0.14.0
[INFO] [stderr]    Compiling fixedbitset v0.4.2
[INFO] [stderr]    Compiling nonmax v0.5.5
[INFO] [stderr]    Compiling rand_chacha v0.3.1
[INFO] [stderr]    Compiling slab v0.4.9
[INFO] [stderr]    Compiling fixedbitset v0.5.7
[INFO] [stderr]    Compiling lock_api v0.4.11
[INFO] [stderr]    Compiling atomic-waker v1.1.2
[INFO] [stderr]    Compiling cc v1.0.94
[INFO] [stderr]    Compiling regex-syntax v0.6.29
[INFO] [stderr]    Compiling concurrent-queue v2.4.0
[INFO] [stderr]    Compiling piper v0.2.1
[INFO] [stderr]    Compiling crossbeam-channel v0.5.12
[INFO] [stderr]    Compiling rand v0.8.5
[INFO] [stderr]    Compiling event-listener v5.3.0
[INFO] [stderr]    Compiling event-listener v4.0.3
[INFO] [stderr]    Compiling log v0.4.21
[INFO] [stderr]    Compiling regex-syntax v0.8.3
[INFO] [stderr]    Compiling parking_lot_core v0.9.9
[INFO] [stderr]    Compiling quote v1.0.36
[INFO] [stderr]    Compiling indexmap v2.2.6
[INFO] [stderr]    Compiling async-executor v1.11.0
[INFO] [stderr]    Compiling overload v0.1.1
[INFO] [stderr]    Compiling async-broadcast v0.5.1
[INFO] [stderr]    Compiling event-listener-strategy v0.4.0
[INFO] [stderr]    Compiling syn v2.0.59
[INFO] [stderr]    Compiling event-listener-strategy v0.5.1
[INFO] [stderr]    Compiling nu-ansi-term v0.46.0
[INFO] [stderr]    Compiling bevy_tasks v0.14.0
[INFO] [stderr]    Compiling async-lock v3.3.0
[INFO] [stderr]    Compiling parking_lot v0.12.1
[INFO] [stderr]    Compiling sharded-slab v0.1.7
[INFO] [stderr]    Compiling tracing-log v0.2.0
[INFO] [stderr]    Compiling accesskit v0.14.0
[INFO] [stderr]    Compiling async-channel v2.2.1
[INFO] [stderr]    Compiling anyhow v1.0.82
[INFO] [stderr]    Compiling num-traits v0.2.18
[INFO] [stderr]    Compiling raw-window-handle v0.6.0
[INFO] [stderr]    Compiling rustversion v1.0.15
[INFO] [stderr]    Compiling const-fnv1a-hash v1.1.0
[INFO] [stderr]    Compiling heck v0.4.1
[INFO] [stderr]    Compiling serde_json v1.0.116
[INFO] [stderr]    Compiling blocking v1.5.1
[INFO] [stderr]    Compiling spin v0.9.8
[INFO] [stderr]    Compiling blake3 v1.5.1
[INFO] [stderr]    Compiling nanorand v0.7.0
[INFO] [stderr]    Compiling ryu v1.0.17
[INFO] [stderr]    Compiling futures-sink v0.3.30
[INFO] [stderr]    Compiling async-fs v2.1.1
[INFO] [stderr]    Compiling flume v0.11.0
[INFO] [stderr]    Compiling toml_edit v0.22.14
[INFO] [stderr]    Compiling regex-automata v0.4.6
[INFO] [stderr]    Compiling regex-automata v0.1.10
[INFO] [stderr]    Compiling matchers v0.1.0
[INFO] [stderr]    Compiling regex v1.10.4
[INFO] [stderr]    Compiling tracing-subscriber v0.3.18
[INFO] [stderr]    Compiling bevy_macro_utils v0.14.0
[INFO] [stderr]    Compiling serde_derive v1.0.202
[INFO] [stderr]    Compiling thiserror-impl v1.0.60
[INFO] [stderr]    Compiling bevy_utils_proc_macros v0.14.0
[INFO] [stderr]    Compiling bevy_reflect_derive v0.14.0
[INFO] [stderr]    Compiling bevy_ecs_macros v0.14.0
[INFO] [stderr]    Compiling bevy_derive v0.14.0
[INFO] [stderr]    Compiling bevy_asset_macros v0.14.0
[INFO] [stderr]    Compiling extend v1.2.0
[INFO] [stderr]    Compiling strum_macros v0.26.2
[INFO] [stderr]    Compiling beet_ecs_macros v0.0.3
[INFO] [stderr]    Compiling forky_core v0.1.50
[INFO] [stderr]    Compiling strum v0.26.2
[INFO] [stderr]    Compiling glam v0.27.0
[INFO] [stderr]    Compiling erased-serde v0.4.4
[INFO] [stderr]    Compiling smol_str v0.2.1
[INFO] [stderr]    Compiling bitflags v2.5.0
[INFO] [stderr]    Compiling bincode v1.3.3
[INFO] [stderr]    Compiling ron v0.8.1
[INFO] [stderr]    Compiling bevy_utils v0.14.0
[INFO] [stderr]    Compiling petgraph v0.6.4
[INFO] [stderr]    Compiling bevy_reflect v0.14.0
[INFO] [stderr]    Compiling bevy_ecs v0.14.0
[INFO] [stderr]    Compiling bevy_math v0.14.0
[INFO] [stderr]    Compiling bevy_app v0.14.0
[INFO] [stderr]    Compiling bevy_core v0.14.0
[INFO] [stderr]    Compiling bevy_asset v0.14.0
[INFO] [stderr]    Compiling bevy_a11y v0.14.0
[INFO] [stderr]    Compiling bevy_time v0.14.0
[INFO] [stderr]    Compiling bevy_input v0.14.0
[INFO] [stderr]    Compiling bevy_log v0.14.0
[INFO] [stderr]    Compiling bevy_window v0.14.0
[INFO] [stderr]    Compiling bevy_hierarchy v0.14.0
[INFO] [stderr]    Compiling bevy_diagnostic v0.14.0
[INFO] [stderr]    Compiling bevy_transform v0.14.0
[INFO] [stderr]    Compiling bevy_scene v0.14.0
[INFO] [stderr]    Compiling bevy_internal v0.14.0
[INFO] [stderr]    Compiling bevy v0.14.0
[INFO] [stderr]    Compiling beet_ecs v0.0.3
[INFO] [stderr]    Compiling beet_net v0.0.3 (/opt/rustwide/workdir)
[INFO] [stdout] error[E0433]: failed to resolve: could not find `render` in `bevy`
[INFO] [stdout]  --> src/events/screenshot.rs:3:11
[INFO] [stdout]   |
[INFO] [stdout] 3 | use bevy::render::view::screenshot::ScreenshotManager;
[INFO] [stdout]   |           ^^^^^^ could not find `render` in `bevy`
[INFO] [stdout] 
[INFO] [stdout] 
[INFO] [stdout] error[E0277]: `fn(EventReader<'a, 'b, SaveScreenshot>, Query<'c, 'd, Entity, With<PrimaryWindow>>, ...) {screenshot_on_event}` does not describe a valid system configuration
[INFO] [stdout]    --> src/events/common_events.rs:48:23
[INFO] [stdout]     |
[INFO] [stdout] 48  |         .add_systems(Update,screenshot_on_event)
[INFO] [stdout]     |          -----------        ^^^^^^^^^^^^^^^^^^^ invalid system configuration
[INFO] [stdout]     |          |
[INFO] [stdout]     |          required by a bound introduced by this call
[INFO] [stdout]     |
[INFO] [stdout]     = note: the full name for the type has been written to '/opt/rustwide/target/debug/deps/beet_net-3a0daeae2e445b09.long-type-10152288659299638075.txt'
[INFO] [stdout]     = note: consider using `--verbose` to print the full type name to the console
[INFO] [stdout]     = help: the trait `bevy::prelude::IntoSystem<(), (), _>` is not implemented for fn item `fn(EventReader<'a, 'b, SaveScreenshot>, Query<'c, 'd, Entity, With<PrimaryWindow>>, ...) {screenshot_on_event}`, which is required by `for<'a, 'b, 'c, 'd, 'e> fn(bevy::prelude::EventReader<'a, 'b, screenshot::SaveScreenshot>, bevy::prelude::Query<'c, 'd, bevy::prelude::Entity, bevy::prelude::With<PrimaryWindow>>, bevy::prelude::ResMut<'e, {type error}>) {screenshot::screenshot_on_event}: bevy::prelude::IntoSystemConfigs<_>`
[INFO] [stdout]     = help: the following other types implement trait `bevy::prelude::IntoSystemConfigs<Marker>`:
[INFO] [stdout]               `(S0, S1)` implements `bevy::prelude::IntoSystemConfigs<(SystemConfigTupleMarker, P0, P1)>`
[INFO] [stdout]               `(S0, S1, S2)` implements `bevy::prelude::IntoSystemConfigs<(SystemConfigTupleMarker, P0, P1, P2)>`
[INFO] [stdout]               `(S0, S1, S2, S3)` implements `bevy::prelude::IntoSystemConfigs<(SystemConfigTupleMarker, P0, P1, P2, P3)>`
[INFO] [stdout]               `(S0, S1, S2, S3, S4)` implements `bevy::prelude::IntoSystemConfigs<(SystemConfigTupleMarker, P0, P1, P2, P3, P4)>`
[INFO] [stdout]               `(S0, S1, S2, S3, S4, S5)` implements `bevy::prelude::IntoSystemConfigs<(SystemConfigTupleMarker, P0, P1, P2, P3, P4, P5)>`
[INFO] [stdout]               `(S0, S1, S2, S3, S4, S5, S6)` implements `bevy::prelude::IntoSystemConfigs<(SystemConfigTupleMarker, P0, P1, P2, P3, P4, P5, P6)>`
[INFO] [stdout]               `(S0, S1, S2, S3, S4, S5, S6, S7)` implements `bevy::prelude::IntoSystemConfigs<(SystemConfigTupleMarker, P0, P1, P2, P3, P4, P5, P6, P7)>`
[INFO] [stdout]               `(S0, S1, S2, S3, S4, S5, S6, S7, S8)` implements `bevy::prelude::IntoSystemConfigs<(SystemConfigTupleMarker, P0, P1, P2, P3, P4, P5, P6, P7, P8)>`
[INFO] [stdout]             and 14 others
[INFO] [stdout]     = note: required for `fn(EventReader<'a, 'b, SaveScreenshot>, Query<'c, 'd, Entity, With<PrimaryWindow>>, ...) {screenshot_on_event}` to implement `bevy::prelude::IntoSystemConfigs<_>`
[INFO] [stdout] note: required by a bound in `bevy::prelude::App::add_systems`
[INFO] [stdout]    --> /opt/rustwide/cargo-home/registry/src/index.crates.io-6f17d22bba15001f/bevy_app-0.14.0/src/app.rs:287:23
[INFO] [stdout]     |
[INFO] [stdout] 284 |     pub fn add_systems<M>(
[INFO] [stdout]     |            ----------- required by a bound in this associated function
[INFO] [stdout] ...
[INFO] [stdout] 287 |         systems: impl IntoSystemConfigs<M>,
[INFO] [stdout]     |                       ^^^^^^^^^^^^^^^^^^^^ required by this bound in `App::add_systems`
[INFO] [stdout]     = note: the full name for the type has been written to '/opt/rustwide/target/debug/deps/beet_net-3a0daeae2e445b09.long-type-10152288659299638075.txt'
[INFO] [stdout]     = note: consider using `--verbose` to print the full type name to the console
[INFO] [stdout] 
[INFO] [stdout] 
[INFO] [stdout] error[E0277]: `fn(EventReader<'a, 'b, KeyboardInput>, Res<'c, ButtonInput<KeyCode>>, ..., ..., ...) {screenshot_on_keypress}` does not describe a valid system configuration
[INFO] [stdout]    --> src/events/common_events.rs:49:23
[INFO] [stdout]     |
[INFO] [stdout] 49  |         .add_systems(Update,screenshot_on_keypress)
[INFO] [stdout]     |          -----------        ^^^^^^^^^^^^^^^^^^^^^^ invalid system configuration
[INFO] [stdout]     |          |
[INFO] [stdout]     |          required by a bound introduced by this call
[INFO] [stdout]     |
[INFO] [stdout]     = note: the full name for the type has been written to '/opt/rustwide/target/debug/deps/beet_net-3a0daeae2e445b09.long-type-839714329938410269.txt'
[INFO] [stdout]     = note: consider using `--verbose` to print the full type name to the console
[INFO] [stdout]     = help: the trait `bevy::prelude::IntoSystem<(), (), _>` is not implemented for fn item `fn(EventReader<'a, 'b, KeyboardInput>, Res<'c, ButtonInput<KeyCode>>, ..., ..., ...) {screenshot_on_keypress}`, which is required by `for<'a, 'b, 'c, 'd, 'e, 'f, 'g> fn(bevy::prelude::EventReader<'a, 'b, KeyboardInput>, bevy::prelude::Res<'c, bevy::prelude::ButtonInput<bevy::prelude::KeyCode>>, bevy::prelude::Query<'d, 'e, bevy::prelude::Entity, bevy::prelude::With<PrimaryWindow>>, bevy::prelude::ResMut<'f, {type error}>, bevy::prelude::Local<'g, u32>) {screenshot::screenshot_on_keypress}: bevy::prelude::IntoSystemConfigs<_>`
[INFO] [stdout]     = help: the following other types implement trait `bevy::prelude::IntoSystemConfigs<Marker>`:
[INFO] [stdout]               `(S0, S1)` implements `bevy::prelude::IntoSystemConfigs<(SystemConfigTupleMarker, P0, P1)>`
[INFO] [stdout]               `(S0, S1, S2)` implements `bevy::prelude::IntoSystemConfigs<(SystemConfigTupleMarker, P0, P1, P2)>`
[INFO] [stdout]               `(S0, S1, S2, S3)` implements `bevy::prelude::IntoSystemConfigs<(SystemConfigTupleMarker, P0, P1, P2, P3)>`
[INFO] [stdout]               `(S0, S1, S2, S3, S4)` implements `bevy::prelude::IntoSystemConfigs<(SystemConfigTupleMarker, P0, P1, P2, P3, P4)>`
[INFO] [stdout]               `(S0, S1, S2, S3, S4, S5)` implements `bevy::prelude::IntoSystemConfigs<(SystemConfigTupleMarker, P0, P1, P2, P3, P4, P5)>`
[INFO] [stdout]               `(S0, S1, S2, S3, S4, S5, S6)` implements `bevy::prelude::IntoSystemConfigs<(SystemConfigTupleMarker, P0, P1, P2, P3, P4, P5, P6)>`
[INFO] [stdout]               `(S0, S1, S2, S3, S4, S5, S6, S7)` implements `bevy::prelude::IntoSystemConfigs<(SystemConfigTupleMarker, P0, P1, P2, P3, P4, P5, P6, P7)>`
[INFO] [stdout]               `(S0, S1, S2, S3, S4, S5, S6, S7, S8)` implements `bevy::prelude::IntoSystemConfigs<(SystemConfigTupleMarker, P0, P1, P2, P3, P4, P5, P6, P7, P8)>`
[INFO] [stdout]             and 14 others
[INFO] [stdout]     = note: required for `fn(EventReader<'a, 'b, KeyboardInput>, Res<'c, ButtonInput<KeyCode>>, ..., ..., ...) {screenshot_on_keypress}` to implement `bevy::prelude::IntoSystemConfigs<_>`
[INFO] [stdout] note: required by a bound in `bevy::prelude::App::add_systems`
[INFO] [stdout]    --> /opt/rustwide/cargo-home/registry/src/index.crates.io-6f17d22bba15001f/bevy_app-0.14.0/src/app.rs:287:23
[INFO] [stdout]     |
[INFO] [stdout] 284 |     pub fn add_systems<M>(
[INFO] [stdout]     |            ----------- required by a bound in this associated function
[INFO] [stdout] ...
[INFO] [stdout] 287 |         systems: impl IntoSystemConfigs<M>,
[INFO] [stdout]     |                       ^^^^^^^^^^^^^^^^^^^^ required by this bound in `App::add_systems`
[INFO] [stdout]     = note: the full name for the type has been written to '/opt/rustwide/target/debug/deps/beet_net-3a0daeae2e445b09.long-type-839714329938410269.txt'
[INFO] [stdout]     = note: consider using `--verbose` to print the full type name to the console
[INFO] [stdout] 
[INFO] [stdout] 
[INFO] [stdout] Some errors have detailed explanations: E0277, E0433.
[INFO] [stdout] 
[INFO] [stdout] For more information about an error, try `rustc --explain E0277`.
[INFO] [stdout] 
[INFO] [stderr] error: could not compile `beet_net` (lib) due to 3 previous errors
[INFO] [stderr] warning: build failed, waiting for other jobs to finish...
[INFO] running `Command { std: "docker" "inspect" "3bb3f7cab21cc621a81d8d377dd94c3fac617a9437ce479023b0a2191a878b42", kill_on_drop: false }`
[INFO] running `Command { std: "docker" "rm" "-f" "3bb3f7cab21cc621a81d8d377dd94c3fac617a9437ce479023b0a2191a878b42", kill_on_drop: false }`
[INFO] [stdout] 3bb3f7cab21cc621a81d8d377dd94c3fac617a9437ce479023b0a2191a878b42
