[INFO] fetching crate bdk_wallet 1.0.0-beta.5...
[INFO] testing bdk_wallet-1.0.0-beta.5 against nightly-2024-10-28 for randomize-layout
[INFO] extracting crate bdk_wallet 1.0.0-beta.5 into /workspace/builds/worker-4-tc1/source
[INFO] validating manifest of crates.io crate bdk_wallet 1.0.0-beta.5 on toolchain nightly-2024-10-28
[INFO] running `Command { std: CARGO_HOME="/workspace/cargo-home" RUSTUP_HOME="/workspace/rustup-home" "/workspace/cargo-home/bin/cargo" "+nightly-2024-10-28" "metadata" "--manifest-path" "Cargo.toml" "--no-deps", kill_on_drop: false }`
[INFO] started tweaking crates.io crate bdk_wallet 1.0.0-beta.5
[INFO] removed 0 missing examples
[INFO] removed 0 missing tests
[INFO] finished tweaking crates.io crate bdk_wallet 1.0.0-beta.5
[INFO] tweaked toml for crates.io crate bdk_wallet 1.0.0-beta.5 written to /workspace/builds/worker-4-tc1/source/Cargo.toml
[INFO] crate crates.io crate bdk_wallet 1.0.0-beta.5 already has a lockfile, it will not be regenerated
[INFO] running `Command { std: CARGO_HOME="/workspace/cargo-home" RUSTUP_HOME="/workspace/rustup-home" "/workspace/cargo-home/bin/cargo" "+nightly-2024-10-28" "fetch" "--manifest-path" "Cargo.toml", kill_on_drop: false }`
[INFO] [stderr]     Blocking waiting for file lock on package cache
[INFO] [stderr]     Updating crates.io index
[INFO] [stderr]     Blocking waiting for file lock on package cache
[INFO] [stderr]  Downloading crates ...
[INFO] [stderr]   Downloaded bitcoin-io v0.1.2
[INFO] [stderr]   Downloaded hex_lit v0.1.1
[INFO] [stderr]   Downloaded bitcoin-internals v0.3.0
[INFO] [stderr]   Downloaded bdk_file_store v0.17.0
[INFO] [stderr]   Downloaded base58ck v0.1.0
[INFO] [stderr]   Downloaded assert_matches v1.5.0
[INFO] [stderr]   Downloaded fallible-iterator v0.3.0
[INFO] [stderr]   Downloaded hex-conservative v0.2.1
[INFO] [stderr]   Downloaded bdk_core v0.3.0
[INFO] [stderr]   Downloaded secp256k1 v0.29.1
[INFO] [stderr]   Downloaded bitcoin_hashes v0.11.0
[INFO] [stderr]   Downloaded bdk_chain v0.20.0
[INFO] [stderr]   Downloaded bip39 v2.0.0
[INFO] [stderr]   Downloaded bech32 v0.11.0
[INFO] [stderr]   Downloaded ahash v0.4.8
[INFO] [stderr]   Downloaded bitcoin-units v0.1.2
[INFO] [stderr]   Downloaded rusqlite v0.31.0
[INFO] [stderr]   Downloaded bitcoin_hashes v0.14.0
[INFO] [stderr]   Downloaded bitcoin v0.32.3
[INFO] [stderr]   Downloaded miniscript v12.2.0
[INFO] [stderr]   Downloaded secp256k1-sys v0.10.1
[INFO] [stderr]   Downloaded libsqlite3-sys v0.28.0
[INFO] running `Command { std: "docker" "create" "-v" "/var/lib/crater-agent-workspace/builds/worker-4-tc1/target:/opt/rustwide/target:rw,Z" "-v" "/var/lib/crater-agent-workspace/builds/worker-4-tc1/source:/opt/rustwide/workdir:ro,Z" "-v" "/var/lib/crater-agent-workspace/cargo-home:/opt/rustwide/cargo-home:ro,Z" "-v" "/var/lib/crater-agent-workspace/rustup-home:/opt/rustwide/rustup-home:ro,Z" "-e" "SOURCE_DIR=/opt/rustwide/workdir" "-e" "CARGO_TARGET_DIR=/opt/rustwide/target" "-e" "CARGO_HOME=/opt/rustwide/cargo-home" "-e" "RUSTUP_HOME=/opt/rustwide/rustup-home" "-w" "/opt/rustwide/workdir" "-m" "1610612736" "--user" "0:0" "--network" "none" "ghcr.io/rust-lang/crates-build-env/linux@sha256:4a844ea9eb2546a2d2c7022eacef16ef2e8229c7fbb2c7d4d55a9ceca922f72d" "/opt/rustwide/cargo-home/bin/cargo" "+nightly-2024-10-28" "metadata" "--no-deps" "--format-version=1", kill_on_drop: false }`
[INFO] [stdout] 6b573c7a4f86b53282cd07897ab78ae3f38f209b9781ad1015d8539b0157233c
[INFO] running `Command { std: "docker" "start" "-a" "6b573c7a4f86b53282cd07897ab78ae3f38f209b9781ad1015d8539b0157233c", kill_on_drop: false }`
[INFO] running `Command { std: "docker" "inspect" "6b573c7a4f86b53282cd07897ab78ae3f38f209b9781ad1015d8539b0157233c", kill_on_drop: false }`
[INFO] running `Command { std: "docker" "rm" "-f" "6b573c7a4f86b53282cd07897ab78ae3f38f209b9781ad1015d8539b0157233c", kill_on_drop: false }`
[INFO] [stdout] 6b573c7a4f86b53282cd07897ab78ae3f38f209b9781ad1015d8539b0157233c
[INFO] running `Command { std: "docker" "create" "-v" "/var/lib/crater-agent-workspace/builds/worker-4-tc1/target:/opt/rustwide/target:rw,Z" "-v" "/var/lib/crater-agent-workspace/builds/worker-4-tc1/source:/opt/rustwide/workdir:ro,Z" "-v" "/var/lib/crater-agent-workspace/cargo-home:/opt/rustwide/cargo-home:ro,Z" "-v" "/var/lib/crater-agent-workspace/rustup-home:/opt/rustwide/rustup-home:ro,Z" "-e" "SOURCE_DIR=/opt/rustwide/workdir" "-e" "CARGO_TARGET_DIR=/opt/rustwide/target" "-e" "CARGO_INCREMENTAL=0" "-e" "RUST_BACKTRACE=full" "-e" "RUSTFLAGS=--cap-lints=forbid" "-e" "RUSTDOCFLAGS=--cap-lints=forbid" "-e" "CARGO_HOME=/opt/rustwide/cargo-home" "-e" "RUSTUP_HOME=/opt/rustwide/rustup-home" "-w" "/opt/rustwide/workdir" "-m" "1610612736" "--user" "0:0" "--network" "none" "ghcr.io/rust-lang/crates-build-env/linux@sha256:4a844ea9eb2546a2d2c7022eacef16ef2e8229c7fbb2c7d4d55a9ceca922f72d" "/opt/rustwide/cargo-home/bin/cargo" "+nightly-2024-10-28" "build" "--frozen" "--message-format=json", kill_on_drop: false }`
[INFO] [stdout] 2a5ba1fcb6cbb8cfd11b0df0537fecabe2fab5787b5027127b9bfdd6536e847e
[INFO] running `Command { std: "docker" "start" "-a" "2a5ba1fcb6cbb8cfd11b0df0537fecabe2fab5787b5027127b9bfdd6536e847e", kill_on_drop: false }`
[INFO] [stderr]    Compiling serde v1.0.210
[INFO] [stderr]    Compiling libc v0.2.159
[INFO] [stderr]    Compiling bitcoin-internals v0.3.0
[INFO] [stderr]    Compiling proc-macro2 v1.0.86
[INFO] [stderr]    Compiling cc v1.1.24
[INFO] [stderr]    Compiling arrayvec v0.7.6
[INFO] [stderr]    Compiling bitcoin-io v0.1.2
[INFO] [stderr]    Compiling hex_lit v0.1.1
[INFO] [stderr]    Compiling hex-conservative v0.2.1
[INFO] [stderr]    Compiling bitcoin v0.32.3
[INFO] [stderr]    Compiling bech32 v0.11.0
[INFO] [stderr]    Compiling serde_json v1.0.128
[INFO] [stderr]    Compiling quote v1.0.37
[INFO] [stderr]    Compiling syn v2.0.79
[INFO] [stderr]    Compiling getrandom v0.2.15
[INFO] [stderr]    Compiling secp256k1-sys v0.10.1
[INFO] [stderr]    Compiling rand_core v0.6.4
[INFO] [stderr]    Compiling serde_derive v1.0.210
[INFO] [stderr]    Compiling zerocopy-derive v0.7.35
[INFO] [stderr]    Compiling zerocopy v0.7.35
[INFO] [stderr]    Compiling ppv-lite86 v0.2.20
[INFO] [stderr]    Compiling rand_chacha v0.3.1
[INFO] [stderr]    Compiling rand v0.8.5
[INFO] [stderr]    Compiling bitcoin_hashes v0.14.0
[INFO] [stderr]    Compiling bitcoin-units v0.1.2
[INFO] [stderr]    Compiling secp256k1 v0.29.1
[INFO] [stderr]    Compiling base58ck v0.1.0
[INFO] [stderr]    Compiling bdk_core v0.3.0
[INFO] [stderr]    Compiling miniscript v12.2.0
[INFO] [stderr]    Compiling bdk_chain v0.20.0
[INFO] [stderr]    Compiling bdk_wallet v1.0.0-beta.5 (/opt/rustwide/workdir)
[INFO] [stderr]     Finished `dev` profile [unoptimized + debuginfo] target(s) in 29.55s
[INFO] running `Command { std: "docker" "inspect" "2a5ba1fcb6cbb8cfd11b0df0537fecabe2fab5787b5027127b9bfdd6536e847e", kill_on_drop: false }`
[INFO] running `Command { std: "docker" "rm" "-f" "2a5ba1fcb6cbb8cfd11b0df0537fecabe2fab5787b5027127b9bfdd6536e847e", kill_on_drop: false }`
[INFO] [stdout] 2a5ba1fcb6cbb8cfd11b0df0537fecabe2fab5787b5027127b9bfdd6536e847e
[INFO] running `Command { std: "docker" "create" "-v" "/var/lib/crater-agent-workspace/builds/worker-4-tc1/target:/opt/rustwide/target:rw,Z" "-v" "/var/lib/crater-agent-workspace/builds/worker-4-tc1/source:/opt/rustwide/workdir:ro,Z" "-v" "/var/lib/crater-agent-workspace/cargo-home:/opt/rustwide/cargo-home:ro,Z" "-v" "/var/lib/crater-agent-workspace/rustup-home:/opt/rustwide/rustup-home:ro,Z" "-e" "SOURCE_DIR=/opt/rustwide/workdir" "-e" "CARGO_TARGET_DIR=/opt/rustwide/target" "-e" "CARGO_INCREMENTAL=0" "-e" "RUST_BACKTRACE=full" "-e" "RUSTFLAGS=--cap-lints=forbid" "-e" "RUSTDOCFLAGS=--cap-lints=forbid" "-e" "CARGO_HOME=/opt/rustwide/cargo-home" "-e" "RUSTUP_HOME=/opt/rustwide/rustup-home" "-w" "/opt/rustwide/workdir" "-m" "1610612736" "--user" "0:0" "--network" "none" "ghcr.io/rust-lang/crates-build-env/linux@sha256:4a844ea9eb2546a2d2c7022eacef16ef2e8229c7fbb2c7d4d55a9ceca922f72d" "/opt/rustwide/cargo-home/bin/cargo" "+nightly-2024-10-28" "test" "--frozen" "--no-run" "--message-format=json", kill_on_drop: false }`
[INFO] [stdout] af7ccfa21bc465e508fe5f7acf6c44829e471da1a93346e69ea4dc3c34897885
[INFO] running `Command { std: "docker" "start" "-a" "af7ccfa21bc465e508fe5f7acf6c44829e471da1a93346e69ea4dc3c34897885", kill_on_drop: false }`
[INFO] [stderr]    Compiling rustix v0.38.37
[INFO] [stderr]    Compiling anyhow v1.0.89
[INFO] [stderr]    Compiling rand v0.8.5
[INFO] [stderr]    Compiling once_cell v1.20.1
[INFO] [stderr]    Compiling assert_matches v1.5.0
[INFO] [stderr]    Compiling secp256k1 v0.29.1
[INFO] [stderr]    Compiling bitcoin v0.32.3
[INFO] [stderr]    Compiling tempfile v3.13.0
[INFO] [stderr]    Compiling bdk_core v0.3.0
[INFO] [stderr]    Compiling miniscript v12.2.0
[INFO] [stderr]    Compiling bdk_chain v0.20.0
[INFO] [stderr]    Compiling bdk_wallet v1.0.0-beta.5 (/opt/rustwide/workdir)
[INFO] [stdout] warning: missing documentation for a module
[INFO] [stdout]    --> src/keys/mod.rs:985:1
[INFO] [stdout]     |
[INFO] [stdout] 985 | pub mod test {
[INFO] [stdout]     | ^^^^^^^^^^^^
[INFO] [stdout]     |
[INFO] [stdout] note: the lint level is defined here
[INFO] [stdout]    --> src/lib.rs:9:9
[INFO] [stdout]     |
[INFO] [stdout] 9   | #![warn(missing_docs)]
[INFO] [stdout]     |         ^^^^^^^^^^^^
[INFO] [stdout] 
[INFO] [stdout] 
[INFO] [stdout] warning: missing documentation for a constant
[INFO] [stdout]    --> src/keys/mod.rs:990:5
[INFO] [stdout]     |
[INFO] [stdout] 990 |     pub const TEST_ENTROPY: [u8; 32] = [0xAA; 32];
[INFO] [stdout]     |     ^^^^^^^^^^^^^^^^^^^^^^^^^^^^^^^^
[INFO] [stdout] 
[INFO] [stdout] 
[INFO] [stdout] error[E0432]: unresolved import `bdk_chain::rusqlite`
[INFO] [stdout]    --> tests/wallet.rs:273:9
[INFO] [stdout]     |
[INFO] [stdout] 273 |     use bdk_chain::rusqlite;
[INFO] [stdout]     |         ^^^^^^^^^^^^^^^^^^^ no `rusqlite` in the root
[INFO] [stdout]     |
[INFO] [stdout] note: found an item that was configured out
[INFO] [stdout]    --> /opt/rustwide/cargo-home/registry/src/index.crates.io-6f17d22bba15001f/bdk_chain-0.20.0/src/lib.rs:72:18
[INFO] [stdout]     |
[INFO] [stdout] 72  | pub extern crate rusqlite;
[INFO] [stdout]     |                  ^^^^^^^^
[INFO] [stdout] note: the item is gated behind the `rusqlite` feature
[INFO] [stdout]    --> /opt/rustwide/cargo-home/registry/src/index.crates.io-6f17d22bba15001f/bdk_chain-0.20.0/src/lib.rs:71:7
[INFO] [stdout]     |
[INFO] [stdout] 71  | #[cfg(feature = "rusqlite")]
[INFO] [stdout]     |       ^^^^^^^^^^^^^^^^^^^^
[INFO] [stdout] 
[INFO] [stdout] 
[INFO] [stdout] error[E0433]: failed to resolve: use of undeclared crate or module `bdk_file_store`
[INFO] [stdout]    --> tests/wallet.rs:176:19
[INFO] [stdout]     |
[INFO] [stdout] 176 |         |path| Ok(bdk_file_store::Store::create_new(DB_MAGIC, path)?),
[INFO] [stdout]     |                   ^^^^^^^^^^^^^^ use of undeclared crate or module `bdk_file_store`
[INFO] [stdout] 
[INFO] [stdout] 
[INFO] [stdout] error[E0433]: failed to resolve: use of undeclared crate or module `bdk_file_store`
[INFO] [stdout]    --> tests/wallet.rs:177:19
[INFO] [stdout]     |
[INFO] [stdout] 177 |         |path| Ok(bdk_file_store::Store::open(DB_MAGIC, path)?),
[INFO] [stdout]     |                   ^^^^^^^^^^^^^^ use of undeclared crate or module `bdk_file_store`
[INFO] [stdout] 
[INFO] [stdout] 
[INFO] [stdout] error[E0433]: failed to resolve: could not find `rusqlite` in `bdk_chain`
[INFO] [stdout]    --> tests/wallet.rs:179:22
[INFO] [stdout]     |
[INFO] [stdout] 179 |     run::<bdk_chain::rusqlite::Connection, _, _>(
[INFO] [stdout]     |                      ^^^^^^^^ could not find `rusqlite` in `bdk_chain`
[INFO] [stdout]     |
[INFO] [stdout] note: found an item that was configured out
[INFO] [stdout]    --> /opt/rustwide/cargo-home/registry/src/index.crates.io-6f17d22bba15001f/bdk_chain-0.20.0/src/lib.rs:72:18
[INFO] [stdout]     |
[INFO] [stdout] 72  | pub extern crate rusqlite;
[INFO] [stdout]     |                  ^^^^^^^^
[INFO] [stdout] note: the item is gated behind the `rusqlite` feature
[INFO] [stdout]    --> /opt/rustwide/cargo-home/registry/src/index.crates.io-6f17d22bba15001f/bdk_chain-0.20.0/src/lib.rs:71:7
[INFO] [stdout]     |
[INFO] [stdout] 71  | #[cfg(feature = "rusqlite")]
[INFO] [stdout]     |       ^^^^^^^^^^^^^^^^^^^^
[INFO] [stdout] 
[INFO] [stdout] 
[INFO] [stdout] error[E0433]: failed to resolve: could not find `rusqlite` in `bdk_chain`
[INFO] [stdout]    --> tests/wallet.rs:181:30
[INFO] [stdout]     |
[INFO] [stdout] 181 |         |path| Ok(bdk_chain::rusqlite::Connection::open(path)?),
[INFO] [stdout]     |                              ^^^^^^^^ could not find `rusqlite` in `bdk_chain`
[INFO] [stdout]     |
[INFO] [stdout] note: found an item that was configured out
[INFO] [stdout]    --> /opt/rustwide/cargo-home/registry/src/index.crates.io-6f17d22bba15001f/bdk_chain-0.20.0/src/lib.rs:72:18
[INFO] [stdout]     |
[INFO] [stdout] 72  | pub extern crate rusqlite;
[INFO] [stdout]     |                  ^^^^^^^^
[INFO] [stdout] note: the item is gated behind the `rusqlite` feature
[INFO] [stdout]    --> /opt/rustwide/cargo-home/registry/src/index.crates.io-6f17d22bba15001f/bdk_chain-0.20.0/src/lib.rs:71:7
[INFO] [stdout]     |
[INFO] [stdout] 71  | #[cfg(feature = "rusqlite")]
[INFO] [stdout]     |       ^^^^^^^^^^^^^^^^^^^^
[INFO] [stdout] 
[INFO] [stdout] 
[INFO] [stdout] error[E0433]: failed to resolve: could not find `rusqlite` in `bdk_chain`
[INFO] [stdout]    --> tests/wallet.rs:182:30
[INFO] [stdout]     |
[INFO] [stdout] 182 |         |path| Ok(bdk_chain::rusqlite::Connection::open(path)?),
[INFO] [stdout]     |                              ^^^^^^^^ could not find `rusqlite` in `bdk_chain`
[INFO] [stdout]     |
[INFO] [stdout] note: found an item that was configured out
[INFO] [stdout]    --> /opt/rustwide/cargo-home/registry/src/index.crates.io-6f17d22bba15001f/bdk_chain-0.20.0/src/lib.rs:72:18
[INFO] [stdout]     |
[INFO] [stdout] 72  | pub extern crate rusqlite;
[INFO] [stdout]     |                  ^^^^^^^^
[INFO] [stdout] note: the item is gated behind the `rusqlite` feature
[INFO] [stdout]    --> /opt/rustwide/cargo-home/registry/src/index.crates.io-6f17d22bba15001f/bdk_chain-0.20.0/src/lib.rs:71:7
[INFO] [stdout]     |
[INFO] [stdout] 71  | #[cfg(feature = "rusqlite")]
[INFO] [stdout]     |       ^^^^^^^^^^^^^^^^^^^^
[INFO] [stdout] 
[INFO] [stdout] 
[INFO] [stdout] error[E0433]: failed to resolve: use of undeclared crate or module `bdk_file_store`
[INFO] [stdout]    --> tests/wallet.rs:254:16
[INFO] [stdout]     |
[INFO] [stdout] 254 |             Ok(bdk_file_store::Store::<ChangeSet>::create_new(
[INFO] [stdout]     |                ^^^^^^^^^^^^^^ use of undeclared crate or module `bdk_file_store`
[INFO] [stdout] 
[INFO] [stdout] 
[INFO] [stdout] error[E0433]: failed to resolve: use of undeclared crate or module `bdk_file_store`
[INFO] [stdout]    --> tests/wallet.rs:258:19
[INFO] [stdout]     |
[INFO] [stdout] 258 |         |path| Ok(bdk_file_store::Store::<ChangeSet>::open(DB_MAGIC, path)?),
[INFO] [stdout]     |                   ^^^^^^^^^^^^^^ use of undeclared crate or module `bdk_file_store`
[INFO] [stdout] 
[INFO] [stdout] 
[INFO] [stdout] error[E0433]: failed to resolve: could not find `rusqlite` in `bdk_chain`
[INFO] [stdout]    --> tests/wallet.rs:262:30
[INFO] [stdout]     |
[INFO] [stdout] 262 |         |path| Ok(bdk_chain::rusqlite::Connection::open(path)?),
[INFO] [stdout]     |                              ^^^^^^^^ could not find `rusqlite` in `bdk_chain`
[INFO] [stdout]     |
[INFO] [stdout] note: found an item that was configured out
[INFO] [stdout]    --> /opt/rustwide/cargo-home/registry/src/index.crates.io-6f17d22bba15001f/bdk_chain-0.20.0/src/lib.rs:72:18
[INFO] [stdout]     |
[INFO] [stdout] 72  | pub extern crate rusqlite;
[INFO] [stdout]     |                  ^^^^^^^^
[INFO] [stdout] note: the item is gated behind the `rusqlite` feature
[INFO] [stdout]    --> /opt/rustwide/cargo-home/registry/src/index.crates.io-6f17d22bba15001f/bdk_chain-0.20.0/src/lib.rs:71:7
[INFO] [stdout]     |
[INFO] [stdout] 71  | #[cfg(feature = "rusqlite")]
[INFO] [stdout]     |       ^^^^^^^^^^^^^^^^^^^^
[INFO] [stdout] 
[INFO] [stdout] 
[INFO] [stdout] error[E0433]: failed to resolve: could not find `rusqlite` in `bdk_chain`
[INFO] [stdout]    --> tests/wallet.rs:263:30
[INFO] [stdout]     |
[INFO] [stdout] 263 |         |path| Ok(bdk_chain::rusqlite::Connection::open(path)?),
[INFO] [stdout]     |                              ^^^^^^^^ could not find `rusqlite` in `bdk_chain`
[INFO] [stdout]     |
[INFO] [stdout] note: found an item that was configured out
[INFO] [stdout]    --> /opt/rustwide/cargo-home/registry/src/index.crates.io-6f17d22bba15001f/bdk_chain-0.20.0/src/lib.rs:72:18
[INFO] [stdout]     |
[INFO] [stdout] 72  | pub extern crate rusqlite;
[INFO] [stdout]     |                  ^^^^^^^^
[INFO] [stdout] note: the item is gated behind the `rusqlite` feature
[INFO] [stdout]    --> /opt/rustwide/cargo-home/registry/src/index.crates.io-6f17d22bba15001f/bdk_chain-0.20.0/src/lib.rs:71:7
[INFO] [stdout]     |
[INFO] [stdout] 71  | #[cfg(feature = "rusqlite")]
[INFO] [stdout]     |       ^^^^^^^^^^^^^^^^^^^^
[INFO] [stdout] 
[INFO] [stdout] 
[INFO] [stdout] Some errors have detailed explanations: E0432, E0433.
[INFO] [stdout] 
[INFO] [stdout] For more information about an error, try `rustc --explain E0432`.
[INFO] [stdout] 
[INFO] [stderr] error: could not compile `bdk_wallet` (test "wallet") due to 10 previous errors
[INFO] [stderr] warning: build failed, waiting for other jobs to finish...
[INFO] running `Command { std: "docker" "inspect" "af7ccfa21bc465e508fe5f7acf6c44829e471da1a93346e69ea4dc3c34897885", kill_on_drop: false }`
[INFO] running `Command { std: "docker" "rm" "-f" "af7ccfa21bc465e508fe5f7acf6c44829e471da1a93346e69ea4dc3c34897885", kill_on_drop: false }`
[INFO] [stdout] af7ccfa21bc465e508fe5f7acf6c44829e471da1a93346e69ea4dc3c34897885
