[INFO] fetching crate bdk_electrum 0.19.0...
[INFO] testing bdk_electrum-0.19.0 against nightly-2024-10-28+rustflags=-Zrandomize-layout for randomize-layout
[INFO] extracting crate bdk_electrum 0.19.0 into /workspace/builds/worker-2-tc2/source
[INFO] validating manifest of crates.io crate bdk_electrum 0.19.0 on toolchain nightly-2024-10-28
[INFO] running `Command { std: CARGO_HOME="/workspace/cargo-home" RUSTUP_HOME="/workspace/rustup-home" "/workspace/cargo-home/bin/cargo" "+nightly-2024-10-28" "metadata" "--manifest-path" "Cargo.toml" "--no-deps", kill_on_drop: false }`
[INFO] started tweaking crates.io crate bdk_electrum 0.19.0
[INFO] removed 0 missing tests
[INFO] finished tweaking crates.io crate bdk_electrum 0.19.0
[INFO] tweaked toml for crates.io crate bdk_electrum 0.19.0 written to /workspace/builds/worker-2-tc2/source/Cargo.toml
[INFO] running `Command { std: CARGO_HOME="/workspace/cargo-home" RUSTUP_HOME="/workspace/rustup-home" "/workspace/cargo-home/bin/cargo" "+nightly-2024-10-28" "generate-lockfile" "--manifest-path" "Cargo.toml", kill_on_drop: false }`
[INFO] [stderr]     Updating crates.io index
[INFO] [stderr]      Locking 93 packages to latest compatible versions
[INFO] running `Command { std: CARGO_HOME="/workspace/cargo-home" RUSTUP_HOME="/workspace/rustup-home" "/workspace/cargo-home/bin/cargo" "+nightly-2024-10-28" "fetch" "--manifest-path" "Cargo.toml", kill_on_drop: false }`
[INFO] running `Command { std: "docker" "create" "-v" "/var/lib/crater-agent-workspace/builds/worker-2-tc2/target:/opt/rustwide/target:rw,Z" "-v" "/var/lib/crater-agent-workspace/builds/worker-2-tc2/source:/opt/rustwide/workdir:ro,Z" "-v" "/var/lib/crater-agent-workspace/cargo-home:/opt/rustwide/cargo-home:ro,Z" "-v" "/var/lib/crater-agent-workspace/rustup-home:/opt/rustwide/rustup-home:ro,Z" "-e" "SOURCE_DIR=/opt/rustwide/workdir" "-e" "CARGO_TARGET_DIR=/opt/rustwide/target" "-e" "CARGO_HOME=/opt/rustwide/cargo-home" "-e" "RUSTUP_HOME=/opt/rustwide/rustup-home" "-w" "/opt/rustwide/workdir" "-m" "1610612736" "--user" "0:0" "--network" "none" "ghcr.io/rust-lang/crates-build-env/linux@sha256:4a844ea9eb2546a2d2c7022eacef16ef2e8229c7fbb2c7d4d55a9ceca922f72d" "/opt/rustwide/cargo-home/bin/cargo" "+nightly-2024-10-28" "metadata" "--no-deps" "--format-version=1", kill_on_drop: false }`
[INFO] [stdout] d24d4064d1af9befa66f41ea0cfccc0a4c92f29ee12134f0ca0f1ce93d186501
[INFO] running `Command { std: "docker" "start" "-a" "d24d4064d1af9befa66f41ea0cfccc0a4c92f29ee12134f0ca0f1ce93d186501", kill_on_drop: false }`
[INFO] running `Command { std: "docker" "inspect" "d24d4064d1af9befa66f41ea0cfccc0a4c92f29ee12134f0ca0f1ce93d186501", kill_on_drop: false }`
[INFO] running `Command { std: "docker" "rm" "-f" "d24d4064d1af9befa66f41ea0cfccc0a4c92f29ee12134f0ca0f1ce93d186501", kill_on_drop: false }`
[INFO] [stdout] d24d4064d1af9befa66f41ea0cfccc0a4c92f29ee12134f0ca0f1ce93d186501
[INFO] running `Command { std: "docker" "create" "-v" "/var/lib/crater-agent-workspace/builds/worker-2-tc2/target:/opt/rustwide/target:rw,Z" "-v" "/var/lib/crater-agent-workspace/builds/worker-2-tc2/source:/opt/rustwide/workdir:ro,Z" "-v" "/var/lib/crater-agent-workspace/cargo-home:/opt/rustwide/cargo-home:ro,Z" "-v" "/var/lib/crater-agent-workspace/rustup-home:/opt/rustwide/rustup-home:ro,Z" "-e" "SOURCE_DIR=/opt/rustwide/workdir" "-e" "CARGO_TARGET_DIR=/opt/rustwide/target" "-e" "CARGO_INCREMENTAL=0" "-e" "RUST_BACKTRACE=full" "-e" "RUSTFLAGS=--cap-lints=forbid -Zrandomize-layout" "-e" "RUSTDOCFLAGS=--cap-lints=forbid" "-e" "CARGO_HOME=/opt/rustwide/cargo-home" "-e" "RUSTUP_HOME=/opt/rustwide/rustup-home" "-w" "/opt/rustwide/workdir" "-m" "1610612736" "--user" "0:0" "--network" "none" "ghcr.io/rust-lang/crates-build-env/linux@sha256:4a844ea9eb2546a2d2c7022eacef16ef2e8229c7fbb2c7d4d55a9ceca922f72d" "/opt/rustwide/cargo-home/bin/cargo" "+nightly-2024-10-28" "build" "--frozen" "--message-format=json", kill_on_drop: false }`
[INFO] [stdout] b5e65114818141e630d3cd4fce35c8bc5b3949a2f84a94041fe5b92ace07e042
[INFO] running `Command { std: "docker" "start" "-a" "b5e65114818141e630d3cd4fce35c8bc5b3949a2f84a94041fe5b92ace07e042", kill_on_drop: false }`
[INFO] [stderr]    Compiling shlex v1.3.0
[INFO] [stderr]    Compiling proc-macro2 v1.0.89
[INFO] [stderr]    Compiling serde v1.0.214
[INFO] [stderr]    Compiling fs_extra v1.3.0
[INFO] [stderr]    Compiling dunce v1.0.5
[INFO] [stderr]    Compiling bitcoin-internals v0.3.0
[INFO] [stderr]    Compiling paste v1.0.15
[INFO] [stderr]    Compiling arrayvec v0.7.6
[INFO] [stderr]    Compiling bitcoin-io v0.1.2
[INFO] [stderr]    Compiling aws-lc-rs v1.10.0
[INFO] [stderr]    Compiling hex_lit v0.1.1
[INFO] [stderr]    Compiling bitcoin v0.32.4
[INFO] [stderr]    Compiling mirai-annotations v1.12.0
[INFO] [stderr]    Compiling zeroize v1.8.1
[INFO] [stderr]    Compiling jobserver v0.1.32
[INFO] [stderr]    Compiling untrusted v0.9.0
[INFO] [stderr]    Compiling bech32 v0.11.0
[INFO] [stderr]    Compiling rustls-pki-types v1.10.0
[INFO] [stderr]    Compiling rustls v0.23.16
[INFO] [stderr]    Compiling subtle v2.6.1
[INFO] [stderr]    Compiling log v0.4.22
[INFO] [stderr]    Compiling hex-conservative v0.2.1
[INFO] [stderr]    Compiling byteorder v1.5.0
[INFO] [stderr]    Compiling cc v1.1.31
[INFO] [stderr]    Compiling webpki-roots v0.25.4
[INFO] [stderr]    Compiling quote v1.0.37
[INFO] [stderr]    Compiling syn v2.0.86
[INFO] [stderr]    Compiling cmake v0.1.51
[INFO] [stderr]    Compiling secp256k1-sys v0.10.1
[INFO] [stderr]    Compiling aws-lc-sys v0.22.0
[INFO] [stderr]    Compiling serde_derive v1.0.214
[INFO] [stderr]    Compiling bitcoin_hashes v0.14.0
[INFO] [stderr]    Compiling serde_json v1.0.132
[INFO] [stderr]    Compiling bitcoin-units v0.1.2
[INFO] [stderr]    Compiling base58ck v0.1.0
[INFO] [stderr]    Compiling secp256k1 v0.29.1
[INFO] [stderr]    Compiling rustls-webpki v0.102.8
[INFO] [stderr]    Compiling electrum-client v0.21.0
[INFO] [stderr]    Compiling bdk_core v0.3.0
[INFO] [stderr]    Compiling bdk_electrum v0.19.0 (/opt/rustwide/workdir)
[INFO] [stderr]     Finished `dev` profile [unoptimized + debuginfo] target(s) in 13.76s
[INFO] running `Command { std: "docker" "inspect" "b5e65114818141e630d3cd4fce35c8bc5b3949a2f84a94041fe5b92ace07e042", kill_on_drop: false }`
[INFO] running `Command { std: "docker" "rm" "-f" "b5e65114818141e630d3cd4fce35c8bc5b3949a2f84a94041fe5b92ace07e042", kill_on_drop: false }`
[INFO] [stdout] b5e65114818141e630d3cd4fce35c8bc5b3949a2f84a94041fe5b92ace07e042
[INFO] running `Command { std: "docker" "create" "-v" "/var/lib/crater-agent-workspace/builds/worker-2-tc2/target:/opt/rustwide/target:rw,Z" "-v" "/var/lib/crater-agent-workspace/builds/worker-2-tc2/source:/opt/rustwide/workdir:ro,Z" "-v" "/var/lib/crater-agent-workspace/cargo-home:/opt/rustwide/cargo-home:ro,Z" "-v" "/var/lib/crater-agent-workspace/rustup-home:/opt/rustwide/rustup-home:ro,Z" "-e" "SOURCE_DIR=/opt/rustwide/workdir" "-e" "CARGO_TARGET_DIR=/opt/rustwide/target" "-e" "CARGO_INCREMENTAL=0" "-e" "RUST_BACKTRACE=full" "-e" "RUSTFLAGS=--cap-lints=forbid -Zrandomize-layout" "-e" "RUSTDOCFLAGS=--cap-lints=forbid" "-e" "CARGO_HOME=/opt/rustwide/cargo-home" "-e" "RUSTUP_HOME=/opt/rustwide/rustup-home" "-w" "/opt/rustwide/workdir" "-m" "1610612736" "--user" "0:0" "--network" "none" "ghcr.io/rust-lang/crates-build-env/linux@sha256:4a844ea9eb2546a2d2c7022eacef16ef2e8229c7fbb2c7d4d55a9ceca922f72d" "/opt/rustwide/cargo-home/bin/cargo" "+nightly-2024-10-28" "test" "--frozen" "--no-run" "--message-format=json", kill_on_drop: false }`
[INFO] [stdout] ac1a7135da03d2dbe3bc3c6e5e38ad864f6dc9721fdf5206bd8883aa09de0527
[INFO] running `Command { std: "docker" "start" "-a" "ac1a7135da03d2dbe3bc3c6e5e38ad864f6dc9721fdf5206bd8883aa09de0527", kill_on_drop: false }`
[INFO] [stderr]    Compiling bdk_electrum v0.19.0 (/opt/rustwide/workdir)
[INFO] [stdout] error[E0433]: failed to resolve: use of undeclared crate or module `bdk_chain`
[INFO] [stdout]  --> tests/test_electrum.rs:1:5
[INFO] [stdout]   |
[INFO] [stdout] 1 | use bdk_chain::{
[INFO] [stdout]   |     ^^^^^^^^^ use of undeclared crate or module `bdk_chain`
[INFO] [stdout] 
[INFO] [stdout] 
[INFO] [stdout] error[E0432]: unresolved import `bdk_chain`
[INFO] [stdout]  --> tests/test_electrum.rs:1:5
[INFO] [stdout]   |
[INFO] [stdout] 1 | use bdk_chain::{
[INFO] [stdout]   |     ^^^^^^^^^ use of undeclared crate or module `bdk_chain`
[INFO] [stdout] 
[INFO] [stdout] 
[INFO] [stdout] error[E0433]: failed to resolve: use of undeclared crate or module `bdk_testenv`
[INFO] [stdout]  --> tests/test_electrum.rs:9:5
[INFO] [stdout]   |
[INFO] [stdout] 9 | use bdk_testenv::{anyhow, bitcoincore_rpc::RpcApi, TestEnv};
[INFO] [stdout]   |     ^^^^^^^^^^^ use of undeclared crate or module `bdk_testenv`
[INFO] [stdout] 
[INFO] [stdout] 
[INFO] [stdout] error[E0432]: unresolved import `bdk_testenv`
[INFO] [stdout]  --> tests/test_electrum.rs:9:5
[INFO] [stdout]   |
[INFO] [stdout] 9 | use bdk_testenv::{anyhow, bitcoincore_rpc::RpcApi, TestEnv};
[INFO] [stdout]   |     ^^^^^^^^^^^ use of undeclared crate or module `bdk_testenv`
[INFO] [stdout] 
[INFO] [stdout] 
[INFO] [stdout] error[E0433]: failed to resolve: use of undeclared crate or module `bdk_chain`
[INFO] [stdout]    --> tests/test_electrum.rs:307:61
[INFO] [stdout]     |
[INFO] [stdout] 307 |     let addr_to_track = Address::from_script(&spk_to_track, bdk_chain::bitcoin::Network::Regtest)?;
[INFO] [stdout]     |                                                             ^^^^^^^^^ use of undeclared crate or module `bdk_chain`
[INFO] [stdout] 
[INFO] [stdout] 
[INFO] [stdout] error[E0433]: failed to resolve: use of undeclared crate or module `bdk_chain`
[INFO] [stdout]    --> tests/test_electrum.rs:450:61
[INFO] [stdout]     |
[INFO] [stdout] 450 |     let addr_to_track = Address::from_script(&spk_to_track, bdk_chain::bitcoin::Network::Regtest)?;
[INFO] [stdout]     |                                                             ^^^^^^^^^ use of undeclared crate or module `bdk_chain`
[INFO] [stdout] 
[INFO] [stdout] 
[INFO] [stdout] warning: unused import: `std::str::FromStr`
[INFO] [stdout]   --> tests/test_electrum.rs:12:5
[INFO] [stdout]    |
[INFO] [stdout] 12 | use std::str::FromStr;
[INFO] [stdout]    |     ^^^^^^^^^^^^^^^^^
[INFO] [stdout]    |
[INFO] [stdout]    = note: `#[warn(unused_imports)]` on by default
[INFO] [stdout] 
[INFO] [stdout] 
[INFO] [stdout] Some errors have detailed explanations: E0432, E0433.
[INFO] [stdout] 
[INFO] [stdout] For more information about an error, try `rustc --explain E0432`.
[INFO] [stdout] 
[INFO] [stderr] error: could not compile `bdk_electrum` (test "test_electrum") due to 6 previous errors; 1 warning emitted
[INFO] [stderr] warning: build failed, waiting for other jobs to finish...
[INFO] running `Command { std: "docker" "inspect" "ac1a7135da03d2dbe3bc3c6e5e38ad864f6dc9721fdf5206bd8883aa09de0527", kill_on_drop: false }`
[INFO] running `Command { std: "docker" "rm" "-f" "ac1a7135da03d2dbe3bc3c6e5e38ad864f6dc9721fdf5206bd8883aa09de0527", kill_on_drop: false }`
[INFO] [stdout] ac1a7135da03d2dbe3bc3c6e5e38ad864f6dc9721fdf5206bd8883aa09de0527
