[INFO] fetching crate bayes 0.0.1...
[INFO] testing bayes-0.0.1 against nightly-2024-10-28+rustflags=-Zrandomize-layout for randomize-layout
[INFO] extracting crate bayes 0.0.1 into /workspace/builds/worker-6-tc2/source
[INFO] validating manifest of crates.io crate bayes 0.0.1 on toolchain nightly-2024-10-28
[INFO] running `Command { std: CARGO_HOME="/workspace/cargo-home" RUSTUP_HOME="/workspace/rustup-home" "/workspace/cargo-home/bin/cargo" "+nightly-2024-10-28" "metadata" "--manifest-path" "Cargo.toml" "--no-deps", kill_on_drop: false }`
[INFO] started tweaking crates.io crate bayes 0.0.1
[INFO] finished tweaking crates.io crate bayes 0.0.1
[INFO] tweaked toml for crates.io crate bayes 0.0.1 written to /workspace/builds/worker-6-tc2/source/Cargo.toml
[INFO] running `Command { std: CARGO_HOME="/workspace/cargo-home" RUSTUP_HOME="/workspace/rustup-home" "/workspace/cargo-home/bin/cargo" "+nightly-2024-10-28" "generate-lockfile" "--manifest-path" "Cargo.toml", kill_on_drop: false }`
[INFO] [stderr]     Updating crates.io index
[INFO] [stderr]      Locking 39 packages to latest compatible versions
[INFO] [stderr]       Adding nalgebra v0.21.1 (available: v0.33.2)
[INFO] [stderr]       Adding petgraph v0.5.1 (available: v0.6.5)
[INFO] [stderr]       Adding rand v0.7.3 (available: v0.8.5)
[INFO] [stderr]       Adding rand_distr v0.2.2 (available: v0.4.3)
[INFO] [stderr]       Adding simba v0.1.5 (available: v0.9.0)
[INFO] running `Command { std: CARGO_HOME="/workspace/cargo-home" RUSTUP_HOME="/workspace/rustup-home" "/workspace/cargo-home/bin/cargo" "+nightly-2024-10-28" "fetch" "--manifest-path" "Cargo.toml", kill_on_drop: false }`
[INFO] running `Command { std: "docker" "create" "-v" "/var/lib/crater-agent-workspace/builds/worker-6-tc2/target:/opt/rustwide/target:rw,Z" "-v" "/var/lib/crater-agent-workspace/builds/worker-6-tc2/source:/opt/rustwide/workdir:ro,Z" "-v" "/var/lib/crater-agent-workspace/cargo-home:/opt/rustwide/cargo-home:ro,Z" "-v" "/var/lib/crater-agent-workspace/rustup-home:/opt/rustwide/rustup-home:ro,Z" "-e" "SOURCE_DIR=/opt/rustwide/workdir" "-e" "CARGO_TARGET_DIR=/opt/rustwide/target" "-e" "CARGO_HOME=/opt/rustwide/cargo-home" "-e" "RUSTUP_HOME=/opt/rustwide/rustup-home" "-w" "/opt/rustwide/workdir" "-m" "1610612736" "--user" "0:0" "--network" "none" "ghcr.io/rust-lang/crates-build-env/linux@sha256:4a844ea9eb2546a2d2c7022eacef16ef2e8229c7fbb2c7d4d55a9ceca922f72d" "/opt/rustwide/cargo-home/bin/cargo" "+nightly-2024-10-28" "metadata" "--no-deps" "--format-version=1", kill_on_drop: false }`
[INFO] [stdout] fa8a9bd11c445e0d8875c2689ba580b989d7c7d5c555d99ac9ec8defeb9387c7
[INFO] running `Command { std: "docker" "start" "-a" "fa8a9bd11c445e0d8875c2689ba580b989d7c7d5c555d99ac9ec8defeb9387c7", kill_on_drop: false }`
[INFO] running `Command { std: "docker" "inspect" "fa8a9bd11c445e0d8875c2689ba580b989d7c7d5c555d99ac9ec8defeb9387c7", kill_on_drop: false }`
[INFO] running `Command { std: "docker" "rm" "-f" "fa8a9bd11c445e0d8875c2689ba580b989d7c7d5c555d99ac9ec8defeb9387c7", kill_on_drop: false }`
[INFO] [stdout] fa8a9bd11c445e0d8875c2689ba580b989d7c7d5c555d99ac9ec8defeb9387c7
[INFO] running `Command { std: "docker" "create" "-v" "/var/lib/crater-agent-workspace/builds/worker-6-tc2/target:/opt/rustwide/target:rw,Z" "-v" "/var/lib/crater-agent-workspace/builds/worker-6-tc2/source:/opt/rustwide/workdir:ro,Z" "-v" "/var/lib/crater-agent-workspace/cargo-home:/opt/rustwide/cargo-home:ro,Z" "-v" "/var/lib/crater-agent-workspace/rustup-home:/opt/rustwide/rustup-home:ro,Z" "-e" "SOURCE_DIR=/opt/rustwide/workdir" "-e" "CARGO_TARGET_DIR=/opt/rustwide/target" "-e" "CARGO_INCREMENTAL=0" "-e" "RUST_BACKTRACE=full" "-e" "RUSTFLAGS=--cap-lints=forbid -Zrandomize-layout" "-e" "RUSTDOCFLAGS=--cap-lints=forbid" "-e" "CARGO_HOME=/opt/rustwide/cargo-home" "-e" "RUSTUP_HOME=/opt/rustwide/rustup-home" "-w" "/opt/rustwide/workdir" "-m" "1610612736" "--user" "0:0" "--network" "none" "ghcr.io/rust-lang/crates-build-env/linux@sha256:4a844ea9eb2546a2d2c7022eacef16ef2e8229c7fbb2c7d4d55a9ceca922f72d" "/opt/rustwide/cargo-home/bin/cargo" "+nightly-2024-10-28" "build" "--frozen" "--message-format=json", kill_on_drop: false }`
[INFO] [stdout] 98c35f79750e9c1f9daf84d0ed9df1672353e4081389f38f782bc90098ee0bba
[INFO] running `Command { std: "docker" "start" "-a" "98c35f79750e9c1f9daf84d0ed9df1672353e4081389f38f782bc90098ee0bba", kill_on_drop: false }`
[INFO] [stderr]    Compiling libm v0.2.11
[INFO] [stderr]    Compiling num-traits v0.2.19
[INFO] [stderr]    Compiling libc v0.2.161
[INFO] [stderr]    Compiling getrandom v0.1.16
[INFO] [stderr]    Compiling byteorder v1.5.0
[INFO] [stderr]    Compiling proc-macro-hack v0.5.20+deprecated
[INFO] [stderr]    Compiling serde v1.0.214
[INFO] [stderr]    Compiling syn v2.0.86
[INFO] [stderr]    Compiling num-complex v0.2.4
[INFO] [stderr]    Compiling indexmap v1.9.3
[INFO] [stderr]    Compiling num-rational v0.2.4
[INFO] [stderr]    Compiling rawpointer v0.2.1
[INFO] [stderr]    Compiling hashbrown v0.12.3
[INFO] [stderr]    Compiling matrixmultiply v0.2.4
[INFO] [stderr]    Compiling generic-array v0.13.3
[INFO] [stderr]    Compiling fixedbitset v0.2.0
[INFO] [stderr]    Compiling bayes v0.0.1 (/opt/rustwide/workdir)
[INFO] [stderr]    Compiling paste-impl v0.1.18
[INFO] [stderr]    Compiling rand_core v0.5.1
[INFO] [stderr]    Compiling paste v0.1.18
[INFO] [stderr]    Compiling petgraph v0.5.1
[INFO] [stderr]    Compiling approx v0.3.2
[INFO] [stderr]    Compiling num-integer v0.1.46
[INFO] [stderr]    Compiling zerocopy-derive v0.7.35
[INFO] [stderr]    Compiling serde_derive v1.0.214
[INFO] [stderr]    Compiling zerocopy v0.7.35
[INFO] [stderr]    Compiling ppv-lite86 v0.2.20
[INFO] [stderr]    Compiling rand_chacha v0.2.2
[INFO] [stderr]    Compiling rand v0.7.3
[INFO] [stderr]    Compiling rand_distr v0.2.2
[INFO] [stderr]    Compiling simba v0.1.5
[INFO] [stderr]    Compiling nalgebra v0.21.1
[INFO] [stdout] warning: trait `ApproximateDistribution` is never used
[INFO] [stdout]   --> src/optim/mod.rs:12:7
[INFO] [stdout]    |
[INFO] [stdout] 12 | trait ApproximateDistribution<D, C>
[INFO] [stdout]    |       ^^^^^^^^^^^^^^^^^^^^^^^
[INFO] [stdout]    |
[INFO] [stdout]    = note: `#[warn(dead_code)]` on by default
[INFO] [stdout] 
[INFO] [stdout] 
[INFO] [stdout] warning: fields `obj`, `jac_norm`, and `param_norm` are never read
[INFO] [stdout]   --> src/optim/gsl/mod.rs:17:5
[INFO] [stdout]    |
[INFO] [stdout] 16 | struct OptimizationStep {
[INFO] [stdout]    |        ---------------- fields in this struct
[INFO] [stdout] 17 |     obj : f64,
[INFO] [stdout]    |     ^^^
[INFO] [stdout] 18 |     jac_norm : f64,
[INFO] [stdout]    |     ^^^^^^^^
[INFO] [stdout] 19 |     param_norm : f64
[INFO] [stdout]    |     ^^^^^^^^^^
[INFO] [stdout]    |
[INFO] [stdout]    = note: `OptimizationStep` has a derived impl for the trait `Debug`, but this is intentionally ignored during dead code analysis
[INFO] [stdout] 
[INFO] [stdout] 
[INFO] [stdout] warning: field `basis` is never read
[INFO] [stdout]   --> src/basis/frequency/dwt/gsl.rs:31:5
[INFO] [stdout]    |
[INFO] [stdout] 21 | pub struct DWTPlan<C>
[INFO] [stdout]    |            ------- field in this struct
[INFO] [stdout] ...
[INFO] [stdout] 31 |     basis : Basis
[INFO] [stdout]    |     ^^^^^
[INFO] [stdout]    |
[INFO] [stdout]    = note: `DWTPlan` has a derived impl for the trait `Clone`, but this is intentionally ignored during dead code analysis
[INFO] [stdout] 
[INFO] [stdout] 
[INFO] [stdout] warning: `gsl_interp_alloc` redeclared with a different signature
[INFO] [stdout]    --> src/gsl/spline2d.rs:108:5
[INFO] [stdout]     |
[INFO] [stdout] 108 |     pub fn gsl_interp_alloc(T: *const gsl_interp_type, n: usize) -> *mut gsl_interp;
[INFO] [stdout]     |     ^^^^^^^^^^^^^^^^^^^^^^^^^^^^^^^^^^^^^^^^^^^^^^^^^^^^^^^^^^^^^^^^^^^^^^^^^^^^^^^^ this signature doesn't match the previous declaration
[INFO] [stdout]     |
[INFO] [stdout]    ::: src/gsl/spline.rs:108:5
[INFO] [stdout]     |
[INFO] [stdout] 108 |     pub fn gsl_interp_alloc(T: *const gsl_interp_type, n: usize) -> *mut gsl_interp;
[INFO] [stdout]     |     -------------------------------------------------------------------------------- `gsl_interp_alloc` previously declared here
[INFO] [stdout]     |
[INFO] [stdout]     = note: expected `unsafe extern "C" fn(*const gsl::spline::gsl_interp_type, usize) -> *mut gsl::spline::gsl_interp`
[INFO] [stdout]                found `unsafe extern "C" fn(*const spline2d::gsl_interp_type, usize) -> *mut spline2d::gsl_interp`
[INFO] [stdout]     = note: `#[warn(clashing_extern_declarations)]` on by default
[INFO] [stdout] 
[INFO] [stdout] 
[INFO] [stdout] warning: `gsl_interp_init` redeclared with a different signature
[INFO] [stdout]    --> src/gsl/spline2d.rs:111:5
[INFO] [stdout]     |
[INFO] [stdout] 111 | /     pub fn gsl_interp_init(
[INFO] [stdout] 112 | |         obj: *mut gsl_interp,
[INFO] [stdout] 113 | |         xa: *const f64,
[INFO] [stdout] 114 | |         ya: *const f64,
[INFO] [stdout] 115 | |         size: usize,
[INFO] [stdout] 116 | |     ) -> ::std::os::raw::c_int;
[INFO] [stdout]     | |_______________________________^ this signature doesn't match the previous declaration
[INFO] [stdout]     |
[INFO] [stdout]    ::: src/gsl/spline.rs:116:31
[INFO] [stdout]     |
[INFO] [stdout] 116 |       ) -> ::std::os::raw::c_int;
[INFO] [stdout]     |                                 - `gsl_interp_init` previously declared here
[INFO] [stdout]     |
[INFO] [stdout]     = note: expected `unsafe extern "C" fn(*mut gsl::spline::gsl_interp, *const f64, *const f64, usize) -> i32`
[INFO] [stdout]                found `unsafe extern "C" fn(*mut spline2d::gsl_interp, *const f64, *const f64, usize) -> i32`
[INFO] [stdout] 
[INFO] [stdout] 
[INFO] [stdout] warning: `gsl_interp_name` redeclared with a different signature
[INFO] [stdout]    --> src/gsl/spline2d.rs:119:5
[INFO] [stdout]     |
[INFO] [stdout] 119 |     pub fn gsl_interp_name(interp: *const gsl_interp) -> *const ::std::os::raw::c_char;
[INFO] [stdout]     |     ^^^^^^^^^^^^^^^^^^^^^^^^^^^^^^^^^^^^^^^^^^^^^^^^^^^^^^^^^^^^^^^^^^^^^^^^^^^^^^^^^^^ this signature doesn't match the previous declaration
[INFO] [stdout]     |
[INFO] [stdout]    ::: src/gsl/spline.rs:119:5
[INFO] [stdout]     |
[INFO] [stdout] 119 |     pub fn gsl_interp_name(interp: *const gsl_interp) -> *const ::std::os::raw::c_char;
[INFO] [stdout]     |     ----------------------------------------------------------------------------------- `gsl_interp_name` previously declared here
[INFO] [stdout]     |
[INFO] [stdout]     = note: expected `unsafe extern "C" fn(*const gsl::spline::gsl_interp) -> *const i8`
[INFO] [stdout]                found `unsafe extern "C" fn(*const spline2d::gsl_interp) -> *const i8`
[INFO] [stdout] 
[INFO] [stdout] 
[INFO] [stdout] warning: `gsl_interp_min_size` redeclared with a different signature
[INFO] [stdout]    --> src/gsl/spline2d.rs:122:5
[INFO] [stdout]     |
[INFO] [stdout] 122 |     pub fn gsl_interp_min_size(interp: *const gsl_interp) -> ::std::os::raw::c_uint;
[INFO] [stdout]     |     ^^^^^^^^^^^^^^^^^^^^^^^^^^^^^^^^^^^^^^^^^^^^^^^^^^^^^^^^^^^^^^^^^^^^^^^^^^^^^^^^ this signature doesn't match the previous declaration
[INFO] [stdout]     |
[INFO] [stdout]    ::: src/gsl/spline.rs:122:5
[INFO] [stdout]     |
[INFO] [stdout] 122 |     pub fn gsl_interp_min_size(interp: *const gsl_interp) -> ::std::os::raw::c_uint;
[INFO] [stdout]     |     -------------------------------------------------------------------------------- `gsl_interp_min_size` previously declared here
[INFO] [stdout]     |
[INFO] [stdout]     = note: expected `unsafe extern "C" fn(*const gsl::spline::gsl_interp) -> u32`
[INFO] [stdout]                found `unsafe extern "C" fn(*const spline2d::gsl_interp) -> u32`
[INFO] [stdout] 
[INFO] [stdout] 
[INFO] [stdout] warning: `gsl_interp_type_min_size` redeclared with a different signature
[INFO] [stdout]    --> src/gsl/spline2d.rs:125:5
[INFO] [stdout]     |
[INFO] [stdout] 125 |     pub fn gsl_interp_type_min_size(T: *const gsl_interp_type) -> ::std::os::raw::c_uint;
[INFO] [stdout]     |     ^^^^^^^^^^^^^^^^^^^^^^^^^^^^^^^^^^^^^^^^^^^^^^^^^^^^^^^^^^^^^^^^^^^^^^^^^^^^^^^^^^^^^ this signature doesn't match the previous declaration
[INFO] [stdout]     |
[INFO] [stdout]    ::: src/gsl/spline.rs:125:5
[INFO] [stdout]     |
[INFO] [stdout] 125 |     pub fn gsl_interp_type_min_size(T: *const gsl_interp_type) -> ::std::os::raw::c_uint;
[INFO] [stdout]     |     ------------------------------------------------------------------------------------- `gsl_interp_type_min_size` previously declared here
[INFO] [stdout]     |
[INFO] [stdout]     = note: expected `unsafe extern "C" fn(*const gsl::spline::gsl_interp_type) -> u32`
[INFO] [stdout]                found `unsafe extern "C" fn(*const spline2d::gsl_interp_type) -> u32`
[INFO] [stdout] 
[INFO] [stdout] 
[INFO] [stdout] warning: `gsl_interp_eval_e` redeclared with a different signature
[INFO] [stdout]    --> src/gsl/spline2d.rs:128:5
[INFO] [stdout]     |
[INFO] [stdout] 128 | /     pub fn gsl_interp_eval_e(
[INFO] [stdout] 129 | |         obj: *const gsl_interp,
[INFO] [stdout] 130 | |         xa: *const f64,
[INFO] [stdout] 131 | |         ya: *const f64,
[INFO] [stdout] ...   |
[INFO] [stdout] 134 | |         y: *mut f64,
[INFO] [stdout] 135 | |     ) -> ::std::os::raw::c_int;
[INFO] [stdout]     | |_______________________________^ this signature doesn't match the previous declaration
[INFO] [stdout]     |
[INFO] [stdout]    ::: src/gsl/spline.rs:135:31
[INFO] [stdout]     |
[INFO] [stdout] 135 |       ) -> ::std::os::raw::c_int;
[INFO] [stdout]     |                                 - `gsl_interp_eval_e` previously declared here
[INFO] [stdout]     |
[INFO] [stdout]     = note: expected `unsafe extern "C" fn(*const gsl::spline::gsl_interp, *const f64, *const f64, f64, *mut gsl::spline::gsl_interp_accel, *mut f64) -> i32`
[INFO] [stdout]                found `unsafe extern "C" fn(*const spline2d::gsl_interp, *const f64, *const f64, f64, *mut spline2d::gsl_interp_accel, *mut f64) -> i32`
[INFO] [stdout] 
[INFO] [stdout] 
[INFO] [stdout] warning: `gsl_interp_eval` redeclared with a different signature
[INFO] [stdout]    --> src/gsl/spline2d.rs:138:5
[INFO] [stdout]     |
[INFO] [stdout] 138 | /     pub fn gsl_interp_eval(
[INFO] [stdout] 139 | |         obj: *const gsl_interp,
[INFO] [stdout] 140 | |         xa: *const f64,
[INFO] [stdout] 141 | |         ya: *const f64,
[INFO] [stdout] 142 | |         x: f64,
[INFO] [stdout] 143 | |         a: *mut gsl_interp_accel,
[INFO] [stdout] 144 | |     ) -> f64;
[INFO] [stdout]     | |_____________^ this signature doesn't match the previous declaration
[INFO] [stdout]     |
[INFO] [stdout]    ::: src/gsl/spline.rs:144:13
[INFO] [stdout]     |
[INFO] [stdout] 144 |       ) -> f64;
[INFO] [stdout]     |               - `gsl_interp_eval` previously declared here
[INFO] [stdout]     |
[INFO] [stdout]     = note: expected `unsafe extern "C" fn(*const gsl::spline::gsl_interp, *const f64, *const f64, f64, *mut gsl::spline::gsl_interp_accel) -> f64`
[INFO] [stdout]                found `unsafe extern "C" fn(*const spline2d::gsl_interp, *const f64, *const f64, f64, *mut spline2d::gsl_interp_accel) -> f64`
[INFO] [stdout] 
[INFO] [stdout] 
[INFO] [stdout] warning: `gsl_interp_eval_deriv_e` redeclared with a different signature
[INFO] [stdout]    --> src/gsl/spline2d.rs:147:5
[INFO] [stdout]     |
[INFO] [stdout] 147 | /     pub fn gsl_interp_eval_deriv_e(
[INFO] [stdout] 148 | |         obj: *const gsl_interp,
[INFO] [stdout] 149 | |         xa: *const f64,
[INFO] [stdout] 150 | |         ya: *const f64,
[INFO] [stdout] ...   |
[INFO] [stdout] 153 | |         d: *mut f64,
[INFO] [stdout] 154 | |     ) -> ::std::os::raw::c_int;
[INFO] [stdout]     | |_______________________________^ this signature doesn't match the previous declaration
[INFO] [stdout]     |
[INFO] [stdout]    ::: src/gsl/spline.rs:154:31
[INFO] [stdout]     |
[INFO] [stdout] 154 |       ) -> ::std::os::raw::c_int;
[INFO] [stdout]     |                                 - `gsl_interp_eval_deriv_e` previously declared here
[INFO] [stdout]     |
[INFO] [stdout]     = note: expected `unsafe extern "C" fn(*const gsl::spline::gsl_interp, *const f64, *const f64, f64, *mut gsl::spline::gsl_interp_accel, *mut f64) -> i32`
[INFO] [stdout]                found `unsafe extern "C" fn(*const spline2d::gsl_interp, *const f64, *const f64, f64, *mut spline2d::gsl_interp_accel, *mut f64) -> i32`
[INFO] [stdout] 
[INFO] [stdout] 
[INFO] [stdout] warning: `gsl_interp_eval_deriv` redeclared with a different signature
[INFO] [stdout]    --> src/gsl/spline2d.rs:157:5
[INFO] [stdout]     |
[INFO] [stdout] 157 | /     pub fn gsl_interp_eval_deriv(
[INFO] [stdout] 158 | |         obj: *const gsl_interp,
[INFO] [stdout] 159 | |         xa: *const f64,
[INFO] [stdout] 160 | |         ya: *const f64,
[INFO] [stdout] 161 | |         x: f64,
[INFO] [stdout] 162 | |         a: *mut gsl_interp_accel,
[INFO] [stdout] 163 | |     ) -> f64;
[INFO] [stdout]     | |_____________^ this signature doesn't match the previous declaration
[INFO] [stdout]     |
[INFO] [stdout]    ::: src/gsl/spline.rs:163:13
[INFO] [stdout]     |
[INFO] [stdout] 163 |       ) -> f64;
[INFO] [stdout]     |               - `gsl_interp_eval_deriv` previously declared here
[INFO] [stdout]     |
[INFO] [stdout]     = note: expected `unsafe extern "C" fn(*const gsl::spline::gsl_interp, *const f64, *const f64, f64, *mut gsl::spline::gsl_interp_accel) -> f64`
[INFO] [stdout]                found `unsafe extern "C" fn(*const spline2d::gsl_interp, *const f64, *const f64, f64, *mut spline2d::gsl_interp_accel) -> f64`
[INFO] [stdout] 
[INFO] [stdout] 
[INFO] [stdout] warning: `gsl_interp_eval_deriv2_e` redeclared with a different signature
[INFO] [stdout]    --> src/gsl/spline2d.rs:166:5
[INFO] [stdout]     |
[INFO] [stdout] 166 | /     pub fn gsl_interp_eval_deriv2_e(
[INFO] [stdout] 167 | |         obj: *const gsl_interp,
[INFO] [stdout] 168 | |         xa: *const f64,
[INFO] [stdout] 169 | |         ya: *const f64,
[INFO] [stdout] ...   |
[INFO] [stdout] 172 | |         d2: *mut f64,
[INFO] [stdout] 173 | |     ) -> ::std::os::raw::c_int;
[INFO] [stdout]     | |_______________________________^ this signature doesn't match the previous declaration
[INFO] [stdout]     |
[INFO] [stdout]    ::: src/gsl/spline.rs:173:31
[INFO] [stdout]     |
[INFO] [stdout] 173 |       ) -> ::std::os::raw::c_int;
[INFO] [stdout]     |                                 - `gsl_interp_eval_deriv2_e` previously declared here
[INFO] [stdout]     |
[INFO] [stdout]     = note: expected `unsafe extern "C" fn(*const gsl::spline::gsl_interp, *const f64, *const f64, f64, *mut gsl::spline::gsl_interp_accel, *mut f64) -> i32`
[INFO] [stdout]                found `unsafe extern "C" fn(*const spline2d::gsl_interp, *const f64, *const f64, f64, *mut spline2d::gsl_interp_accel, *mut f64) -> i32`
[INFO] [stdout] 
[INFO] [stdout] 
[INFO] [stdout] warning: `gsl_interp_eval_deriv2` redeclared with a different signature
[INFO] [stdout]    --> src/gsl/spline2d.rs:176:5
[INFO] [stdout]     |
[INFO] [stdout] 176 | /     pub fn gsl_interp_eval_deriv2(
[INFO] [stdout] 177 | |         obj: *const gsl_interp,
[INFO] [stdout] 178 | |         xa: *const f64,
[INFO] [stdout] 179 | |         ya: *const f64,
[INFO] [stdout] 180 | |         x: f64,
[INFO] [stdout] 181 | |         a: *mut gsl_interp_accel,
[INFO] [stdout] 182 | |     ) -> f64;
[INFO] [stdout]     | |_____________^ this signature doesn't match the previous declaration
[INFO] [stdout]     |
[INFO] [stdout]    ::: src/gsl/spline.rs:182:13
[INFO] [stdout]     |
[INFO] [stdout] 182 |       ) -> f64;
[INFO] [stdout]     |               - `gsl_interp_eval_deriv2` previously declared here
[INFO] [stdout]     |
[INFO] [stdout]     = note: expected `unsafe extern "C" fn(*const gsl::spline::gsl_interp, *const f64, *const f64, f64, *mut gsl::spline::gsl_interp_accel) -> f64`
[INFO] [stdout]                found `unsafe extern "C" fn(*const spline2d::gsl_interp, *const f64, *const f64, f64, *mut spline2d::gsl_interp_accel) -> f64`
[INFO] [stdout] 
[INFO] [stdout] 
[INFO] [stdout] warning: `gsl_interp_eval_integ_e` redeclared with a different signature
[INFO] [stdout]    --> src/gsl/spline2d.rs:185:5
[INFO] [stdout]     |
[INFO] [stdout] 185 | /     pub fn gsl_interp_eval_integ_e(
[INFO] [stdout] 186 | |         obj: *const gsl_interp,
[INFO] [stdout] 187 | |         xa: *const f64,
[INFO] [stdout] 188 | |         ya: *const f64,
[INFO] [stdout] ...   |
[INFO] [stdout] 192 | |         result: *mut f64,
[INFO] [stdout] 193 | |     ) -> ::std::os::raw::c_int;
[INFO] [stdout]     | |_______________________________^ this signature doesn't match the previous declaration
[INFO] [stdout]     |
[INFO] [stdout]    ::: src/gsl/spline.rs:193:31
[INFO] [stdout]     |
[INFO] [stdout] 193 |       ) -> ::std::os::raw::c_int;
[INFO] [stdout]     |                                 - `gsl_interp_eval_integ_e` previously declared here
[INFO] [stdout]     |
[INFO] [stdout]     = note: expected `unsafe extern "C" fn(*const gsl::spline::gsl_interp, *const f64, *const f64, f64, f64, *mut gsl::spline::gsl_interp_accel, *mut f64) -> i32`
[INFO] [stdout]                found `unsafe extern "C" fn(*const spline2d::gsl_interp, *const f64, *const f64, f64, f64, *mut spline2d::gsl_interp_accel, *mut f64) -> i32`
[INFO] [stdout] 
[INFO] [stdout] 
[INFO] [stdout] warning: `gsl_interp_eval_integ` redeclared with a different signature
[INFO] [stdout]    --> src/gsl/spline2d.rs:196:5
[INFO] [stdout]     |
[INFO] [stdout] 196 | /     pub fn gsl_interp_eval_integ(
[INFO] [stdout] 197 | |         obj: *const gsl_interp,
[INFO] [stdout] 198 | |         xa: *const f64,
[INFO] [stdout] 199 | |         ya: *const f64,
[INFO] [stdout] ...   |
[INFO] [stdout] 202 | |         acc: *mut gsl_interp_accel,
[INFO] [stdout] 203 | |     ) -> f64;
[INFO] [stdout]     | |_____________^ this signature doesn't match the previous declaration
[INFO] [stdout]     |
[INFO] [stdout]    ::: src/gsl/spline.rs:203:13
[INFO] [stdout]     |
[INFO] [stdout] 203 |       ) -> f64;
[INFO] [stdout]     |               - `gsl_interp_eval_integ` previously declared here
[INFO] [stdout]     |
[INFO] [stdout]     = note: expected `unsafe extern "C" fn(*const gsl::spline::gsl_interp, *const f64, *const f64, f64, f64, *mut gsl::spline::gsl_interp_accel) -> f64`
[INFO] [stdout]                found `unsafe extern "C" fn(*const spline2d::gsl_interp, *const f64, *const f64, f64, f64, *mut spline2d::gsl_interp_accel) -> f64`
[INFO] [stdout] 
[INFO] [stdout] 
[INFO] [stdout] warning: `gsl_interp_free` redeclared with a different signature
[INFO] [stdout]    --> src/gsl/spline2d.rs:206:5
[INFO] [stdout]     |
[INFO] [stdout] 206 |     pub fn gsl_interp_free(interp: *mut gsl_interp);
[INFO] [stdout]     |     ^^^^^^^^^^^^^^^^^^^^^^^^^^^^^^^^^^^^^^^^^^^^^^^^ this signature doesn't match the previous declaration
[INFO] [stdout]     |
[INFO] [stdout]    ::: src/gsl/spline.rs:206:5
[INFO] [stdout]     |
[INFO] [stdout] 206 |     pub fn gsl_interp_free(interp: *mut gsl_interp);
[INFO] [stdout]     |     ------------------------------------------------ `gsl_interp_free` previously declared here
[INFO] [stdout]     |
[INFO] [stdout]     = note: expected `unsafe extern "C" fn(*mut gsl::spline::gsl_interp)`
[INFO] [stdout]                found `unsafe extern "C" fn(*mut spline2d::gsl_interp)`
[INFO] [stdout] 
[INFO] [stdout] 
[INFO] [stderr]     Finished `dev` profile [unoptimized + debuginfo] target(s) in 15.80s
[INFO] running `Command { std: "docker" "inspect" "98c35f79750e9c1f9daf84d0ed9df1672353e4081389f38f782bc90098ee0bba", kill_on_drop: false }`
[INFO] running `Command { std: "docker" "rm" "-f" "98c35f79750e9c1f9daf84d0ed9df1672353e4081389f38f782bc90098ee0bba", kill_on_drop: false }`
[INFO] [stdout] 98c35f79750e9c1f9daf84d0ed9df1672353e4081389f38f782bc90098ee0bba
[INFO] running `Command { std: "docker" "create" "-v" "/var/lib/crater-agent-workspace/builds/worker-6-tc2/target:/opt/rustwide/target:rw,Z" "-v" "/var/lib/crater-agent-workspace/builds/worker-6-tc2/source:/opt/rustwide/workdir:ro,Z" "-v" "/var/lib/crater-agent-workspace/cargo-home:/opt/rustwide/cargo-home:ro,Z" "-v" "/var/lib/crater-agent-workspace/rustup-home:/opt/rustwide/rustup-home:ro,Z" "-e" "SOURCE_DIR=/opt/rustwide/workdir" "-e" "CARGO_TARGET_DIR=/opt/rustwide/target" "-e" "CARGO_INCREMENTAL=0" "-e" "RUST_BACKTRACE=full" "-e" "RUSTFLAGS=--cap-lints=forbid -Zrandomize-layout" "-e" "RUSTDOCFLAGS=--cap-lints=forbid" "-e" "CARGO_HOME=/opt/rustwide/cargo-home" "-e" "RUSTUP_HOME=/opt/rustwide/rustup-home" "-w" "/opt/rustwide/workdir" "-m" "1610612736" "--user" "0:0" "--network" "none" "ghcr.io/rust-lang/crates-build-env/linux@sha256:4a844ea9eb2546a2d2c7022eacef16ef2e8229c7fbb2c7d4d55a9ceca922f72d" "/opt/rustwide/cargo-home/bin/cargo" "+nightly-2024-10-28" "test" "--frozen" "--no-run" "--message-format=json", kill_on_drop: false }`
[INFO] [stdout] 3ac3faa32eab3ce54a81099c1bac0056ee1b848137a074304c671a517bbd9516
[INFO] running `Command { std: "docker" "start" "-a" "3ac3faa32eab3ce54a81099c1bac0056ee1b848137a074304c671a517bbd9516", kill_on_drop: false }`
[INFO] [stdout] warning: trait `ApproximateDistribution` is never used
[INFO] [stdout]   --> src/optim/mod.rs:12:7
[INFO] [stdout]    |
[INFO] [stdout] 12 | trait ApproximateDistribution<D, C>
[INFO] [stdout]    |       ^^^^^^^^^^^^^^^^^^^^^^^
[INFO] [stdout]    |
[INFO] [stdout]    = note: `#[warn(dead_code)]` on by default
[INFO] [stdout] 
[INFO] [stdout] 
[INFO] [stdout] warning: fields `obj`, `jac_norm`, and `param_norm` are never read
[INFO] [stdout]   --> src/optim/gsl/mod.rs:17:5
[INFO] [stdout]    |
[INFO] [stdout] 16 | struct OptimizationStep {
[INFO] [stdout]    |        ---------------- fields in this struct
[INFO] [stdout] 17 |     obj : f64,
[INFO] [stdout]    |     ^^^
[INFO] [stdout] 18 |     jac_norm : f64,
[INFO] [stdout]    |     ^^^^^^^^
[INFO] [stdout] 19 |     param_norm : f64
[INFO] [stdout]    |     ^^^^^^^^^^
[INFO] [stdout]    |
[INFO] [stdout]    = note: `OptimizationStep` has a derived impl for the trait `Debug`, but this is intentionally ignored during dead code analysis
[INFO] [stdout] 
[INFO] [stdout] 
[INFO] [stdout] warning: field `basis` is never read
[INFO] [stdout]   --> src/basis/frequency/dwt/gsl.rs:31:5
[INFO] [stdout]    |
[INFO] [stdout] 21 | pub struct DWTPlan<C>
[INFO] [stdout]    |            ------- field in this struct
[INFO] [stdout] ...
[INFO] [stdout] 31 |     basis : Basis
[INFO] [stdout]    |     ^^^^^
[INFO] [stdout]    |
[INFO] [stdout]    = note: `DWTPlan` has a derived impl for the trait `Clone`, but this is intentionally ignored during dead code analysis
[INFO] [stdout] 
[INFO] [stdout] 
[INFO] [stdout] warning: `gsl_interp_alloc` redeclared with a different signature
[INFO] [stdout]    --> src/gsl/spline2d.rs:108:5
[INFO] [stdout]     |
[INFO] [stdout] 108 |     pub fn gsl_interp_alloc(T: *const gsl_interp_type, n: usize) -> *mut gsl_interp;
[INFO] [stdout]     |     ^^^^^^^^^^^^^^^^^^^^^^^^^^^^^^^^^^^^^^^^^^^^^^^^^^^^^^^^^^^^^^^^^^^^^^^^^^^^^^^^ this signature doesn't match the previous declaration
[INFO] [stdout]     |
[INFO] [stdout]    ::: src/gsl/spline.rs:108:5
[INFO] [stdout]     |
[INFO] [stdout] 108 |     pub fn gsl_interp_alloc(T: *const gsl_interp_type, n: usize) -> *mut gsl_interp;
[INFO] [stdout]     |     -------------------------------------------------------------------------------- `gsl_interp_alloc` previously declared here
[INFO] [stdout]     |
[INFO] [stdout]     = note: expected `unsafe extern "C" fn(*const gsl::spline::gsl_interp_type, usize) -> *mut gsl::spline::gsl_interp`
[INFO] [stdout]                found `unsafe extern "C" fn(*const spline2d::gsl_interp_type, usize) -> *mut spline2d::gsl_interp`
[INFO] [stdout]     = note: `#[warn(clashing_extern_declarations)]` on by default
[INFO] [stdout] 
[INFO] [stdout] 
[INFO] [stdout] warning: `gsl_interp_init` redeclared with a different signature
[INFO] [stdout]    --> src/gsl/spline2d.rs:111:5
[INFO] [stdout]     |
[INFO] [stdout] 111 | /     pub fn gsl_interp_init(
[INFO] [stdout] 112 | |         obj: *mut gsl_interp,
[INFO] [stdout] 113 | |         xa: *const f64,
[INFO] [stdout] 114 | |         ya: *const f64,
[INFO] [stdout] 115 | |         size: usize,
[INFO] [stdout] 116 | |     ) -> ::std::os::raw::c_int;
[INFO] [stdout]     | |_______________________________^ this signature doesn't match the previous declaration
[INFO] [stdout]     |
[INFO] [stdout]    ::: src/gsl/spline.rs:116:31
[INFO] [stdout]     |
[INFO] [stdout] 116 |       ) -> ::std::os::raw::c_int;
[INFO] [stdout]     |                                 - `gsl_interp_init` previously declared here
[INFO] [stdout]     |
[INFO] [stdout]     = note: expected `unsafe extern "C" fn(*mut gsl::spline::gsl_interp, *const f64, *const f64, usize) -> i32`
[INFO] [stdout]                found `unsafe extern "C" fn(*mut spline2d::gsl_interp, *const f64, *const f64, usize) -> i32`
[INFO] [stdout] 
[INFO] [stdout] 
[INFO] [stderr]    Compiling bayes v0.0.1 (/opt/rustwide/workdir)
[INFO] [stdout] warning: `gsl_interp_name` redeclared with a different signature
[INFO] [stdout]    --> src/gsl/spline2d.rs:119:5
[INFO] [stdout]     |
[INFO] [stdout] 119 |     pub fn gsl_interp_name(interp: *const gsl_interp) -> *const ::std::os::raw::c_char;
[INFO] [stdout]     |     ^^^^^^^^^^^^^^^^^^^^^^^^^^^^^^^^^^^^^^^^^^^^^^^^^^^^^^^^^^^^^^^^^^^^^^^^^^^^^^^^^^^ this signature doesn't match the previous declaration
[INFO] [stdout]     |
[INFO] [stdout]    ::: src/gsl/spline.rs:119:5
[INFO] [stdout]     |
[INFO] [stdout] 119 |     pub fn gsl_interp_name(interp: *const gsl_interp) -> *const ::std::os::raw::c_char;
[INFO] [stdout]     |     ----------------------------------------------------------------------------------- `gsl_interp_name` previously declared here
[INFO] [stdout]     |
[INFO] [stdout]     = note: expected `unsafe extern "C" fn(*const gsl::spline::gsl_interp) -> *const i8`
[INFO] [stdout]                found `unsafe extern "C" fn(*const spline2d::gsl_interp) -> *const i8`
[INFO] [stdout] 
[INFO] [stdout] 
[INFO] [stdout] warning: `gsl_interp_min_size` redeclared with a different signature
[INFO] [stdout]    --> src/gsl/spline2d.rs:122:5
[INFO] [stdout]     |
[INFO] [stdout] 122 |     pub fn gsl_interp_min_size(interp: *const gsl_interp) -> ::std::os::raw::c_uint;
[INFO] [stdout]     |     ^^^^^^^^^^^^^^^^^^^^^^^^^^^^^^^^^^^^^^^^^^^^^^^^^^^^^^^^^^^^^^^^^^^^^^^^^^^^^^^^ this signature doesn't match the previous declaration
[INFO] [stdout]     |
[INFO] [stdout]    ::: src/gsl/spline.rs:122:5
[INFO] [stdout]     |
[INFO] [stdout] 122 |     pub fn gsl_interp_min_size(interp: *const gsl_interp) -> ::std::os::raw::c_uint;
[INFO] [stdout]     |     -------------------------------------------------------------------------------- `gsl_interp_min_size` previously declared here
[INFO] [stdout]     |
[INFO] [stdout]     = note: expected `unsafe extern "C" fn(*const gsl::spline::gsl_interp) -> u32`
[INFO] [stdout]                found `unsafe extern "C" fn(*const spline2d::gsl_interp) -> u32`
[INFO] [stdout] 
[INFO] [stdout] 
[INFO] [stdout] warning: `gsl_interp_type_min_size` redeclared with a different signature
[INFO] [stdout]    --> src/gsl/spline2d.rs:125:5
[INFO] [stdout]     |
[INFO] [stdout] 125 |     pub fn gsl_interp_type_min_size(T: *const gsl_interp_type) -> ::std::os::raw::c_uint;
[INFO] [stdout]     |     ^^^^^^^^^^^^^^^^^^^^^^^^^^^^^^^^^^^^^^^^^^^^^^^^^^^^^^^^^^^^^^^^^^^^^^^^^^^^^^^^^^^^^ this signature doesn't match the previous declaration
[INFO] [stdout]     |
[INFO] [stdout]    ::: src/gsl/spline.rs:125:5
[INFO] [stdout]     |
[INFO] [stdout] 125 |     pub fn gsl_interp_type_min_size(T: *const gsl_interp_type) -> ::std::os::raw::c_uint;
[INFO] [stdout]     |     ------------------------------------------------------------------------------------- `gsl_interp_type_min_size` previously declared here
[INFO] [stdout]     |
[INFO] [stdout]     = note: expected `unsafe extern "C" fn(*const gsl::spline::gsl_interp_type) -> u32`
[INFO] [stdout]                found `unsafe extern "C" fn(*const spline2d::gsl_interp_type) -> u32`
[INFO] [stdout] 
[INFO] [stdout] 
[INFO] [stdout] warning: `gsl_interp_eval_e` redeclared with a different signature
[INFO] [stdout]    --> src/gsl/spline2d.rs:128:5
[INFO] [stdout]     |
[INFO] [stdout] 128 | /     pub fn gsl_interp_eval_e(
[INFO] [stdout] 129 | |         obj: *const gsl_interp,
[INFO] [stdout] 130 | |         xa: *const f64,
[INFO] [stdout] 131 | |         ya: *const f64,
[INFO] [stdout] ...   |
[INFO] [stdout] 134 | |         y: *mut f64,
[INFO] [stdout] 135 | |     ) -> ::std::os::raw::c_int;
[INFO] [stdout]     | |_______________________________^ this signature doesn't match the previous declaration
[INFO] [stdout]     |
[INFO] [stdout]    ::: src/gsl/spline.rs:135:31
[INFO] [stdout]     |
[INFO] [stdout] 135 |       ) -> ::std::os::raw::c_int;
[INFO] [stdout]     |                                 - `gsl_interp_eval_e` previously declared here
[INFO] [stdout]     |
[INFO] [stdout]     = note: expected `unsafe extern "C" fn(*const gsl::spline::gsl_interp, *const f64, *const f64, f64, *mut gsl::spline::gsl_interp_accel, *mut f64) -> i32`
[INFO] [stdout]                found `unsafe extern "C" fn(*const spline2d::gsl_interp, *const f64, *const f64, f64, *mut spline2d::gsl_interp_accel, *mut f64) -> i32`
[INFO] [stdout] 
[INFO] [stdout] 
[INFO] [stdout] warning: `gsl_interp_eval` redeclared with a different signature
[INFO] [stdout]    --> src/gsl/spline2d.rs:138:5
[INFO] [stdout]     |
[INFO] [stdout] 138 | /     pub fn gsl_interp_eval(
[INFO] [stdout] 139 | |         obj: *const gsl_interp,
[INFO] [stdout] 140 | |         xa: *const f64,
[INFO] [stdout] 141 | |         ya: *const f64,
[INFO] [stdout] 142 | |         x: f64,
[INFO] [stdout] 143 | |         a: *mut gsl_interp_accel,
[INFO] [stdout] 144 | |     ) -> f64;
[INFO] [stdout]     | |_____________^ this signature doesn't match the previous declaration
[INFO] [stdout]     |
[INFO] [stdout]    ::: src/gsl/spline.rs:144:13
[INFO] [stdout]     |
[INFO] [stdout] 144 |       ) -> f64;
[INFO] [stdout]     |               - `gsl_interp_eval` previously declared here
[INFO] [stdout]     |
[INFO] [stdout]     = note: expected `unsafe extern "C" fn(*const gsl::spline::gsl_interp, *const f64, *const f64, f64, *mut gsl::spline::gsl_interp_accel) -> f64`
[INFO] [stdout]                found `unsafe extern "C" fn(*const spline2d::gsl_interp, *const f64, *const f64, f64, *mut spline2d::gsl_interp_accel) -> f64`
[INFO] [stdout] 
[INFO] [stdout] 
[INFO] [stdout] warning: `gsl_interp_eval_deriv_e` redeclared with a different signature
[INFO] [stdout]    --> src/gsl/spline2d.rs:147:5
[INFO] [stdout]     |
[INFO] [stdout] 147 | /     pub fn gsl_interp_eval_deriv_e(
[INFO] [stdout] 148 | |         obj: *const gsl_interp,
[INFO] [stdout] 149 | |         xa: *const f64,
[INFO] [stdout] 150 | |         ya: *const f64,
[INFO] [stdout] ...   |
[INFO] [stdout] 153 | |         d: *mut f64,
[INFO] [stdout] 154 | |     ) -> ::std::os::raw::c_int;
[INFO] [stdout]     | |_______________________________^ this signature doesn't match the previous declaration
[INFO] [stdout]     |
[INFO] [stdout]    ::: src/gsl/spline.rs:154:31
[INFO] [stdout]     |
[INFO] [stdout] 154 |       ) -> ::std::os::raw::c_int;
[INFO] [stdout]     |                                 - `gsl_interp_eval_deriv_e` previously declared here
[INFO] [stdout]     |
[INFO] [stdout]     = note: expected `unsafe extern "C" fn(*const gsl::spline::gsl_interp, *const f64, *const f64, f64, *mut gsl::spline::gsl_interp_accel, *mut f64) -> i32`
[INFO] [stdout]                found `unsafe extern "C" fn(*const spline2d::gsl_interp, *const f64, *const f64, f64, *mut spline2d::gsl_interp_accel, *mut f64) -> i32`
[INFO] [stdout] 
[INFO] [stdout] 
[INFO] [stdout] warning: `gsl_interp_eval_deriv` redeclared with a different signature
[INFO] [stdout]    --> src/gsl/spline2d.rs:157:5
[INFO] [stdout]     |
[INFO] [stdout] 157 | /     pub fn gsl_interp_eval_deriv(
[INFO] [stdout] 158 | |         obj: *const gsl_interp,
[INFO] [stdout] 159 | |         xa: *const f64,
[INFO] [stdout] 160 | |         ya: *const f64,
[INFO] [stdout] 161 | |         x: f64,
[INFO] [stdout] 162 | |         a: *mut gsl_interp_accel,
[INFO] [stdout] 163 | |     ) -> f64;
[INFO] [stdout]     | |_____________^ this signature doesn't match the previous declaration
[INFO] [stdout]     |
[INFO] [stdout]    ::: src/gsl/spline.rs:163:13
[INFO] [stdout]     |
[INFO] [stdout] 163 |       ) -> f64;
[INFO] [stdout]     |               - `gsl_interp_eval_deriv` previously declared here
[INFO] [stdout]     |
[INFO] [stdout]     = note: expected `unsafe extern "C" fn(*const gsl::spline::gsl_interp, *const f64, *const f64, f64, *mut gsl::spline::gsl_interp_accel) -> f64`
[INFO] [stdout]                found `unsafe extern "C" fn(*const spline2d::gsl_interp, *const f64, *const f64, f64, *mut spline2d::gsl_interp_accel) -> f64`
[INFO] [stdout] 
[INFO] [stdout] 
[INFO] [stdout] warning: `gsl_interp_eval_deriv2_e` redeclared with a different signature
[INFO] [stdout]    --> src/gsl/spline2d.rs:166:5
[INFO] [stdout]     |
[INFO] [stdout] 166 | /     pub fn gsl_interp_eval_deriv2_e(
[INFO] [stdout] 167 | |         obj: *const gsl_interp,
[INFO] [stdout] 168 | |         xa: *const f64,
[INFO] [stdout] 169 | |         ya: *const f64,
[INFO] [stdout] ...   |
[INFO] [stdout] 172 | |         d2: *mut f64,
[INFO] [stdout] 173 | |     ) -> ::std::os::raw::c_int;
[INFO] [stdout]     | |_______________________________^ this signature doesn't match the previous declaration
[INFO] [stdout]     |
[INFO] [stdout]    ::: src/gsl/spline.rs:173:31
[INFO] [stdout]     |
[INFO] [stdout] 173 |       ) -> ::std::os::raw::c_int;
[INFO] [stdout]     |                                 - `gsl_interp_eval_deriv2_e` previously declared here
[INFO] [stdout]     |
[INFO] [stdout]     = note: expected `unsafe extern "C" fn(*const gsl::spline::gsl_interp, *const f64, *const f64, f64, *mut gsl::spline::gsl_interp_accel, *mut f64) -> i32`
[INFO] [stdout]                found `unsafe extern "C" fn(*const spline2d::gsl_interp, *const f64, *const f64, f64, *mut spline2d::gsl_interp_accel, *mut f64) -> i32`
[INFO] [stdout] 
[INFO] [stdout] 
[INFO] [stdout] warning: `gsl_interp_eval_deriv2` redeclared with a different signature
[INFO] [stdout]    --> src/gsl/spline2d.rs:176:5
[INFO] [stdout]     |
[INFO] [stdout] 176 | /     pub fn gsl_interp_eval_deriv2(
[INFO] [stdout] 177 | |         obj: *const gsl_interp,
[INFO] [stdout] 178 | |         xa: *const f64,
[INFO] [stdout] 179 | |         ya: *const f64,
[INFO] [stdout] 180 | |         x: f64,
[INFO] [stdout] 181 | |         a: *mut gsl_interp_accel,
[INFO] [stdout] 182 | |     ) -> f64;
[INFO] [stdout]     | |_____________^ this signature doesn't match the previous declaration
[INFO] [stdout]     |
[INFO] [stdout]    ::: src/gsl/spline.rs:182:13
[INFO] [stdout]     |
[INFO] [stdout] 182 |       ) -> f64;
[INFO] [stdout]     |               - `gsl_interp_eval_deriv2` previously declared here
[INFO] [stdout]     |
[INFO] [stdout]     = note: expected `unsafe extern "C" fn(*const gsl::spline::gsl_interp, *const f64, *const f64, f64, *mut gsl::spline::gsl_interp_accel) -> f64`
[INFO] [stdout]                found `unsafe extern "C" fn(*const spline2d::gsl_interp, *const f64, *const f64, f64, *mut spline2d::gsl_interp_accel) -> f64`
[INFO] [stdout] 
[INFO] [stdout] 
[INFO] [stdout] warning: `gsl_interp_eval_integ_e` redeclared with a different signature
[INFO] [stdout]    --> src/gsl/spline2d.rs:185:5
[INFO] [stdout]     |
[INFO] [stdout] 185 | /     pub fn gsl_interp_eval_integ_e(
[INFO] [stdout] 186 | |         obj: *const gsl_interp,
[INFO] [stdout] 187 | |         xa: *const f64,
[INFO] [stdout] 188 | |         ya: *const f64,
[INFO] [stdout] ...   |
[INFO] [stdout] 192 | |         result: *mut f64,
[INFO] [stdout] 193 | |     ) -> ::std::os::raw::c_int;
[INFO] [stdout]     | |_______________________________^ this signature doesn't match the previous declaration
[INFO] [stdout]     |
[INFO] [stdout]    ::: src/gsl/spline.rs:193:31
[INFO] [stdout]     |
[INFO] [stdout] 193 |       ) -> ::std::os::raw::c_int;
[INFO] [stdout]     |                                 - `gsl_interp_eval_integ_e` previously declared here
[INFO] [stdout]     |
[INFO] [stdout]     = note: expected `unsafe extern "C" fn(*const gsl::spline::gsl_interp, *const f64, *const f64, f64, f64, *mut gsl::spline::gsl_interp_accel, *mut f64) -> i32`
[INFO] [stdout]                found `unsafe extern "C" fn(*const spline2d::gsl_interp, *const f64, *const f64, f64, f64, *mut spline2d::gsl_interp_accel, *mut f64) -> i32`
[INFO] [stdout] 
[INFO] [stdout] 
[INFO] [stdout] warning: `gsl_interp_eval_integ` redeclared with a different signature
[INFO] [stdout]    --> src/gsl/spline2d.rs:196:5
[INFO] [stdout]     |
[INFO] [stdout] 196 | /     pub fn gsl_interp_eval_integ(
[INFO] [stdout] 197 | |         obj: *const gsl_interp,
[INFO] [stdout] 198 | |         xa: *const f64,
[INFO] [stdout] 199 | |         ya: *const f64,
[INFO] [stdout] ...   |
[INFO] [stdout] 202 | |         acc: *mut gsl_interp_accel,
[INFO] [stdout] 203 | |     ) -> f64;
[INFO] [stdout]     | |_____________^ this signature doesn't match the previous declaration
[INFO] [stdout]     |
[INFO] [stdout]    ::: src/gsl/spline.rs:203:13
[INFO] [stdout]     |
[INFO] [stdout] 203 |       ) -> f64;
[INFO] [stdout]     |               - `gsl_interp_eval_integ` previously declared here
[INFO] [stdout]     |
[INFO] [stdout]     = note: expected `unsafe extern "C" fn(*const gsl::spline::gsl_interp, *const f64, *const f64, f64, f64, *mut gsl::spline::gsl_interp_accel) -> f64`
[INFO] [stdout]                found `unsafe extern "C" fn(*const spline2d::gsl_interp, *const f64, *const f64, f64, f64, *mut spline2d::gsl_interp_accel) -> f64`
[INFO] [stdout] 
[INFO] [stdout] 
[INFO] [stdout] warning: `gsl_interp_free` redeclared with a different signature
[INFO] [stdout]    --> src/gsl/spline2d.rs:206:5
[INFO] [stdout]     |
[INFO] [stdout] 206 |     pub fn gsl_interp_free(interp: *mut gsl_interp);
[INFO] [stdout]     |     ^^^^^^^^^^^^^^^^^^^^^^^^^^^^^^^^^^^^^^^^^^^^^^^^ this signature doesn't match the previous declaration
[INFO] [stdout]     |
[INFO] [stdout]    ::: src/gsl/spline.rs:206:5
[INFO] [stdout]     |
[INFO] [stdout] 206 |     pub fn gsl_interp_free(interp: *mut gsl_interp);
[INFO] [stdout]     |     ------------------------------------------------ `gsl_interp_free` previously declared here
[INFO] [stdout]     |
[INFO] [stdout]     = note: expected `unsafe extern "C" fn(*mut gsl::spline::gsl_interp)`
[INFO] [stdout]                found `unsafe extern "C" fn(*mut spline2d::gsl_interp)`
[INFO] [stdout] 
[INFO] [stdout] 
[INFO] [stdout] warning: unused import: `bayes::gsl::utils::*`
[INFO] [stdout]  --> tests/mod.rs:5:5
[INFO] [stdout]   |
[INFO] [stdout] 5 | use bayes::gsl::utils::*;
[INFO] [stdout]   |     ^^^^^^^^^^^^^^^^^^^^
[INFO] [stdout]   |
[INFO] [stdout]   = note: `#[warn(unused_imports)]` on by default
[INFO] [stdout] 
[INFO] [stdout] 
[INFO] [stdout] warning: unused variable: `j`
[INFO] [stdout]   --> tests/mod.rs:11:31
[INFO] [stdout]    |
[INFO] [stdout] 11 |     DMatrix::from_fn(n, 1, |i,j| (i+1) as f64 * (1. / n as f64) )
[INFO] [stdout]    |                               ^ help: if this is intentional, prefix it with an underscore: `_j`
[INFO] [stdout]    |
[INFO] [stdout]    = note: `#[warn(unused_variables)]` on by default
[INFO] [stdout] 
[INFO] [stdout] 
[INFO] [stdout] warning: unused variable: `j`
[INFO] [stdout]   --> tests/mod.rs:15:31
[INFO] [stdout]    |
[INFO] [stdout] 15 |     DMatrix::from_fn(n, 1, |i,j| (i+1) as f64)
[INFO] [stdout]    |                               ^ help: if this is intentional, prefix it with an underscore: `_j`
[INFO] [stdout] 
[INFO] [stdout] 
[INFO] [stdout] error: linking with `cc` failed: exit status: 1
[INFO] [stdout]   |
[INFO] [stdout]   = note: LC_ALL="C" PATH="/opt/rustwide/rustup-home/toolchains/nightly-2024-10-28-x86_64-unknown-linux-gnu/lib/rustlib/x86_64-unknown-linux-gnu/bin:/opt/rustwide/rustup-home/toolchains/nightly-2024-10-28-x86_64-unknown-linux-gnu/lib/rustlib/x86_64-unknown-linux-gnu/bin/self-contained:/opt/rustwide/cargo-home/bin:/usr/local/sbin:/usr/local/bin:/usr/sbin:/usr/bin:/sbin:/bin" VSLANG="1033" "cc" "-m64" "/tmp/rustcqAsTs9/symbols.o" "/opt/rustwide/target/debug/deps/mod-9f0f15cf34647cd7.mod.2e5984296e950146-cgu.0.rcgu.o" "/opt/rustwide/target/debug/deps/mod-9f0f15cf34647cd7.bz8wxegzvavvmes82tcwdasjt.rcgu.o" "-Wl,--as-needed" "-Wl,-Bstatic" "/opt/rustwide/rustup-home/toolchains/nightly-2024-10-28-x86_64-unknown-linux-gnu/lib/rustlib/x86_64-unknown-linux-gnu/lib/libtest-a09fad3b5321e7d6.rlib" "/opt/rustwide/rustup-home/toolchains/nightly-2024-10-28-x86_64-unknown-linux-gnu/lib/rustlib/x86_64-unknown-linux-gnu/lib/libgetopts-f9c3dff41ad42661.rlib" "/opt/rustwide/rustup-home/toolchains/nightly-2024-10-28-x86_64-unknown-linux-gnu/lib/rustlib/x86_64-unknown-linux-gnu/lib/libunicode_width-ad2aef31af6addd3.rlib" "/opt/rustwide/rustup-home/toolchains/nightly-2024-10-28-x86_64-unknown-linux-gnu/lib/rustlib/x86_64-unknown-linux-gnu/lib/librustc_std_workspace_std-e3f907dc03deb913.rlib" "/opt/rustwide/target/debug/deps/libbayes-3daf11a3febdbaf6.rlib" "/opt/rustwide/target/debug/deps/libnalgebra-b6e09eb337ac8c4e.rlib" "/opt/rustwide/target/debug/deps/libnum_rational-2ecd42e08d21344e.rlib" "/opt/rustwide/target/debug/deps/libnum_integer-6edbdd45c4597574.rlib" "/opt/rustwide/target/debug/deps/libgeneric_array-860d8ee85a01fc9a.rlib" "/opt/rustwide/target/debug/deps/libtypenum-5326f72807cfe834.rlib" "/opt/rustwide/target/debug/deps/libsimba-f37401212513dcff.rlib" "/opt/rustwide/target/debug/deps/libpaste-4723de8a0398679a.rlib" "/opt/rustwide/target/debug/deps/libnum_complex-c7481c391d54afee.rlib" "/opt/rustwide/target/debug/deps/librand_distr-6b1084bb1fb9330d.rlib" "/opt/rustwide/target/debug/deps/librand-c92527b8c0d1e46f.rlib" "/opt/rustwide/target/debug/deps/librand_chacha-c8854df28adefe0a.rlib" "/opt/rustwide/target/debug/deps/libppv_lite86-9227cdc9e09ec6a2.rlib" "/opt/rustwide/target/debug/deps/libzerocopy-eeaf851a59e44100.rlib" "/opt/rustwide/target/debug/deps/libbyteorder-7817d47eb31dfb0c.rlib" "/opt/rustwide/target/debug/deps/librand_core-0e76c69952e207d1.rlib" "/opt/rustwide/target/debug/deps/libgetrandom-ce1964d6213ce84f.rlib" "/opt/rustwide/target/debug/deps/liblibc-82c3141bbb8afa5e.rlib" "/opt/rustwide/target/debug/deps/libcfg_if-57bf25c23e31efdb.rlib" "/opt/rustwide/target/debug/deps/libmatrixmultiply-0c31bc10e73356ba.rlib" "/opt/rustwide/target/debug/deps/librawpointer-9a82b3d0237eca24.rlib" "/opt/rustwide/target/debug/deps/libapprox-ae0d335dae0276e7.rlib" "/opt/rustwide/target/debug/deps/libnum_traits-8a65bb8935de9113.rlib" "/opt/rustwide/target/debug/deps/liblibm-9122e3cb1887cfdf.rlib" "/opt/rustwide/target/debug/deps/libserde-9bb3b3c4e7c82b78.rlib" "/opt/rustwide/rustup-home/toolchains/nightly-2024-10-28-x86_64-unknown-linux-gnu/lib/rustlib/x86_64-unknown-linux-gnu/lib/libstd-fb8c387236db3c10.rlib" "/opt/rustwide/rustup-home/toolchains/nightly-2024-10-28-x86_64-unknown-linux-gnu/lib/rustlib/x86_64-unknown-linux-gnu/lib/libpanic_unwind-b251837809b2f64b.rlib" "/opt/rustwide/rustup-home/toolchains/nightly-2024-10-28-x86_64-unknown-linux-gnu/lib/rustlib/x86_64-unknown-linux-gnu/lib/libobject-cbef83eaa4e01f04.rlib" "/opt/rustwide/rustup-home/toolchains/nightly-2024-10-28-x86_64-unknown-linux-gnu/lib/rustlib/x86_64-unknown-linux-gnu/lib/libmemchr-12a772286de2fca7.rlib" "/opt/rustwide/rustup-home/toolchains/nightly-2024-10-28-x86_64-unknown-linux-gnu/lib/rustlib/x86_64-unknown-linux-gnu/lib/libaddr2line-023bbe5ada7abfc3.rlib" "/opt/rustwide/rustup-home/toolchains/nightly-2024-10-28-x86_64-unknown-linux-gnu/lib/rustlib/x86_64-unknown-linux-gnu/lib/libgimli-de2bcdf10ec69c2b.rlib" "/opt/rustwide/rustup-home/toolchains/nightly-2024-10-28-x86_64-unknown-linux-gnu/lib/rustlib/x86_64-unknown-linux-gnu/lib/librustc_demangle-8e1754df350800fd.rlib" "/opt/rustwide/rustup-home/toolchains/nightly-2024-10-28-x86_64-unknown-linux-gnu/lib/rustlib/x86_64-unknown-linux-gnu/lib/libstd_detect-06c2ab7b9c32e037.rlib" "/opt/rustwide/rustup-home/toolchains/nightly-2024-10-28-x86_64-unknown-linux-gnu/lib/rustlib/x86_64-unknown-linux-gnu/lib/libhashbrown-51d2621fc57a281b.rlib" "/opt/rustwide/rustup-home/toolchains/nightly-2024-10-28-x86_64-unknown-linux-gnu/lib/rustlib/x86_64-unknown-linux-gnu/lib/librustc_std_workspace_alloc-54a930408793772f.rlib" "/opt/rustwide/rustup-home/toolchains/nightly-2024-10-28-x86_64-unknown-linux-gnu/lib/rustlib/x86_64-unknown-linux-gnu/lib/libminiz_oxide-0c7d01cba400dcb2.rlib" "/opt/rustwide/rustup-home/toolchains/nightly-2024-10-28-x86_64-unknown-linux-gnu/lib/rustlib/x86_64-unknown-linux-gnu/lib/libadler-b9f84d69e331b75b.rlib" "/opt/rustwide/rustup-home/toolchains/nightly-2024-10-28-x86_64-unknown-linux-gnu/lib/rustlib/x86_64-unknown-linux-gnu/lib/libunwind-eec95493246aae39.rlib" "/opt/rustwide/rustup-home/toolchains/nightly-2024-10-28-x86_64-unknown-linux-gnu/lib/rustlib/x86_64-unknown-linux-gnu/lib/libcfg_if-6f6676c475e08ab0.rlib" "/opt/rustwide/rustup-home/toolchains/nightly-2024-10-28-x86_64-unknown-linux-gnu/lib/rustlib/x86_64-unknown-linux-gnu/lib/liblibc-799d520624f8b2e0.rlib" "/opt/rustwide/rustup-home/toolchains/nightly-2024-10-28-x86_64-unknown-linux-gnu/lib/rustlib/x86_64-unknown-linux-gnu/lib/liballoc-fcf93d4842acd9a9.rlib" "/opt/rustwide/rustup-home/toolchains/nightly-2024-10-28-x86_64-unknown-linux-gnu/lib/rustlib/x86_64-unknown-linux-gnu/lib/librustc_std_workspace_core-395a38b8e0851c9b.rlib" "/opt/rustwide/rustup-home/toolchains/nightly-2024-10-28-x86_64-unknown-linux-gnu/lib/rustlib/x86_64-unknown-linux-gnu/lib/libcore-d453bab70303062c.rlib" "/opt/rustwide/rustup-home/toolchains/nightly-2024-10-28-x86_64-unknown-linux-gnu/lib/rustlib/x86_64-unknown-linux-gnu/lib/libcompiler_builtins-0e6386368b0a24e8.rlib" "-Wl,-Bdynamic" "-lgsl" "-lgslcblas" "-lm" "-lc" "-lm" "-lrt" "-lpthread" "-lgcc_s" "-lutil" "-lrt" "-lpthread" "-lm" "-ldl" "-lc" "-B/opt/rustwide/rustup-home/toolchains/nightly-2024-10-28-x86_64-unknown-linux-gnu/lib/rustlib/x86_64-unknown-linux-gnu/bin/gcc-ld" "-fuse-ld=lld" "-Wl,--eh-frame-hdr" "-Wl,-z,noexecstack" "-L" "/opt/rustwide/rustup-home/toolchains/nightly-2024-10-28-x86_64-unknown-linux-gnu/lib/rustlib/x86_64-unknown-linux-gnu/lib" "-o" "/opt/rustwide/target/debug/deps/mod-9f0f15cf34647cd7" "-Wl,--gc-sections" "-pie" "-Wl,-z,relro,-z,now" "-nodefaultlibs"
[INFO] [stdout]   = note: rust-lld: error: unable to find library -lgsl
[INFO] [stdout]           rust-lld: error: unable to find library -lgslcblas
[INFO] [stdout]           collect2: error: ld returned 1 exit status
[INFO] [stdout]           
[INFO] [stdout] 
[INFO] [stdout] 
[INFO] [stderr] error: could not compile `bayes` (test "mod") due to 1 previous error; 3 warnings emitted
[INFO] [stderr] warning: build failed, waiting for other jobs to finish...
[INFO] [stdout] warning: trait `ApproximateDistribution` is never used
[INFO] [stdout]   --> src/optim/mod.rs:12:7
[INFO] [stdout]    |
[INFO] [stdout] 12 | trait ApproximateDistribution<D, C>
[INFO] [stdout]    |       ^^^^^^^^^^^^^^^^^^^^^^^
[INFO] [stdout]    |
[INFO] [stdout]    = note: `#[warn(dead_code)]` on by default
[INFO] [stdout] 
[INFO] [stdout] 
[INFO] [stdout] warning: fields `obj`, `jac_norm`, and `param_norm` are never read
[INFO] [stdout]   --> src/optim/gsl/mod.rs:17:5
[INFO] [stdout]    |
[INFO] [stdout] 16 | struct OptimizationStep {
[INFO] [stdout]    |        ---------------- fields in this struct
[INFO] [stdout] 17 |     obj : f64,
[INFO] [stdout]    |     ^^^
[INFO] [stdout] 18 |     jac_norm : f64,
[INFO] [stdout]    |     ^^^^^^^^
[INFO] [stdout] 19 |     param_norm : f64
[INFO] [stdout]    |     ^^^^^^^^^^
[INFO] [stdout]    |
[INFO] [stdout]    = note: `OptimizationStep` has a derived impl for the trait `Debug`, but this is intentionally ignored during dead code analysis
[INFO] [stdout] 
[INFO] [stdout] 
[INFO] [stdout] warning: field `basis` is never read
[INFO] [stdout]   --> src/basis/frequency/dwt/gsl.rs:31:5
[INFO] [stdout]    |
[INFO] [stdout] 21 | pub struct DWTPlan<C>
[INFO] [stdout]    |            ------- field in this struct
[INFO] [stdout] ...
[INFO] [stdout] 31 |     basis : Basis
[INFO] [stdout]    |     ^^^^^
[INFO] [stdout]    |
[INFO] [stdout]    = note: `DWTPlan` has a derived impl for the trait `Clone`, but this is intentionally ignored during dead code analysis
[INFO] [stdout] 
[INFO] [stdout] 
[INFO] [stdout] warning: `gsl_interp_alloc` redeclared with a different signature
[INFO] [stdout]    --> src/gsl/spline2d.rs:108:5
[INFO] [stdout]     |
[INFO] [stdout] 108 |     pub fn gsl_interp_alloc(T: *const gsl_interp_type, n: usize) -> *mut gsl_interp;
[INFO] [stdout]     |     ^^^^^^^^^^^^^^^^^^^^^^^^^^^^^^^^^^^^^^^^^^^^^^^^^^^^^^^^^^^^^^^^^^^^^^^^^^^^^^^^ this signature doesn't match the previous declaration
[INFO] [stdout]     |
[INFO] [stdout]    ::: src/gsl/spline.rs:108:5
[INFO] [stdout]     |
[INFO] [stdout] 108 |     pub fn gsl_interp_alloc(T: *const gsl_interp_type, n: usize) -> *mut gsl_interp;
[INFO] [stdout]     |     -------------------------------------------------------------------------------- `gsl_interp_alloc` previously declared here
[INFO] [stdout]     |
[INFO] [stdout]     = note: expected `unsafe extern "C" fn(*const gsl::spline::gsl_interp_type, usize) -> *mut gsl::spline::gsl_interp`
[INFO] [stdout]                found `unsafe extern "C" fn(*const spline2d::gsl_interp_type, usize) -> *mut spline2d::gsl_interp`
[INFO] [stdout]     = note: `#[warn(clashing_extern_declarations)]` on by default
[INFO] [stdout] 
[INFO] [stdout] 
[INFO] [stdout] warning: `gsl_interp_init` redeclared with a different signature
[INFO] [stdout]    --> src/gsl/spline2d.rs:111:5
[INFO] [stdout]     |
[INFO] [stdout] 111 | /     pub fn gsl_interp_init(
[INFO] [stdout] 112 | |         obj: *mut gsl_interp,
[INFO] [stdout] 113 | |         xa: *const f64,
[INFO] [stdout] 114 | |         ya: *const f64,
[INFO] [stdout] 115 | |         size: usize,
[INFO] [stdout] 116 | |     ) -> ::std::os::raw::c_int;
[INFO] [stdout]     | |_______________________________^ this signature doesn't match the previous declaration
[INFO] [stdout]     |
[INFO] [stdout]    ::: src/gsl/spline.rs:116:31
[INFO] [stdout]     |
[INFO] [stdout] 116 |       ) -> ::std::os::raw::c_int;
[INFO] [stdout]     |                                 - `gsl_interp_init` previously declared here
[INFO] [stdout]     |
[INFO] [stdout]     = note: expected `unsafe extern "C" fn(*mut gsl::spline::gsl_interp, *const f64, *const f64, usize) -> i32`
[INFO] [stdout]                found `unsafe extern "C" fn(*mut spline2d::gsl_interp, *const f64, *const f64, usize) -> i32`
[INFO] [stdout] 
[INFO] [stdout] 
[INFO] [stdout] warning: `gsl_interp_name` redeclared with a different signature
[INFO] [stdout]    --> src/gsl/spline2d.rs:119:5
[INFO] [stdout]     |
[INFO] [stdout] 119 |     pub fn gsl_interp_name(interp: *const gsl_interp) -> *const ::std::os::raw::c_char;
[INFO] [stdout]     |     ^^^^^^^^^^^^^^^^^^^^^^^^^^^^^^^^^^^^^^^^^^^^^^^^^^^^^^^^^^^^^^^^^^^^^^^^^^^^^^^^^^^ this signature doesn't match the previous declaration
[INFO] [stdout]     |
[INFO] [stdout]    ::: src/gsl/spline.rs:119:5
[INFO] [stdout]     |
[INFO] [stdout] 119 |     pub fn gsl_interp_name(interp: *const gsl_interp) -> *const ::std::os::raw::c_char;
[INFO] [stdout]     |     ----------------------------------------------------------------------------------- `gsl_interp_name` previously declared here
[INFO] [stdout]     |
[INFO] [stdout]     = note: expected `unsafe extern "C" fn(*const gsl::spline::gsl_interp) -> *const i8`
[INFO] [stdout]                found `unsafe extern "C" fn(*const spline2d::gsl_interp) -> *const i8`
[INFO] [stdout] 
[INFO] [stdout] 
[INFO] [stdout] warning: `gsl_interp_min_size` redeclared with a different signature
[INFO] [stdout]    --> src/gsl/spline2d.rs:122:5
[INFO] [stdout]     |
[INFO] [stdout] 122 |     pub fn gsl_interp_min_size(interp: *const gsl_interp) -> ::std::os::raw::c_uint;
[INFO] [stdout]     |     ^^^^^^^^^^^^^^^^^^^^^^^^^^^^^^^^^^^^^^^^^^^^^^^^^^^^^^^^^^^^^^^^^^^^^^^^^^^^^^^^ this signature doesn't match the previous declaration
[INFO] [stdout]     |
[INFO] [stdout]    ::: src/gsl/spline.rs:122:5
[INFO] [stdout]     |
[INFO] [stdout] 122 |     pub fn gsl_interp_min_size(interp: *const gsl_interp) -> ::std::os::raw::c_uint;
[INFO] [stdout]     |     -------------------------------------------------------------------------------- `gsl_interp_min_size` previously declared here
[INFO] [stdout]     |
[INFO] [stdout]     = note: expected `unsafe extern "C" fn(*const gsl::spline::gsl_interp) -> u32`
[INFO] [stdout]                found `unsafe extern "C" fn(*const spline2d::gsl_interp) -> u32`
[INFO] [stdout] 
[INFO] [stdout] 
[INFO] [stdout] warning: `gsl_interp_type_min_size` redeclared with a different signature
[INFO] [stdout]    --> src/gsl/spline2d.rs:125:5
[INFO] [stdout]     |
[INFO] [stdout] 125 |     pub fn gsl_interp_type_min_size(T: *const gsl_interp_type) -> ::std::os::raw::c_uint;
[INFO] [stdout]     |     ^^^^^^^^^^^^^^^^^^^^^^^^^^^^^^^^^^^^^^^^^^^^^^^^^^^^^^^^^^^^^^^^^^^^^^^^^^^^^^^^^^^^^ this signature doesn't match the previous declaration
[INFO] [stdout]     |
[INFO] [stdout]    ::: src/gsl/spline.rs:125:5
[INFO] [stdout]     |
[INFO] [stdout] 125 |     pub fn gsl_interp_type_min_size(T: *const gsl_interp_type) -> ::std::os::raw::c_uint;
[INFO] [stdout]     |     ------------------------------------------------------------------------------------- `gsl_interp_type_min_size` previously declared here
[INFO] [stdout]     |
[INFO] [stdout]     = note: expected `unsafe extern "C" fn(*const gsl::spline::gsl_interp_type) -> u32`
[INFO] [stdout]                found `unsafe extern "C" fn(*const spline2d::gsl_interp_type) -> u32`
[INFO] [stdout] 
[INFO] [stdout] 
[INFO] [stdout] warning: `gsl_interp_eval_e` redeclared with a different signature
[INFO] [stdout]    --> src/gsl/spline2d.rs:128:5
[INFO] [stdout]     |
[INFO] [stdout] 128 | /     pub fn gsl_interp_eval_e(
[INFO] [stdout] 129 | |         obj: *const gsl_interp,
[INFO] [stdout] 130 | |         xa: *const f64,
[INFO] [stdout] 131 | |         ya: *const f64,
[INFO] [stdout] ...   |
[INFO] [stdout] 134 | |         y: *mut f64,
[INFO] [stdout] 135 | |     ) -> ::std::os::raw::c_int;
[INFO] [stdout]     | |_______________________________^ this signature doesn't match the previous declaration
[INFO] [stdout]     |
[INFO] [stdout]    ::: src/gsl/spline.rs:135:31
[INFO] [stdout]     |
[INFO] [stdout] 135 |       ) -> ::std::os::raw::c_int;
[INFO] [stdout]     |                                 - `gsl_interp_eval_e` previously declared here
[INFO] [stdout]     |
[INFO] [stdout]     = note: expected `unsafe extern "C" fn(*const gsl::spline::gsl_interp, *const f64, *const f64, f64, *mut gsl::spline::gsl_interp_accel, *mut f64) -> i32`
[INFO] [stdout]                found `unsafe extern "C" fn(*const spline2d::gsl_interp, *const f64, *const f64, f64, *mut spline2d::gsl_interp_accel, *mut f64) -> i32`
[INFO] [stdout] 
[INFO] [stdout] 
[INFO] [stdout] warning: `gsl_interp_eval` redeclared with a different signature
[INFO] [stdout]    --> src/gsl/spline2d.rs:138:5
[INFO] [stdout]     |
[INFO] [stdout] 138 | /     pub fn gsl_interp_eval(
[INFO] [stdout] 139 | |         obj: *const gsl_interp,
[INFO] [stdout] 140 | |         xa: *const f64,
[INFO] [stdout] 141 | |         ya: *const f64,
[INFO] [stdout] 142 | |         x: f64,
[INFO] [stdout] 143 | |         a: *mut gsl_interp_accel,
[INFO] [stdout] 144 | |     ) -> f64;
[INFO] [stdout]     | |_____________^ this signature doesn't match the previous declaration
[INFO] [stdout]     |
[INFO] [stdout]    ::: src/gsl/spline.rs:144:13
[INFO] [stdout]     |
[INFO] [stdout] 144 |       ) -> f64;
[INFO] [stdout]     |               - `gsl_interp_eval` previously declared here
[INFO] [stdout]     |
[INFO] [stdout]     = note: expected `unsafe extern "C" fn(*const gsl::spline::gsl_interp, *const f64, *const f64, f64, *mut gsl::spline::gsl_interp_accel) -> f64`
[INFO] [stdout]                found `unsafe extern "C" fn(*const spline2d::gsl_interp, *const f64, *const f64, f64, *mut spline2d::gsl_interp_accel) -> f64`
[INFO] [stdout] 
[INFO] [stdout] 
[INFO] [stdout] warning: `gsl_interp_eval_deriv_e` redeclared with a different signature
[INFO] [stdout]    --> src/gsl/spline2d.rs:147:5
[INFO] [stdout]     |
[INFO] [stdout] 147 | /     pub fn gsl_interp_eval_deriv_e(
[INFO] [stdout] 148 | |         obj: *const gsl_interp,
[INFO] [stdout] 149 | |         xa: *const f64,
[INFO] [stdout] 150 | |         ya: *const f64,
[INFO] [stdout] ...   |
[INFO] [stdout] 153 | |         d: *mut f64,
[INFO] [stdout] 154 | |     ) -> ::std::os::raw::c_int;
[INFO] [stdout]     | |_______________________________^ this signature doesn't match the previous declaration
[INFO] [stdout]     |
[INFO] [stdout]    ::: src/gsl/spline.rs:154:31
[INFO] [stdout]     |
[INFO] [stdout] 154 |       ) -> ::std::os::raw::c_int;
[INFO] [stdout]     |                                 - `gsl_interp_eval_deriv_e` previously declared here
[INFO] [stdout]     |
[INFO] [stdout]     = note: expected `unsafe extern "C" fn(*const gsl::spline::gsl_interp, *const f64, *const f64, f64, *mut gsl::spline::gsl_interp_accel, *mut f64) -> i32`
[INFO] [stdout]                found `unsafe extern "C" fn(*const spline2d::gsl_interp, *const f64, *const f64, f64, *mut spline2d::gsl_interp_accel, *mut f64) -> i32`
[INFO] [stdout] 
[INFO] [stdout] 
[INFO] [stdout] warning: `gsl_interp_eval_deriv` redeclared with a different signature
[INFO] [stdout]    --> src/gsl/spline2d.rs:157:5
[INFO] [stdout]     |
[INFO] [stdout] 157 | /     pub fn gsl_interp_eval_deriv(
[INFO] [stdout] 158 | |         obj: *const gsl_interp,
[INFO] [stdout] 159 | |         xa: *const f64,
[INFO] [stdout] 160 | |         ya: *const f64,
[INFO] [stdout] 161 | |         x: f64,
[INFO] [stdout] 162 | |         a: *mut gsl_interp_accel,
[INFO] [stdout] 163 | |     ) -> f64;
[INFO] [stdout]     | |_____________^ this signature doesn't match the previous declaration
[INFO] [stdout]     |
[INFO] [stdout]    ::: src/gsl/spline.rs:163:13
[INFO] [stdout]     |
[INFO] [stdout] 163 |       ) -> f64;
[INFO] [stdout]     |               - `gsl_interp_eval_deriv` previously declared here
[INFO] [stdout]     |
[INFO] [stdout]     = note: expected `unsafe extern "C" fn(*const gsl::spline::gsl_interp, *const f64, *const f64, f64, *mut gsl::spline::gsl_interp_accel) -> f64`
[INFO] [stdout]                found `unsafe extern "C" fn(*const spline2d::gsl_interp, *const f64, *const f64, f64, *mut spline2d::gsl_interp_accel) -> f64`
[INFO] [stdout] 
[INFO] [stdout] 
[INFO] [stdout] warning: `gsl_interp_eval_deriv2_e` redeclared with a different signature
[INFO] [stdout]    --> src/gsl/spline2d.rs:166:5
[INFO] [stdout]     |
[INFO] [stdout] 166 | /     pub fn gsl_interp_eval_deriv2_e(
[INFO] [stdout] 167 | |         obj: *const gsl_interp,
[INFO] [stdout] 168 | |         xa: *const f64,
[INFO] [stdout] 169 | |         ya: *const f64,
[INFO] [stdout] ...   |
[INFO] [stdout] 172 | |         d2: *mut f64,
[INFO] [stdout] 173 | |     ) -> ::std::os::raw::c_int;
[INFO] [stdout]     | |_______________________________^ this signature doesn't match the previous declaration
[INFO] [stdout]     |
[INFO] [stdout]    ::: src/gsl/spline.rs:173:31
[INFO] [stdout]     |
[INFO] [stdout] 173 |       ) -> ::std::os::raw::c_int;
[INFO] [stdout]     |                                 - `gsl_interp_eval_deriv2_e` previously declared here
[INFO] [stdout]     |
[INFO] [stdout]     = note: expected `unsafe extern "C" fn(*const gsl::spline::gsl_interp, *const f64, *const f64, f64, *mut gsl::spline::gsl_interp_accel, *mut f64) -> i32`
[INFO] [stdout]                found `unsafe extern "C" fn(*const spline2d::gsl_interp, *const f64, *const f64, f64, *mut spline2d::gsl_interp_accel, *mut f64) -> i32`
[INFO] [stdout] 
[INFO] [stdout] 
[INFO] [stdout] warning: `gsl_interp_eval_deriv2` redeclared with a different signature
[INFO] [stdout]    --> src/gsl/spline2d.rs:176:5
[INFO] [stdout]     |
[INFO] [stdout] 176 | /     pub fn gsl_interp_eval_deriv2(
[INFO] [stdout] 177 | |         obj: *const gsl_interp,
[INFO] [stdout] 178 | |         xa: *const f64,
[INFO] [stdout] 179 | |         ya: *const f64,
[INFO] [stdout] 180 | |         x: f64,
[INFO] [stdout] 181 | |         a: *mut gsl_interp_accel,
[INFO] [stdout] 182 | |     ) -> f64;
[INFO] [stdout]     | |_____________^ this signature doesn't match the previous declaration
[INFO] [stdout]     |
[INFO] [stdout]    ::: src/gsl/spline.rs:182:13
[INFO] [stdout]     |
[INFO] [stdout] 182 |       ) -> f64;
[INFO] [stdout]     |               - `gsl_interp_eval_deriv2` previously declared here
[INFO] [stdout]     |
[INFO] [stdout]     = note: expected `unsafe extern "C" fn(*const gsl::spline::gsl_interp, *const f64, *const f64, f64, *mut gsl::spline::gsl_interp_accel) -> f64`
[INFO] [stdout]                found `unsafe extern "C" fn(*const spline2d::gsl_interp, *const f64, *const f64, f64, *mut spline2d::gsl_interp_accel) -> f64`
[INFO] [stdout] 
[INFO] [stdout] 
[INFO] [stdout] warning: `gsl_interp_eval_integ_e` redeclared with a different signature
[INFO] [stdout]    --> src/gsl/spline2d.rs:185:5
[INFO] [stdout]     |
[INFO] [stdout] 185 | /     pub fn gsl_interp_eval_integ_e(
[INFO] [stdout] 186 | |         obj: *const gsl_interp,
[INFO] [stdout] 187 | |         xa: *const f64,
[INFO] [stdout] 188 | |         ya: *const f64,
[INFO] [stdout] ...   |
[INFO] [stdout] 192 | |         result: *mut f64,
[INFO] [stdout] 193 | |     ) -> ::std::os::raw::c_int;
[INFO] [stdout]     | |_______________________________^ this signature doesn't match the previous declaration
[INFO] [stdout]     |
[INFO] [stdout]    ::: src/gsl/spline.rs:193:31
[INFO] [stdout]     |
[INFO] [stdout] 193 |       ) -> ::std::os::raw::c_int;
[INFO] [stdout]     |                                 - `gsl_interp_eval_integ_e` previously declared here
[INFO] [stdout]     |
[INFO] [stdout]     = note: expected `unsafe extern "C" fn(*const gsl::spline::gsl_interp, *const f64, *const f64, f64, f64, *mut gsl::spline::gsl_interp_accel, *mut f64) -> i32`
[INFO] [stdout]                found `unsafe extern "C" fn(*const spline2d::gsl_interp, *const f64, *const f64, f64, f64, *mut spline2d::gsl_interp_accel, *mut f64) -> i32`
[INFO] [stdout] 
[INFO] [stdout] 
[INFO] [stdout] warning: `gsl_interp_eval_integ` redeclared with a different signature
[INFO] [stdout]    --> src/gsl/spline2d.rs:196:5
[INFO] [stdout]     |
[INFO] [stdout] 196 | /     pub fn gsl_interp_eval_integ(
[INFO] [stdout] 197 | |         obj: *const gsl_interp,
[INFO] [stdout] 198 | |         xa: *const f64,
[INFO] [stdout] 199 | |         ya: *const f64,
[INFO] [stdout] ...   |
[INFO] [stdout] 202 | |         acc: *mut gsl_interp_accel,
[INFO] [stdout] 203 | |     ) -> f64;
[INFO] [stdout]     | |_____________^ this signature doesn't match the previous declaration
[INFO] [stdout]     |
[INFO] [stdout]    ::: src/gsl/spline.rs:203:13
[INFO] [stdout]     |
[INFO] [stdout] 203 |       ) -> f64;
[INFO] [stdout]     |               - `gsl_interp_eval_integ` previously declared here
[INFO] [stdout]     |
[INFO] [stdout]     = note: expected `unsafe extern "C" fn(*const gsl::spline::gsl_interp, *const f64, *const f64, f64, f64, *mut gsl::spline::gsl_interp_accel) -> f64`
[INFO] [stdout]                found `unsafe extern "C" fn(*const spline2d::gsl_interp, *const f64, *const f64, f64, f64, *mut spline2d::gsl_interp_accel) -> f64`
[INFO] [stdout] 
[INFO] [stdout] 
[INFO] [stdout] warning: `gsl_interp_free` redeclared with a different signature
[INFO] [stdout]    --> src/gsl/spline2d.rs:206:5
[INFO] [stdout]     |
[INFO] [stdout] 206 |     pub fn gsl_interp_free(interp: *mut gsl_interp);
[INFO] [stdout]     |     ^^^^^^^^^^^^^^^^^^^^^^^^^^^^^^^^^^^^^^^^^^^^^^^^ this signature doesn't match the previous declaration
[INFO] [stdout]     |
[INFO] [stdout]    ::: src/gsl/spline.rs:206:5
[INFO] [stdout]     |
[INFO] [stdout] 206 |     pub fn gsl_interp_free(interp: *mut gsl_interp);
[INFO] [stdout]     |     ------------------------------------------------ `gsl_interp_free` previously declared here
[INFO] [stdout]     |
[INFO] [stdout]     = note: expected `unsafe extern "C" fn(*mut gsl::spline::gsl_interp)`
[INFO] [stdout]                found `unsafe extern "C" fn(*mut spline2d::gsl_interp)`
[INFO] [stdout] 
[INFO] [stdout] 
[INFO] [stdout] error: linking with `cc` failed: exit status: 1
[INFO] [stdout]   |
[INFO] [stdout]   = note: LC_ALL="C" PATH="/opt/rustwide/rustup-home/toolchains/nightly-2024-10-28-x86_64-unknown-linux-gnu/lib/rustlib/x86_64-unknown-linux-gnu/bin:/opt/rustwide/rustup-home/toolchains/nightly-2024-10-28-x86_64-unknown-linux-gnu/lib/rustlib/x86_64-unknown-linux-gnu/bin/self-contained:/opt/rustwide/cargo-home/bin:/usr/local/sbin:/usr/local/bin:/usr/sbin:/usr/bin:/sbin:/bin" VSLANG="1033" "cc" "-m64" "/tmp/rustcawyZsX/symbols.o" "/opt/rustwide/target/debug/deps/bayes-bab105725abc76a5.bayes.970c356a07ee307e-cgu.0.rcgu.o" "/opt/rustwide/target/debug/deps/bayes-bab105725abc76a5.bayes.970c356a07ee307e-cgu.1.rcgu.o" "/opt/rustwide/target/debug/deps/bayes-bab105725abc76a5.bayes.970c356a07ee307e-cgu.2.rcgu.o" "/opt/rustwide/target/debug/deps/bayes-bab105725abc76a5.ayjloyrx8zyh5pnfwwuwj5snm.rcgu.o" "-Wl,--as-needed" "-Wl,-Bdynamic" "-lgsl" "-lgslcblas" "-lm" "-Wl,-Bstatic" "/opt/rustwide/rustup-home/toolchains/nightly-2024-10-28-x86_64-unknown-linux-gnu/lib/rustlib/x86_64-unknown-linux-gnu/lib/libtest-a09fad3b5321e7d6.rlib" "/opt/rustwide/rustup-home/toolchains/nightly-2024-10-28-x86_64-unknown-linux-gnu/lib/rustlib/x86_64-unknown-linux-gnu/lib/libgetopts-f9c3dff41ad42661.rlib" "/opt/rustwide/rustup-home/toolchains/nightly-2024-10-28-x86_64-unknown-linux-gnu/lib/rustlib/x86_64-unknown-linux-gnu/lib/libunicode_width-ad2aef31af6addd3.rlib" "/opt/rustwide/rustup-home/toolchains/nightly-2024-10-28-x86_64-unknown-linux-gnu/lib/rustlib/x86_64-unknown-linux-gnu/lib/librustc_std_workspace_std-e3f907dc03deb913.rlib" "/opt/rustwide/target/debug/deps/libnalgebra-b6e09eb337ac8c4e.rlib" "/opt/rustwide/target/debug/deps/libnum_rational-2ecd42e08d21344e.rlib" "/opt/rustwide/target/debug/deps/libnum_integer-6edbdd45c4597574.rlib" "/opt/rustwide/target/debug/deps/libgeneric_array-860d8ee85a01fc9a.rlib" "/opt/rustwide/target/debug/deps/libtypenum-5326f72807cfe834.rlib" "/opt/rustwide/target/debug/deps/libsimba-f37401212513dcff.rlib" "/opt/rustwide/target/debug/deps/libpaste-4723de8a0398679a.rlib" "/opt/rustwide/target/debug/deps/libnum_complex-c7481c391d54afee.rlib" "/opt/rustwide/target/debug/deps/librand_distr-6b1084bb1fb9330d.rlib" "/opt/rustwide/target/debug/deps/librand-c92527b8c0d1e46f.rlib" "/opt/rustwide/target/debug/deps/librand_chacha-c8854df28adefe0a.rlib" "/opt/rustwide/target/debug/deps/libppv_lite86-9227cdc9e09ec6a2.rlib" "/opt/rustwide/target/debug/deps/libzerocopy-eeaf851a59e44100.rlib" "/opt/rustwide/target/debug/deps/libbyteorder-7817d47eb31dfb0c.rlib" "/opt/rustwide/target/debug/deps/librand_core-0e76c69952e207d1.rlib" "/opt/rustwide/target/debug/deps/libgetrandom-ce1964d6213ce84f.rlib" "/opt/rustwide/target/debug/deps/liblibc-82c3141bbb8afa5e.rlib" "/opt/rustwide/target/debug/deps/libcfg_if-57bf25c23e31efdb.rlib" "/opt/rustwide/target/debug/deps/libmatrixmultiply-0c31bc10e73356ba.rlib" "/opt/rustwide/target/debug/deps/librawpointer-9a82b3d0237eca24.rlib" "/opt/rustwide/target/debug/deps/libapprox-ae0d335dae0276e7.rlib" "/opt/rustwide/target/debug/deps/libnum_traits-8a65bb8935de9113.rlib" "/opt/rustwide/target/debug/deps/liblibm-9122e3cb1887cfdf.rlib" "/opt/rustwide/target/debug/deps/libserde-9bb3b3c4e7c82b78.rlib" "/opt/rustwide/rustup-home/toolchains/nightly-2024-10-28-x86_64-unknown-linux-gnu/lib/rustlib/x86_64-unknown-linux-gnu/lib/libstd-fb8c387236db3c10.rlib" "/opt/rustwide/rustup-home/toolchains/nightly-2024-10-28-x86_64-unknown-linux-gnu/lib/rustlib/x86_64-unknown-linux-gnu/lib/libpanic_unwind-b251837809b2f64b.rlib" "/opt/rustwide/rustup-home/toolchains/nightly-2024-10-28-x86_64-unknown-linux-gnu/lib/rustlib/x86_64-unknown-linux-gnu/lib/libobject-cbef83eaa4e01f04.rlib" "/opt/rustwide/rustup-home/toolchains/nightly-2024-10-28-x86_64-unknown-linux-gnu/lib/rustlib/x86_64-unknown-linux-gnu/lib/libmemchr-12a772286de2fca7.rlib" "/opt/rustwide/rustup-home/toolchains/nightly-2024-10-28-x86_64-unknown-linux-gnu/lib/rustlib/x86_64-unknown-linux-gnu/lib/libaddr2line-023bbe5ada7abfc3.rlib" "/opt/rustwide/rustup-home/toolchains/nightly-2024-10-28-x86_64-unknown-linux-gnu/lib/rustlib/x86_64-unknown-linux-gnu/lib/libgimli-de2bcdf10ec69c2b.rlib" "/opt/rustwide/rustup-home/toolchains/nightly-2024-10-28-x86_64-unknown-linux-gnu/lib/rustlib/x86_64-unknown-linux-gnu/lib/librustc_demangle-8e1754df350800fd.rlib" "/opt/rustwide/rustup-home/toolchains/nightly-2024-10-28-x86_64-unknown-linux-gnu/lib/rustlib/x86_64-unknown-linux-gnu/lib/libstd_detect-06c2ab7b9c32e037.rlib" "/opt/rustwide/rustup-home/toolchains/nightly-2024-10-28-x86_64-unknown-linux-gnu/lib/rustlib/x86_64-unknown-linux-gnu/lib/libhashbrown-51d2621fc57a281b.rlib" "/opt/rustwide/rustup-home/toolchains/nightly-2024-10-28-x86_64-unknown-linux-gnu/lib/rustlib/x86_64-unknown-linux-gnu/lib/librustc_std_workspace_alloc-54a930408793772f.rlib" "/opt/rustwide/rustup-home/toolchains/nightly-2024-10-28-x86_64-unknown-linux-gnu/lib/rustlib/x86_64-unknown-linux-gnu/lib/libminiz_oxide-0c7d01cba400dcb2.rlib" "/opt/rustwide/rustup-home/toolchains/nightly-2024-10-28-x86_64-unknown-linux-gnu/lib/rustlib/x86_64-unknown-linux-gnu/lib/libadler-b9f84d69e331b75b.rlib" "/opt/rustwide/rustup-home/toolchains/nightly-2024-10-28-x86_64-unknown-linux-gnu/lib/rustlib/x86_64-unknown-linux-gnu/lib/libunwind-eec95493246aae39.rlib" "/opt/rustwide/rustup-home/toolchains/nightly-2024-10-28-x86_64-unknown-linux-gnu/lib/rustlib/x86_64-unknown-linux-gnu/lib/libcfg_if-6f6676c475e08ab0.rlib" "/opt/rustwide/rustup-home/toolchains/nightly-2024-10-28-x86_64-unknown-linux-gnu/lib/rustlib/x86_64-unknown-linux-gnu/lib/liblibc-799d520624f8b2e0.rlib" "/opt/rustwide/rustup-home/toolchains/nightly-2024-10-28-x86_64-unknown-linux-gnu/lib/rustlib/x86_64-unknown-linux-gnu/lib/liballoc-fcf93d4842acd9a9.rlib" "/opt/rustwide/rustup-home/toolchains/nightly-2024-10-28-x86_64-unknown-linux-gnu/lib/rustlib/x86_64-unknown-linux-gnu/lib/librustc_std_workspace_core-395a38b8e0851c9b.rlib" "/opt/rustwide/rustup-home/toolchains/nightly-2024-10-28-x86_64-unknown-linux-gnu/lib/rustlib/x86_64-unknown-linux-gnu/lib/libcore-d453bab70303062c.rlib" "/opt/rustwide/rustup-home/toolchains/nightly-2024-10-28-x86_64-unknown-linux-gnu/lib/rustlib/x86_64-unknown-linux-gnu/lib/libcompiler_builtins-0e6386368b0a24e8.rlib" "-Wl,-Bdynamic" "-lc" "-lm" "-lrt" "-lpthread" "-lgcc_s" "-lutil" "-lrt" "-lpthread" "-lm" "-ldl" "-lc" "-B/opt/rustwide/rustup-home/toolchains/nightly-2024-10-28-x86_64-unknown-linux-gnu/lib/rustlib/x86_64-unknown-linux-gnu/bin/gcc-ld" "-fuse-ld=lld" "-Wl,--eh-frame-hdr" "-Wl,-z,noexecstack" "-L" "/opt/rustwide/rustup-home/toolchains/nightly-2024-10-28-x86_64-unknown-linux-gnu/lib/rustlib/x86_64-unknown-linux-gnu/lib" "-o" "/opt/rustwide/target/debug/deps/bayes-bab105725abc76a5" "-Wl,--gc-sections" "-pie" "-Wl,-z,relro,-z,now" "-nodefaultlibs"
[INFO] [stdout]   = note: rust-lld: error: unable to find library -lgsl
[INFO] [stdout]           rust-lld: error: unable to find library -lgslcblas
[INFO] [stdout]           collect2: error: ld returned 1 exit status
[INFO] [stdout]           
[INFO] [stdout] 
[INFO] [stdout] 
[INFO] [stderr] error: could not compile `bayes` (lib test) due to 1 previous error; 17 warnings emitted
[INFO] running `Command { std: "docker" "inspect" "3ac3faa32eab3ce54a81099c1bac0056ee1b848137a074304c671a517bbd9516", kill_on_drop: false }`
[INFO] running `Command { std: "docker" "rm" "-f" "3ac3faa32eab3ce54a81099c1bac0056ee1b848137a074304c671a517bbd9516", kill_on_drop: false }`
[INFO] [stdout] 3ac3faa32eab3ce54a81099c1bac0056ee1b848137a074304c671a517bbd9516
