[INFO] fetching crate barnacl_sys 0.1.1...
[INFO] testing barnacl_sys-0.1.1 against nightly-2024-10-28 for randomize-layout
[INFO] extracting crate barnacl_sys 0.1.1 into /workspace/builds/worker-5-tc1/source
[INFO] validating manifest of crates.io crate barnacl_sys 0.1.1 on toolchain nightly-2024-10-28
[INFO] running `Command { std: CARGO_HOME="/workspace/cargo-home" RUSTUP_HOME="/workspace/rustup-home" "/workspace/cargo-home/bin/cargo" "+nightly-2024-10-28" "metadata" "--manifest-path" "Cargo.toml" "--no-deps", kill_on_drop: false }`
[INFO] started tweaking crates.io crate barnacl_sys 0.1.1
[INFO] finished tweaking crates.io crate barnacl_sys 0.1.1
[INFO] tweaked toml for crates.io crate barnacl_sys 0.1.1 written to /workspace/builds/worker-5-tc1/source/Cargo.toml
[INFO] running `Command { std: CARGO_HOME="/workspace/cargo-home" RUSTUP_HOME="/workspace/rustup-home" "/workspace/cargo-home/bin/cargo" "+nightly-2024-10-28" "generate-lockfile" "--manifest-path" "Cargo.toml", kill_on_drop: false }`
[INFO] [stderr]     Updating crates.io index
[INFO] [stderr]      Locking 2 packages to latest compatible versions
[INFO] running `Command { std: CARGO_HOME="/workspace/cargo-home" RUSTUP_HOME="/workspace/rustup-home" "/workspace/cargo-home/bin/cargo" "+nightly-2024-10-28" "fetch" "--manifest-path" "Cargo.toml", kill_on_drop: false }`
[INFO] [stderr] warning: no edition set: defaulting to the 2015 edition while the latest is 2021
[INFO] running `Command { std: "docker" "create" "-v" "/var/lib/crater-agent-workspace/builds/worker-5-tc1/target:/opt/rustwide/target:rw,Z" "-v" "/var/lib/crater-agent-workspace/builds/worker-5-tc1/source:/opt/rustwide/workdir:ro,Z" "-v" "/var/lib/crater-agent-workspace/cargo-home:/opt/rustwide/cargo-home:ro,Z" "-v" "/var/lib/crater-agent-workspace/rustup-home:/opt/rustwide/rustup-home:ro,Z" "-e" "SOURCE_DIR=/opt/rustwide/workdir" "-e" "CARGO_TARGET_DIR=/opt/rustwide/target" "-e" "CARGO_HOME=/opt/rustwide/cargo-home" "-e" "RUSTUP_HOME=/opt/rustwide/rustup-home" "-w" "/opt/rustwide/workdir" "-m" "1610612736" "--user" "0:0" "--network" "none" "ghcr.io/rust-lang/crates-build-env/linux@sha256:4a844ea9eb2546a2d2c7022eacef16ef2e8229c7fbb2c7d4d55a9ceca922f72d" "/opt/rustwide/cargo-home/bin/cargo" "+nightly-2024-10-28" "metadata" "--no-deps" "--format-version=1", kill_on_drop: false }`
[INFO] [stdout] 12626a1571e57eba40bfdbaa4836e3c17474a077875ba58f1e72248ddd4ce549
[INFO] running `Command { std: "docker" "start" "-a" "12626a1571e57eba40bfdbaa4836e3c17474a077875ba58f1e72248ddd4ce549", kill_on_drop: false }`
[INFO] running `Command { std: "docker" "inspect" "12626a1571e57eba40bfdbaa4836e3c17474a077875ba58f1e72248ddd4ce549", kill_on_drop: false }`
[INFO] running `Command { std: "docker" "rm" "-f" "12626a1571e57eba40bfdbaa4836e3c17474a077875ba58f1e72248ddd4ce549", kill_on_drop: false }`
[INFO] [stdout] 12626a1571e57eba40bfdbaa4836e3c17474a077875ba58f1e72248ddd4ce549
[INFO] running `Command { std: "docker" "create" "-v" "/var/lib/crater-agent-workspace/builds/worker-5-tc1/target:/opt/rustwide/target:rw,Z" "-v" "/var/lib/crater-agent-workspace/builds/worker-5-tc1/source:/opt/rustwide/workdir:ro,Z" "-v" "/var/lib/crater-agent-workspace/cargo-home:/opt/rustwide/cargo-home:ro,Z" "-v" "/var/lib/crater-agent-workspace/rustup-home:/opt/rustwide/rustup-home:ro,Z" "-e" "SOURCE_DIR=/opt/rustwide/workdir" "-e" "CARGO_TARGET_DIR=/opt/rustwide/target" "-e" "CARGO_INCREMENTAL=0" "-e" "RUST_BACKTRACE=full" "-e" "RUSTFLAGS=--cap-lints=forbid" "-e" "RUSTDOCFLAGS=--cap-lints=forbid" "-e" "CARGO_HOME=/opt/rustwide/cargo-home" "-e" "RUSTUP_HOME=/opt/rustwide/rustup-home" "-w" "/opt/rustwide/workdir" "-m" "1610612736" "--user" "0:0" "--network" "none" "ghcr.io/rust-lang/crates-build-env/linux@sha256:4a844ea9eb2546a2d2c7022eacef16ef2e8229c7fbb2c7d4d55a9ceca922f72d" "/opt/rustwide/cargo-home/bin/cargo" "+nightly-2024-10-28" "build" "--frozen" "--message-format=json", kill_on_drop: false }`
[INFO] [stdout] 570930d600b247238918f5d78e661627c818dc48cd57a8121ce61c838686fa96
[INFO] running `Command { std: "docker" "start" "-a" "570930d600b247238918f5d78e661627c818dc48cd57a8121ce61c838686fa96", kill_on_drop: false }`
[INFO] [stderr] warning: no edition set: defaulting to the 2015 edition while the latest is 2021
[INFO] [stderr]    Compiling pkg-config v0.3.31
[INFO] [stderr]    Compiling libc v0.2.161
[INFO] [stderr]    Compiling barnacl_sys v0.1.1 (/opt/rustwide/workdir)
[INFO] [stderr]     Finished `dev` profile [unoptimized + debuginfo] target(s) in 1.37s
[INFO] running `Command { std: "docker" "inspect" "570930d600b247238918f5d78e661627c818dc48cd57a8121ce61c838686fa96", kill_on_drop: false }`
[INFO] running `Command { std: "docker" "rm" "-f" "570930d600b247238918f5d78e661627c818dc48cd57a8121ce61c838686fa96", kill_on_drop: false }`
[INFO] [stdout] 570930d600b247238918f5d78e661627c818dc48cd57a8121ce61c838686fa96
[INFO] running `Command { std: "docker" "create" "-v" "/var/lib/crater-agent-workspace/builds/worker-5-tc1/target:/opt/rustwide/target:rw,Z" "-v" "/var/lib/crater-agent-workspace/builds/worker-5-tc1/source:/opt/rustwide/workdir:ro,Z" "-v" "/var/lib/crater-agent-workspace/cargo-home:/opt/rustwide/cargo-home:ro,Z" "-v" "/var/lib/crater-agent-workspace/rustup-home:/opt/rustwide/rustup-home:ro,Z" "-e" "SOURCE_DIR=/opt/rustwide/workdir" "-e" "CARGO_TARGET_DIR=/opt/rustwide/target" "-e" "CARGO_INCREMENTAL=0" "-e" "RUST_BACKTRACE=full" "-e" "RUSTFLAGS=--cap-lints=forbid" "-e" "RUSTDOCFLAGS=--cap-lints=forbid" "-e" "CARGO_HOME=/opt/rustwide/cargo-home" "-e" "RUSTUP_HOME=/opt/rustwide/rustup-home" "-w" "/opt/rustwide/workdir" "-m" "1610612736" "--user" "0:0" "--network" "none" "ghcr.io/rust-lang/crates-build-env/linux@sha256:4a844ea9eb2546a2d2c7022eacef16ef2e8229c7fbb2c7d4d55a9ceca922f72d" "/opt/rustwide/cargo-home/bin/cargo" "+nightly-2024-10-28" "test" "--frozen" "--no-run" "--message-format=json", kill_on_drop: false }`
[INFO] [stdout] b544d2db80d27607d037e729c14f8ba3fe57c4f430c91a4485cc463cb898711f
[INFO] running `Command { std: "docker" "start" "-a" "b544d2db80d27607d037e729c14f8ba3fe57c4f430c91a4485cc463cb898711f", kill_on_drop: false }`
[INFO] [stderr] warning: no edition set: defaulting to the 2015 edition while the latest is 2021
[INFO] [stderr]    Compiling barnacl_sys v0.1.1 (/opt/rustwide/workdir)
[INFO] [stdout] error: linking with `cc` failed: exit status: 1
[INFO] [stdout]   |
[INFO] [stdout]   = note: LC_ALL="C" PATH="/opt/rustwide/rustup-home/toolchains/nightly-2024-10-28-x86_64-unknown-linux-gnu/lib/rustlib/x86_64-unknown-linux-gnu/bin:/opt/rustwide/rustup-home/toolchains/nightly-2024-10-28-x86_64-unknown-linux-gnu/lib/rustlib/x86_64-unknown-linux-gnu/bin/self-contained:/opt/rustwide/cargo-home/bin:/usr/local/sbin:/usr/local/bin:/usr/sbin:/usr/bin:/sbin:/bin" VSLANG="1033" "cc" "-m64" "/tmp/rustcuzTHAX/symbols.o" "/opt/rustwide/target/debug/deps/barnacl_sys-3d460eeec0f4f17b.barnacl_sys.61aa65b5dc5e5aad-cgu.0.rcgu.o" "/opt/rustwide/target/debug/deps/barnacl_sys-3d460eeec0f4f17b.dc6qhwdq21w74arwl9cufcu14.rcgu.o" "-Wl,--as-needed" "-Wl,-Bdynamic" "-lsodium" "-Wl,-Bstatic" "/opt/rustwide/rustup-home/toolchains/nightly-2024-10-28-x86_64-unknown-linux-gnu/lib/rustlib/x86_64-unknown-linux-gnu/lib/libtest-a09fad3b5321e7d6.rlib" "/opt/rustwide/rustup-home/toolchains/nightly-2024-10-28-x86_64-unknown-linux-gnu/lib/rustlib/x86_64-unknown-linux-gnu/lib/libgetopts-f9c3dff41ad42661.rlib" "/opt/rustwide/rustup-home/toolchains/nightly-2024-10-28-x86_64-unknown-linux-gnu/lib/rustlib/x86_64-unknown-linux-gnu/lib/libunicode_width-ad2aef31af6addd3.rlib" "/opt/rustwide/rustup-home/toolchains/nightly-2024-10-28-x86_64-unknown-linux-gnu/lib/rustlib/x86_64-unknown-linux-gnu/lib/librustc_std_workspace_std-e3f907dc03deb913.rlib" "/opt/rustwide/target/debug/deps/liblibc-663f09ba3db1840e.rlib" "/opt/rustwide/rustup-home/toolchains/nightly-2024-10-28-x86_64-unknown-linux-gnu/lib/rustlib/x86_64-unknown-linux-gnu/lib/libstd-fb8c387236db3c10.rlib" "/opt/rustwide/rustup-home/toolchains/nightly-2024-10-28-x86_64-unknown-linux-gnu/lib/rustlib/x86_64-unknown-linux-gnu/lib/libpanic_unwind-b251837809b2f64b.rlib" "/opt/rustwide/rustup-home/toolchains/nightly-2024-10-28-x86_64-unknown-linux-gnu/lib/rustlib/x86_64-unknown-linux-gnu/lib/libobject-cbef83eaa4e01f04.rlib" "/opt/rustwide/rustup-home/toolchains/nightly-2024-10-28-x86_64-unknown-linux-gnu/lib/rustlib/x86_64-unknown-linux-gnu/lib/libmemchr-12a772286de2fca7.rlib" "/opt/rustwide/rustup-home/toolchains/nightly-2024-10-28-x86_64-unknown-linux-gnu/lib/rustlib/x86_64-unknown-linux-gnu/lib/libaddr2line-023bbe5ada7abfc3.rlib" "/opt/rustwide/rustup-home/toolchains/nightly-2024-10-28-x86_64-unknown-linux-gnu/lib/rustlib/x86_64-unknown-linux-gnu/lib/libgimli-de2bcdf10ec69c2b.rlib" "/opt/rustwide/rustup-home/toolchains/nightly-2024-10-28-x86_64-unknown-linux-gnu/lib/rustlib/x86_64-unknown-linux-gnu/lib/librustc_demangle-8e1754df350800fd.rlib" "/opt/rustwide/rustup-home/toolchains/nightly-2024-10-28-x86_64-unknown-linux-gnu/lib/rustlib/x86_64-unknown-linux-gnu/lib/libstd_detect-06c2ab7b9c32e037.rlib" "/opt/rustwide/rustup-home/toolchains/nightly-2024-10-28-x86_64-unknown-linux-gnu/lib/rustlib/x86_64-unknown-linux-gnu/lib/libhashbrown-51d2621fc57a281b.rlib" "/opt/rustwide/rustup-home/toolchains/nightly-2024-10-28-x86_64-unknown-linux-gnu/lib/rustlib/x86_64-unknown-linux-gnu/lib/librustc_std_workspace_alloc-54a930408793772f.rlib" "/opt/rustwide/rustup-home/toolchains/nightly-2024-10-28-x86_64-unknown-linux-gnu/lib/rustlib/x86_64-unknown-linux-gnu/lib/libminiz_oxide-0c7d01cba400dcb2.rlib" "/opt/rustwide/rustup-home/toolchains/nightly-2024-10-28-x86_64-unknown-linux-gnu/lib/rustlib/x86_64-unknown-linux-gnu/lib/libadler-b9f84d69e331b75b.rlib" "/opt/rustwide/rustup-home/toolchains/nightly-2024-10-28-x86_64-unknown-linux-gnu/lib/rustlib/x86_64-unknown-linux-gnu/lib/libunwind-eec95493246aae39.rlib" "/opt/rustwide/rustup-home/toolchains/nightly-2024-10-28-x86_64-unknown-linux-gnu/lib/rustlib/x86_64-unknown-linux-gnu/lib/libcfg_if-6f6676c475e08ab0.rlib" "/opt/rustwide/rustup-home/toolchains/nightly-2024-10-28-x86_64-unknown-linux-gnu/lib/rustlib/x86_64-unknown-linux-gnu/lib/liblibc-799d520624f8b2e0.rlib" "/opt/rustwide/rustup-home/toolchains/nightly-2024-10-28-x86_64-unknown-linux-gnu/lib/rustlib/x86_64-unknown-linux-gnu/lib/liballoc-fcf93d4842acd9a9.rlib" "/opt/rustwide/rustup-home/toolchains/nightly-2024-10-28-x86_64-unknown-linux-gnu/lib/rustlib/x86_64-unknown-linux-gnu/lib/librustc_std_workspace_core-395a38b8e0851c9b.rlib" "/opt/rustwide/rustup-home/toolchains/nightly-2024-10-28-x86_64-unknown-linux-gnu/lib/rustlib/x86_64-unknown-linux-gnu/lib/libcore-d453bab70303062c.rlib" "/opt/rustwide/rustup-home/toolchains/nightly-2024-10-28-x86_64-unknown-linux-gnu/lib/rustlib/x86_64-unknown-linux-gnu/lib/libcompiler_builtins-0e6386368b0a24e8.rlib" "-Wl,-Bdynamic" "-lgcc_s" "-lutil" "-lrt" "-lpthread" "-lm" "-ldl" "-lc" "-B/opt/rustwide/rustup-home/toolchains/nightly-2024-10-28-x86_64-unknown-linux-gnu/lib/rustlib/x86_64-unknown-linux-gnu/bin/gcc-ld" "-fuse-ld=lld" "-Wl,--eh-frame-hdr" "-Wl,-z,noexecstack" "-L" "/usr/lib/x86_64-linux-gnu" "-L" "/opt/rustwide/rustup-home/toolchains/nightly-2024-10-28-x86_64-unknown-linux-gnu/lib/rustlib/x86_64-unknown-linux-gnu/lib" "-o" "/opt/rustwide/target/debug/deps/barnacl_sys-3d460eeec0f4f17b" "-Wl,--gc-sections" "-pie" "-Wl,-z,relro,-z,now" "-nodefaultlibs"
[INFO] [stdout]   = note: rust-lld: error: undefined symbol: crypto_sign_edwards25519sha512batch_bytes
[INFO] [stdout]           >>> referenced by crypto_sign_edwards25519sha512batch.rs:36 (src/crypto_sign_edwards25519sha512batch.rs:36)
[INFO] [stdout]           >>>               /opt/rustwide/target/debug/deps/barnacl_sys-3d460eeec0f4f17b.barnacl_sys.61aa65b5dc5e5aad-cgu.0.rcgu.o:(barnacl_sys::test_crypto_sign_edwards25519sha512batch_bytes::he34ea3db15401ae7)
[INFO] [stdout]           
[INFO] [stdout]           rust-lld: error: undefined symbol: crypto_sign_edwards25519sha512batch_publickeybytes
[INFO] [stdout]           >>> referenced by crypto_sign_edwards25519sha512batch.rs:42 (src/crypto_sign_edwards25519sha512batch.rs:42)
[INFO] [stdout]           >>>               /opt/rustwide/target/debug/deps/barnacl_sys-3d460eeec0f4f17b.barnacl_sys.61aa65b5dc5e5aad-cgu.0.rcgu.o:(barnacl_sys::test_crypto_sign_edwards25519sha512batch_publickeybytes::hb298d2a4406e76c6)
[INFO] [stdout]           
[INFO] [stdout]           rust-lld: error: undefined symbol: crypto_sign_edwards25519sha512batch_secretkeybytes
[INFO] [stdout]           >>> referenced by crypto_sign_edwards25519sha512batch.rs:48 (src/crypto_sign_edwards25519sha512batch.rs:48)
[INFO] [stdout]           >>>               /opt/rustwide/target/debug/deps/barnacl_sys-3d460eeec0f4f17b.barnacl_sys.61aa65b5dc5e5aad-cgu.0.rcgu.o:(barnacl_sys::test_crypto_sign_edwards25519sha512batch_secretkeybytes::hf0c12f5442f686e7)
[INFO] [stdout]           
[INFO] [stdout]           rust-lld: error: undefined symbol: crypto_stream_aes128ctr_keybytes
[INFO] [stdout]           >>> referenced by crypto_stream_aes128ctr.rs:27 (src/crypto_stream_aes128ctr.rs:27)
[INFO] [stdout]           >>>               /opt/rustwide/target/debug/deps/barnacl_sys-3d460eeec0f4f17b.barnacl_sys.61aa65b5dc5e5aad-cgu.0.rcgu.o:(barnacl_sys::test_crypto_stream_aes128ctr_keybytes::hcf784afde2b71cf9)
[INFO] [stdout]           
[INFO] [stdout]           rust-lld: error: undefined symbol: crypto_stream_aes128ctr_noncebytes
[INFO] [stdout]           >>> referenced by crypto_stream_aes128ctr.rs:32 (src/crypto_stream_aes128ctr.rs:32)
[INFO] [stdout]           >>>               /opt/rustwide/target/debug/deps/barnacl_sys-3d460eeec0f4f17b.barnacl_sys.61aa65b5dc5e5aad-cgu.0.rcgu.o:(barnacl_sys::test_crypto_stream_aes128ctr_noncebytes::h4118a810eefda9b2)
[INFO] [stdout]           
[INFO] [stdout]           rust-lld: error: undefined symbol: crypto_stream_aes128ctr_beforenmbytes
[INFO] [stdout]           >>> referenced by crypto_stream_aes128ctr.rs:37 (src/crypto_stream_aes128ctr.rs:37)
[INFO] [stdout]           >>>               /opt/rustwide/target/debug/deps/barnacl_sys-3d460eeec0f4f17b.barnacl_sys.61aa65b5dc5e5aad-cgu.0.rcgu.o:(barnacl_sys::test_crypto_stream_aes128ctr_beforenmbytes::hee78c1de355bf68c)
[INFO] [stdout]           collect2: error: ld returned 1 exit status
[INFO] [stdout]           
[INFO] [stdout] 
[INFO] [stdout] 
[INFO] [stderr] error: could not compile `barnacl_sys` (lib test) due to 1 previous error
[INFO] running `Command { std: "docker" "inspect" "b544d2db80d27607d037e729c14f8ba3fe57c4f430c91a4485cc463cb898711f", kill_on_drop: false }`
[INFO] running `Command { std: "docker" "rm" "-f" "b544d2db80d27607d037e729c14f8ba3fe57c4f430c91a4485cc463cb898711f", kill_on_drop: false }`
[INFO] [stdout] b544d2db80d27607d037e729c14f8ba3fe57c4f430c91a4485cc463cb898711f
