[INFO] fetching crate balter-runtime 0.3.1...
[INFO] testing balter-runtime-0.3.1 against nightly-2024-10-28+rustflags=-Zrandomize-layout for randomize-layout
[INFO] extracting crate balter-runtime 0.3.1 into /workspace/builds/worker-0-tc2/source
[INFO] validating manifest of crates.io crate balter-runtime 0.3.1 on toolchain nightly-2024-10-28
[INFO] running `Command { std: CARGO_HOME="/workspace/cargo-home" RUSTUP_HOME="/workspace/rustup-home" "/workspace/cargo-home/bin/cargo" "+nightly-2024-10-28" "metadata" "--manifest-path" "Cargo.toml" "--no-deps", kill_on_drop: false }`
[INFO] started tweaking crates.io crate balter-runtime 0.3.1
[INFO] finished tweaking crates.io crate balter-runtime 0.3.1
[INFO] tweaked toml for crates.io crate balter-runtime 0.3.1 written to /workspace/builds/worker-0-tc2/source/Cargo.toml
[INFO] running `Command { std: CARGO_HOME="/workspace/cargo-home" RUSTUP_HOME="/workspace/rustup-home" "/workspace/cargo-home/bin/cargo" "+nightly-2024-10-28" "generate-lockfile" "--manifest-path" "Cargo.toml", kill_on_drop: false }`
[INFO] [stderr]     Updating crates.io index
[INFO] [stderr]      Locking 236 packages to latest compatible versions
[INFO] [stderr]       Adding reqwest v0.11.27 (available: v0.12.9)
[INFO] [stderr]       Adding tokio-tungstenite v0.21.0 (available: v0.24.0)
[INFO] [stderr]       Adding tower v0.4.13 (available: v0.5.1)
[INFO] [stderr]       Adding tower-http v0.5.2 (available: v0.6.1)
[INFO] [stderr]       Adding tungstenite v0.21.0 (available: v0.24.0)
[INFO] running `Command { std: CARGO_HOME="/workspace/cargo-home" RUSTUP_HOME="/workspace/rustup-home" "/workspace/cargo-home/bin/cargo" "+nightly-2024-10-28" "fetch" "--manifest-path" "Cargo.toml", kill_on_drop: false }`
[INFO] running `Command { std: "docker" "create" "-v" "/var/lib/crater-agent-workspace/builds/worker-0-tc2/target:/opt/rustwide/target:rw,Z" "-v" "/var/lib/crater-agent-workspace/builds/worker-0-tc2/source:/opt/rustwide/workdir:ro,Z" "-v" "/var/lib/crater-agent-workspace/cargo-home:/opt/rustwide/cargo-home:ro,Z" "-v" "/var/lib/crater-agent-workspace/rustup-home:/opt/rustwide/rustup-home:ro,Z" "-e" "SOURCE_DIR=/opt/rustwide/workdir" "-e" "CARGO_TARGET_DIR=/opt/rustwide/target" "-e" "CARGO_HOME=/opt/rustwide/cargo-home" "-e" "RUSTUP_HOME=/opt/rustwide/rustup-home" "-w" "/opt/rustwide/workdir" "-m" "1610612736" "--user" "0:0" "--network" "none" "ghcr.io/rust-lang/crates-build-env/linux@sha256:4a844ea9eb2546a2d2c7022eacef16ef2e8229c7fbb2c7d4d55a9ceca922f72d" "/opt/rustwide/cargo-home/bin/cargo" "+nightly-2024-10-28" "metadata" "--no-deps" "--format-version=1", kill_on_drop: false }`
[INFO] [stdout] f54b6b812a38dc4844e757e8662ba14111972a51811d81d1b128ef15160f420a
[INFO] running `Command { std: "docker" "start" "-a" "f54b6b812a38dc4844e757e8662ba14111972a51811d81d1b128ef15160f420a", kill_on_drop: false }`
[INFO] running `Command { std: "docker" "inspect" "f54b6b812a38dc4844e757e8662ba14111972a51811d81d1b128ef15160f420a", kill_on_drop: false }`
[INFO] running `Command { std: "docker" "rm" "-f" "f54b6b812a38dc4844e757e8662ba14111972a51811d81d1b128ef15160f420a", kill_on_drop: false }`
[INFO] [stdout] f54b6b812a38dc4844e757e8662ba14111972a51811d81d1b128ef15160f420a
[INFO] running `Command { std: "docker" "create" "-v" "/var/lib/crater-agent-workspace/builds/worker-0-tc2/target:/opt/rustwide/target:rw,Z" "-v" "/var/lib/crater-agent-workspace/builds/worker-0-tc2/source:/opt/rustwide/workdir:ro,Z" "-v" "/var/lib/crater-agent-workspace/cargo-home:/opt/rustwide/cargo-home:ro,Z" "-v" "/var/lib/crater-agent-workspace/rustup-home:/opt/rustwide/rustup-home:ro,Z" "-e" "SOURCE_DIR=/opt/rustwide/workdir" "-e" "CARGO_TARGET_DIR=/opt/rustwide/target" "-e" "CARGO_INCREMENTAL=0" "-e" "RUST_BACKTRACE=full" "-e" "RUSTFLAGS=--cap-lints=forbid -Zrandomize-layout" "-e" "RUSTDOCFLAGS=--cap-lints=forbid" "-e" "CARGO_HOME=/opt/rustwide/cargo-home" "-e" "RUSTUP_HOME=/opt/rustwide/rustup-home" "-w" "/opt/rustwide/workdir" "-m" "1610612736" "--user" "0:0" "--network" "none" "ghcr.io/rust-lang/crates-build-env/linux@sha256:4a844ea9eb2546a2d2c7022eacef16ef2e8229c7fbb2c7d4d55a9ceca922f72d" "/opt/rustwide/cargo-home/bin/cargo" "+nightly-2024-10-28" "build" "--frozen" "--message-format=json", kill_on_drop: false }`
[INFO] [stdout] 5130c70a0eaf1540490d547140a1e5260d37f59e7c6f485dc8d3ec37e11b2d0f
[INFO] running `Command { std: "docker" "start" "-a" "5130c70a0eaf1540490d547140a1e5260d37f59e7c6f485dc8d3ec37e11b2d0f", kill_on_drop: false }`
[INFO] [stderr]    Compiling proc-macro2 v1.0.89
[INFO] [stderr]    Compiling unicode-ident v1.0.13
[INFO] [stderr]    Compiling libc v0.2.161
[INFO] [stderr]    Compiling fnv v1.0.7
[INFO] [stderr]    Compiling autocfg v1.4.0
[INFO] [stderr]    Compiling pin-project-lite v0.2.15
[INFO] [stderr]    Compiling bytes v1.8.0
[INFO] [stderr]    Compiling cfg-if v1.0.0
[INFO] [stderr]    Compiling itoa v1.0.11
[INFO] [stderr]    Compiling futures-core v0.3.31
[INFO] [stderr]    Compiling log v0.4.22
[INFO] [stderr]    Compiling futures-sink v0.3.31
[INFO] [stderr]    Compiling futures-task v0.3.31
[INFO] [stderr]    Compiling pin-utils v0.1.0
[INFO] [stderr]    Compiling byteorder v1.5.0
[INFO] [stderr]    Compiling serde v1.0.214
[INFO] [stderr]    Compiling version_check v0.9.5
[INFO] [stderr]    Compiling typenum v1.17.0
[INFO] [stderr]    Compiling httparse v1.9.5
[INFO] [stderr]    Compiling once_cell v1.20.2
[INFO] [stderr]    Compiling shlex v1.3.0
[INFO] [stderr]    Compiling tower-service v0.3.3
[INFO] [stderr]    Compiling strsim v0.11.1
[INFO] [stderr]    Compiling libm v0.2.11
[INFO] [stderr]    Compiling untrusted v0.9.0
[INFO] [stderr]    Compiling cc v1.1.31
[INFO] [stderr]    Compiling percent-encoding v2.3.1
[INFO] [stderr]    Compiling tinyvec_macros v0.1.1
[INFO] [stderr]    Compiling thiserror v1.0.66
[INFO] [stderr]    Compiling spin v0.9.8
[INFO] [stderr]    Compiling tinyvec v1.8.0
[INFO] [stderr]    Compiling tracing-core v0.1.32
[INFO] [stderr]    Compiling futures-channel v0.3.31
[INFO] [stderr]    Compiling cpufeatures v0.2.14
[INFO] [stderr]    Compiling form_urlencoded v1.2.1
[INFO] [stderr]    Compiling ident_case v1.0.1
[INFO] [stderr]    Compiling generic-array v0.14.7
[INFO] [stderr]    Compiling httpdate v1.0.3
[INFO] [stderr]    Compiling http v1.1.0
[INFO] [stderr]    Compiling crossbeam-utils v0.8.20
[INFO] [stderr]    Compiling http v0.2.12
[INFO] [stderr]    Compiling slab v0.4.9
[INFO] [stderr]    Compiling num-traits v0.2.19
[INFO] [stderr]    Compiling unicode-bidi v0.3.17
[INFO] [stderr]    Compiling hashbrown v0.15.0
[INFO] [stderr]    Compiling tower-layer v0.3.3
[INFO] [stderr]    Compiling quote v1.0.37
[INFO] [stderr]    Compiling utf-8 v0.7.6
[INFO] [stderr]    Compiling data-encoding v2.6.0
[INFO] [stderr]    Compiling equivalent v1.0.1
[INFO] [stderr]    Compiling rustls v0.21.12
[INFO] [stderr]    Compiling syn v2.0.86
[INFO] [stderr]    Compiling serde_json v1.0.132
[INFO] [stderr]    Compiling getrandom v0.2.15
[INFO] [stderr]    Compiling socket2 v0.5.7
[INFO] [stderr]    Compiling mio v1.0.2
[INFO] [stderr]    Compiling unicode-normalization v0.1.24
[INFO] [stderr]    Compiling ryu v1.0.18
[INFO] [stderr]    Compiling rand_core v0.6.4
[INFO] [stderr]    Compiling http-body v1.0.1
[INFO] [stderr]    Compiling indexmap v2.6.0
[INFO] [stderr]    Compiling utf8parse v0.2.2
[INFO] [stderr]    Compiling try-lock v0.2.5
[INFO] [stderr]    Compiling rustversion v1.0.18
[INFO] [stderr]    Compiling anstyle-parse v0.2.6
[INFO] [stderr]    Compiling want v0.3.1
[INFO] [stderr]    Compiling http-body v0.4.6
[INFO] [stderr]    Compiling concurrent-queue v2.5.0
[INFO] [stderr]    Compiling memchr v2.7.4
[INFO] [stderr]    Compiling parking v2.2.1
[INFO] [stderr]    Compiling idna v0.5.0
[INFO] [stderr]    Compiling smallvec v1.13.2
[INFO] [stderr]    Compiling mime v0.3.17
[INFO] [stderr]    Compiling ring v0.17.8
[INFO] [stderr]    Compiling sync_wrapper v0.1.2
[INFO] [stderr]    Compiling anstyle-query v1.1.2
[INFO] [stderr]    Compiling anstyle v1.0.9
[INFO] [stderr]    Compiling is_terminal_polyfill v1.70.1
[INFO] [stderr]    Compiling colorchoice v1.0.3
[INFO] [stderr]    Compiling event-listener v5.3.1
[INFO] [stderr]    Compiling sync_wrapper v1.0.1
[INFO] [stderr]    Compiling block-buffer v0.10.4
[INFO] [stderr]    Compiling crypto-common v0.1.6
[INFO] [stderr]    Compiling clap_lex v0.7.2
[INFO] [stderr]    Compiling fixedbitset v0.4.2
[INFO] [stderr]    Compiling heck v0.5.0
[INFO] [stderr]    Compiling digest v0.10.7
[INFO] [stderr]    Compiling anstream v0.6.17
[INFO] [stderr]    Compiling succinct v0.5.2
[INFO] [stderr]    Compiling bytecount v0.6.8
[INFO] [stderr]    Compiling base64 v0.21.7
[INFO] [stderr]    Compiling powerfmt v0.2.0
[INFO] [stderr]    Compiling sha1 v0.10.6
[INFO] [stderr]    Compiling event-listener-strategy v0.5.2
[INFO] [stderr]    Compiling encoding_rs v0.8.35
[INFO] [stderr]    Compiling matchit v0.7.3
[INFO] [stderr]    Compiling url v2.5.2
[INFO] [stderr]    Compiling ipnet v2.10.1
[INFO] [stderr]    Compiling num-conv v0.1.0
[INFO] [stderr]    Compiling clap_builder v4.5.20
[INFO] [stderr]    Compiling webpki-roots v0.25.4
[INFO] [stderr]    Compiling base64 v0.22.1
[INFO] [stderr]    Compiling bitflags v2.6.0
[INFO] [stderr]    Compiling rustls-pemfile v1.0.4
[INFO] [stderr]    Compiling time-core v0.1.2
[INFO] [stderr]    Compiling async-channel v2.3.1
[INFO] [stderr]    Compiling lazy_static v1.5.0
[INFO] [stderr]    Compiling darling_core v0.20.10
[INFO] [stderr]    Compiling futures-macro v0.3.31
[INFO] [stderr]    Compiling zerocopy-derive v0.7.35
[INFO] [stderr]    Compiling tokio-macros v2.4.0
[INFO] [stderr]    Compiling serde_derive v1.0.214
[INFO] [stderr]    Compiling tracing-attributes v0.1.27
[INFO] [stderr]    Compiling thiserror-impl v1.0.66
[INFO] [stderr]    Compiling async-trait v0.1.83
[INFO] [stderr]    Compiling axum-macros v0.4.2
[INFO] [stderr]    Compiling clap_derive v4.5.18
[INFO] [stderr]    Compiling linkme-impl v0.3.29
[INFO] [stderr]    Compiling cfg_eval v0.1.2
[INFO] [stderr]    Compiling trait-variant v0.1.2
[INFO] [stderr]    Compiling tokio v1.41.0
[INFO] [stderr]    Compiling linkme v0.3.29
[INFO] [stderr]    Compiling zerocopy v0.7.35
[INFO] [stderr]    Compiling futures-util v0.3.31
[INFO] [stderr]    Compiling tracing v0.1.40
[INFO] [stderr]    Compiling darling_macro v0.20.10
[INFO] [stderr]    Compiling tower v0.4.13
[INFO] [stderr]    Compiling sct v0.7.1
[INFO] [stderr]    Compiling rustls-webpki v0.101.7
[INFO] [stderr]    Compiling darling v0.20.10
[INFO] [stderr]    Compiling ppv-lite86 v0.2.20
[INFO] [stderr]    Compiling serde_with_macros v3.11.0
[INFO] [stderr]    Compiling clap v4.5.20
[INFO] [stderr]    Compiling rand_chacha v0.3.1
[INFO] [stderr]    Compiling rand v0.8.5
[INFO] [stderr]    Compiling tungstenite v0.24.0
[INFO] [stderr]    Compiling pdatastructs v0.7.0
[INFO] [stderr]    Compiling tungstenite v0.21.0
[INFO] [stderr]    Compiling rand_distr v0.4.3
[INFO] [stderr]    Compiling http-body-util v0.1.2
[INFO] [stderr]    Compiling axum-core v0.4.5
[INFO] [stderr]    Compiling tower-http v0.5.2
[INFO] [stderr]    Compiling tokio-util v0.7.12
[INFO] [stderr]    Compiling tokio-rustls v0.24.1
[INFO] [stderr]    Compiling hyper v1.5.0
[INFO] [stderr]    Compiling tower v0.5.1
[INFO] [stderr]    Compiling tokio-tungstenite v0.24.0
[INFO] [stderr]    Compiling tokio-tungstenite v0.21.0
[INFO] [stderr]    Compiling h2 v0.3.26
[INFO] [stderr]    Compiling hyper-util v0.1.10
[INFO] [stderr]    Compiling serde_urlencoded v0.7.1
[INFO] [stderr]    Compiling deranged v0.3.11
[INFO] [stderr]    Compiling serde_path_to_error v0.1.16
[INFO] [stderr]    Compiling serde_with v3.11.0
[INFO] [stderr]    Compiling bincode v1.3.3
[INFO] [stderr]    Compiling uuid v1.11.0
[INFO] [stderr]    Compiling time v0.3.36
[INFO] [stderr]    Compiling axum v0.7.7
[INFO] [stderr]    Compiling balter-core v0.5.1
[INFO] [stderr]    Compiling hyper v0.14.31
[INFO] [stderr]    Compiling hyper-rustls v0.24.2
[INFO] [stderr]    Compiling reqwest v0.11.27
[INFO] [stderr]    Compiling balter-runtime v0.3.1 (/opt/rustwide/workdir)
[INFO] [stderr]     Finished `dev` profile [unoptimized + debuginfo] target(s) in 23.48s
[INFO] running `Command { std: "docker" "inspect" "5130c70a0eaf1540490d547140a1e5260d37f59e7c6f485dc8d3ec37e11b2d0f", kill_on_drop: false }`
[INFO] running `Command { std: "docker" "rm" "-f" "5130c70a0eaf1540490d547140a1e5260d37f59e7c6f485dc8d3ec37e11b2d0f", kill_on_drop: false }`
[INFO] [stdout] 5130c70a0eaf1540490d547140a1e5260d37f59e7c6f485dc8d3ec37e11b2d0f
[INFO] running `Command { std: "docker" "create" "-v" "/var/lib/crater-agent-workspace/builds/worker-0-tc2/target:/opt/rustwide/target:rw,Z" "-v" "/var/lib/crater-agent-workspace/builds/worker-0-tc2/source:/opt/rustwide/workdir:ro,Z" "-v" "/var/lib/crater-agent-workspace/cargo-home:/opt/rustwide/cargo-home:ro,Z" "-v" "/var/lib/crater-agent-workspace/rustup-home:/opt/rustwide/rustup-home:ro,Z" "-e" "SOURCE_DIR=/opt/rustwide/workdir" "-e" "CARGO_TARGET_DIR=/opt/rustwide/target" "-e" "CARGO_INCREMENTAL=0" "-e" "RUST_BACKTRACE=full" "-e" "RUSTFLAGS=--cap-lints=forbid -Zrandomize-layout" "-e" "RUSTDOCFLAGS=--cap-lints=forbid" "-e" "CARGO_HOME=/opt/rustwide/cargo-home" "-e" "RUSTUP_HOME=/opt/rustwide/rustup-home" "-w" "/opt/rustwide/workdir" "-m" "1610612736" "--user" "0:0" "--network" "none" "ghcr.io/rust-lang/crates-build-env/linux@sha256:4a844ea9eb2546a2d2c7022eacef16ef2e8229c7fbb2c7d4d55a9ceca922f72d" "/opt/rustwide/cargo-home/bin/cargo" "+nightly-2024-10-28" "test" "--frozen" "--no-run" "--message-format=json", kill_on_drop: false }`
[INFO] [stdout] ce15cbb670debb929415e0b89905360de56a9c6672152335c01f2e5df899e050
[INFO] running `Command { std: "docker" "start" "-a" "ce15cbb670debb929415e0b89905360de56a9c6672152335c01f2e5df899e050", kill_on_drop: false }`
[INFO] [stderr]    Compiling log v0.4.22
[INFO] [stderr]    Compiling tracing-core v0.1.32
[INFO] [stderr]    Compiling regex-syntax v0.8.5
[INFO] [stderr]    Compiling regex-syntax v0.6.29
[INFO] [stderr]    Compiling overload v0.1.1
[INFO] [stderr]    Compiling sharded-slab v0.1.7
[INFO] [stderr]    Compiling thread_local v1.1.8
[INFO] [stderr]    Compiling tracing-test-macro v0.2.5
[INFO] [stderr]    Compiling nu-ansi-term v0.46.0
[INFO] [stderr]    Compiling rustls v0.21.12
[INFO] [stderr]    Compiling tungstenite v0.24.0
[INFO] [stderr]    Compiling tungstenite v0.21.0
[INFO] [stderr]    Compiling tracing v0.1.40
[INFO] [stderr]    Compiling tracing-log v0.2.0
[INFO] [stderr]    Compiling h2 v0.3.26
[INFO] [stderr]    Compiling tower v0.5.1
[INFO] [stderr]    Compiling axum-core v0.4.5
[INFO] [stderr]    Compiling tower v0.4.13
[INFO] [stderr]    Compiling tower-http v0.5.2
[INFO] [stderr]    Compiling tokio-tungstenite v0.21.0
[INFO] [stderr]    Compiling tokio-tungstenite v0.24.0
[INFO] [stderr]    Compiling regex-automata v0.4.8
[INFO] [stderr]    Compiling regex-automata v0.1.10
[INFO] [stderr]    Compiling tokio-rustls v0.24.1
[INFO] [stderr]    Compiling matchers v0.1.0
[INFO] [stderr]    Compiling axum v0.7.7
[INFO] [stderr]    Compiling regex v1.11.1
[INFO] [stderr]    Compiling tracing-subscriber v0.3.18
[INFO] [stderr]    Compiling hyper v0.14.31
[INFO] [stderr]    Compiling tracing-test v0.2.5
[INFO] [stderr]    Compiling hyper-rustls v0.24.2
[INFO] [stderr]    Compiling reqwest v0.11.27
[INFO] [stderr]    Compiling balter-runtime v0.3.1 (/opt/rustwide/workdir)
[INFO] [stdout] error: linking with `cc` failed: exit status: 1
[INFO] [stdout]   |
[INFO] [stdout]   = note: LC_ALL="C" PATH="/opt/rustwide/rustup-home/toolchains/nightly-2024-10-28-x86_64-unknown-linux-gnu/lib/rustlib/x86_64-unknown-linux-gnu/bin:/opt/rustwide/rustup-home/toolchains/nightly-2024-10-28-x86_64-unknown-linux-gnu/lib/rustlib/x86_64-unknown-linux-gnu/bin/self-contained:/opt/rustwide/cargo-home/bin:/usr/local/sbin:/usr/local/bin:/usr/sbin:/usr/bin:/sbin:/bin" VSLANG="1033" "cc" "-m64" "/tmp/rustcaEEukU/symbols.o" "/opt/rustwide/target/debug/deps/balter_runtime-a0d33476e5823562.balter_runtime.867abc7073859e00-cgu.00.rcgu.o" "/opt/rustwide/target/debug/deps/balter_runtime-a0d33476e5823562.balter_runtime.867abc7073859e00-cgu.01.rcgu.o" "/opt/rustwide/target/debug/deps/balter_runtime-a0d33476e5823562.balter_runtime.867abc7073859e00-cgu.02.rcgu.o" "/opt/rustwide/target/debug/deps/balter_runtime-a0d33476e5823562.balter_runtime.867abc7073859e00-cgu.03.rcgu.o" "/opt/rustwide/target/debug/deps/balter_runtime-a0d33476e5823562.balter_runtime.867abc7073859e00-cgu.04.rcgu.o" "/opt/rustwide/target/debug/deps/balter_runtime-a0d33476e5823562.balter_runtime.867abc7073859e00-cgu.05.rcgu.o" "/opt/rustwide/target/debug/deps/balter_runtime-a0d33476e5823562.balter_runtime.867abc7073859e00-cgu.06.rcgu.o" "/opt/rustwide/target/debug/deps/balter_runtime-a0d33476e5823562.balter_runtime.867abc7073859e00-cgu.07.rcgu.o" "/opt/rustwide/target/debug/deps/balter_runtime-a0d33476e5823562.balter_runtime.867abc7073859e00-cgu.08.rcgu.o" "/opt/rustwide/target/debug/deps/balter_runtime-a0d33476e5823562.balter_runtime.867abc7073859e00-cgu.09.rcgu.o" "/opt/rustwide/target/debug/deps/balter_runtime-a0d33476e5823562.balter_runtime.867abc7073859e00-cgu.10.rcgu.o" "/opt/rustwide/target/debug/deps/balter_runtime-a0d33476e5823562.balter_runtime.867abc7073859e00-cgu.11.rcgu.o" "/opt/rustwide/target/debug/deps/balter_runtime-a0d33476e5823562.balter_runtime.867abc7073859e00-cgu.12.rcgu.o" "/opt/rustwide/target/debug/deps/balter_runtime-a0d33476e5823562.balter_runtime.867abc7073859e00-cgu.13.rcgu.o" "/opt/rustwide/target/debug/deps/balter_runtime-a0d33476e5823562.balter_runtime.867abc7073859e00-cgu.14.rcgu.o" "/opt/rustwide/target/debug/deps/balter_runtime-a0d33476e5823562.balter_runtime.867abc7073859e00-cgu.15.rcgu.o" "/opt/rustwide/target/debug/deps/balter_runtime-a0d33476e5823562.1ppnt82mfthwfb9anevxc2ijp.rcgu.o" "-Wl,--as-needed" "-Wl,-Bstatic" "/opt/rustwide/target/debug/deps/libtime-3cc1011ced54d58c.rlib" "/opt/rustwide/target/debug/deps/libtime_core-f088bdeda82daaaf.rlib" "/opt/rustwide/target/debug/deps/libnum_conv-c07d2bc8a05763c7.rlib" "/opt/rustwide/target/debug/deps/libderanged-2766882f8aa99b57.rlib" "/opt/rustwide/target/debug/deps/libpowerfmt-b5bd7be737233b4b.rlib" "/opt/rustwide/target/debug/deps/libbincode-6f33e9c638d2a34d.rlib" "/opt/rustwide/rustup-home/toolchains/nightly-2024-10-28-x86_64-unknown-linux-gnu/lib/rustlib/x86_64-unknown-linux-gnu/lib/libtest-a09fad3b5321e7d6.rlib" "/opt/rustwide/rustup-home/toolchains/nightly-2024-10-28-x86_64-unknown-linux-gnu/lib/rustlib/x86_64-unknown-linux-gnu/lib/libgetopts-f9c3dff41ad42661.rlib" "/opt/rustwide/rustup-home/toolchains/nightly-2024-10-28-x86_64-unknown-linux-gnu/lib/rustlib/x86_64-unknown-linux-gnu/lib/libunicode_width-ad2aef31af6addd3.rlib" "/opt/rustwide/rustup-home/toolchains/nightly-2024-10-28-x86_64-unknown-linux-gnu/lib/rustlib/x86_64-unknown-linux-gnu/lib/librustc_std_workspace_std-e3f907dc03deb913.rlib" "/opt/rustwide/target/debug/deps/libtracing_test-f15f3d4d51d57e1c.rlib" "/opt/rustwide/target/debug/deps/libtracing_subscriber-14d80a4c2d1a0460.rlib" "/opt/rustwide/target/debug/deps/libnu_ansi_term-539d6c8f66d1b861.rlib" "/opt/rustwide/target/debug/deps/liboverload-667acc2908675926.rlib" "/opt/rustwide/target/debug/deps/libsharded_slab-95991d1034e4c6b5.rlib" "/opt/rustwide/target/debug/deps/libmatchers-1ab677d3d7cbfd9c.rlib" "/opt/rustwide/target/debug/deps/libregex_automata-76d9ee70e58e8db4.rlib" "/opt/rustwide/target/debug/deps/libregex_syntax-5ceaa91920579a46.rlib" "/opt/rustwide/target/debug/deps/libregex-8b86ec55c239bfc5.rlib" "/opt/rustwide/target/debug/deps/libregex_automata-75015f6a773ed5a7.rlib" "/opt/rustwide/target/debug/deps/libregex_syntax-535187a0fa603608.rlib" "/opt/rustwide/target/debug/deps/libthread_local-cd16fe5a28833775.rlib" "/opt/rustwide/target/debug/deps/libtracing_log-1dfef79cd1695e5f.rlib" "/opt/rustwide/target/debug/deps/libtower_http-8fc9ebcb6a86f970.rlib" "/opt/rustwide/target/debug/deps/libbitflags-37f44213647a4ace.rlib" "/opt/rustwide/target/debug/deps/libtower-f410bf90629fca10.rlib" "/opt/rustwide/target/debug/deps/libaxum-d438872143133ad0.rlib" "/opt/rustwide/target/debug/deps/libserde_path_to_error-408c40439275bb4b.rlib" "/opt/rustwide/target/debug/deps/libserde_json-288758a173b0b115.rlib" "/opt/rustwide/target/debug/deps/libmemchr-c7ff0286392b94eb.rlib" "/opt/rustwide/target/debug/deps/libserde_urlencoded-fab2f299cf8cb2e7.rlib" "/opt/rustwide/target/debug/deps/libryu-2ae7af5af0bb88e0.rlib" "/opt/rustwide/target/debug/deps/libmatchit-9130691b8ad33483.rlib" "/opt/rustwide/target/debug/deps/libbase64-c167c3eb3ecc322f.rlib" "/opt/rustwide/target/debug/deps/libtokio_tungstenite-721659f38b324cfc.rlib" "/opt/rustwide/target/debug/deps/libtungstenite-e1a6c9a07c8350bc.rlib" "/opt/rustwide/target/debug/deps/libhyper_util-e17a54772aaa1e0b.rlib" "/opt/rustwide/target/debug/deps/libhyper-d5b7052d672eb572.rlib" "/opt/rustwide/target/debug/deps/libsmallvec-2bf71e8326cc0d46.rlib" "/opt/rustwide/target/debug/deps/libhttpdate-cec10d4fe91818dd.rlib" "/opt/rustwide/target/debug/deps/libfutures_channel-481fc5026c84318a.rlib" "/opt/rustwide/target/debug/deps/libaxum_core-6a563dc6566aaea0.rlib" "/opt/rustwide/target/debug/deps/libmime-34c62d26cca01717.rlib" "/opt/rustwide/target/debug/deps/libsync_wrapper-4b31b37e719a83d0.rlib" "/opt/rustwide/target/debug/deps/libhttp_body_util-370d7fd8a861e086.rlib" "/opt/rustwide/target/debug/deps/libhttp_body-6f948388504fd55b.rlib" "/opt/rustwide/target/debug/deps/libtower-be3c4a6d9c0e77ff.rlib" "/opt/rustwide/target/debug/deps/libsync_wrapper-e6943188b4be07f5.rlib" "/opt/rustwide/target/debug/deps/libtower_layer-09b99c36a0da47bf.rlib" "/opt/rustwide/target/debug/deps/libtower_service-44dbed632a843492.rlib" "/opt/rustwide/target/debug/deps/libuuid-c5981d9d91a0b1d4.rlib" "/opt/rustwide/target/debug/deps/libtokio_tungstenite-157675eb93093d13.rlib" "/opt/rustwide/target/debug/deps/libtokio-5e960bb57ac0afe5.rlib" "/opt/rustwide/target/debug/deps/libsocket2-94d402ae640d2535.rlib" "/opt/rustwide/target/debug/deps/libmio-b327f5bccc20d3a1.rlib" "/opt/rustwide/target/debug/deps/libfutures_util-cc1ab3a2b380b39b.rlib" "/opt/rustwide/target/debug/deps/libslab-d637e80c635d9ae6.rlib" "/opt/rustwide/target/debug/deps/libfutures_sink-96446479240e3330.rlib" "/opt/rustwide/target/debug/deps/libfutures_task-6b7e7a881f61604a.rlib" "/opt/rustwide/target/debug/deps/libpin_utils-76c2785263cdb1c1.rlib" "/opt/rustwide/target/debug/deps/libtungstenite-ce480815831962ce.rlib" "/opt/rustwide/target/debug/deps/libdata_encoding-732fa069be813c83.rlib" "/opt/rustwide/target/debug/deps/librand-3845bbdfc47fee0d.rlib" "/opt/rustwide/target/debug/deps/librand_chacha-6282570f06ef2473.rlib" "/opt/rustwide/target/debug/deps/libppv_lite86-82c83b2563cc9c23.rlib" "/opt/rustwide/target/debug/deps/libzerocopy-fddeb6139e166ef0.rlib" "/opt/rustwide/target/debug/deps/librand_core-0300dee92e55e3b5.rlib" "/opt/rustwide/target/debug/deps/libgetrandom-54cd17dd5507d029.rlib" "/opt/rustwide/target/debug/deps/liblibc-663f09ba3db1840e.rlib" "/opt/rustwide/target/debug/deps/libutf8-d1a3605d87052b93.rlib" "/opt/rustwide/target/debug/deps/libbyteorder-921e9eb05e03d6ac.rlib" "/opt/rustwide/target/debug/deps/libsha1-3fe5a003f08bc91b.rlib" "/opt/rustwide/target/debug/deps/libcpufeatures-41282f1ae5bdd7cf.rlib" "/opt/rustwide/target/debug/deps/libcfg_if-57bf25c23e31efdb.rlib" "/opt/rustwide/target/debug/deps/libdigest-ad270720b64b56a0.rlib" "/opt/rustwide/target/debug/deps/libblock_buffer-90f91f4f164fc7ea.rlib" "/opt/rustwide/target/debug/deps/libcrypto_common-b04de5b5712dc49f.rlib" "/opt/rustwide/target/debug/deps/libgeneric_array-d2a92b2da2a24109.rlib" "/opt/rustwide/target/debug/deps/libtypenum-5326f72807cfe834.rlib" "/opt/rustwide/target/debug/deps/libhttparse-51f001110b5a7f34.rlib" "/opt/rustwide/target/debug/deps/liburl-3ecc82cacc8bd093.rlib" "/opt/rustwide/target/debug/deps/libidna-077fbd60ed77fff8.rlib" "/opt/rustwide/target/debug/deps/libunicode_normalization-9ddc68976d8cc053.rlib" "/opt/rustwide/target/debug/deps/libtinyvec-51759a03d8e7a380.rlib" "/opt/rustwide/target/debug/deps/libtinyvec_macros-66661c55905090ec.rlib" "/opt/rustwide/target/debug/deps/libunicode_bidi-7cad909d6a4c23f7.rlib" "/opt/rustwide/target/debug/deps/libform_urlencoded-07a2dedb236e9598.rlib" "/opt/rustwide/target/debug/deps/libpercent_encoding-a400589552762a21.rlib" "/opt/rustwide/target/debug/deps/libhttp-d299e842755e0015.rlib" "/opt/rustwide/target/debug/deps/libitoa-add5260810035b6e.rlib" "/opt/rustwide/target/debug/deps/libbytes-6a4c7ea0a880895d.rlib" "/opt/rustwide/target/debug/deps/libfnv-574dedeaa4c89e1d.rlib" "/opt/rustwide/target/debug/deps/libthiserror-1f7a2bf0ce1639a5.rlib" "/opt/rustwide/target/debug/deps/libtracing-d4a4775b0a83e843.rlib" "/opt/rustwide/target/debug/deps/liblog-e7e7e8ec9ff686da.rlib" "/opt/rustwide/target/debug/deps/libtracing_core-fa903d4bca1d333f.rlib" "/opt/rustwide/target/debug/deps/libonce_cell-6dc575c335e8f5a1.rlib" "/opt/rustwide/target/debug/deps/liblinkme-cda3a4562bca9755.rlib" "/opt/rustwide/target/debug/deps/liblazy_static-7af2f34f8b124b26.rlib" "/opt/rustwide/target/debug/deps/libclap-981f63d395831fb2.rlib" "/opt/rustwide/target/debug/deps/libclap_builder-31d9165ce11f1cdf.rlib" "/opt/rustwide/target/debug/deps/libstrsim-0c998b0290db27b9.rlib" "/opt/rustwide/target/debug/deps/libanstream-5920f9feca0f8587.rlib" "/opt/rustwide/target/debug/deps/libanstyle_query-969be7d9892771ef.rlib" "/opt/rustwide/target/debug/deps/libis_terminal_polyfill-30f534156c1fa16c.rlib" "/opt/rustwide/target/debug/deps/libcolorchoice-14e97c6bdda49f77.rlib" "/opt/rustwide/target/debug/deps/libanstyle_parse-48e11a21b08f3f92.rlib" "/opt/rustwide/target/debug/deps/libutf8parse-d435e47da5544871.rlib" "/opt/rustwide/target/debug/deps/libclap_lex-35f335480f0490f5.rlib" "/opt/rustwide/target/debug/deps/libanstyle-adce9495d9af889f.rlib" "/opt/rustwide/target/debug/deps/libbalter_core-5f1e65456b129a10.rlib" "/opt/rustwide/target/debug/deps/libserde_with-02fbf71261990022.rlib" "/opt/rustwide/target/debug/deps/libserde-b36fb064d6d256ca.rlib" "/opt/rustwide/target/debug/deps/libasync_channel-848031af61ddfec1.rlib" "/opt/rustwide/target/debug/deps/libfutures_core-3267ce8fda4a14eb.rlib" "/opt/rustwide/target/debug/deps/libevent_listener_strategy-6d7053975bb6a3d8.rlib" "/opt/rustwide/target/debug/deps/libevent_listener-9b7f4b83d9e1910b.rlib" "/opt/rustwide/target/debug/deps/libparking-830295ee54f1534e.rlib" "/opt/rustwide/target/debug/deps/libpin_project_lite-2633596a5f246a3b.rlib" "/opt/rustwide/target/debug/deps/libconcurrent_queue-3b1cef725cb9066c.rlib" "/opt/rustwide/target/debug/deps/libcrossbeam_utils-92ce0696da2b5f4d.rlib" "/opt/rustwide/rustup-home/toolchains/nightly-2024-10-28-x86_64-unknown-linux-gnu/lib/rustlib/x86_64-unknown-linux-gnu/lib/libstd-fb8c387236db3c10.rlib" "/opt/rustwide/rustup-home/toolchains/nightly-2024-10-28-x86_64-unknown-linux-gnu/lib/rustlib/x86_64-unknown-linux-gnu/lib/libpanic_unwind-b251837809b2f64b.rlib" "/opt/rustwide/rustup-home/toolchains/nightly-2024-10-28-x86_64-unknown-linux-gnu/lib/rustlib/x86_64-unknown-linux-gnu/lib/libobject-cbef83eaa4e01f04.rlib" "/opt/rustwide/rustup-home/toolchains/nightly-2024-10-28-x86_64-unknown-linux-gnu/lib/rustlib/x86_64-unknown-linux-gnu/lib/libmemchr-12a772286de2fca7.rlib" "/opt/rustwide/rustup-home/toolchains/nightly-2024-10-28-x86_64-unknown-linux-gnu/lib/rustlib/x86_64-unknown-linux-gnu/lib/libaddr2line-023bbe5ada7abfc3.rlib" "/opt/rustwide/rustup-home/toolchains/nightly-2024-10-28-x86_64-unknown-linux-gnu/lib/rustlib/x86_64-unknown-linux-gnu/lib/libgimli-de2bcdf10ec69c2b.rlib" "/opt/rustwide/rustup-home/toolchains/nightly-2024-10-28-x86_64-unknown-linux-gnu/lib/rustlib/x86_64-unknown-linux-gnu/lib/librustc_demangle-8e1754df350800fd.rlib" "/opt/rustwide/rustup-home/toolchains/nightly-2024-10-28-x86_64-unknown-linux-gnu/lib/rustlib/x86_64-unknown-linux-gnu/lib/libstd_detect-06c2ab7b9c32e037.rlib" "/opt/rustwide/rustup-home/toolchains/nightly-2024-10-28-x86_64-unknown-linux-gnu/lib/rustlib/x86_64-unknown-linux-gnu/lib/libhashbrown-51d2621fc57a281b.rlib" "/opt/rustwide/rustup-home/toolchains/nightly-2024-10-28-x86_64-unknown-linux-gnu/lib/rustlib/x86_64-unknown-linux-gnu/lib/librustc_std_workspace_alloc-54a930408793772f.rlib" "/opt/rustwide/rustup-home/toolchains/nightly-2024-10-28-x86_64-unknown-linux-gnu/lib/rustlib/x86_64-unknown-linux-gnu/lib/libminiz_oxide-0c7d01cba400dcb2.rlib" "/opt/rustwide/rustup-home/toolchains/nightly-2024-10-28-x86_64-unknown-linux-gnu/lib/rustlib/x86_64-unknown-linux-gnu/lib/libadler-b9f84d69e331b75b.rlib" "/opt/rustwide/rustup-home/toolchains/nightly-2024-10-28-x86_64-unknown-linux-gnu/lib/rustlib/x86_64-unknown-linux-gnu/lib/libunwind-eec95493246aae39.rlib" "/opt/rustwide/rustup-home/toolchains/nightly-2024-10-28-x86_64-unknown-linux-gnu/lib/rustlib/x86_64-unknown-linux-gnu/lib/libcfg_if-6f6676c475e08ab0.rlib" "/opt/rustwide/rustup-home/toolchains/nightly-2024-10-28-x86_64-unknown-linux-gnu/lib/rustlib/x86_64-unknown-linux-gnu/lib/liblibc-799d520624f8b2e0.rlib" "/opt/rustwide/rustup-home/toolchains/nightly-2024-10-28-x86_64-unknown-linux-gnu/lib/rustlib/x86_64-unknown-linux-gnu/lib/liballoc-fcf93d4842acd9a9.rlib" "/opt/rustwide/rustup-home/toolchains/nightly-2024-10-28-x86_64-unknown-linux-gnu/lib/rustlib/x86_64-unknown-linux-gnu/lib/librustc_std_workspace_core-395a38b8e0851c9b.rlib" "/opt/rustwide/rustup-home/toolchains/nightly-2024-10-28-x86_64-unknown-linux-gnu/lib/rustlib/x86_64-unknown-linux-gnu/lib/libcore-d453bab70303062c.rlib" "/opt/rustwide/rustup-home/toolchains/nightly-2024-10-28-x86_64-unknown-linux-gnu/lib/rustlib/x86_64-unknown-linux-gnu/lib/libcompiler_builtins-0e6386368b0a24e8.rlib" "-Wl,-Bdynamic" "-lgcc_s" "-lutil" "-lrt" "-lpthread" "-lm" "-ldl" "-lc" "-B/opt/rustwide/rustup-home/toolchains/nightly-2024-10-28-x86_64-unknown-linux-gnu/lib/rustlib/x86_64-unknown-linux-gnu/bin/gcc-ld" "-fuse-ld=lld" "-Wl,--eh-frame-hdr" "-Wl,-z,noexecstack" "-L" "/opt/rustwide/target/debug/build/ring-dde9b6b56ce77d69/out" "-L" "/opt/rustwide/rustup-home/toolchains/nightly-2024-10-28-x86_64-unknown-linux-gnu/lib/rustlib/x86_64-unknown-linux-gnu/lib" "-o" "/opt/rustwide/target/debug/deps/balter_runtime-a0d33476e5823562" "-Wl,--gc-sections" "-pie" "-Wl,-z,relro,-z,now" "-nodefaultlibs"
[INFO] [stdout]   = note: rust-lld: error: undefined symbol: __stop_linkm2_BALTER_SCENARIOS
[INFO] [stdout]           >>> referenced by balter_runtime.867abc7073859e00-cgu.09
[INFO] [stdout]           >>>               /opt/rustwide/target/debug/deps/balter_runtime-a0d33476e5823562.balter_runtime.867abc7073859e00-cgu.09.rcgu.o:(balter_runtime::runtime::BALTER_SCENARIOS::hf3310c166f5d5f2a)
[INFO] [stdout]           
[INFO] [stdout]           rust-lld: error: undefined symbol: __start_linkm2_BALTER_SCENARIOS
[INFO] [stdout]           >>> referenced by balter_runtime.867abc7073859e00-cgu.09
[INFO] [stdout]           >>>               /opt/rustwide/target/debug/deps/balter_runtime-a0d33476e5823562.balter_runtime.867abc7073859e00-cgu.09.rcgu.o:(balter_runtime::runtime::BALTER_SCENARIOS::hf3310c166f5d5f2a)
[INFO] [stdout]           >>> the encapsulation symbol needs to be retained under --gc-sections properly; consider -z nostart-stop-gc (see https://lld.llvm.org/ELF/start-stop-gc)
[INFO] [stdout]           
[INFO] [stdout]           rust-lld: error: undefined symbol: __start_linkme_BALTER_SCENARIOS
[INFO] [stdout]           >>> referenced by balter_runtime.867abc7073859e00-cgu.09
[INFO] [stdout]           >>>               /opt/rustwide/target/debug/deps/balter_runtime-a0d33476e5823562.balter_runtime.867abc7073859e00-cgu.09.rcgu.o:(balter_runtime::runtime::BALTER_SCENARIOS::hf3310c166f5d5f2a)
[INFO] [stdout]           >>> the encapsulation symbol needs to be retained under --gc-sections properly; consider -z nostart-stop-gc (see https://lld.llvm.org/ELF/start-stop-gc)
[INFO] [stdout]           
[INFO] [stdout]           rust-lld: error: undefined symbol: __stop_linkme_BALTER_SCENARIOS
[INFO] [stdout]           >>> referenced by balter_runtime.867abc7073859e00-cgu.09
[INFO] [stdout]           >>>               /opt/rustwide/target/debug/deps/balter_runtime-a0d33476e5823562.balter_runtime.867abc7073859e00-cgu.09.rcgu.o:(balter_runtime::runtime::BALTER_SCENARIOS::hf3310c166f5d5f2a)
[INFO] [stdout]           collect2: error: ld returned 1 exit status
[INFO] [stdout]           
[INFO] [stdout] 
[INFO] [stdout] 
[INFO] [stderr] error: could not compile `balter-runtime` (lib test) due to 1 previous error
[INFO] running `Command { std: "docker" "inspect" "ce15cbb670debb929415e0b89905360de56a9c6672152335c01f2e5df899e050", kill_on_drop: false }`
[INFO] running `Command { std: "docker" "rm" "-f" "ce15cbb670debb929415e0b89905360de56a9c6672152335c01f2e5df899e050", kill_on_drop: false }`
[INFO] [stdout] ce15cbb670debb929415e0b89905360de56a9c6672152335c01f2e5df899e050
