[INFO] fetching crate babl 0.1.2...
[INFO] testing babl-0.1.2 against nightly-2024-10-28 for randomize-layout
[INFO] extracting crate babl 0.1.2 into /workspace/builds/worker-7-tc1/source
[INFO] validating manifest of crates.io crate babl 0.1.2 on toolchain nightly-2024-10-28
[INFO] running `Command { std: CARGO_HOME="/workspace/cargo-home" RUSTUP_HOME="/workspace/rustup-home" "/workspace/cargo-home/bin/cargo" "+nightly-2024-10-28" "metadata" "--manifest-path" "Cargo.toml" "--no-deps", kill_on_drop: false }`
[INFO] started tweaking crates.io crate babl 0.1.2
[INFO] finished tweaking crates.io crate babl 0.1.2
[INFO] tweaked toml for crates.io crate babl 0.1.2 written to /workspace/builds/worker-7-tc1/source/Cargo.toml
[INFO] running `Command { std: CARGO_HOME="/workspace/cargo-home" RUSTUP_HOME="/workspace/rustup-home" "/workspace/cargo-home/bin/cargo" "+nightly-2024-10-28" "generate-lockfile" "--manifest-path" "Cargo.toml", kill_on_drop: false }`
[INFO] [stderr]     Updating crates.io index
[INFO] [stderr]      Locking 25 packages to latest compatible versions
[INFO] running `Command { std: CARGO_HOME="/workspace/cargo-home" RUSTUP_HOME="/workspace/rustup-home" "/workspace/cargo-home/bin/cargo" "+nightly-2024-10-28" "fetch" "--manifest-path" "Cargo.toml", kill_on_drop: false }`
[INFO] [stderr]  Downloading crates ...
[INFO] [stderr]   Downloaded babl-sys v0.1.1
[INFO] running `Command { std: "docker" "create" "-v" "/var/lib/crater-agent-workspace/builds/worker-7-tc1/target:/opt/rustwide/target:rw,Z" "-v" "/var/lib/crater-agent-workspace/builds/worker-7-tc1/source:/opt/rustwide/workdir:ro,Z" "-v" "/var/lib/crater-agent-workspace/cargo-home:/opt/rustwide/cargo-home:ro,Z" "-v" "/var/lib/crater-agent-workspace/rustup-home:/opt/rustwide/rustup-home:ro,Z" "-e" "SOURCE_DIR=/opt/rustwide/workdir" "-e" "CARGO_TARGET_DIR=/opt/rustwide/target" "-e" "CARGO_HOME=/opt/rustwide/cargo-home" "-e" "RUSTUP_HOME=/opt/rustwide/rustup-home" "-w" "/opt/rustwide/workdir" "-m" "1610612736" "--user" "0:0" "--network" "none" "ghcr.io/rust-lang/crates-build-env/linux@sha256:4a844ea9eb2546a2d2c7022eacef16ef2e8229c7fbb2c7d4d55a9ceca922f72d" "/opt/rustwide/cargo-home/bin/cargo" "+nightly-2024-10-28" "metadata" "--no-deps" "--format-version=1", kill_on_drop: false }`
[INFO] [stdout] 0a54eaac484aeb71aef4f2de1de519b943bae19b7dcd659610ebbc8bad7723ba
[INFO] running `Command { std: "docker" "start" "-a" "0a54eaac484aeb71aef4f2de1de519b943bae19b7dcd659610ebbc8bad7723ba", kill_on_drop: false }`
[INFO] running `Command { std: "docker" "inspect" "0a54eaac484aeb71aef4f2de1de519b943bae19b7dcd659610ebbc8bad7723ba", kill_on_drop: false }`
[INFO] running `Command { std: "docker" "rm" "-f" "0a54eaac484aeb71aef4f2de1de519b943bae19b7dcd659610ebbc8bad7723ba", kill_on_drop: false }`
[INFO] [stdout] 0a54eaac484aeb71aef4f2de1de519b943bae19b7dcd659610ebbc8bad7723ba
[INFO] running `Command { std: "docker" "create" "-v" "/var/lib/crater-agent-workspace/builds/worker-7-tc1/target:/opt/rustwide/target:rw,Z" "-v" "/var/lib/crater-agent-workspace/builds/worker-7-tc1/source:/opt/rustwide/workdir:ro,Z" "-v" "/var/lib/crater-agent-workspace/cargo-home:/opt/rustwide/cargo-home:ro,Z" "-v" "/var/lib/crater-agent-workspace/rustup-home:/opt/rustwide/rustup-home:ro,Z" "-e" "SOURCE_DIR=/opt/rustwide/workdir" "-e" "CARGO_TARGET_DIR=/opt/rustwide/target" "-e" "CARGO_INCREMENTAL=0" "-e" "RUST_BACKTRACE=full" "-e" "RUSTFLAGS=--cap-lints=forbid" "-e" "RUSTDOCFLAGS=--cap-lints=forbid" "-e" "CARGO_HOME=/opt/rustwide/cargo-home" "-e" "RUSTUP_HOME=/opt/rustwide/rustup-home" "-w" "/opt/rustwide/workdir" "-m" "1610612736" "--user" "0:0" "--network" "none" "ghcr.io/rust-lang/crates-build-env/linux@sha256:4a844ea9eb2546a2d2c7022eacef16ef2e8229c7fbb2c7d4d55a9ceca922f72d" "/opt/rustwide/cargo-home/bin/cargo" "+nightly-2024-10-28" "build" "--frozen" "--message-format=json", kill_on_drop: false }`
[INFO] [stdout] c72694b7ebe4c7e33e8535c551b563978724bf5c8faa2c049154b73e873e9f3d
[INFO] running `Command { std: "docker" "start" "-a" "c72694b7ebe4c7e33e8535c551b563978724bf5c8faa2c049154b73e873e9f3d", kill_on_drop: false }`
[INFO] [stderr]    Compiling serde v1.0.214
[INFO] [stderr]    Compiling target-lexicon v0.12.16
[INFO] [stderr]    Compiling equivalent v1.0.1
[INFO] [stderr]    Compiling hashbrown v0.15.0
[INFO] [stderr]    Compiling winnow v0.6.20
[INFO] [stderr]    Compiling smallvec v1.13.2
[INFO] [stderr]    Compiling version-compare v0.2.0
[INFO] [stderr]    Compiling heck v0.5.0
[INFO] [stderr]    Compiling cfg-expr v0.17.0
[INFO] [stderr]    Compiling indexmap v2.6.0
[INFO] [stderr]    Compiling toml_datetime v0.6.8
[INFO] [stderr]    Compiling serde_spanned v0.6.8
[INFO] [stderr]    Compiling toml_edit v0.22.22
[INFO] [stderr]    Compiling toml v0.8.19
[INFO] [stderr]    Compiling system-deps v7.0.3
[INFO] [stderr]    Compiling babl-sys v0.1.1
[INFO] [stderr]    Compiling babl v0.1.2 (/opt/rustwide/workdir)
[INFO] [stderr]     Finished `dev` profile [unoptimized + debuginfo] target(s) in 7.95s
[INFO] running `Command { std: "docker" "inspect" "c72694b7ebe4c7e33e8535c551b563978724bf5c8faa2c049154b73e873e9f3d", kill_on_drop: false }`
[INFO] running `Command { std: "docker" "rm" "-f" "c72694b7ebe4c7e33e8535c551b563978724bf5c8faa2c049154b73e873e9f3d", kill_on_drop: false }`
[INFO] [stdout] c72694b7ebe4c7e33e8535c551b563978724bf5c8faa2c049154b73e873e9f3d
[INFO] running `Command { std: "docker" "create" "-v" "/var/lib/crater-agent-workspace/builds/worker-7-tc1/target:/opt/rustwide/target:rw,Z" "-v" "/var/lib/crater-agent-workspace/builds/worker-7-tc1/source:/opt/rustwide/workdir:ro,Z" "-v" "/var/lib/crater-agent-workspace/cargo-home:/opt/rustwide/cargo-home:ro,Z" "-v" "/var/lib/crater-agent-workspace/rustup-home:/opt/rustwide/rustup-home:ro,Z" "-e" "SOURCE_DIR=/opt/rustwide/workdir" "-e" "CARGO_TARGET_DIR=/opt/rustwide/target" "-e" "CARGO_INCREMENTAL=0" "-e" "RUST_BACKTRACE=full" "-e" "RUSTFLAGS=--cap-lints=forbid" "-e" "RUSTDOCFLAGS=--cap-lints=forbid" "-e" "CARGO_HOME=/opt/rustwide/cargo-home" "-e" "RUSTUP_HOME=/opt/rustwide/rustup-home" "-w" "/opt/rustwide/workdir" "-m" "1610612736" "--user" "0:0" "--network" "none" "ghcr.io/rust-lang/crates-build-env/linux@sha256:4a844ea9eb2546a2d2c7022eacef16ef2e8229c7fbb2c7d4d55a9ceca922f72d" "/opt/rustwide/cargo-home/bin/cargo" "+nightly-2024-10-28" "test" "--frozen" "--no-run" "--message-format=json", kill_on_drop: false }`
[INFO] [stdout] 9b648fc48e57a14c43e90384507aeb027ea3f58815e9b500789c233a95223bfa
[INFO] running `Command { std: "docker" "start" "-a" "9b648fc48e57a14c43e90384507aeb027ea3f58815e9b500789c233a95223bfa", kill_on_drop: false }`
[INFO] [stderr]    Compiling serde v1.0.214
[INFO] [stderr]    Compiling winnow v0.6.20
[INFO] [stderr]    Compiling version-compare v0.2.0
[INFO] [stderr]    Compiling pkg-config v0.3.31
[INFO] [stderr]    Compiling heck v0.5.0
[INFO] [stderr]    Compiling target-lexicon v0.12.16
[INFO] [stderr]    Compiling cfg-expr v0.17.0
[INFO] [stderr]    Compiling serde_spanned v0.6.8
[INFO] [stderr]    Compiling toml_datetime v0.6.8
[INFO] [stderr]    Compiling toml_edit v0.22.22
[INFO] [stderr]    Compiling toml v0.8.19
[INFO] [stderr]    Compiling system-deps v7.0.3
[INFO] [stderr]    Compiling babl-sys v0.1.1
[INFO] [stderr]    Compiling babl v0.1.2 (/opt/rustwide/workdir)
[INFO] [stdout] error: linking with `cc` failed: exit status: 1
[INFO] [stdout]   |
[INFO] [stdout]   = note: LC_ALL="C" PATH="/opt/rustwide/rustup-home/toolchains/nightly-2024-10-28-x86_64-unknown-linux-gnu/lib/rustlib/x86_64-unknown-linux-gnu/bin:/opt/rustwide/rustup-home/toolchains/nightly-2024-10-28-x86_64-unknown-linux-gnu/lib/rustlib/x86_64-unknown-linux-gnu/bin/self-contained:/opt/rustwide/cargo-home/bin:/usr/local/sbin:/usr/local/bin:/usr/sbin:/usr/bin:/sbin:/bin" VSLANG="1033" "cc" "-m64" "/tmp/rustcJzJ6KC/symbols.o" "/opt/rustwide/target/debug/deps/babl-6d0222614ef101c0.babl.7625b9d53f0d6202-cgu.0.rcgu.o" "/opt/rustwide/target/debug/deps/babl-6d0222614ef101c0.cqv1c4l0r8jc87n70g49a93nw.rcgu.o" "-Wl,--as-needed" "-Wl,-Bstatic" "/opt/rustwide/target/debug/deps/libsystem_deps-0035ce96e31abc53.rlib" "/opt/rustwide/target/debug/deps/libversion_compare-753139c481c62a1b.rlib" "/opt/rustwide/target/debug/deps/libpkg_config-db0be56b92fe1ffa.rlib" "/opt/rustwide/target/debug/deps/libcfg_expr-562f090d6ee30ab7.rlib" "/opt/rustwide/target/debug/deps/libtarget_lexicon-1c251f5d494ac6ec.rlib" "/opt/rustwide/target/debug/deps/libsmallvec-756ee87804f0eec5.rlib" "/opt/rustwide/target/debug/deps/libtoml-58a8ea04346161e8.rlib" "/opt/rustwide/target/debug/deps/libtoml_edit-c8881e7bb8d3aad9.rlib" "/opt/rustwide/target/debug/deps/libserde_spanned-0f533470b634329e.rlib" "/opt/rustwide/target/debug/deps/libindexmap-dc95a38cbf6415fa.rlib" "/opt/rustwide/target/debug/deps/libequivalent-9e89cbd86631a94f.rlib" "/opt/rustwide/target/debug/deps/libhashbrown-29cea3b674da82b3.rlib" "/opt/rustwide/target/debug/deps/libwinnow-0044679999eee54f.rlib" "/opt/rustwide/target/debug/deps/libtoml_datetime-b3675a063e5dda35.rlib" "/opt/rustwide/target/debug/deps/libserde-228eb9d983fcf8ca.rlib" "/opt/rustwide/target/debug/deps/libheck-6b72dd1319b96f78.rlib" "/opt/rustwide/rustup-home/toolchains/nightly-2024-10-28-x86_64-unknown-linux-gnu/lib/rustlib/x86_64-unknown-linux-gnu/lib/libtest-a09fad3b5321e7d6.rlib" "/opt/rustwide/rustup-home/toolchains/nightly-2024-10-28-x86_64-unknown-linux-gnu/lib/rustlib/x86_64-unknown-linux-gnu/lib/libgetopts-f9c3dff41ad42661.rlib" "/opt/rustwide/rustup-home/toolchains/nightly-2024-10-28-x86_64-unknown-linux-gnu/lib/rustlib/x86_64-unknown-linux-gnu/lib/libunicode_width-ad2aef31af6addd3.rlib" "/opt/rustwide/rustup-home/toolchains/nightly-2024-10-28-x86_64-unknown-linux-gnu/lib/rustlib/x86_64-unknown-linux-gnu/lib/librustc_std_workspace_std-e3f907dc03deb913.rlib" "/opt/rustwide/target/debug/deps/libbitflags-37f44213647a4ace.rlib" "/opt/rustwide/target/debug/deps/libbabl_sys-240bd80f2a16e978.rlib" "/opt/rustwide/target/debug/deps/liblibc-663f09ba3db1840e.rlib" "/opt/rustwide/rustup-home/toolchains/nightly-2024-10-28-x86_64-unknown-linux-gnu/lib/rustlib/x86_64-unknown-linux-gnu/lib/libstd-fb8c387236db3c10.rlib" "/opt/rustwide/rustup-home/toolchains/nightly-2024-10-28-x86_64-unknown-linux-gnu/lib/rustlib/x86_64-unknown-linux-gnu/lib/libpanic_unwind-b251837809b2f64b.rlib" "/opt/rustwide/rustup-home/toolchains/nightly-2024-10-28-x86_64-unknown-linux-gnu/lib/rustlib/x86_64-unknown-linux-gnu/lib/libobject-cbef83eaa4e01f04.rlib" "/opt/rustwide/rustup-home/toolchains/nightly-2024-10-28-x86_64-unknown-linux-gnu/lib/rustlib/x86_64-unknown-linux-gnu/lib/libmemchr-12a772286de2fca7.rlib" "/opt/rustwide/rustup-home/toolchains/nightly-2024-10-28-x86_64-unknown-linux-gnu/lib/rustlib/x86_64-unknown-linux-gnu/lib/libaddr2line-023bbe5ada7abfc3.rlib" "/opt/rustwide/rustup-home/toolchains/nightly-2024-10-28-x86_64-unknown-linux-gnu/lib/rustlib/x86_64-unknown-linux-gnu/lib/libgimli-de2bcdf10ec69c2b.rlib" "/opt/rustwide/rustup-home/toolchains/nightly-2024-10-28-x86_64-unknown-linux-gnu/lib/rustlib/x86_64-unknown-linux-gnu/lib/librustc_demangle-8e1754df350800fd.rlib" "/opt/rustwide/rustup-home/toolchains/nightly-2024-10-28-x86_64-unknown-linux-gnu/lib/rustlib/x86_64-unknown-linux-gnu/lib/libstd_detect-06c2ab7b9c32e037.rlib" "/opt/rustwide/rustup-home/toolchains/nightly-2024-10-28-x86_64-unknown-linux-gnu/lib/rustlib/x86_64-unknown-linux-gnu/lib/libhashbrown-51d2621fc57a281b.rlib" "/opt/rustwide/rustup-home/toolchains/nightly-2024-10-28-x86_64-unknown-linux-gnu/lib/rustlib/x86_64-unknown-linux-gnu/lib/librustc_std_workspace_alloc-54a930408793772f.rlib" "/opt/rustwide/rustup-home/toolchains/nightly-2024-10-28-x86_64-unknown-linux-gnu/lib/rustlib/x86_64-unknown-linux-gnu/lib/libminiz_oxide-0c7d01cba400dcb2.rlib" "/opt/rustwide/rustup-home/toolchains/nightly-2024-10-28-x86_64-unknown-linux-gnu/lib/rustlib/x86_64-unknown-linux-gnu/lib/libadler-b9f84d69e331b75b.rlib" "/opt/rustwide/rustup-home/toolchains/nightly-2024-10-28-x86_64-unknown-linux-gnu/lib/rustlib/x86_64-unknown-linux-gnu/lib/libunwind-eec95493246aae39.rlib" "/opt/rustwide/rustup-home/toolchains/nightly-2024-10-28-x86_64-unknown-linux-gnu/lib/rustlib/x86_64-unknown-linux-gnu/lib/libcfg_if-6f6676c475e08ab0.rlib" "/opt/rustwide/rustup-home/toolchains/nightly-2024-10-28-x86_64-unknown-linux-gnu/lib/rustlib/x86_64-unknown-linux-gnu/lib/liblibc-799d520624f8b2e0.rlib" "/opt/rustwide/rustup-home/toolchains/nightly-2024-10-28-x86_64-unknown-linux-gnu/lib/rustlib/x86_64-unknown-linux-gnu/lib/liballoc-fcf93d4842acd9a9.rlib" "/opt/rustwide/rustup-home/toolchains/nightly-2024-10-28-x86_64-unknown-linux-gnu/lib/rustlib/x86_64-unknown-linux-gnu/lib/librustc_std_workspace_core-395a38b8e0851c9b.rlib" "/opt/rustwide/rustup-home/toolchains/nightly-2024-10-28-x86_64-unknown-linux-gnu/lib/rustlib/x86_64-unknown-linux-gnu/lib/libcore-d453bab70303062c.rlib" "/opt/rustwide/rustup-home/toolchains/nightly-2024-10-28-x86_64-unknown-linux-gnu/lib/rustlib/x86_64-unknown-linux-gnu/lib/libcompiler_builtins-0e6386368b0a24e8.rlib" "-Wl,-Bdynamic" "-lgcc_s" "-lutil" "-lrt" "-lpthread" "-lm" "-ldl" "-lc" "-B/opt/rustwide/rustup-home/toolchains/nightly-2024-10-28-x86_64-unknown-linux-gnu/lib/rustlib/x86_64-unknown-linux-gnu/bin/gcc-ld" "-fuse-ld=lld" "-Wl,--eh-frame-hdr" "-Wl,-z,noexecstack" "-L" "/opt/rustwide/rustup-home/toolchains/nightly-2024-10-28-x86_64-unknown-linux-gnu/lib/rustlib/x86_64-unknown-linux-gnu/lib" "-o" "/opt/rustwide/target/debug/deps/babl-6d0222614ef101c0" "-Wl,--gc-sections" "-pie" "-Wl,-z,relro,-z,now" "-nodefaultlibs"
[INFO] [stdout]   = note: rust-lld: error: undefined symbol: babl_get_name
[INFO] [stdout]           >>> referenced by object.rs:14 (src/object.rs:14)
[INFO] [stdout]           >>>               /opt/rustwide/target/debug/deps/babl-6d0222614ef101c0.babl.7625b9d53f0d6202-cgu.0.rcgu.o:(babl::object::ObjectType::name::h6644bd04bbbd4561)
[INFO] [stdout]           >>> referenced by object.rs:14 (src/object.rs:14)
[INFO] [stdout]           >>>               /opt/rustwide/target/debug/deps/babl-6d0222614ef101c0.babl.7625b9d53f0d6202-cgu.0.rcgu.o:(babl::object::ObjectType::name::h672b1daf7fc04ef2)
[INFO] [stdout]           
[INFO] [stdout]           rust-lld: error: undefined symbol: babl_format
[INFO] [stdout]           >>> referenced by format.rs:16 (src/format.rs:16)
[INFO] [stdout]           >>>               /opt/rustwide/target/debug/deps/babl-6d0222614ef101c0.babl.7625b9d53f0d6202-cgu.0.rcgu.o:(babl::format::Format::from_encoding::h8b56222374091b2f)
[INFO] [stdout]           
[INFO] [stdout]           rust-lld: error: undefined symbol: babl_format_exists
[INFO] [stdout]           >>> referenced by format.rs:36 (src/format.rs:36)
[INFO] [stdout]           >>>               /opt/rustwide/target/debug/deps/babl-6d0222614ef101c0.babl.7625b9d53f0d6202-cgu.0.rcgu.o:(babl::format::Format::exists::hf65ba136e88e0f18)
[INFO] [stdout]           
[INFO] [stdout]           rust-lld: error: undefined symbol: babl_format_get_bytes_per_pixel
[INFO] [stdout]           >>> referenced by format.rs:42 (src/format.rs:42)
[INFO] [stdout]           >>>               /opt/rustwide/target/debug/deps/babl-6d0222614ef101c0.babl.7625b9d53f0d6202-cgu.0.rcgu.o:(babl::format::Format::bytes_per_pixel::h65777835f57d5eb4)
[INFO] [stdout]           
[INFO] [stdout]           rust-lld: error: undefined symbol: babl_format_get_encoding
[INFO] [stdout]           >>> referenced by format.rs:49 (src/format.rs:49)
[INFO] [stdout]           >>>               /opt/rustwide/target/debug/deps/babl-6d0222614ef101c0.babl.7625b9d53f0d6202-cgu.0.rcgu.o:(babl::format::Format::encoding::h7cc1a1e9c9c3f5bb)
[INFO] [stdout]           
[INFO] [stdout]           rust-lld: error: undefined symbol: babl_format_get_type
[INFO] [stdout]           >>> referenced by format.rs:70 (src/format.rs:70)
[INFO] [stdout]           >>>               /opt/rustwide/target/debug/deps/babl-6d0222614ef101c0.babl.7625b9d53f0d6202-cgu.0.rcgu.o:(babl::format::Format::type_::hfbbe44f6dd2611b4)
[INFO] [stdout]           
[INFO] [stdout]           rust-lld: error: undefined symbol: babl_format_get_n_components
[INFO] [stdout]           >>> referenced by format.rs:76 (src/format.rs:76)
[INFO] [stdout]           >>>               /opt/rustwide/target/debug/deps/babl-6d0222614ef101c0.babl.7625b9d53f0d6202-cgu.0.rcgu.o:(babl::format::Format::n_components::hf3adb1d896ad45b8)
[INFO] [stdout]           
[INFO] [stdout]           rust-lld: error: undefined symbol: babl_format_has_alpha
[INFO] [stdout]           >>> referenced by format.rs:81 (src/format.rs:81)
[INFO] [stdout]           >>>               /opt/rustwide/target/debug/deps/babl-6d0222614ef101c0.babl.7625b9d53f0d6202-cgu.0.rcgu.o:(babl::format::Format::has_alpha::h8e145f2ede0bbe53)
[INFO] [stdout]           
[INFO] [stdout]           rust-lld: error: undefined symbol: babl_format_is_format_n
[INFO] [stdout]           >>> referenced by format.rs:86 (src/format.rs:86)
[INFO] [stdout]           >>>               /opt/rustwide/target/debug/deps/babl-6d0222614ef101c0.babl.7625b9d53f0d6202-cgu.0.rcgu.o:(babl::format::Format::is_format_n::h9c7f14cc283af110)
[INFO] [stdout]           
[INFO] [stdout]           rust-lld: error: undefined symbol: babl_format_is_palette
[INFO] [stdout]           >>> referenced by format.rs:91 (src/format.rs:91)
[INFO] [stdout]           >>>               /opt/rustwide/target/debug/deps/babl-6d0222614ef101c0.babl.7625b9d53f0d6202-cgu.0.rcgu.o:(babl::format::Format::is_palette::h7acf3a1e7895f7ab)
[INFO] [stdout]           
[INFO] [stdout]           rust-lld: error: undefined symbol: babl_get_version
[INFO] [stdout]           >>> referenced by functions.rs:9 (src/functions.rs:9)
[INFO] [stdout]           >>>               /opt/rustwide/target/debug/deps/babl-6d0222614ef101c0.babl.7625b9d53f0d6202-cgu.0.rcgu.o:(babl::functions::version::hd8efd8b17e04cc21)
[INFO] [stdout]           
[INFO] [stdout]           rust-lld: error: undefined symbol: babl_init
[INFO] [stdout]           >>> referenced by functions.rs:19 (src/functions.rs:19)
[INFO] [stdout]           >>>               /opt/rustwide/target/debug/deps/babl-6d0222614ef101c0.babl.7625b9d53f0d6202-cgu.0.rcgu.o:(babl::functions::init::_$u7b$$u7b$closure$u7d$$u7d$::h944c909694aa1c6e)
[INFO] [stdout]           collect2: error: ld returned 1 exit status
[INFO] [stdout]           
[INFO] [stdout] 
[INFO] [stdout] 
[INFO] [stderr] error: could not compile `babl` (lib test) due to 1 previous error
[INFO] running `Command { std: "docker" "inspect" "9b648fc48e57a14c43e90384507aeb027ea3f58815e9b500789c233a95223bfa", kill_on_drop: false }`
[INFO] running `Command { std: "docker" "rm" "-f" "9b648fc48e57a14c43e90384507aeb027ea3f58815e9b500789c233a95223bfa", kill_on_drop: false }`
[INFO] [stdout] 9b648fc48e57a14c43e90384507aeb027ea3f58815e9b500789c233a95223bfa
