[INFO] fetching crate azure_storage_datalake 0.21.0...
[INFO] testing azure_storage_datalake-0.21.0 against nightly-2024-10-28+rustflags=-Zrandomize-layout for randomize-layout
[INFO] extracting crate azure_storage_datalake 0.21.0 into /workspace/builds/worker-7-tc2/source
[INFO] validating manifest of crates.io crate azure_storage_datalake 0.21.0 on toolchain nightly-2024-10-28
[INFO] running `Command { std: CARGO_HOME="/workspace/cargo-home" RUSTUP_HOME="/workspace/rustup-home" "/workspace/cargo-home/bin/cargo" "+nightly-2024-10-28" "metadata" "--manifest-path" "Cargo.toml" "--no-deps", kill_on_drop: false }`
[INFO] started tweaking crates.io crate azure_storage_datalake 0.21.0
[INFO] finished tweaking crates.io crate azure_storage_datalake 0.21.0
[INFO] tweaked toml for crates.io crate azure_storage_datalake 0.21.0 written to /workspace/builds/worker-7-tc2/source/Cargo.toml
[INFO] crate crates.io crate azure_storage_datalake 0.21.0 already has a lockfile, it will not be regenerated
[INFO] running `Command { std: CARGO_HOME="/workspace/cargo-home" RUSTUP_HOME="/workspace/rustup-home" "/workspace/cargo-home/bin/cargo" "+nightly-2024-10-28" "fetch" "--manifest-path" "Cargo.toml", kill_on_drop: false }`
[INFO] running `Command { std: "docker" "create" "-v" "/var/lib/crater-agent-workspace/builds/worker-7-tc2/target:/opt/rustwide/target:rw,Z" "-v" "/var/lib/crater-agent-workspace/builds/worker-7-tc2/source:/opt/rustwide/workdir:ro,Z" "-v" "/var/lib/crater-agent-workspace/cargo-home:/opt/rustwide/cargo-home:ro,Z" "-v" "/var/lib/crater-agent-workspace/rustup-home:/opt/rustwide/rustup-home:ro,Z" "-e" "SOURCE_DIR=/opt/rustwide/workdir" "-e" "CARGO_TARGET_DIR=/opt/rustwide/target" "-e" "CARGO_HOME=/opt/rustwide/cargo-home" "-e" "RUSTUP_HOME=/opt/rustwide/rustup-home" "-w" "/opt/rustwide/workdir" "-m" "1610612736" "--user" "0:0" "--network" "none" "ghcr.io/rust-lang/crates-build-env/linux@sha256:4a844ea9eb2546a2d2c7022eacef16ef2e8229c7fbb2c7d4d55a9ceca922f72d" "/opt/rustwide/cargo-home/bin/cargo" "+nightly-2024-10-28" "metadata" "--no-deps" "--format-version=1", kill_on_drop: false }`
[INFO] [stdout] 06b0312b15f906b4f0ff3641d51674175cecc63ec0275be285e42636d682065e
[INFO] running `Command { std: "docker" "start" "-a" "06b0312b15f906b4f0ff3641d51674175cecc63ec0275be285e42636d682065e", kill_on_drop: false }`
[INFO] running `Command { std: "docker" "inspect" "06b0312b15f906b4f0ff3641d51674175cecc63ec0275be285e42636d682065e", kill_on_drop: false }`
[INFO] running `Command { std: "docker" "rm" "-f" "06b0312b15f906b4f0ff3641d51674175cecc63ec0275be285e42636d682065e", kill_on_drop: false }`
[INFO] [stdout] 06b0312b15f906b4f0ff3641d51674175cecc63ec0275be285e42636d682065e
[INFO] running `Command { std: "docker" "create" "-v" "/var/lib/crater-agent-workspace/builds/worker-7-tc2/target:/opt/rustwide/target:rw,Z" "-v" "/var/lib/crater-agent-workspace/builds/worker-7-tc2/source:/opt/rustwide/workdir:ro,Z" "-v" "/var/lib/crater-agent-workspace/cargo-home:/opt/rustwide/cargo-home:ro,Z" "-v" "/var/lib/crater-agent-workspace/rustup-home:/opt/rustwide/rustup-home:ro,Z" "-e" "SOURCE_DIR=/opt/rustwide/workdir" "-e" "CARGO_TARGET_DIR=/opt/rustwide/target" "-e" "CARGO_INCREMENTAL=0" "-e" "RUST_BACKTRACE=full" "-e" "RUSTFLAGS=--cap-lints=forbid -Zrandomize-layout" "-e" "RUSTDOCFLAGS=--cap-lints=forbid" "-e" "CARGO_HOME=/opt/rustwide/cargo-home" "-e" "RUSTUP_HOME=/opt/rustwide/rustup-home" "-w" "/opt/rustwide/workdir" "-m" "1610612736" "--user" "0:0" "--network" "none" "ghcr.io/rust-lang/crates-build-env/linux@sha256:4a844ea9eb2546a2d2c7022eacef16ef2e8229c7fbb2c7d4d55a9ceca922f72d" "/opt/rustwide/cargo-home/bin/cargo" "+nightly-2024-10-28" "build" "--frozen" "--message-format=json", kill_on_drop: false }`
[INFO] [stdout] 363767cb2781dfa2383fd3c21e0b0a03269b9f9880d5d6115cedf54905545188
[INFO] running `Command { std: "docker" "start" "-a" "363767cb2781dfa2383fd3c21e0b0a03269b9f9880d5d6115cedf54905545188", kill_on_drop: false }`
[INFO] [stderr]    Compiling proc-macro2 v1.0.86
[INFO] [stderr]    Compiling libc v0.2.159
[INFO] [stderr]    Compiling pin-project-lite v0.2.14
[INFO] [stderr]    Compiling futures-core v0.3.30
[INFO] [stderr]    Compiling serde v1.0.210
[INFO] [stderr]    Compiling bytes v1.7.2
[INFO] [stderr]    Compiling futures-io v0.3.30
[INFO] [stderr]    Compiling futures-sink v0.3.30
[INFO] [stderr]    Compiling cc v1.1.24
[INFO] [stderr]    Compiling futures-task v0.3.30
[INFO] [stderr]    Compiling once_cell v1.20.1
[INFO] [stderr]    Compiling openssl v0.10.66
[INFO] [stderr]    Compiling thiserror v1.0.64
[INFO] [stderr]    Compiling serde_json v1.0.128
[INFO] [stderr]    Compiling anyhow v1.0.89
[INFO] [stderr]    Compiling rustls-pki-types v1.9.0
[INFO] [stderr]    Compiling event-listener v5.3.1
[INFO] [stderr]    Compiling azure_core v0.21.0
[INFO] [stderr]    Compiling futures-channel v0.3.30
[INFO] [stderr]    Compiling futures-lite v1.13.0
[INFO] [stderr]    Compiling sync_wrapper v1.0.1
[INFO] [stderr]    Compiling tracing-core v0.1.32
[INFO] [stderr]    Compiling async-channel v1.9.0
[INFO] [stderr]    Compiling RustyXML v0.3.0
[INFO] [stderr]    Compiling event-listener-strategy v0.5.2
[INFO] [stderr]    Compiling rustls-pemfile v2.2.0
[INFO] [stderr]    Compiling async-lock v3.4.0
[INFO] [stderr]    Compiling http v1.1.0
[INFO] [stderr]    Compiling quote v1.0.37
[INFO] [stderr]    Compiling socket2 v0.5.7
[INFO] [stderr]    Compiling mio v1.0.2
[INFO] [stderr]    Compiling getrandom v0.1.16
[INFO] [stderr]    Compiling getrandom v0.2.15
[INFO] [stderr]    Compiling syn v2.0.79
[INFO] [stderr]    Compiling rand_core v0.6.4
[INFO] [stderr]    Compiling openssl-sys v0.9.103
[INFO] [stderr]    Compiling rand_core v0.5.1
[INFO] [stderr]    Compiling http-body v1.0.1
[INFO] [stderr]    Compiling tokio v1.40.0
[INFO] [stderr]    Compiling native-tls v0.2.12
[INFO] [stderr]    Compiling serde_derive v1.0.210
[INFO] [stderr]    Compiling futures-macro v0.3.30
[INFO] [stderr]    Compiling zerocopy-derive v0.7.35
[INFO] [stderr]    Compiling openssl-macros v0.1.1
[INFO] [stderr]    Compiling tracing-attributes v0.1.27
[INFO] [stderr]    Compiling thiserror-impl v1.0.64
[INFO] [stderr]    Compiling pin-project-internal v1.1.5
[INFO] [stderr]    Compiling async-trait v0.1.83
[INFO] [stderr]    Compiling tokio-util v0.7.12
[INFO] [stderr]    Compiling zerocopy v0.7.35
[INFO] [stderr]    Compiling futures-util v0.3.30
[INFO] [stderr]    Compiling pin-project v1.1.5
[INFO] [stderr]    Compiling tracing v0.1.40
[INFO] [stderr]    Compiling ppv-lite86 v0.2.20
[INFO] [stderr]    Compiling rand_chacha v0.2.2
[INFO] [stderr]    Compiling rand_chacha v0.3.1
[INFO] [stderr]    Compiling rand v0.7.3
[INFO] [stderr]    Compiling rand v0.8.5
[INFO] [stderr]    Compiling hyper v1.4.1
[INFO] [stderr]    Compiling http-body-util v0.1.2
[INFO] [stderr]    Compiling futures-executor v0.3.30
[INFO] [stderr]    Compiling futures v0.3.30
[INFO] [stderr]    Compiling tokio-native-tls v0.3.1
[INFO] [stderr]    Compiling hyper-util v0.1.9
[INFO] [stderr]    Compiling hyper-tls v0.6.0
[INFO] [stderr]    Compiling url v2.5.2
[INFO] [stderr]    Compiling serde_urlencoded v0.7.1
[INFO] [stderr]    Compiling serde_qs v0.8.5
[INFO] [stderr]    Compiling deranged v0.3.11
[INFO] [stderr]    Compiling uuid v1.10.0
[INFO] [stderr]    Compiling quick-xml v0.31.0
[INFO] [stderr]    Compiling reqwest v0.12.8
[INFO] [stderr]    Compiling http-types v2.12.0
[INFO] [stderr]    Compiling time v0.3.36
[INFO] [stderr]    Compiling azure_storage v0.21.0
[INFO] [stderr]    Compiling azure_storage_datalake v0.21.0 (/opt/rustwide/workdir)
[INFO] [stderr]     Finished `dev` profile [unoptimized + debuginfo] target(s) in 15.21s
[INFO] running `Command { std: "docker" "inspect" "363767cb2781dfa2383fd3c21e0b0a03269b9f9880d5d6115cedf54905545188", kill_on_drop: false }`
[INFO] running `Command { std: "docker" "rm" "-f" "363767cb2781dfa2383fd3c21e0b0a03269b9f9880d5d6115cedf54905545188", kill_on_drop: false }`
[INFO] [stdout] 363767cb2781dfa2383fd3c21e0b0a03269b9f9880d5d6115cedf54905545188
[INFO] running `Command { std: "docker" "create" "-v" "/var/lib/crater-agent-workspace/builds/worker-7-tc2/target:/opt/rustwide/target:rw,Z" "-v" "/var/lib/crater-agent-workspace/builds/worker-7-tc2/source:/opt/rustwide/workdir:ro,Z" "-v" "/var/lib/crater-agent-workspace/cargo-home:/opt/rustwide/cargo-home:ro,Z" "-v" "/var/lib/crater-agent-workspace/rustup-home:/opt/rustwide/rustup-home:ro,Z" "-e" "SOURCE_DIR=/opt/rustwide/workdir" "-e" "CARGO_TARGET_DIR=/opt/rustwide/target" "-e" "CARGO_INCREMENTAL=0" "-e" "RUST_BACKTRACE=full" "-e" "RUSTFLAGS=--cap-lints=forbid -Zrandomize-layout" "-e" "RUSTDOCFLAGS=--cap-lints=forbid" "-e" "CARGO_HOME=/opt/rustwide/cargo-home" "-e" "RUSTUP_HOME=/opt/rustwide/rustup-home" "-w" "/opt/rustwide/workdir" "-m" "1610612736" "--user" "0:0" "--network" "none" "ghcr.io/rust-lang/crates-build-env/linux@sha256:4a844ea9eb2546a2d2c7022eacef16ef2e8229c7fbb2c7d4d55a9ceca922f72d" "/opt/rustwide/cargo-home/bin/cargo" "+nightly-2024-10-28" "test" "--frozen" "--no-run" "--message-format=json", kill_on_drop: false }`
[INFO] [stdout] f9d23deee8d7bf805ccb05de02375545e6ba108f9728b2d0cb48346a07b1b1c6
[INFO] running `Command { std: "docker" "start" "-a" "f9d23deee8d7bf805ccb05de02375545e6ba108f9728b2d0cb48346a07b1b1c6", kill_on_drop: false }`
[INFO] [stderr]    Compiling tokio-macros v2.4.0
[INFO] [stderr]    Compiling tokio v1.40.0
[INFO] [stderr]    Compiling hyper v1.4.1
[INFO] [stderr]    Compiling tokio-native-tls v0.3.1
[INFO] [stderr]    Compiling tokio-util v0.7.12
[INFO] [stderr]    Compiling hyper-util v0.1.9
[INFO] [stderr]    Compiling hyper-tls v0.6.0
[INFO] [stderr]    Compiling reqwest v0.12.8
[INFO] [stderr]    Compiling azure_core v0.21.0
[INFO] [stderr]    Compiling azure_storage v0.21.0
[INFO] [stderr]    Compiling azure_storage_datalake v0.21.0 (/opt/rustwide/workdir)
[INFO] [stdout] error[E0433]: failed to resolve: use of undeclared crate or module `mock_transport`
[INFO] [stdout]  --> tests/setup.rs:5:39
[INFO] [stdout]   |
[INFO] [stdout] 5 |     let account_name = (std::env::var(mock_transport::TESTING_MODE_KEY).as_deref()
[INFO] [stdout]   |                                       ^^^^^^^^^^^^^^ use of undeclared crate or module `mock_transport`
[INFO] [stdout] 
[INFO] [stdout] 
[INFO] [stdout] error[E0433]: failed to resolve: use of undeclared crate or module `mock_transport`
[INFO] [stdout]  --> tests/setup.rs:6:15
[INFO] [stdout]   |
[INFO] [stdout] 6 |         == Ok(mock_transport::TESTING_MODE_RECORD))
[INFO] [stdout]   |               ^^^^^^^^^^^^^^ use of undeclared crate or module `mock_transport`
[INFO] [stdout] 
[INFO] [stdout] 
[INFO] [stdout] error[E0433]: failed to resolve: use of undeclared crate or module `mock_transport`
[INFO] [stdout]   --> tests/setup.rs:10:38
[INFO] [stdout]    |
[INFO] [stdout] 10 |     let account_key = (std::env::var(mock_transport::TESTING_MODE_KEY).as_deref()
[INFO] [stdout]    |                                      ^^^^^^^^^^^^^^ use of undeclared crate or module `mock_transport`
[INFO] [stdout] 
[INFO] [stdout] 
[INFO] [stdout] error[E0433]: failed to resolve: use of undeclared crate or module `mock_transport`
[INFO] [stdout]   --> tests/setup.rs:11:15
[INFO] [stdout]    |
[INFO] [stdout] 11 |         == Ok(mock_transport::TESTING_MODE_RECORD))
[INFO] [stdout]    |               ^^^^^^^^^^^^^^ use of undeclared crate or module `mock_transport`
[INFO] [stdout] 
[INFO] [stdout] 
[INFO] [stdout] error[E0433]: failed to resolve: use of undeclared crate or module `mock_transport`
[INFO] [stdout]   --> tests/setup.rs:16:9
[INFO] [stdout]    |
[INFO] [stdout] 16 |         mock_transport::new_mock_transport(transaction_name.into()),
[INFO] [stdout]    |         ^^^^^^^^^^^^^^ use of undeclared crate or module `mock_transport`
[INFO] [stdout] 
[INFO] [stdout] 
[INFO] [stdout] error[E0433]: failed to resolve: use of undeclared crate or module `mock_transport`
[INFO] [stdout]  --> tests/setup.rs:5:39
[INFO] [stdout]   |
[INFO] [stdout] 5 |     let account_name = (std::env::var(mock_transport::TESTING_MODE_KEY).as_deref()
[INFO] [stdout]   |                                       ^^^^^^^^^^^^^^ use of undeclared crate or module `mock_transport`
[INFO] [stdout] 
[INFO] [stdout] 
[INFO] [stdout] error[E0433]: failed to resolve: use of undeclared crate or module `mock_transport`
[INFO] [stdout]  --> tests/setup.rs:6:15
[INFO] [stdout]   |
[INFO] [stdout] 6 |         == Ok(mock_transport::TESTING_MODE_RECORD))
[INFO] [stdout]   |               ^^^^^^^^^^^^^^ use of undeclared crate or module `mock_transport`
[INFO] [stdout] 
[INFO] [stdout] 
[INFO] [stdout] error[E0433]: failed to resolve: use of undeclared crate or module `mock_transport`
[INFO] [stdout]  --> tests/setup.rs:5:39
[INFO] [stdout]   |
[INFO] [stdout] 5 |     let account_name = (std::env::var(mock_transport::TESTING_MODE_KEY).as_deref()
[INFO] [stdout]   |                                       ^^^^^^^^^^^^^^ use of undeclared crate or module `mock_transport`
[INFO] [stdout] 
[INFO] [stdout] 
[INFO] [stdout] error[E0433]: failed to resolve: use of undeclared crate or module `mock_transport`
[INFO] [stdout]  --> tests/setup.rs:6:15
[INFO] [stdout]   |
[INFO] [stdout] 6 |         == Ok(mock_transport::TESTING_MODE_RECORD))
[INFO] [stdout]   |               ^^^^^^^^^^^^^^ use of undeclared crate or module `mock_transport`
[INFO] [stdout] 
[INFO] [stdout] 
[INFO] [stdout] error[E0433]: failed to resolve: use of undeclared crate or module `mock_transport`
[INFO] [stdout]   --> tests/setup.rs:10:38
[INFO] [stdout]    |
[INFO] [stdout] 10 |     let account_key = (std::env::var(mock_transport::TESTING_MODE_KEY).as_deref()
[INFO] [stdout]    |                                      ^^^^^^^^^^^^^^ use of undeclared crate or module `mock_transport`
[INFO] [stdout] 
[INFO] [stdout] 
[INFO] [stdout] error[E0433]: failed to resolve: use of undeclared crate or module `mock_transport`
[INFO] [stdout]   --> tests/setup.rs:11:15
[INFO] [stdout]    |
[INFO] [stdout] 11 |         == Ok(mock_transport::TESTING_MODE_RECORD))
[INFO] [stdout]    |               ^^^^^^^^^^^^^^ use of undeclared crate or module `mock_transport`
[INFO] [stdout] 
[INFO] [stdout] 
[INFO] [stdout] error[E0433]: failed to resolve: use of undeclared crate or module `mock_transport`
[INFO] [stdout]   --> tests/setup.rs:16:9
[INFO] [stdout]    |
[INFO] [stdout] 16 |         mock_transport::new_mock_transport(transaction_name.into()),
[INFO] [stdout]    |         ^^^^^^^^^^^^^^ use of undeclared crate or module `mock_transport`
[INFO] [stdout] 
[INFO] [stdout] 
[INFO] [stdout] error[E0433]: failed to resolve: use of undeclared crate or module `mock_transport`
[INFO] [stdout]   --> tests/setup.rs:10:38
[INFO] [stdout]    |
[INFO] [stdout] 10 |     let account_key = (std::env::var(mock_transport::TESTING_MODE_KEY).as_deref()
[INFO] [stdout]    |                                      ^^^^^^^^^^^^^^ use of undeclared crate or module `mock_transport`
[INFO] [stdout] 
[INFO] [stdout] 
[INFO] [stdout] error[E0433]: failed to resolve: use of undeclared crate or module `mock_transport`
[INFO] [stdout]   --> tests/setup.rs:11:15
[INFO] [stdout]    |
[INFO] [stdout] 11 |         == Ok(mock_transport::TESTING_MODE_RECORD))
[INFO] [stdout]    |               ^^^^^^^^^^^^^^ use of undeclared crate or module `mock_transport`
[INFO] [stdout] 
[INFO] [stdout] 
[INFO] [stdout] error[E0433]: failed to resolve: use of undeclared crate or module `mock_transport`
[INFO] [stdout]   --> tests/setup.rs:16:9
[INFO] [stdout]    |
[INFO] [stdout] 16 |         mock_transport::new_mock_transport(transaction_name.into()),
[INFO] [stdout]    |         ^^^^^^^^^^^^^^ use of undeclared crate or module `mock_transport`
[INFO] [stdout] 
[INFO] [stdout] 
[INFO] [stdout] For more information about this error, try `rustc --explain E0433`.
[INFO] [stdout] 
[INFO] [stderr] error: could not compile `azure_storage_datalake` (test "setup") due to 5 previous errors
[INFO] [stderr] warning: build failed, waiting for other jobs to finish...
[INFO] [stdout] For more information about this error, try `rustc --explain E0433`.
[INFO] [stdout] 
[INFO] [stderr] error: could not compile `azure_storage_datalake` (test "files") due to 5 previous errors
[INFO] [stdout] For more information about this error, try `rustc --explain E0433`.
[INFO] [stdout] 
[INFO] [stderr] error: could not compile `azure_storage_datalake` (test "file_system") due to 5 previous errors
[INFO] running `Command { std: "docker" "inspect" "f9d23deee8d7bf805ccb05de02375545e6ba108f9728b2d0cb48346a07b1b1c6", kill_on_drop: false }`
[INFO] running `Command { std: "docker" "rm" "-f" "f9d23deee8d7bf805ccb05de02375545e6ba108f9728b2d0cb48346a07b1b1c6", kill_on_drop: false }`
[INFO] [stdout] f9d23deee8d7bf805ccb05de02375545e6ba108f9728b2d0cb48346a07b1b1c6
