[INFO] fetching crate azure_identity_gindix 0.21.0...
[INFO] testing azure_identity_gindix-0.21.0 against nightly-2024-10-28+rustflags=-Zrandomize-layout for randomize-layout
[INFO] extracting crate azure_identity_gindix 0.21.0 into /workspace/builds/worker-0-tc2/source
[INFO] validating manifest of crates.io crate azure_identity_gindix 0.21.0 on toolchain nightly-2024-10-28
[INFO] running `Command { std: CARGO_HOME="/workspace/cargo-home" RUSTUP_HOME="/workspace/rustup-home" "/workspace/cargo-home/bin/cargo" "+nightly-2024-10-28" "metadata" "--manifest-path" "Cargo.toml" "--no-deps", kill_on_drop: false }`
[INFO] started tweaking crates.io crate azure_identity_gindix 0.21.0
[INFO] removed 0 missing examples
[INFO] finished tweaking crates.io crate azure_identity_gindix 0.21.0
[INFO] tweaked toml for crates.io crate azure_identity_gindix 0.21.0 written to /workspace/builds/worker-0-tc2/source/Cargo.toml
[INFO] crate crates.io crate azure_identity_gindix 0.21.0 already has a lockfile, it will not be regenerated
[INFO] running `Command { std: CARGO_HOME="/workspace/cargo-home" RUSTUP_HOME="/workspace/rustup-home" "/workspace/cargo-home/bin/cargo" "+nightly-2024-10-28" "fetch" "--manifest-path" "Cargo.toml", kill_on_drop: false }`
[INFO] running `Command { std: "docker" "create" "-v" "/var/lib/crater-agent-workspace/builds/worker-0-tc2/target:/opt/rustwide/target:rw,Z" "-v" "/var/lib/crater-agent-workspace/builds/worker-0-tc2/source:/opt/rustwide/workdir:ro,Z" "-v" "/var/lib/crater-agent-workspace/cargo-home:/opt/rustwide/cargo-home:ro,Z" "-v" "/var/lib/crater-agent-workspace/rustup-home:/opt/rustwide/rustup-home:ro,Z" "-e" "SOURCE_DIR=/opt/rustwide/workdir" "-e" "CARGO_TARGET_DIR=/opt/rustwide/target" "-e" "CARGO_HOME=/opt/rustwide/cargo-home" "-e" "RUSTUP_HOME=/opt/rustwide/rustup-home" "-w" "/opt/rustwide/workdir" "-m" "1610612736" "--user" "0:0" "--network" "none" "ghcr.io/rust-lang/crates-build-env/linux@sha256:4a844ea9eb2546a2d2c7022eacef16ef2e8229c7fbb2c7d4d55a9ceca922f72d" "/opt/rustwide/cargo-home/bin/cargo" "+nightly-2024-10-28" "metadata" "--no-deps" "--format-version=1", kill_on_drop: false }`
[INFO] [stdout] 37cd53ed6cc00c3acbc65caaa8993ede992de5829eb0bedf467a0185115d1ff5
[INFO] running `Command { std: "docker" "start" "-a" "37cd53ed6cc00c3acbc65caaa8993ede992de5829eb0bedf467a0185115d1ff5", kill_on_drop: false }`
[INFO] running `Command { std: "docker" "inspect" "37cd53ed6cc00c3acbc65caaa8993ede992de5829eb0bedf467a0185115d1ff5", kill_on_drop: false }`
[INFO] running `Command { std: "docker" "rm" "-f" "37cd53ed6cc00c3acbc65caaa8993ede992de5829eb0bedf467a0185115d1ff5", kill_on_drop: false }`
[INFO] [stdout] 37cd53ed6cc00c3acbc65caaa8993ede992de5829eb0bedf467a0185115d1ff5
[INFO] running `Command { std: "docker" "create" "-v" "/var/lib/crater-agent-workspace/builds/worker-0-tc2/target:/opt/rustwide/target:rw,Z" "-v" "/var/lib/crater-agent-workspace/builds/worker-0-tc2/source:/opt/rustwide/workdir:ro,Z" "-v" "/var/lib/crater-agent-workspace/cargo-home:/opt/rustwide/cargo-home:ro,Z" "-v" "/var/lib/crater-agent-workspace/rustup-home:/opt/rustwide/rustup-home:ro,Z" "-e" "SOURCE_DIR=/opt/rustwide/workdir" "-e" "CARGO_TARGET_DIR=/opt/rustwide/target" "-e" "CARGO_INCREMENTAL=0" "-e" "RUST_BACKTRACE=full" "-e" "RUSTFLAGS=--cap-lints=forbid -Zrandomize-layout" "-e" "RUSTDOCFLAGS=--cap-lints=forbid" "-e" "CARGO_HOME=/opt/rustwide/cargo-home" "-e" "RUSTUP_HOME=/opt/rustwide/rustup-home" "-w" "/opt/rustwide/workdir" "-m" "1610612736" "--user" "0:0" "--network" "none" "ghcr.io/rust-lang/crates-build-env/linux@sha256:4a844ea9eb2546a2d2c7022eacef16ef2e8229c7fbb2c7d4d55a9ceca922f72d" "/opt/rustwide/cargo-home/bin/cargo" "+nightly-2024-10-28" "build" "--frozen" "--message-format=json", kill_on_drop: false }`
[INFO] [stdout] 2cecbd9f4e9e319746a42d9a18459f11be87fdc2446359a05d65e90824227848
[INFO] running `Command { std: "docker" "start" "-a" "2cecbd9f4e9e319746a42d9a18459f11be87fdc2446359a05d65e90824227848", kill_on_drop: false }`
[INFO] [stderr]    Compiling libc v0.2.154
[INFO] [stderr]    Compiling futures-io v0.3.30
[INFO] [stderr]    Compiling crossbeam-utils v0.8.19
[INFO] [stderr]    Compiling serde v1.0.200
[INFO] [stderr]    Compiling parking v2.2.0
[INFO] [stderr]    Compiling log v0.4.21
[INFO] [stderr]    Compiling cc v1.0.96
[INFO] [stderr]    Compiling futures-channel v0.3.30
[INFO] [stderr]    Compiling syn v2.0.60
[INFO] [stderr]    Compiling generic-array v0.14.7
[INFO] [stderr]    Compiling http v1.1.0
[INFO] [stderr]    Compiling openssl v0.10.64
[INFO] [stderr]    Compiling ppv-lite86 v0.2.17
[INFO] [stderr]    Compiling rustix v0.38.34
[INFO] [stderr]    Compiling native-tls v0.2.11
[INFO] [stderr]    Compiling semver v1.0.22
[INFO] [stderr]    Compiling serde_json v1.0.116
[INFO] [stderr]    Compiling tower-layer v0.3.2
[INFO] [stderr]    Compiling linux-raw-sys v0.4.13
[INFO] [stderr]    Compiling fastrand v2.1.0
[INFO] [stderr]    Compiling rustls-pki-types v1.5.0
[INFO] [stderr]    Compiling waker-fn v1.1.1
[INFO] [stderr]    Compiling const_fn v0.4.10
[INFO] [stderr]    Compiling http-types v2.12.0
[INFO] [stderr]    Compiling paste v1.0.14
[INFO] [stderr]    Compiling time-macros v0.2.18
[INFO] [stderr]    Compiling futures-lite v2.3.0
[INFO] [stderr]    Compiling rustls-pemfile v2.1.2
[INFO] [stderr]    Compiling futures-lite v1.13.0
[INFO] [stderr]    Compiling cpufeatures v0.2.12
[INFO] [stderr]    Compiling num_threads v0.1.7
[INFO] [stderr]    Compiling infer v0.2.3
[INFO] [stderr]    Compiling concurrent-queue v2.5.0
[INFO] [stderr]    Compiling rustc_version v0.4.0
[INFO] [stderr]    Compiling mio v0.8.11
[INFO] [stderr]    Compiling socket2 v0.5.7
[INFO] [stderr]    Compiling getrandom v0.2.14
[INFO] [stderr]    Compiling event-listener v4.0.3
[INFO] [stderr]    Compiling getrandom v0.1.16
[INFO] [stderr]    Compiling event-listener v5.3.0
[INFO] [stderr]    Compiling async-channel v1.9.0
[INFO] [stderr]    Compiling http-body v1.0.0
[INFO] [stderr]    Compiling rand_core v0.6.4
[INFO] [stderr]    Compiling azure_core v0.20.0
[INFO] [stderr]    Compiling signal-hook-registry v1.4.2
[INFO] [stderr]    Compiling event-listener-strategy v0.4.0
[INFO] [stderr]    Compiling rand_core v0.5.1
[INFO] [stderr]    Compiling async-lock v3.3.0
[INFO] [stderr]    Compiling http-body-util v0.1.1
[INFO] [stderr]    Compiling rand_chacha v0.3.1
[INFO] [stderr]    Compiling crypto-common v0.1.6
[INFO] [stderr]    Compiling tokio v1.37.0
[INFO] [stderr]    Compiling rand_chacha v0.2.2
[INFO] [stderr]    Compiling openssl-sys v0.9.102
[INFO] [stderr]    Compiling block-buffer v0.10.4
[INFO] [stderr]    Compiling rand v0.8.5
[INFO] [stderr]    Compiling digest v0.10.7
[INFO] [stderr]    Compiling rand v0.7.3
[INFO] [stderr]    Compiling event-listener-strategy v0.5.2
[INFO] [stderr]    Compiling sha2 v0.10.8
[INFO] [stderr]    Compiling uuid v1.8.0
[INFO] [stderr]    Compiling async-channel v2.2.1
[INFO] [stderr]    Compiling tz-rs v0.6.14
[INFO] [stderr]    Compiling serde_derive v1.0.200
[INFO] [stderr]    Compiling tracing-attributes v0.1.27
[INFO] [stderr]    Compiling futures-macro v0.3.30
[INFO] [stderr]    Compiling pin-project-internal v1.1.5
[INFO] [stderr]    Compiling openssl-macros v0.1.1
[INFO] [stderr]    Compiling thiserror-impl v1.0.59
[INFO] [stderr]    Compiling async-trait v0.1.80
[INFO] [stderr]    Compiling futures-util v0.3.30
[INFO] [stderr]    Compiling pin-project v1.1.5
[INFO] [stderr]    Compiling thiserror v1.0.59
[INFO] [stderr]    Compiling tracing v0.1.40
[INFO] [stderr]    Compiling polling v3.7.0
[INFO] [stderr]    Compiling async-io v2.3.2
[INFO] [stderr]    Compiling tokio-util v0.7.10
[INFO] [stderr]    Compiling async-signal v0.2.6
[INFO] [stderr]    Compiling async-process v2.2.2
[INFO] [stderr]    Compiling tokio-native-tls v0.3.1
[INFO] [stderr]    Compiling tower v0.4.13
[INFO] [stderr]    Compiling hyper v1.3.1
[INFO] [stderr]    Compiling futures-executor v0.3.30
[INFO] [stderr]    Compiling futures v0.3.30
[INFO] [stderr]    Compiling hyper-util v0.1.3
[INFO] [stderr]    Compiling url v2.5.0
[INFO] [stderr]    Compiling serde_urlencoded v0.7.1
[INFO] [stderr]    Compiling deranged v0.3.11
[INFO] [stderr]    Compiling serde_qs v0.8.5
[INFO] [stderr]    Compiling chrono v0.4.38
[INFO] [stderr]    Compiling serde_path_to_error v0.1.16
[INFO] [stderr]    Compiling hyper-tls v0.6.0
[INFO] [stderr]    Compiling time v0.3.36
[INFO] [stderr]    Compiling reqwest v0.12.4
[INFO] [stderr]    Compiling oauth2 v4.4.2
[INFO] [stderr]    Compiling azure_identity_gindix v0.21.0 (/opt/rustwide/workdir)
[INFO] [stderr]     Finished `dev` profile [unoptimized + debuginfo] target(s) in 30.12s
[INFO] running `Command { std: "docker" "inspect" "2cecbd9f4e9e319746a42d9a18459f11be87fdc2446359a05d65e90824227848", kill_on_drop: false }`
[INFO] running `Command { std: "docker" "rm" "-f" "2cecbd9f4e9e319746a42d9a18459f11be87fdc2446359a05d65e90824227848", kill_on_drop: false }`
[INFO] [stdout] 2cecbd9f4e9e319746a42d9a18459f11be87fdc2446359a05d65e90824227848
[INFO] running `Command { std: "docker" "create" "-v" "/var/lib/crater-agent-workspace/builds/worker-0-tc2/target:/opt/rustwide/target:rw,Z" "-v" "/var/lib/crater-agent-workspace/builds/worker-0-tc2/source:/opt/rustwide/workdir:ro,Z" "-v" "/var/lib/crater-agent-workspace/cargo-home:/opt/rustwide/cargo-home:ro,Z" "-v" "/var/lib/crater-agent-workspace/rustup-home:/opt/rustwide/rustup-home:ro,Z" "-e" "SOURCE_DIR=/opt/rustwide/workdir" "-e" "CARGO_TARGET_DIR=/opt/rustwide/target" "-e" "CARGO_INCREMENTAL=0" "-e" "RUST_BACKTRACE=full" "-e" "RUSTFLAGS=--cap-lints=forbid -Zrandomize-layout" "-e" "RUSTDOCFLAGS=--cap-lints=forbid" "-e" "CARGO_HOME=/opt/rustwide/cargo-home" "-e" "RUSTUP_HOME=/opt/rustwide/rustup-home" "-w" "/opt/rustwide/workdir" "-m" "1610612736" "--user" "0:0" "--network" "none" "ghcr.io/rust-lang/crates-build-env/linux@sha256:4a844ea9eb2546a2d2c7022eacef16ef2e8229c7fbb2c7d4d55a9ceca922f72d" "/opt/rustwide/cargo-home/bin/cargo" "+nightly-2024-10-28" "test" "--frozen" "--no-run" "--message-format=json", kill_on_drop: false }`
[INFO] [stdout] 31f4f41b39735123f15fc6667546d2fcd01d907d6218d96eee3a9c20e54add9f
[INFO] running `Command { std: "docker" "start" "-a" "31f4f41b39735123f15fc6667546d2fcd01d907d6218d96eee3a9c20e54add9f", kill_on_drop: false }`
[INFO] [stderr]    Compiling tracing-core v0.1.32
[INFO] [stderr]    Compiling num_cpus v1.16.0
[INFO] [stderr]    Compiling tokio-macros v2.2.0
[INFO] [stderr]    Compiling native-tls v0.2.11
[INFO] [stderr]    Compiling lock_api v0.4.12
[INFO] [stderr]    Compiling anstyle-parse v0.2.4
[INFO] [stderr]    Compiling colorchoice v1.0.1
[INFO] [stderr]    Compiling anstyle v1.0.7
[INFO] [stderr]    Compiling is_terminal_polyfill v1.70.0
[INFO] [stderr]    Compiling anstyle-query v1.0.3
[INFO] [stderr]    Compiling parking_lot_core v0.9.10
[INFO] [stderr]    Compiling sdd v0.2.0
[INFO] [stderr]    Compiling clap_derive v4.5.4
[INFO] [stderr]    Compiling serial_test_derive v3.1.1
[INFO] [stderr]    Compiling thread_local v1.1.8
[INFO] [stderr]    Compiling serde_test v1.0.176
[INFO] [stderr]    Compiling anstream v0.6.14
[INFO] [stderr]    Compiling scc v2.1.0
[INFO] [stderr]    Compiling tracing v0.1.40
[INFO] [stderr]    Compiling tracing-log v0.2.0
[INFO] [stderr]    Compiling clap_builder v4.5.2
[INFO] [stderr]    Compiling tracing-subscriber v0.3.18
[INFO] [stderr]    Compiling polling v3.7.0
[INFO] [stderr]    Compiling tokio v1.37.0
[INFO] [stderr]    Compiling parking_lot v0.12.2
[INFO] [stderr]    Compiling async-io v2.3.2
[INFO] [stderr]    Compiling async-signal v0.2.6
[INFO] [stderr]    Compiling async-process v2.2.2
[INFO] [stderr]    Compiling serial_test v3.1.1
[INFO] [stderr]    Compiling clap v4.5.4
[INFO] [stderr]    Compiling tower v0.4.13
[INFO] [stderr]    Compiling hyper v1.3.1
[INFO] [stderr]    Compiling tokio-native-tls v0.3.1
[INFO] [stderr]    Compiling tokio-util v0.7.10
[INFO] [stderr]    Compiling hyper-util v0.1.3
[INFO] [stderr]    Compiling hyper-tls v0.6.0
[INFO] [stderr]    Compiling reqwest v0.12.4
[INFO] [stderr]    Compiling azure_core v0.20.0
[INFO] [stderr]    Compiling azure_identity_gindix v0.21.0 (/opt/rustwide/workdir)
[INFO] [stdout] error[E0432]: unresolved import `azure_identity`
[INFO] [stdout]  --> examples/azure_cli_credentials.rs:2:5
[INFO] [stdout]   |
[INFO] [stdout] 2 | use azure_identity::AzureCliCredential;
[INFO] [stdout]   |     ^^^^^^^^^^^^^^ use of undeclared crate or module `azure_identity`
[INFO] [stdout] 
[INFO] [stdout] 
[INFO] [stdout] error[E0432]: unresolved import `azure_identity`
[INFO] [stdout]  --> examples/client_credentials_flow_blob.rs:2:5
[INFO] [stdout]   |
[INFO] [stdout] 2 | use azure_identity::client_credentials_flow;
[INFO] [stdout]   |     ^^^^^^^^^^^^^^ use of undeclared crate or module `azure_identity`
[INFO] [stdout] 
[INFO] [stdout] 
[INFO] [stdout] error[E0432]: unresolved import `azure_identity`
[INFO] [stdout]  --> examples/environment_credentials.rs:2:5
[INFO] [stdout]   |
[INFO] [stdout] 2 | use azure_identity::*;
[INFO] [stdout]   |     ^^^^^^^^^^^^^^ use of undeclared crate or module `azure_identity`
[INFO] [stdout] 
[INFO] [stdout] 
[INFO] [stdout] error[E0433]: failed to resolve: use of undeclared crate or module `azure_identity`
[INFO] [stdout]  --> examples/device_code_flow.rs:5:5
[INFO] [stdout]   |
[INFO] [stdout] 5 | use azure_identity::device_code_flow::start;
[INFO] [stdout]   |     ^^^^^^^^^^^^^^ use of undeclared crate or module `azure_identity`
[INFO] [stdout] 
[INFO] [stdout] 
[INFO] [stdout] For more information about this error, try `rustc --explain E0432`.
[INFO] [stdout] 
[INFO] [stdout] For more information about this error, try `rustc --explain E0432`.
[INFO] [stdout] 
[INFO] [stdout] error[E0432]: unresolved import `azure_identity`
[INFO] [stdout]  --> examples/federated_credential.rs:2:5
[INFO] [stdout]   |
[INFO] [stdout] 2 | use azure_identity::federated_credentials_flow;
[INFO] [stdout]   |     ^^^^^^^^^^^^^^ use of undeclared crate or module `azure_identity`
[INFO] [stdout] 
[INFO] [stdout] 
[INFO] [stdout] error[E0433]: failed to resolve: use of undeclared crate or module `azure_identity`
[INFO] [stdout]  --> examples/code_flow.rs:2:5
[INFO] [stdout]   |
[INFO] [stdout] 2 | use azure_identity::{authorization_code_flow, development::naive_redirect_server};
[INFO] [stdout]   |     ^^^^^^^^^^^^^^ use of undeclared crate or module `azure_identity`
[INFO] [stdout] 
[INFO] [stdout] 
[INFO] [stdout] error[E0432]: unresolved import `azure_identity`
[INFO] [stdout]  --> examples/code_flow.rs:2:5
[INFO] [stdout]   |
[INFO] [stdout] 2 | use azure_identity::{authorization_code_flow, development::naive_redirect_server};
[INFO] [stdout]   |     ^^^^^^^^^^^^^^ use of undeclared crate or module `azure_identity`
[INFO] [stdout] 
[INFO] [stdout] 
[INFO] [stderr] error: could not compile `azure_identity_gindix` (example "azure_cli_credentials") due to 1 previous error
[INFO] [stderr] warning: build failed, waiting for other jobs to finish...
[INFO] [stderr] error: could not compile `azure_identity_gindix` (example "client_credentials_flow_blob") due to 1 previous error
[INFO] [stdout] For more information about this error, try `rustc --explain E0432`.
[INFO] [stdout] 
[INFO] [stdout] For more information about this error, try `rustc --explain E0433`.
[INFO] [stdout] 
[INFO] [stdout] error[E0432]: unresolved import `azure_identity`
[INFO] [stdout]  --> examples/client_credentials_flow.rs:1:5
[INFO] [stdout]   |
[INFO] [stdout] 1 | use azure_identity::client_credentials_flow;
[INFO] [stdout]   |     ^^^^^^^^^^^^^^ use of undeclared crate or module `azure_identity`
[INFO] [stdout] 
[INFO] [stdout] 
[INFO] [stdout] Some errors have detailed explanations: E0432, E0433.
[INFO] [stdout] 
[INFO] [stderr] error: could not compile `azure_identity_gindix` (example "device_code_flow") due to 1 previous error
[INFO] [stdout] For more information about an error, try `rustc --explain E0432`.
[INFO] [stdout] 
[INFO] [stdout] For more information about this error, try `rustc --explain E0432`.
[INFO] [stdout] 
[INFO] [stderr] error: could not compile `azure_identity_gindix` (example "federated_credential") due to 1 previous error
[INFO] [stderr] error: could not compile `azure_identity_gindix` (example "code_flow") due to 2 previous errors
[INFO] [stderr] error: could not compile `azure_identity_gindix` (example "environment_credentials") due to 1 previous error
[INFO] [stdout] error[E0433]: failed to resolve: use of undeclared crate or module `azure_identity`
[INFO] [stdout]  --> examples/code_flow_blob.rs:2:5
[INFO] [stdout]   |
[INFO] [stdout] 2 | use azure_identity::{authorization_code_flow, development::naive_redirect_server};
[INFO] [stdout]   |     ^^^^^^^^^^^^^^ use of undeclared crate or module `azure_identity`
[INFO] [stdout] 
[INFO] [stdout] 
[INFO] [stdout] error[E0432]: unresolved import `azure_identity`
[INFO] [stdout]  --> examples/code_flow_blob.rs:2:5
[INFO] [stdout]   |
[INFO] [stdout] 2 | use azure_identity::{authorization_code_flow, development::naive_redirect_server};
[INFO] [stdout]   |     ^^^^^^^^^^^^^^ use of undeclared crate or module `azure_identity`
[INFO] [stdout] 
[INFO] [stdout] 
[INFO] [stdout] For more information about this error, try `rustc --explain E0432`.
[INFO] [stdout] 
[INFO] [stdout] error[E0433]: failed to resolve: use of undeclared crate or module `azure_identity`
[INFO] [stdout]  --> examples/default_credentials.rs:7:22
[INFO] [stdout]   |
[INFO] [stdout] 7 |     let credential = azure_identity::create_default_credential()?;
[INFO] [stdout]   |                      ^^^^^^^^^^^^^^ use of undeclared crate or module `azure_identity`
[INFO] [stdout] 
[INFO] [stdout] 
[INFO] [stderr] error: could not compile `azure_identity_gindix` (example "client_credentials_flow") due to 1 previous error
[INFO] [stdout] For more information about this error, try `rustc --explain E0433`.
[INFO] [stdout] 
[INFO] [stderr] error: could not compile `azure_identity_gindix` (example "default_credentials") due to 1 previous error
[INFO] [stdout] Some errors have detailed explanations: E0432, E0433.
[INFO] [stdout] 
[INFO] [stdout] For more information about an error, try `rustc --explain E0432`.
[INFO] [stdout] 
[INFO] [stderr] error: could not compile `azure_identity_gindix` (example "code_flow_blob") due to 2 previous errors
[INFO] running `Command { std: "docker" "inspect" "31f4f41b39735123f15fc6667546d2fcd01d907d6218d96eee3a9c20e54add9f", kill_on_drop: false }`
[INFO] running `Command { std: "docker" "rm" "-f" "31f4f41b39735123f15fc6667546d2fcd01d907d6218d96eee3a9c20e54add9f", kill_on_drop: false }`
[INFO] [stdout] 31f4f41b39735123f15fc6667546d2fcd01d907d6218d96eee3a9c20e54add9f
