[INFO] fetching crate azure_cosmos_mirror 0.3.0...
[INFO] testing azure_cosmos_mirror-0.3.0 against nightly-2024-10-28 for randomize-layout
[INFO] extracting crate azure_cosmos_mirror 0.3.0 into /workspace/builds/worker-6-tc1/source
[INFO] validating manifest of crates.io crate azure_cosmos_mirror 0.3.0 on toolchain nightly-2024-10-28
[INFO] running `Command { std: CARGO_HOME="/workspace/cargo-home" RUSTUP_HOME="/workspace/rustup-home" "/workspace/cargo-home/bin/cargo" "+nightly-2024-10-28" "metadata" "--manifest-path" "Cargo.toml" "--no-deps", kill_on_drop: false }`
[INFO] started tweaking crates.io crate azure_cosmos_mirror 0.3.0
[INFO] finished tweaking crates.io crate azure_cosmos_mirror 0.3.0
[INFO] tweaked toml for crates.io crate azure_cosmos_mirror 0.3.0 written to /workspace/builds/worker-6-tc1/source/Cargo.toml
[INFO] crate crates.io crate azure_cosmos_mirror 0.3.0 already has a lockfile, it will not be regenerated
[INFO] running `Command { std: CARGO_HOME="/workspace/cargo-home" RUSTUP_HOME="/workspace/rustup-home" "/workspace/cargo-home/bin/cargo" "+nightly-2024-10-28" "fetch" "--manifest-path" "Cargo.toml", kill_on_drop: false }`
[INFO] [stderr]     Blocking waiting for file lock on package cache
[INFO] [stderr]     Updating crates.io index
[INFO] [stderr]  Downloading crates ...
[INFO] [stderr]   Downloaded cache-padded v1.2.0
[INFO] [stderr]   Downloaded serde v1.0.144
[INFO] [stderr]   Downloaded stop-token v0.7.0
[INFO] [stderr]   Downloaded async-channel v1.7.1
[INFO] [stderr]   Downloaded serde_derive v1.0.144
[INFO] [stderr]   Downloaded concurrent-queue v1.2.4
[INFO] [stderr]   Downloaded azure_core_mirror v0.3.0
[INFO] [stderr]   Downloaded cpufeatures v0.2.4
[INFO] [stderr]   Downloaded security-framework v2.7.0
[INFO] [stderr]   Downloaded time v0.3.14
[INFO] [stderr]   Downloaded uuid v1.1.2
[INFO] [stderr]   Downloaded serde_json v1.0.85
[INFO] running `Command { std: "docker" "create" "-v" "/var/lib/crater-agent-workspace/builds/worker-6-tc1/target:/opt/rustwide/target:rw,Z" "-v" "/var/lib/crater-agent-workspace/builds/worker-6-tc1/source:/opt/rustwide/workdir:ro,Z" "-v" "/var/lib/crater-agent-workspace/cargo-home:/opt/rustwide/cargo-home:ro,Z" "-v" "/var/lib/crater-agent-workspace/rustup-home:/opt/rustwide/rustup-home:ro,Z" "-e" "SOURCE_DIR=/opt/rustwide/workdir" "-e" "CARGO_TARGET_DIR=/opt/rustwide/target" "-e" "CARGO_HOME=/opt/rustwide/cargo-home" "-e" "RUSTUP_HOME=/opt/rustwide/rustup-home" "-w" "/opt/rustwide/workdir" "-m" "1610612736" "--user" "0:0" "--network" "none" "ghcr.io/rust-lang/crates-build-env/linux@sha256:4a844ea9eb2546a2d2c7022eacef16ef2e8229c7fbb2c7d4d55a9ceca922f72d" "/opt/rustwide/cargo-home/bin/cargo" "+nightly-2024-10-28" "metadata" "--no-deps" "--format-version=1", kill_on_drop: false }`
[INFO] [stdout] fc385f23554b33f63870f7167878c7a7def9a3b562c882233e1c5bf1c9803783
[INFO] running `Command { std: "docker" "start" "-a" "fc385f23554b33f63870f7167878c7a7def9a3b562c882233e1c5bf1c9803783", kill_on_drop: false }`
[INFO] running `Command { std: "docker" "inspect" "fc385f23554b33f63870f7167878c7a7def9a3b562c882233e1c5bf1c9803783", kill_on_drop: false }`
[INFO] running `Command { std: "docker" "rm" "-f" "fc385f23554b33f63870f7167878c7a7def9a3b562c882233e1c5bf1c9803783", kill_on_drop: false }`
[INFO] [stdout] fc385f23554b33f63870f7167878c7a7def9a3b562c882233e1c5bf1c9803783
[INFO] running `Command { std: "docker" "create" "-v" "/var/lib/crater-agent-workspace/builds/worker-6-tc1/target:/opt/rustwide/target:rw,Z" "-v" "/var/lib/crater-agent-workspace/builds/worker-6-tc1/source:/opt/rustwide/workdir:ro,Z" "-v" "/var/lib/crater-agent-workspace/cargo-home:/opt/rustwide/cargo-home:ro,Z" "-v" "/var/lib/crater-agent-workspace/rustup-home:/opt/rustwide/rustup-home:ro,Z" "-e" "SOURCE_DIR=/opt/rustwide/workdir" "-e" "CARGO_TARGET_DIR=/opt/rustwide/target" "-e" "CARGO_INCREMENTAL=0" "-e" "RUST_BACKTRACE=full" "-e" "RUSTFLAGS=--cap-lints=forbid" "-e" "RUSTDOCFLAGS=--cap-lints=forbid" "-e" "CARGO_HOME=/opt/rustwide/cargo-home" "-e" "RUSTUP_HOME=/opt/rustwide/rustup-home" "-w" "/opt/rustwide/workdir" "-m" "1610612736" "--user" "0:0" "--network" "none" "ghcr.io/rust-lang/crates-build-env/linux@sha256:4a844ea9eb2546a2d2c7022eacef16ef2e8229c7fbb2c7d4d55a9ceca922f72d" "/opt/rustwide/cargo-home/bin/cargo" "+nightly-2024-10-28" "build" "--frozen" "--message-format=json", kill_on_drop: false }`
[INFO] [stdout] 129d866b7dbaf23cbd5ab9673ec47b229d4479f715a68d92b8df6a740cccef9b
[INFO] running `Command { std: "docker" "start" "-a" "129d866b7dbaf23cbd5ab9673ec47b229d4479f715a68d92b8df6a740cccef9b", kill_on_drop: false }`
[INFO] [stderr]    Compiling syn v1.0.99
[INFO] [stderr]    Compiling serde_derive v1.0.144
[INFO] [stderr]    Compiling futures-io v0.3.23
[INFO] [stderr]    Compiling serde v1.0.144
[INFO] [stderr]    Compiling tokio v1.20.1
[INFO] [stderr]    Compiling typenum v1.15.0
[INFO] [stderr]    Compiling generic-array v0.14.6
[INFO] [stderr]    Compiling semver v1.0.13
[INFO] [stderr]    Compiling ppv-lite86 v0.2.16
[INFO] [stderr]    Compiling getrandom v0.1.16
[INFO] [stderr]    Compiling getrandom v0.2.7
[INFO] [stderr]    Compiling cache-padded v1.2.0
[INFO] [stderr]    Compiling serde_json v1.0.85
[INFO] [stderr]    Compiling waker-fn v1.1.0
[INFO] [stderr]    Compiling fastrand v1.8.0
[INFO] [stderr]    Compiling http-types v2.12.0
[INFO] [stderr]    Compiling parking v2.0.0
[INFO] [stderr]    Compiling concurrent-queue v1.2.4
[INFO] [stderr]    Compiling time-macros v0.2.4
[INFO] [stderr]    Compiling num_threads v0.1.6
[INFO] [stderr]    Compiling futures-lite v1.12.0
[INFO] [stderr]    Compiling rand_core v0.6.3
[INFO] [stderr]    Compiling uuid v1.1.2
[INFO] [stderr]    Compiling rand_core v0.5.1
[INFO] [stderr]    Compiling paste v1.0.8
[INFO] [stderr]    Compiling cpufeatures v0.2.4
[INFO] [stderr]    Compiling dyn-clone v1.0.9
[INFO] [stderr]    Compiling async-channel v1.7.1
[INFO] [stderr]    Compiling rand_chacha v0.2.2
[INFO] [stderr]    Compiling rustc_version v0.4.0
[INFO] [stderr]    Compiling rand_chacha v0.3.1
[INFO] [stderr]    Compiling rand v0.7.3
[INFO] [stderr]    Compiling azure_core_mirror v0.3.0
[INFO] [stderr]    Compiling rand v0.8.5
[INFO] [stderr]    Compiling crypto-common v0.1.6
[INFO] [stderr]    Compiling block-buffer v0.10.2
[INFO] [stderr]    Compiling digest v0.10.3
[INFO] [stderr]    Compiling hmac v0.12.1
[INFO] [stderr]    Compiling sha2 v0.10.2
[INFO] [stderr]    Compiling futures-macro v0.3.23
[INFO] [stderr]    Compiling openssl-macros v0.1.0
[INFO] [stderr]    Compiling thiserror-impl v1.0.32
[INFO] [stderr]    Compiling pin-project-internal v1.0.12
[INFO] [stderr]    Compiling async-trait v0.1.57
[INFO] [stderr]    Compiling tokio-util v0.7.3
[INFO] [stderr]    Compiling openssl v0.10.41
[INFO] [stderr]    Compiling futures-util v0.3.23
[INFO] [stderr]    Compiling thiserror v1.0.32
[INFO] [stderr]    Compiling pin-project v1.0.12
[INFO] [stderr]    Compiling native-tls v0.2.10
[INFO] [stderr]    Compiling tokio-native-tls v0.3.0
[INFO] [stderr]    Compiling h2 v0.3.14
[INFO] [stderr]    Compiling futures-executor v0.3.23
[INFO] [stderr]    Compiling futures v0.3.23
[INFO] [stderr]    Compiling serde_urlencoded v0.7.1
[INFO] [stderr]    Compiling url v2.2.2
[INFO] [stderr]    Compiling serde_qs v0.8.5
[INFO] [stderr]    Compiling time v0.3.14
[INFO] [stderr]    Compiling hyper v0.14.20
[INFO] [stderr]    Compiling hyper-tls v0.5.0
[INFO] [stderr]    Compiling reqwest v0.11.11
[INFO] [stderr]    Compiling azure_cosmos_mirror v0.3.0 (/opt/rustwide/workdir)
[INFO] [stderr]     Finished `dev` profile [unoptimized + debuginfo] target(s) in 33.65s
[INFO] running `Command { std: "docker" "inspect" "129d866b7dbaf23cbd5ab9673ec47b229d4479f715a68d92b8df6a740cccef9b", kill_on_drop: false }`
[INFO] running `Command { std: "docker" "rm" "-f" "129d866b7dbaf23cbd5ab9673ec47b229d4479f715a68d92b8df6a740cccef9b", kill_on_drop: false }`
[INFO] [stdout] 129d866b7dbaf23cbd5ab9673ec47b229d4479f715a68d92b8df6a740cccef9b
[INFO] running `Command { std: "docker" "create" "-v" "/var/lib/crater-agent-workspace/builds/worker-6-tc1/target:/opt/rustwide/target:rw,Z" "-v" "/var/lib/crater-agent-workspace/builds/worker-6-tc1/source:/opt/rustwide/workdir:ro,Z" "-v" "/var/lib/crater-agent-workspace/cargo-home:/opt/rustwide/cargo-home:ro,Z" "-v" "/var/lib/crater-agent-workspace/rustup-home:/opt/rustwide/rustup-home:ro,Z" "-e" "SOURCE_DIR=/opt/rustwide/workdir" "-e" "CARGO_TARGET_DIR=/opt/rustwide/target" "-e" "CARGO_INCREMENTAL=0" "-e" "RUST_BACKTRACE=full" "-e" "RUSTFLAGS=--cap-lints=forbid" "-e" "RUSTDOCFLAGS=--cap-lints=forbid" "-e" "CARGO_HOME=/opt/rustwide/cargo-home" "-e" "RUSTUP_HOME=/opt/rustwide/rustup-home" "-w" "/opt/rustwide/workdir" "-m" "1610612736" "--user" "0:0" "--network" "none" "ghcr.io/rust-lang/crates-build-env/linux@sha256:4a844ea9eb2546a2d2c7022eacef16ef2e8229c7fbb2c7d4d55a9ceca922f72d" "/opt/rustwide/cargo-home/bin/cargo" "+nightly-2024-10-28" "test" "--frozen" "--no-run" "--message-format=json", kill_on_drop: false }`
[INFO] [stdout] 72eba5c27da52e3fc055b0c7fc6d2227daabce09900a8d1da35294b7f9a0b6d5
[INFO] running `Command { std: "docker" "start" "-a" "72eba5c27da52e3fc055b0c7fc6d2227daabce09900a8d1da35294b7f9a0b6d5", kill_on_drop: false }`
[INFO] [stderr]    Compiling log v0.4.17
[INFO] [stderr]    Compiling tokio v1.20.1
[INFO] [stderr]    Compiling tokio-macros v1.8.0
[INFO] [stderr]    Compiling proc-macro-error v1.0.4
[INFO] [stderr]    Compiling regex-syntax v0.6.27
[INFO] [stderr]    Compiling humantime v2.1.0
[INFO] [stderr]    Compiling clap_derive v3.2.17
[INFO] [stderr]    Compiling mio v0.8.4
[INFO] [stderr]    Compiling want v0.3.0
[INFO] [stderr]    Compiling native-tls v0.2.10
[INFO] [stderr]    Compiling regex v1.6.0
[INFO] [stderr]    Compiling clap v3.2.17
[INFO] [stderr]    Compiling env_logger v0.9.0
[INFO] [stderr]    Compiling tokio-util v0.7.3
[INFO] [stderr]    Compiling tokio-native-tls v0.3.0
[INFO] [stderr]    Compiling stop-token v0.7.0
[INFO] [stderr]    Compiling h2 v0.3.14
[INFO] [stderr]    Compiling hyper v0.14.20
[INFO] [stderr]    Compiling hyper-tls v0.5.0
[INFO] [stderr]    Compiling reqwest v0.11.11
[INFO] [stderr]    Compiling azure_core_mirror v0.3.0
[INFO] [stderr]    Compiling azure_cosmos_mirror v0.3.0 (/opt/rustwide/workdir)
[INFO] [stdout] error[E0433]: failed to resolve: use of undeclared crate or module `azure_data_cosmos`
[INFO] [stdout]  --> examples/cancellation.rs:1:5
[INFO] [stdout]   |
[INFO] [stdout] 1 | use azure_data_cosmos::prelude::*;
[INFO] [stdout]   |     ^^^^^^^^^^^^^^^^^ use of undeclared crate or module `azure_data_cosmos`
[INFO] [stdout] 
[INFO] [stdout] 
[INFO] [stdout] error[E0433]: failed to resolve: use of undeclared crate or module `azure_data_cosmos`
[INFO] [stdout]  --> examples/create_delete_database.rs:1:5
[INFO] [stdout]   |
[INFO] [stdout] 1 | use azure_data_cosmos::prelude::*;
[INFO] [stdout]   |     ^^^^^^^^^^^^^^^^^ use of undeclared crate or module `azure_data_cosmos`
[INFO] [stdout] 
[INFO] [stdout] 
[INFO] [stdout] error[E0433]: failed to resolve: use of undeclared crate or module `azure_data_cosmos`
[INFO] [stdout]  --> tests/setup_mock.rs:1:5
[INFO] [stdout]   |
[INFO] [stdout] 1 | use azure_data_cosmos::prelude::*;
[INFO] [stdout]   |     ^^^^^^^^^^^^^^^^^ use of undeclared crate or module `azure_data_cosmos`
[INFO] [stdout] 
[INFO] [stdout] 
[INFO] [stdout] error[E0433]: failed to resolve: use of undeclared crate or module `azure_data_cosmos`
[INFO] [stdout]  --> tests/permission_operations.rs:1:5
[INFO] [stdout]   |
[INFO] [stdout] 1 | use azure_data_cosmos::prelude::*;
[INFO] [stdout]   |     ^^^^^^^^^^^^^^^^^ use of undeclared crate or module `azure_data_cosmos`
[INFO] [stdout] 
[INFO] [stdout] 
[INFO] [stdout] error[E0433]: failed to resolve: use of undeclared crate or module `azure_data_cosmos`
[INFO] [stdout]  --> examples/attachments.rs:1:5
[INFO] [stdout]   |
[INFO] [stdout] 1 | use azure_data_cosmos::prelude::*;
[INFO] [stdout]   |     ^^^^^^^^^^^^^^^^^ use of undeclared crate or module `azure_data_cosmos`
[INFO] [stdout] 
[INFO] [stdout] 
[INFO] [stdout] error[E0433]: failed to resolve: use of undeclared crate or module `azure_data_cosmos`
[INFO] [stdout]  --> tests/setup_mock.rs:1:5
[INFO] [stdout]   |
[INFO] [stdout] 1 | use azure_data_cosmos::prelude::*;
[INFO] [stdout]   |     ^^^^^^^^^^^^^^^^^ use of undeclared crate or module `azure_data_cosmos`
[INFO] [stdout] 
[INFO] [stdout] 
[INFO] [stdout] error[E0433]: failed to resolve: use of undeclared crate or module `azure_data_cosmos`
[INFO] [stdout]  --> tests/setup_mock.rs:1:5
[INFO] [stdout]   |
[INFO] [stdout] 1 | use azure_data_cosmos::prelude::*;
[INFO] [stdout]   |     ^^^^^^^^^^^^^^^^^ use of undeclared crate or module `azure_data_cosmos`
[INFO] [stdout] 
[INFO] [stdout] 
[INFO] [stdout] error[E0433]: failed to resolve: use of undeclared crate or module `azure_data_cosmos`
[INFO] [stdout]  --> tests/setup_mock.rs:1:5
[INFO] [stdout]   |
[INFO] [stdout] 1 | use azure_data_cosmos::prelude::*;
[INFO] [stdout]   |     ^^^^^^^^^^^^^^^^^ use of undeclared crate or module `azure_data_cosmos`
[INFO] [stdout] 
[INFO] [stdout] 
[INFO] [stdout] error[E0433]: failed to resolve: use of undeclared crate or module `azure_data_cosmos`
[INFO] [stdout]  --> examples/user_permission_token.rs:1:5
[INFO] [stdout]   |
[INFO] [stdout] 1 | use azure_data_cosmos::prelude::*;
[INFO] [stdout]   |     ^^^^^^^^^^^^^^^^^ use of undeclared crate or module `azure_data_cosmos`
[INFO] [stdout] 
[INFO] [stdout] 
[INFO] [stdout] error[E0433]: failed to resolve: use of undeclared crate or module `azure_data_cosmos`
[INFO] [stdout]  --> examples/trigger.rs:1:5
[INFO] [stdout]   |
[INFO] [stdout] 1 | use azure_data_cosmos::prelude::*;
[INFO] [stdout]   |     ^^^^^^^^^^^^^^^^^ use of undeclared crate or module `azure_data_cosmos`
[INFO] [stdout] 
[INFO] [stdout] 
[INFO] [stdout] error[E0433]: failed to resolve: use of undeclared crate or module `azure_data_cosmos`
[INFO] [stdout]  --> examples/trigger.rs:2:5
[INFO] [stdout]   |
[INFO] [stdout] 2 | use azure_data_cosmos::resources::trigger::{TriggerOperation, TriggerType};
[INFO] [stdout]   |     ^^^^^^^^^^^^^^^^^ use of undeclared crate or module `azure_data_cosmos`
[INFO] [stdout] 
[INFO] [stdout] 
[INFO] [stdout] error[E0432]: unresolved imports `azure_data_cosmos::resources::trigger::TriggerOperation`, `azure_data_cosmos::resources::trigger::TriggerType`
[INFO] [stdout]  --> examples/trigger.rs:2:45
[INFO] [stdout]   |
[INFO] [stdout] 2 | use azure_data_cosmos::resources::trigger::{TriggerOperation, TriggerType};
[INFO] [stdout]   |                                             ^^^^^^^^^^^^^^^^  ^^^^^^^^^^^
[INFO] [stdout] 
[INFO] [stdout] 
[INFO] [stdout] error[E0433]: failed to resolve: use of undeclared crate or module `azure_data_cosmos`
[INFO] [stdout]   --> examples/query_document.rs:17:5
[INFO] [stdout]    |
[INFO] [stdout] 17 | use azure_data_cosmos::prelude::*;
[INFO] [stdout]    |     ^^^^^^^^^^^^^^^^^ use of undeclared crate or module `azure_data_cosmos`
[INFO] [stdout] 
[INFO] [stdout] 
[INFO] [stdout] error[E0433]: failed to resolve: use of undeclared crate or module `azure_data_cosmos`
[INFO] [stdout]  --> tests/collection_operations.rs:1:5
[INFO] [stdout]   |
[INFO] [stdout] 1 | use azure_data_cosmos::resources::collection::*;
[INFO] [stdout]   |     ^^^^^^^^^^^^^^^^^ use of undeclared crate or module `azure_data_cosmos`
[INFO] [stdout] 
[INFO] [stdout] 
[INFO] [stdout] error[E0433]: failed to resolve: use of undeclared crate or module `azure_data_cosmos`
[INFO] [stdout]  --> tests/setup_mock.rs:1:5
[INFO] [stdout]   |
[INFO] [stdout] 1 | use azure_data_cosmos::prelude::*;
[INFO] [stdout]   |     ^^^^^^^^^^^^^^^^^ use of undeclared crate or module `azure_data_cosmos`
[INFO] [stdout] 
[INFO] [stdout] 
[INFO] [stdout] error[E0433]: failed to resolve: use of undeclared crate or module `permission`
[INFO] [stdout]   --> examples/create_delete_database.rs:32:9
[INFO] [stdout]    |
[INFO] [stdout] 32 |         permission::AuthorizationToken::primary_from_base64(&args.primary_key)?;
[INFO] [stdout]    |         ^^^^^^^^^^ use of undeclared crate or module `permission`
[INFO] [stdout]    |
[INFO] [stdout] help: consider importing this enum
[INFO] [stdout]    |
[INFO] [stdout] 1  + use azure_cosmos_mirror::resources::permission::AuthorizationToken;
[INFO] [stdout]    |
[INFO] [stdout] help: if you import `AuthorizationToken`, refer to it directly
[INFO] [stdout]    |
[INFO] [stdout] 32 -         permission::AuthorizationToken::primary_from_base64(&args.primary_key)?;
[INFO] [stdout] 32 +         AuthorizationToken::primary_from_base64(&args.primary_key)?;
[INFO] [stdout]    |
[INFO] [stdout] 
[INFO] [stdout] 
[INFO] [stdout] error[E0433]: failed to resolve: use of undeclared type `CosmosClient`
[INFO] [stdout]   --> examples/create_delete_database.rs:37:18
[INFO] [stdout]    |
[INFO] [stdout] 37 |     let client = CosmosClient::new(args.account, authorization_token);
[INFO] [stdout]    |                  ^^^^^^^^^^^^ use of undeclared type `CosmosClient`
[INFO] [stdout]    |
[INFO] [stdout] help: consider importing this struct
[INFO] [stdout]    |
[INFO] [stdout] 1  + use azure_cosmos_mirror::prelude::CosmosClient;
[INFO] [stdout]    |
[INFO] [stdout] 
[INFO] [stdout] 
[INFO] [stdout] error[E0412]: cannot find type `CosmosClient` in this scope
[INFO] [stdout]  --> tests/setup_mock.rs:3:78
[INFO] [stdout]   |
[INFO] [stdout] 3 | pub fn initialize(transaction_name: impl Into<String>) -> azure_core::Result<CosmosClient> {
[INFO] [stdout]   |                                                                              ^^^^^^^^^^^^ not found in this scope
[INFO] [stdout]   |
[INFO] [stdout] help: consider importing this struct
[INFO] [stdout]   |
[INFO] [stdout] 1 + use azure_cosmos_mirror::prelude::CosmosClient;
[INFO] [stdout]   |
[INFO] [stdout] 
[INFO] [stdout] 
[INFO] [stdout] error[E0433]: failed to resolve: use of undeclared type `CosmosClient`
[INFO] [stdout]   --> tests/setup_mock.rs:15:18
[INFO] [stdout]    |
[INFO] [stdout] 15 |     let client = CosmosClient::builder(account_name, authorization_token)
[INFO] [stdout]    |                  ^^^^^^^^^^^^ use of undeclared type `CosmosClient`
[INFO] [stdout]    |
[INFO] [stdout] help: consider importing this struct
[INFO] [stdout]    |
[INFO] [stdout] 1  + use azure_cosmos_mirror::prelude::CosmosClient;
[INFO] [stdout]    |
[INFO] [stdout] 
[INFO] [stdout] 
[INFO] [stdout] error[E0412]: cannot find type `AuthorizationToken` in this scope
[INFO] [stdout]   --> tests/setup_mock.rs:26:33
[INFO] [stdout]    |
[INFO] [stdout] 26 | fn get_authorization_token() -> AuthorizationToken {
[INFO] [stdout]    |                                 ^^^^^^^^^^^^^^^^^^ not found in this scope
[INFO] [stdout]    |
[INFO] [stdout] help: consider importing this enum
[INFO] [stdout]    |
[INFO] [stdout] 1  + use azure_cosmos_mirror::resources::permission::AuthorizationToken;
[INFO] [stdout]    |
[INFO] [stdout] 
[INFO] [stdout] 
[INFO] [stdout] error[E0433]: failed to resolve: use of undeclared type `AuthorizationToken`
[INFO] [stdout]   --> tests/setup_mock.rs:33:9
[INFO] [stdout]    |
[INFO] [stdout] 33 |         AuthorizationToken::primary_from_base64(&key).ok()
[INFO] [stdout]    |         ^^^^^^^^^^^^^^^^^^ use of undeclared type `AuthorizationToken`
[INFO] [stdout]    |
[INFO] [stdout] help: consider importing this enum
[INFO] [stdout]    |
[INFO] [stdout] 1  + use azure_cosmos_mirror::resources::permission::AuthorizationToken;
[INFO] [stdout]    |
[INFO] [stdout] 
[INFO] [stdout] 
[INFO] [stdout] error[E0433]: failed to resolve: use of undeclared type `AuthorizationToken`
[INFO] [stdout]   --> tests/setup_mock.rs:36:24
[INFO] [stdout]    |
[INFO] [stdout] 36 |     .unwrap_or_else(|| AuthorizationToken::new_resource(String::from("MOCK_RESOURCE")))
[INFO] [stdout]    |                        ^^^^^^^^^^^^^^^^^^ use of undeclared type `AuthorizationToken`
[INFO] [stdout]    |
[INFO] [stdout] help: consider importing this enum
[INFO] [stdout]    |
[INFO] [stdout] 1  + use azure_cosmos_mirror::resources::permission::AuthorizationToken;
[INFO] [stdout]    |
[INFO] [stdout] 
[INFO] [stdout] 
[INFO] [stdout] error[E0433]: failed to resolve: use of undeclared type `AuthorizationToken`
[INFO] [stdout]   --> examples/cancellation.rs:23:31
[INFO] [stdout]    |
[INFO] [stdout] 23 |     let authorization_token = AuthorizationToken::primary_from_base64(&args.primary_key)?;
[INFO] [stdout]    |                               ^^^^^^^^^^^^^^^^^^ use of undeclared type `AuthorizationToken`
[INFO] [stdout]    |
[INFO] [stdout] help: consider importing this enum
[INFO] [stdout]    |
[INFO] [stdout] 1  + use azure_cosmos_mirror::resources::permission::AuthorizationToken;
[INFO] [stdout]    |
[INFO] [stdout] 
[INFO] [stdout] 
[INFO] [stdout] error[E0433]: failed to resolve: use of undeclared type `CosmosClient`
[INFO] [stdout]   --> examples/cancellation.rs:26:18
[INFO] [stdout]    |
[INFO] [stdout] 26 |     let client = CosmosClient::new(args.account, authorization_token);
[INFO] [stdout]    |                  ^^^^^^^^^^^^ use of undeclared type `CosmosClient`
[INFO] [stdout]    |
[INFO] [stdout] help: consider importing this struct
[INFO] [stdout]    |
[INFO] [stdout] 1  + use azure_cosmos_mirror::prelude::CosmosClient;
[INFO] [stdout]    |
[INFO] [stdout] 
[INFO] [stdout] 
[INFO] [stdout] error[E0433]: failed to resolve: use of undeclared crate or module `mock_transport`
[INFO] [stdout]  --> tests/setup_mock.rs:6:39
[INFO] [stdout]   |
[INFO] [stdout] 6 |     let account_name = (std::env::var(mock_transport::TESTING_MODE_KEY).as_deref()
[INFO] [stdout]   |                                       ^^^^^^^^^^^^^^ use of undeclared crate or module `mock_transport`
[INFO] [stdout] 
[INFO] [stdout] 
[INFO] [stdout] error[E0433]: failed to resolve: use of undeclared crate or module `mock_transport`
[INFO] [stdout]  --> tests/setup_mock.rs:7:15
[INFO] [stdout]   |
[INFO] [stdout] 7 |         == Ok(mock_transport::TESTING_MODE_RECORD))
[INFO] [stdout]   |               ^^^^^^^^^^^^^^ use of undeclared crate or module `mock_transport`
[INFO] [stdout] 
[INFO] [stdout] 
[INFO] [stdout] error[E0433]: failed to resolve: use of undeclared crate or module `mock_transport`
[INFO] [stdout]   --> tests/setup_mock.rs:13:9
[INFO] [stdout]    |
[INFO] [stdout] 13 |         mock_transport::new_mock_transport(transaction_name.into()),
[INFO] [stdout]    |         ^^^^^^^^^^^^^^ use of undeclared crate or module `mock_transport`
[INFO] [stdout] 
[INFO] [stdout] 
[INFO] [stdout] error[E0433]: failed to resolve: use of undeclared crate or module `mock_transport`
[INFO] [stdout]   --> tests/setup_mock.rs:27:20
[INFO] [stdout]    |
[INFO] [stdout] 27 |     (std::env::var(mock_transport::TESTING_MODE_KEY).as_deref()
[INFO] [stdout]    |                    ^^^^^^^^^^^^^^ use of undeclared crate or module `mock_transport`
[INFO] [stdout] 
[INFO] [stdout] 
[INFO] [stdout] error[E0433]: failed to resolve: use of undeclared crate or module `mock_transport`
[INFO] [stdout]   --> tests/setup_mock.rs:28:15
[INFO] [stdout]    |
[INFO] [stdout] 28 |         == Ok(mock_transport::TESTING_MODE_RECORD))
[INFO] [stdout]    |               ^^^^^^^^^^^^^^ use of undeclared crate or module `mock_transport`
[INFO] [stdout] 
[INFO] [stdout] 
[INFO] [stdout] error[E0412]: cannot find type `CosmosClient` in this scope
[INFO] [stdout]  --> tests/setup_mock.rs:3:78
[INFO] [stdout]   |
[INFO] [stdout] 3 | pub fn initialize(transaction_name: impl Into<String>) -> azure_core::Result<CosmosClient> {
[INFO] [stdout]   |                                                                              ^^^^^^^^^^^^ not found in this scope
[INFO] [stdout]   |
[INFO] [stdout] help: consider importing this struct
[INFO] [stdout]   |
[INFO] [stdout] 1 + use azure_cosmos_mirror::prelude::CosmosClient;
[INFO] [stdout]   |
[INFO] [stdout] 
[INFO] [stdout] 
[INFO] [stdout] error[E0433]: failed to resolve: use of undeclared type `CosmosClient`
[INFO] [stdout]   --> tests/setup_mock.rs:15:18
[INFO] [stdout]    |
[INFO] [stdout] 15 |     let client = CosmosClient::builder(account_name, authorization_token)
[INFO] [stdout]    |                  ^^^^^^^^^^^^ use of undeclared type `CosmosClient`
[INFO] [stdout]    |
[INFO] [stdout] help: consider importing this struct
[INFO] [stdout]    |
[INFO] [stdout] 1  + use azure_cosmos_mirror::prelude::CosmosClient;
[INFO] [stdout]    |
[INFO] [stdout] 
[INFO] [stdout] 
[INFO] [stdout] error[E0412]: cannot find type `AuthorizationToken` in this scope
[INFO] [stdout]   --> tests/setup_mock.rs:26:33
[INFO] [stdout]    |
[INFO] [stdout] 26 | fn get_authorization_token() -> AuthorizationToken {
[INFO] [stdout]    |                                 ^^^^^^^^^^^^^^^^^^ not found in this scope
[INFO] [stdout]    |
[INFO] [stdout] help: consider importing this enum
[INFO] [stdout]    |
[INFO] [stdout] 1  + use azure_cosmos_mirror::resources::permission::AuthorizationToken;
[INFO] [stdout]    |
[INFO] [stdout] 
[INFO] [stdout] 
[INFO] [stdout] error[E0433]: failed to resolve: use of undeclared type `AuthorizationToken`
[INFO] [stdout]   --> tests/setup_mock.rs:33:9
[INFO] [stdout]    |
[INFO] [stdout] 33 |         AuthorizationToken::primary_from_base64(&key).ok()
[INFO] [stdout]    |         ^^^^^^^^^^^^^^^^^^ use of undeclared type `AuthorizationToken`
[INFO] [stdout]    |
[INFO] [stdout] help: consider importing this enum
[INFO] [stdout]    |
[INFO] [stdout] 1  + use azure_cosmos_mirror::resources::permission::AuthorizationToken;
[INFO] [stdout]    |
[INFO] [stdout] 
[INFO] [stdout] 
[INFO] [stdout] error[E0433]: failed to resolve: use of undeclared type `AuthorizationToken`
[INFO] [stdout]   --> tests/setup_mock.rs:36:24
[INFO] [stdout]    |
[INFO] [stdout] 36 |     .unwrap_or_else(|| AuthorizationToken::new_resource(String::from("MOCK_RESOURCE")))
[INFO] [stdout]    |                        ^^^^^^^^^^^^^^^^^^ use of undeclared type `AuthorizationToken`
[INFO] [stdout]    |
[INFO] [stdout] help: consider importing this enum
[INFO] [stdout]    |
[INFO] [stdout] 1  + use azure_cosmos_mirror::resources::permission::AuthorizationToken;
[INFO] [stdout]    |
[INFO] [stdout] 
[INFO] [stdout] 
[INFO] [stdout] error[E0433]: failed to resolve: use of undeclared crate or module `mock_transport`
[INFO] [stdout]  --> tests/setup_mock.rs:6:39
[INFO] [stdout]   |
[INFO] [stdout] 6 |     let account_name = (std::env::var(mock_transport::TESTING_MODE_KEY).as_deref()
[INFO] [stdout]   |                                       ^^^^^^^^^^^^^^ use of undeclared crate or module `mock_transport`
[INFO] [stdout] 
[INFO] [stdout] 
[INFO] [stdout] error[E0433]: failed to resolve: use of undeclared crate or module `mock_transport`
[INFO] [stdout]  --> tests/setup_mock.rs:7:15
[INFO] [stdout]   |
[INFO] [stdout] 7 |         == Ok(mock_transport::TESTING_MODE_RECORD))
[INFO] [stdout]   |               ^^^^^^^^^^^^^^ use of undeclared crate or module `mock_transport`
[INFO] [stdout] 
[INFO] [stdout] 
[INFO] [stdout] error[E0433]: failed to resolve: use of undeclared crate or module `mock_transport`
[INFO] [stdout]   --> tests/setup_mock.rs:13:9
[INFO] [stdout]    |
[INFO] [stdout] 13 |         mock_transport::new_mock_transport(transaction_name.into()),
[INFO] [stdout]    |         ^^^^^^^^^^^^^^ use of undeclared crate or module `mock_transport`
[INFO] [stdout] 
[INFO] [stdout] 
[INFO] [stdout] error[E0433]: failed to resolve: use of undeclared crate or module `mock_transport`
[INFO] [stdout]   --> tests/setup_mock.rs:27:20
[INFO] [stdout]    |
[INFO] [stdout] 27 |     (std::env::var(mock_transport::TESTING_MODE_KEY).as_deref()
[INFO] [stdout]    |                    ^^^^^^^^^^^^^^ use of undeclared crate or module `mock_transport`
[INFO] [stdout] 
[INFO] [stdout] 
[INFO] [stdout] error[E0433]: failed to resolve: use of undeclared crate or module `mock_transport`
[INFO] [stdout]   --> tests/setup_mock.rs:28:15
[INFO] [stdout]    |
[INFO] [stdout] 28 |         == Ok(mock_transport::TESTING_MODE_RECORD))
[INFO] [stdout]    |               ^^^^^^^^^^^^^^ use of undeclared crate or module `mock_transport`
[INFO] [stdout] 
[INFO] [stdout] 
[INFO] [stdout] error[E0433]: failed to resolve: use of undeclared crate or module `azure_data_cosmos`
[INFO] [stdout]  --> examples/user_defined_function.rs:1:5
[INFO] [stdout]   |
[INFO] [stdout] 1 | use azure_data_cosmos::prelude::*;
[INFO] [stdout]   |     ^^^^^^^^^^^^^^^^^ use of undeclared crate or module `azure_data_cosmos`
[INFO] [stdout] 
[INFO] [stdout] 
[INFO] [stdout] error[E0412]: cannot find type `CosmosClient` in this scope
[INFO] [stdout]  --> tests/setup_mock.rs:3:78
[INFO] [stdout]   |
[INFO] [stdout] 3 | pub fn initialize(transaction_name: impl Into<String>) -> azure_core::Result<CosmosClient> {
[INFO] [stdout]   |                                                                              ^^^^^^^^^^^^ not found in this scope
[INFO] [stdout]   |
[INFO] [stdout] help: consider importing this struct
[INFO] [stdout]   |
[INFO] [stdout] 1 + use azure_cosmos_mirror::prelude::CosmosClient;
[INFO] [stdout]   |
[INFO] [stdout] 
[INFO] [stdout] 
[INFO] [stdout] error[E0433]: failed to resolve: use of undeclared type `CosmosClient`
[INFO] [stdout]   --> tests/setup_mock.rs:15:18
[INFO] [stdout]    |
[INFO] [stdout] 15 |     let client = CosmosClient::builder(account_name, authorization_token)
[INFO] [stdout]    |                  ^^^^^^^^^^^^ use of undeclared type `CosmosClient`
[INFO] [stdout]    |
[INFO] [stdout] help: consider importing this struct
[INFO] [stdout]    |
[INFO] [stdout] 1  + use azure_cosmos_mirror::prelude::CosmosClient;
[INFO] [stdout]    |
[INFO] [stdout] 
[INFO] [stdout] 
[INFO] [stdout] error[E0412]: cannot find type `AuthorizationToken` in this scope
[INFO] [stdout]   --> tests/setup_mock.rs:26:33
[INFO] [stdout]    |
[INFO] [stdout] 26 | fn get_authorization_token() -> AuthorizationToken {
[INFO] [stdout]    |                                 ^^^^^^^^^^^^^^^^^^ not found in this scope
[INFO] [stdout]    |
[INFO] [stdout] help: consider importing this enum
[INFO] [stdout]    |
[INFO] [stdout] 1  + use azure_cosmos_mirror::resources::permission::AuthorizationToken;
[INFO] [stdout]    |
[INFO] [stdout] 
[INFO] [stdout] 
[INFO] [stdout] error[E0433]: failed to resolve: use of undeclared type `AuthorizationToken`
[INFO] [stdout]   --> tests/setup_mock.rs:33:9
[INFO] [stdout]    |
[INFO] [stdout] 33 |         AuthorizationToken::primary_from_base64(&key).ok()
[INFO] [stdout]    |         ^^^^^^^^^^^^^^^^^^ use of undeclared type `AuthorizationToken`
[INFO] [stdout]    |
[INFO] [stdout] help: consider importing this enum
[INFO] [stdout]    |
[INFO] [stdout] 1  + use azure_cosmos_mirror::resources::permission::AuthorizationToken;
[INFO] [stdout]    |
[INFO] [stdout] 
[INFO] [stdout] 
[INFO] [stdout] error[E0433]: failed to resolve: use of undeclared type `AuthorizationToken`
[INFO] [stdout]   --> tests/setup_mock.rs:36:24
[INFO] [stdout]    |
[INFO] [stdout] 36 |     .unwrap_or_else(|| AuthorizationToken::new_resource(String::from("MOCK_RESOURCE")))
[INFO] [stdout]    |                        ^^^^^^^^^^^^^^^^^^ use of undeclared type `AuthorizationToken`
[INFO] [stdout]    |
[INFO] [stdout] help: consider importing this enum
[INFO] [stdout]    |
[INFO] [stdout] 1  + use azure_cosmos_mirror::resources::permission::AuthorizationToken;
[INFO] [stdout]    |
[INFO] [stdout] 
[INFO] [stdout] 
[INFO] [stdout] error[E0433]: failed to resolve: use of undeclared crate or module `mock_transport`
[INFO] [stdout]  --> tests/setup_mock.rs:6:39
[INFO] [stdout]   |
[INFO] [stdout] 6 |     let account_name = (std::env::var(mock_transport::TESTING_MODE_KEY).as_deref()
[INFO] [stdout]   |                                       ^^^^^^^^^^^^^^ use of undeclared crate or module `mock_transport`
[INFO] [stdout] 
[INFO] [stdout] 
[INFO] [stdout] error[E0433]: failed to resolve: use of undeclared crate or module `mock_transport`
[INFO] [stdout]  --> tests/setup_mock.rs:7:15
[INFO] [stdout]   |
[INFO] [stdout] 7 |         == Ok(mock_transport::TESTING_MODE_RECORD))
[INFO] [stdout]   |               ^^^^^^^^^^^^^^ use of undeclared crate or module `mock_transport`
[INFO] [stdout] 
[INFO] [stdout] 
[INFO] [stdout] error[E0433]: failed to resolve: use of undeclared crate or module `mock_transport`
[INFO] [stdout]   --> tests/setup_mock.rs:13:9
[INFO] [stdout]    |
[INFO] [stdout] 13 |         mock_transport::new_mock_transport(transaction_name.into()),
[INFO] [stdout]    |         ^^^^^^^^^^^^^^ use of undeclared crate or module `mock_transport`
[INFO] [stdout] 
[INFO] [stdout] 
[INFO] [stdout] error[E0433]: failed to resolve: use of undeclared crate or module `mock_transport`
[INFO] [stdout]   --> tests/setup_mock.rs:27:20
[INFO] [stdout]    |
[INFO] [stdout] 27 |     (std::env::var(mock_transport::TESTING_MODE_KEY).as_deref()
[INFO] [stdout]    |                    ^^^^^^^^^^^^^^ use of undeclared crate or module `mock_transport`
[INFO] [stdout] 
[INFO] [stdout] 
[INFO] [stdout] error[E0433]: failed to resolve: use of undeclared crate or module `mock_transport`
[INFO] [stdout]   --> tests/setup_mock.rs:28:15
[INFO] [stdout]    |
[INFO] [stdout] 28 |         == Ok(mock_transport::TESTING_MODE_RECORD))
[INFO] [stdout]    |               ^^^^^^^^^^^^^^ use of undeclared crate or module `mock_transport`
[INFO] [stdout] 
[INFO] [stdout] 
[INFO] [stdout] For more information about this error, try `rustc --explain E0433`.
[INFO] [stdout] 
[INFO] [stdout] error[E0433]: failed to resolve: use of undeclared type `AuthorizationToken`
[INFO] [stdout]   --> examples/user_defined_function.rs:34:31
[INFO] [stdout]    |
[INFO] [stdout] 34 |     let authorization_token = AuthorizationToken::primary_from_base64(&args.primary_key)?;
[INFO] [stdout]    |                               ^^^^^^^^^^^^^^^^^^ use of undeclared type `AuthorizationToken`
[INFO] [stdout]    |
[INFO] [stdout] help: consider importing this enum
[INFO] [stdout]    |
[INFO] [stdout] 1  + use azure_cosmos_mirror::resources::permission::AuthorizationToken;
[INFO] [stdout]    |
[INFO] [stdout] 
[INFO] [stdout] 
[INFO] [stdout] error[E0433]: failed to resolve: use of undeclared type `CosmosClient`
[INFO] [stdout]   --> examples/user_defined_function.rs:36:18
[INFO] [stdout]    |
[INFO] [stdout] 36 |     let client = CosmosClient::new(args.account, authorization_token);
[INFO] [stdout]    |                  ^^^^^^^^^^^^ use of undeclared type `CosmosClient`
[INFO] [stdout]    |
[INFO] [stdout] help: consider importing this struct
[INFO] [stdout]    |
[INFO] [stdout] 1  + use azure_cosmos_mirror::prelude::CosmosClient;
[INFO] [stdout]    |
[INFO] [stdout] 
[INFO] [stdout] 
[INFO] [stdout] For more information about this error, try `rustc --explain E0433`.
[INFO] [stdout] 
[INFO] [stdout] error[E0433]: failed to resolve: use of undeclared crate or module `azure_data_cosmos`
[INFO] [stdout]  --> tests/setup_mock.rs:1:5
[INFO] [stdout]   |
[INFO] [stdout] 1 | use azure_data_cosmos::prelude::*;
[INFO] [stdout]   |     ^^^^^^^^^^^^^^^^^ use of undeclared crate or module `azure_data_cosmos`
[INFO] [stdout] 
[INFO] [stdout] 
[INFO] [stdout] error[E0433]: failed to resolve: use of undeclared crate or module `azure_data_cosmos`
[INFO] [stdout]  --> tests/document_operations.rs:6:5
[INFO] [stdout]   |
[INFO] [stdout] 6 | use azure_data_cosmos::prelude::*;
[INFO] [stdout]   |     ^^^^^^^^^^^^^^^^^ use of undeclared crate or module `azure_data_cosmos`
[INFO] [stdout] 
[INFO] [stdout] 
[INFO] [stdout] Some errors have detailed explanations: E0412, E0433.
[INFO] [stdout] 
[INFO] [stdout] For more information about an error, try `rustc --explain E0412`.
[INFO] [stdout] 
[INFO] [stdout] error[E0433]: failed to resolve: use of undeclared type `AuthorizationToken`
[INFO] [stdout]   --> examples/attachments.rs:43:31
[INFO] [stdout]    |
[INFO] [stdout] 43 |     let authorization_token = AuthorizationToken::primary_from_base64(&args.primary_key)?;
[INFO] [stdout]    |                               ^^^^^^^^^^^^^^^^^^ use of undeclared type `AuthorizationToken`
[INFO] [stdout]    |
[INFO] [stdout] help: consider importing this enum
[INFO] [stdout]    |
[INFO] [stdout] 1  + use azure_cosmos_mirror::resources::permission::AuthorizationToken;
[INFO] [stdout]    |
[INFO] [stdout] 
[INFO] [stdout] 
[INFO] [stdout] error[E0433]: failed to resolve: use of undeclared type `CosmosClient`
[INFO] [stdout]   --> examples/attachments.rs:45:18
[INFO] [stdout]    |
[INFO] [stdout] 45 |     let client = CosmosClient::new(args.account, authorization_token)
[INFO] [stdout]    |                  ^^^^^^^^^^^^ use of undeclared type `CosmosClient`
[INFO] [stdout]    |
[INFO] [stdout] help: consider importing this struct
[INFO] [stdout]    |
[INFO] [stdout] 1  + use azure_cosmos_mirror::prelude::CosmosClient;
[INFO] [stdout]    |
[INFO] [stdout] 
[INFO] [stdout] 
[INFO] [stdout] error[E0412]: cannot find type `ConsistencyLevel` in this scope
[INFO] [stdout]   --> examples/attachments.rs:92:24
[INFO] [stdout]    |
[INFO] [stdout] 92 |     let session_token: ConsistencyLevel = resp.into();
[INFO] [stdout]    |                        ^^^^^^^^^^^^^^^^ not found in this scope
[INFO] [stdout]    |
[INFO] [stdout] help: consider importing this enum
[INFO] [stdout]    |
[INFO] [stdout] 1  + use azure_cosmos_mirror::ConsistencyLevel;
[INFO] [stdout]    |
[INFO] [stdout] 
[INFO] [stdout] 
[INFO] [stdout] error[E0412]: cannot find type `ConsistencyLevel` in this scope
[INFO] [stdout]    --> examples/attachments.rs:101:24
[INFO] [stdout]     |
[INFO] [stdout] 101 |     let session_token: ConsistencyLevel = resp.into();
[INFO] [stdout]     |                        ^^^^^^^^^^^^^^^^ not found in this scope
[INFO] [stdout]     |
[INFO] [stdout] help: consider importing this enum
[INFO] [stdout]     |
[INFO] [stdout] 1   + use azure_cosmos_mirror::ConsistencyLevel;
[INFO] [stdout]     |
[INFO] [stdout] 
[INFO] [stdout] 
[INFO] [stderr] error: could not compile `azure_cosmos_mirror` (example "cancellation") due to 3 previous errors
[INFO] [stdout] error[E0433]: failed to resolve: use of undeclared crate or module `azure_data_cosmos`
[INFO] [stdout]  --> examples/user.rs:1:5
[INFO] [stdout]   |
[INFO] [stdout] 1 | use azure_data_cosmos::prelude::*;
[INFO] [stdout]   |     ^^^^^^^^^^^^^^^^^ use of undeclared crate or module `azure_data_cosmos`
[INFO] [stdout] 
[INFO] [stdout] 
[INFO] [stderr] warning: build failed, waiting for other jobs to finish...
[INFO] [stdout] Some errors have detailed explanations: E0412, E0433.
[INFO] [stdout] 
[INFO] [stdout] For more information about an error, try `rustc --explain E0412`.
[INFO] [stdout] 
[INFO] [stdout] error[E0412]: cannot find type `CosmosClient` in this scope
[INFO] [stdout]  --> tests/setup_mock.rs:3:78
[INFO] [stdout]   |
[INFO] [stdout] 3 | pub fn initialize(transaction_name: impl Into<String>) -> azure_core::Result<CosmosClient> {
[INFO] [stdout]   |                                                                              ^^^^^^^^^^^^ not found in this scope
[INFO] [stdout]   |
[INFO] [stdout] help: consider importing this struct
[INFO] [stdout]   |
[INFO] [stdout] 1 + use azure_cosmos_mirror::prelude::CosmosClient;
[INFO] [stdout]   |
[INFO] [stdout] 
[INFO] [stdout] 
[INFO] [stderr] error: could not compile `azure_cosmos_mirror` (example "create_delete_database") due to 3 previous errors
[INFO] [stdout] error[E0433]: failed to resolve: use of undeclared type `CosmosClient`
[INFO] [stdout]   --> tests/setup_mock.rs:15:18
[INFO] [stdout]    |
[INFO] [stdout] 15 |     let client = CosmosClient::builder(account_name, authorization_token)
[INFO] [stdout]    |                  ^^^^^^^^^^^^ use of undeclared type `CosmosClient`
[INFO] [stdout]    |
[INFO] [stdout] help: consider importing this struct
[INFO] [stdout]    |
[INFO] [stdout] 1  + use azure_cosmos_mirror::prelude::CosmosClient;
[INFO] [stdout]    |
[INFO] [stdout] 
[INFO] [stdout] 
[INFO] [stderr] error: could not compile `azure_cosmos_mirror` (test "permission_operations") due to 12 previous errors
[INFO] [stdout] error[E0412]: cannot find type `AuthorizationToken` in this scope
[INFO] [stdout]   --> tests/setup_mock.rs:26:33
[INFO] [stdout]    |
[INFO] [stdout] 26 | fn get_authorization_token() -> AuthorizationToken {
[INFO] [stdout]    |                                 ^^^^^^^^^^^^^^^^^^ not found in this scope
[INFO] [stdout]    |
[INFO] [stdout] help: consider importing this enum
[INFO] [stdout]    |
[INFO] [stdout] 1  + use azure_cosmos_mirror::resources::permission::AuthorizationToken;
[INFO] [stdout]    |
[INFO] [stdout] 
[INFO] [stdout] 
[INFO] [stdout] error[E0433]: failed to resolve: use of undeclared type `AuthorizationToken`
[INFO] [stdout]   --> tests/setup_mock.rs:33:9
[INFO] [stdout]    |
[INFO] [stdout] 33 |         AuthorizationToken::primary_from_base64(&key).ok()
[INFO] [stdout]    |         ^^^^^^^^^^^^^^^^^^ use of undeclared type `AuthorizationToken`
[INFO] [stdout]    |
[INFO] [stdout] help: consider importing this enum
[INFO] [stdout]    |
[INFO] [stdout] 1  + use azure_cosmos_mirror::resources::permission::AuthorizationToken;
[INFO] [stdout]    |
[INFO] [stdout] 
[INFO] [stdout] 
[INFO] [stdout] error[E0433]: failed to resolve: use of undeclared type `AuthorizationToken`
[INFO] [stdout]   --> tests/setup_mock.rs:36:24
[INFO] [stdout]    |
[INFO] [stdout] 36 |     .unwrap_or_else(|| AuthorizationToken::new_resource(String::from("MOCK_RESOURCE")))
[INFO] [stdout]    |                        ^^^^^^^^^^^^^^^^^^ use of undeclared type `AuthorizationToken`
[INFO] [stdout]    |
[INFO] [stdout] help: consider importing this enum
[INFO] [stdout]    |
[INFO] [stdout] 1  + use azure_cosmos_mirror::resources::permission::AuthorizationToken;
[INFO] [stdout]    |
[INFO] [stdout] 
[INFO] [stdout] 
[INFO] [stdout] error[E0432]: unresolved import `collection`
[INFO] [stdout]  --> tests/document_operations.rs:7:5
[INFO] [stdout]   |
[INFO] [stdout] 7 | use collection::*;
[INFO] [stdout]   |     ^^^^^^^^^^ use of undeclared crate or module `collection`
[INFO] [stdout] 
[INFO] [stdout] 
[INFO] [stdout] error[E0433]: failed to resolve: use of undeclared type `AuthorizationToken`
[INFO] [stdout]   --> examples/trigger.rs:55:31
[INFO] [stdout]    |
[INFO] [stdout] 55 |     let authorization_token = AuthorizationToken::primary_from_base64(&args.primary_key)?;
[INFO] [stdout]    |                               ^^^^^^^^^^^^^^^^^^ use of undeclared type `AuthorizationToken`
[INFO] [stdout]    |
[INFO] [stdout] help: consider importing this enum
[INFO] [stdout]    |
[INFO] [stdout] 1  + use azure_cosmos_mirror::resources::permission::AuthorizationToken;
[INFO] [stdout]    |
[INFO] [stdout] 
[INFO] [stdout] 
[INFO] [stdout] error[E0433]: failed to resolve: use of undeclared type `CosmosClient`
[INFO] [stdout]   --> examples/trigger.rs:57:18
[INFO] [stdout]    |
[INFO] [stdout] 57 |     let client = CosmosClient::new(args.account, authorization_token);
[INFO] [stdout]    |                  ^^^^^^^^^^^^ use of undeclared type `CosmosClient`
[INFO] [stdout]    |
[INFO] [stdout] help: consider importing this struct
[INFO] [stdout]    |
[INFO] [stdout] 1  + use azure_cosmos_mirror::prelude::CosmosClient;
[INFO] [stdout]    |
[INFO] [stdout] 
[INFO] [stdout] 
[INFO] [stdout] error[E0412]: cannot find type `ConsistencyLevel` in this scope
[INFO] [stdout]   --> examples/trigger.rs:75:40
[INFO] [stdout]    |
[INFO] [stdout] 75 |     let mut last_session_token: Option<ConsistencyLevel> = None;
[INFO] [stdout]    |                                        ^^^^^^^^^^^^^^^^ not found in this scope
[INFO] [stdout]    |
[INFO] [stdout] help: consider importing this enum
[INFO] [stdout]    |
[INFO] [stdout] 1  + use azure_cosmos_mirror::ConsistencyLevel;
[INFO] [stdout]    |
[INFO] [stdout] 
[INFO] [stdout] 
[INFO] [stdout] error[E0433]: failed to resolve: use of undeclared type `ConsistencyLevel`
[INFO] [stdout]   --> examples/trigger.rs:88:35
[INFO] [stdout]    |
[INFO] [stdout] 88 |         last_session_token = Some(ConsistencyLevel::Session(ret.session_token));
[INFO] [stdout]    |                                   ^^^^^^^^^^^^^^^^ use of undeclared type `ConsistencyLevel`
[INFO] [stdout]    |
[INFO] [stdout] help: consider importing this enum
[INFO] [stdout]    |
[INFO] [stdout] 1  + use azure_cosmos_mirror::ConsistencyLevel;
[INFO] [stdout]    |
[INFO] [stdout] 
[INFO] [stdout] 
[INFO] [stderr] error: could not compile `azure_cosmos_mirror` (test "database_operations") due to 11 previous errors
[INFO] [stdout] error[E0433]: failed to resolve: use of undeclared crate or module `azure_data_cosmos`
[INFO] [stdout]  --> examples/document.rs:7:5
[INFO] [stdout]   |
[INFO] [stdout] 7 | use azure_data_cosmos::prelude::*;
[INFO] [stdout]   |     ^^^^^^^^^^^^^^^^^ use of undeclared crate or module `azure_data_cosmos`
[INFO] [stdout] 
[INFO] [stdout] 
[INFO] [stdout] error[E0433]: failed to resolve: use of undeclared crate or module `mock_transport`
[INFO] [stdout]  --> tests/setup_mock.rs:6:39
[INFO] [stdout]   |
[INFO] [stdout] 6 |     let account_name = (std::env::var(mock_transport::TESTING_MODE_KEY).as_deref()
[INFO] [stdout]   |                                       ^^^^^^^^^^^^^^ use of undeclared crate or module `mock_transport`
[INFO] [stdout] 
[INFO] [stdout] 
[INFO] [stdout] error[E0433]: failed to resolve: use of undeclared crate or module `mock_transport`
[INFO] [stdout]  --> tests/setup_mock.rs:7:15
[INFO] [stdout]   |
[INFO] [stdout] 7 |         == Ok(mock_transport::TESTING_MODE_RECORD))
[INFO] [stdout]   |               ^^^^^^^^^^^^^^ use of undeclared crate or module `mock_transport`
[INFO] [stdout] 
[INFO] [stdout] 
[INFO] [stdout] error[E0433]: failed to resolve: use of undeclared crate or module `mock_transport`
[INFO] [stdout]   --> tests/setup_mock.rs:13:9
[INFO] [stdout]    |
[INFO] [stdout] 13 |         mock_transport::new_mock_transport(transaction_name.into()),
[INFO] [stdout]    |         ^^^^^^^^^^^^^^ use of undeclared crate or module `mock_transport`
[INFO] [stdout] 
[INFO] [stdout] 
[INFO] [stdout] error[E0433]: failed to resolve: use of undeclared crate or module `mock_transport`
[INFO] [stdout]   --> tests/setup_mock.rs:27:20
[INFO] [stdout]    |
[INFO] [stdout] 27 |     (std::env::var(mock_transport::TESTING_MODE_KEY).as_deref()
[INFO] [stdout]    |                    ^^^^^^^^^^^^^^ use of undeclared crate or module `mock_transport`
[INFO] [stdout] 
[INFO] [stdout] 
[INFO] [stdout] error[E0433]: failed to resolve: use of undeclared crate or module `mock_transport`
[INFO] [stdout]   --> tests/setup_mock.rs:28:15
[INFO] [stdout]    |
[INFO] [stdout] 28 |         == Ok(mock_transport::TESTING_MODE_RECORD))
[INFO] [stdout]    |               ^^^^^^^^^^^^^^ use of undeclared crate or module `mock_transport`
[INFO] [stdout] 
[INFO] [stdout] 
[INFO] [stdout] Some errors have detailed explanations: E0412, E0433.
[INFO] [stdout] 
[INFO] [stdout] For more information about an error, try `rustc --explain E0412`.
[INFO] [stdout] 
[INFO] [stderr] error: could not compile `azure_cosmos_mirror` (test "setup_mock") due to 11 previous errors
[INFO] [stdout] error[E0433]: failed to resolve: use of undeclared type `AuthorizationToken`
[INFO] [stdout]   --> examples/user_permission_token.rs:27:31
[INFO] [stdout]    |
[INFO] [stdout] 27 |     let authorization_token = AuthorizationToken::primary_from_base64(&args.primary_key)?;
[INFO] [stdout]    |                               ^^^^^^^^^^^^^^^^^^ use of undeclared type `AuthorizationToken`
[INFO] [stdout]    |
[INFO] [stdout] help: consider importing this enum
[INFO] [stdout]    |
[INFO] [stdout] 1  + use azure_cosmos_mirror::resources::permission::AuthorizationToken;
[INFO] [stdout]    |
[INFO] [stdout] 
[INFO] [stdout] 
[INFO] [stdout] error[E0433]: failed to resolve: use of undeclared crate or module `azure_data_cosmos`
[INFO] [stdout]   --> examples/attachments.rs:16:6
[INFO] [stdout]    |
[INFO] [stdout] 16 | impl azure_data_cosmos::CosmosEntity for MySampleStruct {
[INFO] [stdout]    |      ^^^^^^^^^^^^^^^^^ use of undeclared crate or module `azure_data_cosmos`
[INFO] [stdout] 
[INFO] [stdout] 
[INFO] [stdout] Some errors have detailed explanations: E0412, E0433.
[INFO] [stdout] 
[INFO] [stdout] For more information about an error, try `rustc --explain E0412`.
[INFO] [stdout] 
[INFO] [stdout] error[E0433]: failed to resolve: use of undeclared type `AuthorizationToken`
[INFO] [stdout]   --> examples/user.rs:24:31
[INFO] [stdout]    |
[INFO] [stdout] 24 |     let authorization_token = AuthorizationToken::primary_from_base64(&args.primary_key)?;
[INFO] [stdout]    |                               ^^^^^^^^^^^^^^^^^^ use of undeclared type `AuthorizationToken`
[INFO] [stdout]    |
[INFO] [stdout] help: consider importing this enum
[INFO] [stdout]    |
[INFO] [stdout] 1  + use azure_cosmos_mirror::resources::permission::AuthorizationToken;
[INFO] [stdout]    |
[INFO] [stdout] 
[INFO] [stdout] 
[INFO] [stderr] error: could not compile `azure_cosmos_mirror` (example "attachments") due to 6 previous errors
[INFO] [stdout] error[E0412]: cannot find type `CosmosClient` in this scope
[INFO] [stdout]  --> tests/setup_mock.rs:3:78
[INFO] [stdout]   |
[INFO] [stdout] 3 | pub fn initialize(transaction_name: impl Into<String>) -> azure_core::Result<CosmosClient> {
[INFO] [stdout]   |                                                                              ^^^^^^^^^^^^ not found in this scope
[INFO] [stdout]   |
[INFO] [stdout] help: consider importing this struct
[INFO] [stdout]   |
[INFO] [stdout] 1 + use azure_cosmos_mirror::prelude::CosmosClient;
[INFO] [stdout]   |
[INFO] [stdout] 
[INFO] [stdout] 
[INFO] [stdout] error[E0433]: failed to resolve: use of undeclared type `CosmosClient`
[INFO] [stdout]   --> examples/user.rs:26:18
[INFO] [stdout]    |
[INFO] [stdout] 26 |     let client = CosmosClient::new(args.account, authorization_token);
[INFO] [stdout]    |                  ^^^^^^^^^^^^ use of undeclared type `CosmosClient`
[INFO] [stdout]    |
[INFO] [stdout] help: consider importing this struct
[INFO] [stdout]    |
[INFO] [stdout] 1  + use azure_cosmos_mirror::prelude::CosmosClient;
[INFO] [stdout]    |
[INFO] [stdout] 
[INFO] [stdout] 
[INFO] [stdout] error[E0433]: failed to resolve: use of undeclared type `CosmosClient`
[INFO] [stdout]   --> examples/user_permission_token.rs:29:18
[INFO] [stdout]    |
[INFO] [stdout] 29 |     let client = CosmosClient::new(args.account, authorization_token);
[INFO] [stdout]    |                  ^^^^^^^^^^^^ use of undeclared type `CosmosClient`
[INFO] [stdout]    |
[INFO] [stdout] help: consider importing this struct
[INFO] [stdout]    |
[INFO] [stdout] 1  + use azure_cosmos_mirror::prelude::CosmosClient;
[INFO] [stdout]    |
[INFO] [stdout] 
[INFO] [stdout] 
[INFO] [stdout] error[E0412]: cannot find type `AuthorizationToken` in this scope
[INFO] [stdout]   --> examples/user_permission_token.rs:70:34
[INFO] [stdout]    |
[INFO] [stdout] 70 |     let new_authorization_token: AuthorizationToken = create_permission_response
[INFO] [stdout]    |                                  ^^^^^^^^^^^^^^^^^^ not found in this scope
[INFO] [stdout]    |
[INFO] [stdout] help: consider importing this enum
[INFO] [stdout]    |
[INFO] [stdout] 1  + use azure_cosmos_mirror::resources::permission::AuthorizationToken;
[INFO] [stdout]    |
[INFO] [stdout] 
[INFO] [stdout] 
[INFO] [stdout] error[E0433]: failed to resolve: use of undeclared type `CosmosClient`
[INFO] [stdout]   --> tests/setup_mock.rs:15:18
[INFO] [stdout]    |
[INFO] [stdout] 15 |     let client = CosmosClient::builder(account_name, authorization_token)
[INFO] [stdout]    |                  ^^^^^^^^^^^^ use of undeclared type `CosmosClient`
[INFO] [stdout]    |
[INFO] [stdout] help: consider importing this struct
[INFO] [stdout]    |
[INFO] [stdout] 1  + use azure_cosmos_mirror::prelude::CosmosClient;
[INFO] [stdout]    |
[INFO] [stdout] 
[INFO] [stdout] 
[INFO] [stdout] error[E0412]: cannot find type `AuthorizationToken` in this scope
[INFO] [stdout]    --> examples/user_permission_token.rs:138:34
[INFO] [stdout]     |
[INFO] [stdout] 138 |     let new_authorization_token: AuthorizationToken = create_permission_response
[INFO] [stdout]     |                                  ^^^^^^^^^^^^^^^^^^ not found in this scope
[INFO] [stdout]     |
[INFO] [stdout] help: consider importing this enum
[INFO] [stdout]     |
[INFO] [stdout] 1   + use azure_cosmos_mirror::resources::permission::AuthorizationToken;
[INFO] [stdout]     |
[INFO] [stdout] 
[INFO] [stdout] 
[INFO] [stdout] error[E0412]: cannot find type `AuthorizationToken` in this scope
[INFO] [stdout]   --> tests/setup_mock.rs:26:33
[INFO] [stdout]    |
[INFO] [stdout] 26 | fn get_authorization_token() -> AuthorizationToken {
[INFO] [stdout]    |                                 ^^^^^^^^^^^^^^^^^^ not found in this scope
[INFO] [stdout]    |
[INFO] [stdout] help: consider importing this enum
[INFO] [stdout]    |
[INFO] [stdout] 1  + use azure_cosmos_mirror::resources::permission::AuthorizationToken;
[INFO] [stdout]    |
[INFO] [stdout] 
[INFO] [stdout] 
[INFO] [stdout] error[E0433]: failed to resolve: use of undeclared type `AuthorizationToken`
[INFO] [stdout]   --> tests/setup_mock.rs:33:9
[INFO] [stdout]    |
[INFO] [stdout] 33 |         AuthorizationToken::primary_from_base64(&key).ok()
[INFO] [stdout]    |         ^^^^^^^^^^^^^^^^^^ use of undeclared type `AuthorizationToken`
[INFO] [stdout]    |
[INFO] [stdout] help: consider importing this enum
[INFO] [stdout]    |
[INFO] [stdout] 1  + use azure_cosmos_mirror::resources::permission::AuthorizationToken;
[INFO] [stdout]    |
[INFO] [stdout] 
[INFO] [stdout] 
[INFO] [stdout] error[E0433]: failed to resolve: use of undeclared type `AuthorizationToken`
[INFO] [stdout]   --> tests/setup_mock.rs:36:24
[INFO] [stdout]    |
[INFO] [stdout] 36 |     .unwrap_or_else(|| AuthorizationToken::new_resource(String::from("MOCK_RESOURCE")))
[INFO] [stdout]    |                        ^^^^^^^^^^^^^^^^^^ use of undeclared type `AuthorizationToken`
[INFO] [stdout]    |
[INFO] [stdout] help: consider importing this enum
[INFO] [stdout]    |
[INFO] [stdout] 1  + use azure_cosmos_mirror::resources::permission::AuthorizationToken;
[INFO] [stdout]    |
[INFO] [stdout] 
[INFO] [stdout] 
[INFO] [stdout] error[E0422]: cannot find struct, variant or union type `IncludedPathIndex` in this scope
[INFO] [stdout]   --> tests/collection_operations.rs:58:19
[INFO] [stdout]    |
[INFO] [stdout] 58 |     let indexes = IncludedPathIndex {
[INFO] [stdout]    |                   ^^^^^^^^^^^^^^^^^ not found in this scope
[INFO] [stdout]    |
[INFO] [stdout] help: consider importing this struct
[INFO] [stdout]    |
[INFO] [stdout] 1  + use azure_cosmos_mirror::resources::collection::IncludedPathIndex;
[INFO] [stdout]    |
[INFO] [stdout] 
[INFO] [stdout] 
[INFO] [stdout] error[E0433]: failed to resolve: use of undeclared type `KeyKind`
[INFO] [stdout]   --> tests/collection_operations.rs:59:15
[INFO] [stdout]    |
[INFO] [stdout] 59 |         kind: KeyKind::Hash,
[INFO] [stdout]    |               ^^^^^^^ use of undeclared type `KeyKind`
[INFO] [stdout]    |
[INFO] [stdout] help: consider importing this enum
[INFO] [stdout]    |
[INFO] [stdout] 1  + use azure_cosmos_mirror::resources::collection::KeyKind;
[INFO] [stdout]    |
[INFO] [stdout] 
[INFO] [stdout] 
[INFO] [stdout] error[E0433]: failed to resolve: use of undeclared type `DataType`
[INFO] [stdout]   --> tests/collection_operations.rs:60:20
[INFO] [stdout]    |
[INFO] [stdout] 60 |         data_type: DataType::String,
[INFO] [stdout]    |                    ^^^^^^^^ use of undeclared type `DataType`
[INFO] [stdout]    |
[INFO] [stdout] help: consider importing this enum
[INFO] [stdout]    |
[INFO] [stdout] 1  + use azure_cosmos_mirror::resources::collection::DataType;
[INFO] [stdout]    |
[INFO] [stdout] 
[INFO] [stdout] 
[INFO] [stdout] error[E0422]: cannot find struct, variant or union type `IncludedPath` in this scope
[INFO] [stdout]   --> tests/collection_operations.rs:64:24
[INFO] [stdout]    |
[INFO] [stdout] 64 |     let include_path = IncludedPath {
[INFO] [stdout]    |                        ^^^^^^^^^^^^ not found in this scope
[INFO] [stdout]    |
[INFO] [stdout] help: consider importing this struct
[INFO] [stdout]    |
[INFO] [stdout] 1  + use azure_cosmos_mirror::resources::collection::IncludedPath;
[INFO] [stdout]    |
[INFO] [stdout] 
[INFO] [stdout] 
[INFO] [stdout] error[E0422]: cannot find struct, variant or union type `IndexingPolicy` in this scope
[INFO] [stdout]   --> tests/collection_operations.rs:69:35
[INFO] [stdout]    |
[INFO] [stdout] 69 |     let mut new_indexing_policy = IndexingPolicy {
[INFO] [stdout]    |                                   ^^^^^^^^^^^^^^ not found in this scope
[INFO] [stdout]    |
[INFO] [stdout] help: consider importing this struct
[INFO] [stdout]    |
[INFO] [stdout] 1  + use azure_cosmos_mirror::resources::collection::IndexingPolicy;
[INFO] [stdout]    |
[INFO] [stdout] 
[INFO] [stdout] 
[INFO] [stdout] error[E0433]: failed to resolve: use of undeclared type `IndexingMode`
[INFO] [stdout]   --> tests/collection_operations.rs:71:24
[INFO] [stdout]    |
[INFO] [stdout] 71 |         indexing_mode: IndexingMode::Consistent,
[INFO] [stdout]    |                        ^^^^^^^^^^^^ use of undeclared type `IndexingMode`
[INFO] [stdout]    |
[INFO] [stdout] help: consider importing this enum
[INFO] [stdout]    |
[INFO] [stdout] 1  + use azure_cosmos_mirror::resources::collection::IndexingMode;
[INFO] [stdout]    |
[INFO] [stdout] 
[INFO] [stdout] 
[INFO] [stdout] error[E0433]: failed to resolve: use of undeclared crate or module `mock_transport`
[INFO] [stdout]  --> tests/setup_mock.rs:6:39
[INFO] [stdout]   |
[INFO] [stdout] 6 |     let account_name = (std::env::var(mock_transport::TESTING_MODE_KEY).as_deref()
[INFO] [stdout]   |                                       ^^^^^^^^^^^^^^ use of undeclared crate or module `mock_transport`
[INFO] [stdout] 
[INFO] [stdout] 
[INFO] [stdout] error[E0433]: failed to resolve: use of undeclared crate or module `mock_transport`
[INFO] [stdout]  --> tests/setup_mock.rs:7:15
[INFO] [stdout]   |
[INFO] [stdout] 7 |         == Ok(mock_transport::TESTING_MODE_RECORD))
[INFO] [stdout]   |               ^^^^^^^^^^^^^^ use of undeclared crate or module `mock_transport`
[INFO] [stdout] 
[INFO] [stdout] 
[INFO] [stdout] error[E0433]: failed to resolve: use of undeclared crate or module `mock_transport`
[INFO] [stdout]   --> tests/setup_mock.rs:13:9
[INFO] [stdout]    |
[INFO] [stdout] 13 |         mock_transport::new_mock_transport(transaction_name.into()),
[INFO] [stdout]    |         ^^^^^^^^^^^^^^ use of undeclared crate or module `mock_transport`
[INFO] [stdout] 
[INFO] [stdout] 
[INFO] [stdout] For more information about this error, try `rustc --explain E0433`.
[INFO] [stdout] 
[INFO] [stdout] error[E0433]: failed to resolve: use of undeclared type `AuthorizationToken`
[INFO] [stdout]   --> examples/query_document.rs:56:31
[INFO] [stdout]    |
[INFO] [stdout] 56 |     let authorization_token = AuthorizationToken::primary_from_base64(&args.primary_key)?;
[INFO] [stdout]    |                               ^^^^^^^^^^^^^^^^^^ use of undeclared type `AuthorizationToken`
[INFO] [stdout]    |
[INFO] [stdout] help: consider importing this enum
[INFO] [stdout]    |
[INFO] [stdout] 17 + use azure_cosmos_mirror::resources::permission::AuthorizationToken;
[INFO] [stdout]    |
[INFO] [stdout] 
[INFO] [stdout] 
[INFO] [stdout] error[E0433]: failed to resolve: use of undeclared type `CosmosClient`
[INFO] [stdout]   --> examples/query_document.rs:58:18
[INFO] [stdout]    |
[INFO] [stdout] 58 |     let client = CosmosClient::new(args.account, authorization_token)
[INFO] [stdout]    |                  ^^^^^^^^^^^^ use of undeclared type `CosmosClient`
[INFO] [stdout]    |
[INFO] [stdout] help: consider importing this struct
[INFO] [stdout]    |
[INFO] [stdout] 17 + use azure_cosmos_mirror::prelude::CosmosClient;
[INFO] [stdout]    |
[INFO] [stdout] 
[INFO] [stdout] 
[INFO] [stdout] error[E0433]: failed to resolve: use of undeclared type `Query`
[INFO] [stdout]   --> examples/query_document.rs:62:21
[INFO] [stdout]    |
[INFO] [stdout] 62 |     let query_obj = Query::new(args.query);
[INFO] [stdout]    |                     ^^^^^ use of undeclared type `Query`
[INFO] [stdout]    |
[INFO] [stdout] help: consider importing this struct
[INFO] [stdout]    |
[INFO] [stdout] 17 + use azure_cosmos_mirror::resources::document::Query;
[INFO] [stdout]    |
[INFO] [stdout] 
[INFO] [stdout] 
[INFO] [stdout] error[E0433]: failed to resolve: use of undeclared type `AuthorizationToken`
[INFO] [stdout]   --> examples/document.rs:54:31
[INFO] [stdout]    |
[INFO] [stdout] 54 |     let authorization_token = AuthorizationToken::primary_from_base64(&args.primary_key)?;
[INFO] [stdout]    |                               ^^^^^^^^^^^^^^^^^^ use of undeclared type `AuthorizationToken`
[INFO] [stdout]    |
[INFO] [stdout] help: consider importing this enum
[INFO] [stdout]    |
[INFO] [stdout] 1  + use azure_cosmos_mirror::resources::permission::AuthorizationToken;
[INFO] [stdout]    |
[INFO] [stdout] 
[INFO] [stdout] 
[INFO] [stdout] error[E0433]: failed to resolve: use of undeclared type `CosmosClient`
[INFO] [stdout]   --> examples/document.rs:58:18
[INFO] [stdout]    |
[INFO] [stdout] 58 |     let client = CosmosClient::new(args.account, authorization_token);
[INFO] [stdout]    |                  ^^^^^^^^^^^^ use of undeclared type `CosmosClient`
[INFO] [stdout]    |
[INFO] [stdout] help: consider importing this struct
[INFO] [stdout]    |
[INFO] [stdout] 1  + use azure_cosmos_mirror::prelude::CosmosClient;
[INFO] [stdout]    |
[INFO] [stdout] 
[INFO] [stdout] 
[INFO] [stdout] error[E0433]: failed to resolve: use of undeclared type `GetDocumentResponse`
[INFO] [stdout]    --> examples/document.rs:174:12
[INFO] [stdout]     |
[INFO] [stdout] 174 |     if let GetDocumentResponse::Found(document) = get_document_response {
[INFO] [stdout]     |            ^^^^^^^^^^^^^^^^^^^ use of undeclared type `GetDocumentResponse`
[INFO] [stdout]     |
[INFO] [stdout] help: consider importing this enum
[INFO] [stdout]     |
[INFO] [stdout] 1   + use azure_cosmos_mirror::prelude::GetDocumentResponse;
[INFO] [stdout]     |
[INFO] [stdout] 
[INFO] [stdout] 
[INFO] [stdout] error[E0433]: failed to resolve: use of undeclared crate or module `mock_transport`
[INFO] [stdout]   --> tests/setup_mock.rs:27:20
[INFO] [stdout]    |
[INFO] [stdout] 27 |     (std::env::var(mock_transport::TESTING_MODE_KEY).as_deref()
[INFO] [stdout]    |                    ^^^^^^^^^^^^^^ use of undeclared crate or module `mock_transport`
[INFO] [stdout] 
[INFO] [stdout] 
[INFO] [stdout] error[E0433]: failed to resolve: use of undeclared crate or module `mock_transport`
[INFO] [stdout]   --> tests/setup_mock.rs:28:15
[INFO] [stdout]    |
[INFO] [stdout] 28 |         == Ok(mock_transport::TESTING_MODE_RECORD))
[INFO] [stdout]    |               ^^^^^^^^^^^^^^ use of undeclared crate or module `mock_transport`
[INFO] [stdout] 
[INFO] [stdout] 
[INFO] [stderr] error: could not compile `azure_cosmos_mirror` (example "user_defined_function") due to 3 previous errors
[INFO] [stdout] Some errors have detailed explanations: E0412, E0433.
[INFO] [stdout] 
[INFO] [stdout] For more information about an error, try `rustc --explain E0412`.
[INFO] [stdout] 
[INFO] [stdout] error[E0433]: failed to resolve: use of undeclared crate or module `azure_data_cosmos`
[INFO] [stdout]   --> examples/document.rs:28:6
[INFO] [stdout]    |
[INFO] [stdout] 28 | impl azure_data_cosmos::CosmosEntity for MySampleStruct {
[INFO] [stdout]    |      ^^^^^^^^^^^^^^^^^ use of undeclared crate or module `azure_data_cosmos`
[INFO] [stdout] 
[INFO] [stdout] 
[INFO] [stdout] For more information about this error, try `rustc --explain E0433`.
[INFO] [stdout] 
[INFO] [stdout] For more information about this error, try `rustc --explain E0433`.
[INFO] [stdout] 
[INFO] [stderr] error: could not compile `azure_cosmos_mirror` (test "user_operations") due to 11 previous errors
[INFO] [stderr] error: could not compile `azure_cosmos_mirror` (example "document") due to 5 previous errors
[INFO] [stderr] error: could not compile `azure_cosmos_mirror` (example "user") due to 3 previous errors
[INFO] [stdout] Some errors have detailed explanations: E0432, E0433.
[INFO] [stdout] 
[INFO] [stdout] For more information about an error, try `rustc --explain E0432`.
[INFO] [stdout] 
[INFO] [stderr] error: could not compile `azure_cosmos_mirror` (test "document_operations") due to 3 previous errors
[INFO] [stdout] Some errors have detailed explanations: E0412, E0422, E0433.
[INFO] [stdout] 
[INFO] [stdout] For more information about an error, try `rustc --explain E0412`.
[INFO] [stdout] 
[INFO] [stderr] error: could not compile `azure_cosmos_mirror` (test "collection_operations") due to 18 previous errors
[INFO] [stdout] Some errors have detailed explanations: E0412, E0433.
[INFO] [stdout] 
[INFO] [stdout] For more information about an error, try `rustc --explain E0412`.
[INFO] [stdout] 
[INFO] [stdout] Some errors have detailed explanations: E0412, E0432, E0433.
[INFO] [stdout] 
[INFO] [stdout] For more information about an error, try `rustc --explain E0412`.
[INFO] [stdout] 
[INFO] [stderr] error: could not compile `azure_cosmos_mirror` (example "trigger") due to 7 previous errors
[INFO] [stderr] error: could not compile `azure_cosmos_mirror` (example "user_permission_token") due to 5 previous errors
[INFO] [stdout] For more information about this error, try `rustc --explain E0433`.
[INFO] [stdout] 
[INFO] [stderr] error: could not compile `azure_cosmos_mirror` (example "query_document") due to 4 previous errors
[INFO] running `Command { std: "docker" "inspect" "72eba5c27da52e3fc055b0c7fc6d2227daabce09900a8d1da35294b7f9a0b6d5", kill_on_drop: false }`
[INFO] running `Command { std: "docker" "rm" "-f" "72eba5c27da52e3fc055b0c7fc6d2227daabce09900a8d1da35294b7f9a0b6d5", kill_on_drop: false }`
[INFO] [stdout] 72eba5c27da52e3fc055b0c7fc6d2227daabce09900a8d1da35294b7f9a0b6d5
