[INFO] fetching crate aztro_core 0.1.17...
[INFO] testing aztro_core-0.1.17 against nightly-2024-10-28+rustflags=-Zrandomize-layout for randomize-layout
[INFO] extracting crate aztro_core 0.1.17 into /workspace/builds/worker-7-tc2/source
[INFO] validating manifest of crates.io crate aztro_core 0.1.17 on toolchain nightly-2024-10-28
[INFO] running `Command { std: CARGO_HOME="/workspace/cargo-home" RUSTUP_HOME="/workspace/rustup-home" "/workspace/cargo-home/bin/cargo" "+nightly-2024-10-28" "metadata" "--manifest-path" "Cargo.toml" "--no-deps", kill_on_drop: false }`
[INFO] removed /workspace/builds/worker-7-tc2/source/.cargo/config.toml
[INFO] started tweaking crates.io crate aztro_core 0.1.17
[INFO] finished tweaking crates.io crate aztro_core 0.1.17
[INFO] tweaked toml for crates.io crate aztro_core 0.1.17 written to /workspace/builds/worker-7-tc2/source/Cargo.toml
[INFO] crate crates.io crate aztro_core 0.1.17 already has a lockfile, it will not be regenerated
[INFO] running `Command { std: CARGO_HOME="/workspace/cargo-home" RUSTUP_HOME="/workspace/rustup-home" "/workspace/cargo-home/bin/cargo" "+nightly-2024-10-28" "fetch" "--manifest-path" "Cargo.toml", kill_on_drop: false }`
[INFO] running `Command { std: "docker" "create" "-v" "/var/lib/crater-agent-workspace/builds/worker-7-tc2/target:/opt/rustwide/target:rw,Z" "-v" "/var/lib/crater-agent-workspace/builds/worker-7-tc2/source:/opt/rustwide/workdir:ro,Z" "-v" "/var/lib/crater-agent-workspace/cargo-home:/opt/rustwide/cargo-home:ro,Z" "-v" "/var/lib/crater-agent-workspace/rustup-home:/opt/rustwide/rustup-home:ro,Z" "-e" "SOURCE_DIR=/opt/rustwide/workdir" "-e" "CARGO_TARGET_DIR=/opt/rustwide/target" "-e" "CARGO_HOME=/opt/rustwide/cargo-home" "-e" "RUSTUP_HOME=/opt/rustwide/rustup-home" "-w" "/opt/rustwide/workdir" "-m" "1610612736" "--user" "0:0" "--network" "none" "ghcr.io/rust-lang/crates-build-env/linux@sha256:4a844ea9eb2546a2d2c7022eacef16ef2e8229c7fbb2c7d4d55a9ceca922f72d" "/opt/rustwide/cargo-home/bin/cargo" "+nightly-2024-10-28" "metadata" "--no-deps" "--format-version=1", kill_on_drop: false }`
[INFO] [stdout] f2075542552383869348772ef315853b6560110fbac72cf48a5b68e8775c5bb0
[INFO] running `Command { std: "docker" "start" "-a" "f2075542552383869348772ef315853b6560110fbac72cf48a5b68e8775c5bb0", kill_on_drop: false }`
[INFO] running `Command { std: "docker" "inspect" "f2075542552383869348772ef315853b6560110fbac72cf48a5b68e8775c5bb0", kill_on_drop: false }`
[INFO] running `Command { std: "docker" "rm" "-f" "f2075542552383869348772ef315853b6560110fbac72cf48a5b68e8775c5bb0", kill_on_drop: false }`
[INFO] [stdout] f2075542552383869348772ef315853b6560110fbac72cf48a5b68e8775c5bb0
[INFO] running `Command { std: "docker" "create" "-v" "/var/lib/crater-agent-workspace/builds/worker-7-tc2/target:/opt/rustwide/target:rw,Z" "-v" "/var/lib/crater-agent-workspace/builds/worker-7-tc2/source:/opt/rustwide/workdir:ro,Z" "-v" "/var/lib/crater-agent-workspace/cargo-home:/opt/rustwide/cargo-home:ro,Z" "-v" "/var/lib/crater-agent-workspace/rustup-home:/opt/rustwide/rustup-home:ro,Z" "-e" "SOURCE_DIR=/opt/rustwide/workdir" "-e" "CARGO_TARGET_DIR=/opt/rustwide/target" "-e" "CARGO_INCREMENTAL=0" "-e" "RUST_BACKTRACE=full" "-e" "RUSTFLAGS=--cap-lints=forbid -Zrandomize-layout" "-e" "RUSTDOCFLAGS=--cap-lints=forbid" "-e" "CARGO_HOME=/opt/rustwide/cargo-home" "-e" "RUSTUP_HOME=/opt/rustwide/rustup-home" "-w" "/opt/rustwide/workdir" "-m" "1610612736" "--user" "0:0" "--network" "none" "ghcr.io/rust-lang/crates-build-env/linux@sha256:4a844ea9eb2546a2d2c7022eacef16ef2e8229c7fbb2c7d4d55a9ceca922f72d" "/opt/rustwide/cargo-home/bin/cargo" "+nightly-2024-10-28" "build" "--frozen" "--message-format=json", kill_on_drop: false }`
[INFO] [stdout] 68939ce8dcda50acefa2e9f5440019df1a8957c024cb06aada4c31f7c6efba7c
[INFO] running `Command { std: "docker" "start" "-a" "68939ce8dcda50acefa2e9f5440019df1a8957c024cb06aada4c31f7c6efba7c", kill_on_drop: false }`
[INFO] [stderr]    Compiling proc-macro2 v1.0.86
[INFO] [stderr]    Compiling unicode-ident v1.0.12
[INFO] [stderr]    Compiling glob v0.3.1
[INFO] [stderr]    Compiling prettyplease v0.2.22
[INFO] [stderr]    Compiling libc v0.2.158
[INFO] [stderr]    Compiling minimal-lexical v0.2.1
[INFO] [stderr]    Compiling memchr v2.7.4
[INFO] [stderr]    Compiling regex-syntax v0.8.4
[INFO] [stderr]    Compiling libloading v0.8.5
[INFO] [stderr]    Compiling bindgen v0.70.1
[INFO] [stderr]    Compiling either v1.13.0
[INFO] [stderr]    Compiling autocfg v1.3.0
[INFO] [stderr]    Compiling log v0.4.22
[INFO] [stderr]    Compiling rustc-hash v1.1.0
[INFO] [stderr]    Compiling rustix v0.38.36
[INFO] [stderr]    Compiling bitflags v2.6.0
[INFO] [stderr]    Compiling cc v1.1.18
[INFO] [stderr]    Compiling serde v1.0.210
[INFO] [stderr]    Compiling itertools v0.13.0
[INFO] [stderr]    Compiling linux-raw-sys v0.4.14
[INFO] [stderr]    Compiling once_cell v1.19.0
[INFO] [stderr]    Compiling solar_time v0.1.4
[INFO] [stderr]    Compiling clang-sys v1.8.1
[INFO] [stderr]    Compiling nom v7.1.3
[INFO] [stderr]    Compiling num-traits v0.2.19
[INFO] [stderr]    Compiling quote v1.0.37
[INFO] [stderr]    Compiling syn v2.0.77
[INFO] [stderr]    Compiling regex-automata v0.4.7
[INFO] [stderr]    Compiling approx v0.5.1
[INFO] [stderr]    Compiling cexpr v0.6.0
[INFO] [stderr]    Compiling tempfile v3.12.0
[INFO] [stderr]    Compiling regex v1.10.6
[INFO] [stderr]    Compiling serde_derive v1.0.210
[INFO] [stderr]    Compiling aztro_core v0.1.17 (/opt/rustwide/workdir)
[INFO] [stdout] warning: type `int32` should have an upper camel case name
[INFO] [stdout]    --> src/../build/bindings.rs:870:10
[INFO] [stdout]     |
[INFO] [stdout] 870 | pub type int32 = ::std::os::raw::c_int;
[INFO] [stdout]     |          ^^^^^ help: convert the identifier to upper camel case (notice the capitalization): `Int32`
[INFO] [stdout]     |
[INFO] [stdout]     = note: `#[warn(non_camel_case_types)]` on by default
[INFO] [stdout] 
[INFO] [stdout] 
[INFO] [stdout] warning: type `AS_BOOL` should have an upper camel case name
[INFO] [stdout]    --> src/../build/bindings.rs:871:10
[INFO] [stdout]     |
[INFO] [stdout] 871 | pub type AS_BOOL = ::std::os::raw::c_int;
[INFO] [stdout]     |          ^^^^^^^ help: convert the identifier to upper camel case: `AsBool`
[INFO] [stdout] 
[INFO] [stdout] 
[INFO] [stdout] warning: type `centisec` should have an upper camel case name
[INFO] [stdout]    --> src/../build/bindings.rs:872:10
[INFO] [stdout]     |
[INFO] [stdout] 872 | pub type centisec = int32;
[INFO] [stdout]     |          ^^^^^^^^ help: convert the identifier to upper camel case (notice the capitalization): `Centisec`
[INFO] [stdout] 
[INFO] [stdout] 
[INFO] [stdout] warning: value assigned to `tjd` is never read
[INFO] [stdout]    --> src/lib.rs:244:17
[INFO] [stdout]     |
[INFO] [stdout] 244 |         let mut tjd: f64 = 0.0;
[INFO] [stdout]     |                 ^^^
[INFO] [stdout]     |
[INFO] [stdout]     = help: maybe it is overwritten before being read?
[INFO] [stdout]     = note: `#[warn(unused_assignments)]` on by default
[INFO] [stdout] 
[INFO] [stdout] 
[INFO] [stdout] warning: associated function `is_leap_year` is never used
[INFO] [stdout]    --> src/lib.rs:239:8
[INFO] [stdout]     |
[INFO] [stdout] 173 | impl Timestamp {
[INFO] [stdout]     | -------------- associated function in this implementation
[INFO] [stdout] ...
[INFO] [stdout] 239 |     fn is_leap_year(year: i32) -> bool {
[INFO] [stdout]     |        ^^^^^^^^^^^^
[INFO] [stdout]     |
[INFO] [stdout]     = note: `#[warn(dead_code)]` on by default
[INFO] [stdout] 
[INFO] [stdout] 
[INFO] [stdout] error: linking with `cc` failed: exit status: 1
[INFO] [stdout]   |
[INFO] [stdout]   = note: LC_ALL="C" PATH="/opt/rustwide/rustup-home/toolchains/nightly-2024-10-28-x86_64-unknown-linux-gnu/lib/rustlib/x86_64-unknown-linux-gnu/bin:/opt/rustwide/rustup-home/toolchains/nightly-2024-10-28-x86_64-unknown-linux-gnu/lib/rustlib/x86_64-unknown-linux-gnu/bin/self-contained:/opt/rustwide/cargo-home/bin:/usr/local/sbin:/usr/local/bin:/usr/sbin:/usr/bin:/sbin:/bin" VSLANG="1033" "cc" "-m64" "/tmp/rustcmSrtRP/symbols.o" "/opt/rustwide/target/debug/deps/aztro_core-a27c6ffeeebb058c.aztro_core.399c3458075f1f46-cgu.0.rcgu.o" "/opt/rustwide/target/debug/deps/aztro_core-a27c6ffeeebb058c.9ztlnpxxy0utpfm943zvf3h95.rcgu.o" "-Wl,--as-needed" "-Wl,-Bstatic" "/opt/rustwide/target/debug/deps/libaztro_core-4c7b94daf739b55c.rlib" "/opt/rustwide/target/debug/deps/libtempfile-64e720df243c6853.rlib" "/opt/rustwide/target/debug/deps/libfastrand-f623a11bfaa18180.rlib" "/opt/rustwide/target/debug/deps/librustix-ba67d78b2f8645d8.rlib" "/opt/rustwide/target/debug/deps/libbitflags-2a54fc7d8f815a15.rlib" "/opt/rustwide/target/debug/deps/liblinux_raw_sys-b77fbec2cd3ef233.rlib" "/opt/rustwide/target/debug/deps/libcfg_if-57bf25c23e31efdb.rlib" "/opt/rustwide/target/debug/deps/libonce_cell-102e13407777215c.rlib" "/opt/rustwide/target/debug/deps/libserde-2b8010776e2703ac.rlib" "/opt/rustwide/rustup-home/toolchains/nightly-2024-10-28-x86_64-unknown-linux-gnu/lib/rustlib/x86_64-unknown-linux-gnu/lib/libstd-fb8c387236db3c10.rlib" "/opt/rustwide/rustup-home/toolchains/nightly-2024-10-28-x86_64-unknown-linux-gnu/lib/rustlib/x86_64-unknown-linux-gnu/lib/libpanic_unwind-b251837809b2f64b.rlib" "/opt/rustwide/rustup-home/toolchains/nightly-2024-10-28-x86_64-unknown-linux-gnu/lib/rustlib/x86_64-unknown-linux-gnu/lib/libobject-cbef83eaa4e01f04.rlib" "/opt/rustwide/rustup-home/toolchains/nightly-2024-10-28-x86_64-unknown-linux-gnu/lib/rustlib/x86_64-unknown-linux-gnu/lib/libmemchr-12a772286de2fca7.rlib" "/opt/rustwide/rustup-home/toolchains/nightly-2024-10-28-x86_64-unknown-linux-gnu/lib/rustlib/x86_64-unknown-linux-gnu/lib/libaddr2line-023bbe5ada7abfc3.rlib" "/opt/rustwide/rustup-home/toolchains/nightly-2024-10-28-x86_64-unknown-linux-gnu/lib/rustlib/x86_64-unknown-linux-gnu/lib/libgimli-de2bcdf10ec69c2b.rlib" "/opt/rustwide/rustup-home/toolchains/nightly-2024-10-28-x86_64-unknown-linux-gnu/lib/rustlib/x86_64-unknown-linux-gnu/lib/librustc_demangle-8e1754df350800fd.rlib" "/opt/rustwide/rustup-home/toolchains/nightly-2024-10-28-x86_64-unknown-linux-gnu/lib/rustlib/x86_64-unknown-linux-gnu/lib/libstd_detect-06c2ab7b9c32e037.rlib" "/opt/rustwide/rustup-home/toolchains/nightly-2024-10-28-x86_64-unknown-linux-gnu/lib/rustlib/x86_64-unknown-linux-gnu/lib/libhashbrown-51d2621fc57a281b.rlib" "/opt/rustwide/rustup-home/toolchains/nightly-2024-10-28-x86_64-unknown-linux-gnu/lib/rustlib/x86_64-unknown-linux-gnu/lib/librustc_std_workspace_alloc-54a930408793772f.rlib" "/opt/rustwide/rustup-home/toolchains/nightly-2024-10-28-x86_64-unknown-linux-gnu/lib/rustlib/x86_64-unknown-linux-gnu/lib/libminiz_oxide-0c7d01cba400dcb2.rlib" "/opt/rustwide/rustup-home/toolchains/nightly-2024-10-28-x86_64-unknown-linux-gnu/lib/rustlib/x86_64-unknown-linux-gnu/lib/libadler-b9f84d69e331b75b.rlib" "/opt/rustwide/rustup-home/toolchains/nightly-2024-10-28-x86_64-unknown-linux-gnu/lib/rustlib/x86_64-unknown-linux-gnu/lib/libunwind-eec95493246aae39.rlib" "/opt/rustwide/rustup-home/toolchains/nightly-2024-10-28-x86_64-unknown-linux-gnu/lib/rustlib/x86_64-unknown-linux-gnu/lib/libcfg_if-6f6676c475e08ab0.rlib" "/opt/rustwide/rustup-home/toolchains/nightly-2024-10-28-x86_64-unknown-linux-gnu/lib/rustlib/x86_64-unknown-linux-gnu/lib/liblibc-799d520624f8b2e0.rlib" "/opt/rustwide/rustup-home/toolchains/nightly-2024-10-28-x86_64-unknown-linux-gnu/lib/rustlib/x86_64-unknown-linux-gnu/lib/liballoc-fcf93d4842acd9a9.rlib" "/opt/rustwide/rustup-home/toolchains/nightly-2024-10-28-x86_64-unknown-linux-gnu/lib/rustlib/x86_64-unknown-linux-gnu/lib/librustc_std_workspace_core-395a38b8e0851c9b.rlib" "/opt/rustwide/rustup-home/toolchains/nightly-2024-10-28-x86_64-unknown-linux-gnu/lib/rustlib/x86_64-unknown-linux-gnu/lib/libcore-d453bab70303062c.rlib" "/opt/rustwide/rustup-home/toolchains/nightly-2024-10-28-x86_64-unknown-linux-gnu/lib/rustlib/x86_64-unknown-linux-gnu/lib/libcompiler_builtins-0e6386368b0a24e8.rlib" "-Wl,-Bdynamic" "-lgcc_s" "-lutil" "-lrt" "-lpthread" "-lm" "-ldl" "-lc" "-B/opt/rustwide/rustup-home/toolchains/nightly-2024-10-28-x86_64-unknown-linux-gnu/lib/rustlib/x86_64-unknown-linux-gnu/bin/gcc-ld" "-fuse-ld=lld" "-Wl,--eh-frame-hdr" "-Wl,-z,noexecstack" "-L" "/opt/rustwide/workdir/build" "-L" "/opt/rustwide/rustup-home/toolchains/nightly-2024-10-28-x86_64-unknown-linux-gnu/lib/rustlib/x86_64-unknown-linux-gnu/lib" "-o" "/opt/rustwide/target/debug/deps/aztro_core-a27c6ffeeebb058c" "-Wl,--gc-sections" "-pie" "-Wl,-z,relro,-z,now" "-nodefaultlibs"
[INFO] [stdout]   = note: rust-lld: warning: /opt/rustwide/target/debug/deps/libaztro_core-4c7b94daf739b55c.rlib: archive member 'C:\repo\aztro_core\target\release\build\aztro_core-fd2dbca369155d45\out\fdbcf86137ebcbe0-swephlib.o' is neither ET_REL nor LLVM bitcode
[INFO] [stdout]           rust-lld: warning: /opt/rustwide/target/debug/deps/libaztro_core-4c7b94daf739b55c.rlib: archive member 'C:\repo\aztro_core\target\release\build\aztro_core-fd2dbca369155d45\out\fdbcf86137ebcbe0-sweph.o' is neither ET_REL nor LLVM bitcode
[INFO] [stdout]           rust-lld: warning: /opt/rustwide/target/debug/deps/libaztro_core-4c7b94daf739b55c.rlib: archive member 'C:\repo\aztro_core\target\release\build\aztro_core-fd2dbca369155d45\out\fdbcf86137ebcbe0-swemplan.o' is neither ET_REL nor LLVM bitcode
[INFO] [stdout]           rust-lld: warning: /opt/rustwide/target/debug/deps/libaztro_core-4c7b94daf739b55c.rlib: archive member 'C:\repo\aztro_core\target\release\build\aztro_core-fd2dbca369155d45\out\fdbcf86137ebcbe0-swemmoon.o' is neither ET_REL nor LLVM bitcode
[INFO] [stdout]           rust-lld: warning: /opt/rustwide/target/debug/deps/libaztro_core-4c7b94daf739b55c.rlib: archive member 'C:\repo\aztro_core\target\release\build\aztro_core-fd2dbca369155d45\out\fdbcf86137ebcbe0-swejpl.o' is neither ET_REL nor LLVM bitcode
[INFO] [stdout]           rust-lld: warning: /opt/rustwide/target/debug/deps/libaztro_core-4c7b94daf739b55c.rlib: archive member 'C:\repo\aztro_core\target\release\build\aztro_core-fd2dbca369155d45\out\fdbcf86137ebcbe0-swehouse.o' is neither ET_REL nor LLVM bitcode
[INFO] [stdout]           rust-lld: warning: /opt/rustwide/target/debug/deps/libaztro_core-4c7b94daf739b55c.rlib: archive member 'C:\repo\aztro_core\target\release\build\aztro_core-fd2dbca369155d45\out\fdbcf86137ebcbe0-swehel.o' is neither ET_REL nor LLVM bitcode
[INFO] [stdout]           rust-lld: warning: /opt/rustwide/target/debug/deps/libaztro_core-4c7b94daf739b55c.rlib: archive member 'C:\repo\aztro_core\target\release\build\aztro_core-fd2dbca369155d45\out\fdbcf86137ebcbe0-swedate.o' is neither ET_REL nor LLVM bitcode
[INFO] [stdout]           rust-lld: warning: /opt/rustwide/target/debug/deps/libaztro_core-4c7b94daf739b55c.rlib: archive member 'C:\repo\aztro_core\target\release\build\aztro_core-fd2dbca369155d45\out\fdbcf86137ebcbe0-swecl.o' is neither ET_REL nor LLVM bitcode
[INFO] [stdout]           rust-lld: error: undefined symbol: swe_utc_to_jd
[INFO] [stdout]           >>> referenced by lib.rs:247 (src/lib.rs:247)
[INFO] [stdout]           >>>               aztro_core-4c7b94daf739b55c.aztro_core.54b3f5dde624dcd-cgu.0.rcgu.o:(aztro_core::Timestamp::to_julian_day::hb433fc1b8a915274) in archive /opt/rustwide/target/debug/deps/libaztro_core-4c7b94daf739b55c.rlib
[INFO] [stdout]           
[INFO] [stdout]           rust-lld: error: undefined symbol: swe_set_ephe_path
[INFO] [stdout]           >>> referenced by lib.rs:305 (src/lib.rs:305)
[INFO] [stdout]           >>>               aztro_core-4c7b94daf739b55c.aztro_core.54b3f5dde624dcd-cgu.0.rcgu.o:(aztro_core::SwissEph::new::_$u7b$$u7b$closure$u7d$$u7d$::h4669de7d4119eb50) in archive /opt/rustwide/target/debug/deps/libaztro_core-4c7b94daf739b55c.rlib
[INFO] [stdout]           
[INFO] [stdout]           rust-lld: error: undefined symbol: swe_set_sid_mode
[INFO] [stdout]           >>> referenced by lib.rs:320 (src/lib.rs:320)
[INFO] [stdout]           >>>               aztro_core-4c7b94daf739b55c.aztro_core.54b3f5dde624dcd-cgu.0.rcgu.o:(aztro_core::SwissEph::calculate::h09e93bd0b8ce7ddc) in archive /opt/rustwide/target/debug/deps/libaztro_core-4c7b94daf739b55c.rlib
[INFO] [stdout]           
[INFO] [stdout]           rust-lld: error: undefined symbol: swe_calc_ut
[INFO] [stdout]           >>> referenced by lib.rs:348 (src/lib.rs:348)
[INFO] [stdout]           >>>               aztro_core-4c7b94daf739b55c.aztro_core.54b3f5dde624dcd-cgu.0.rcgu.o:(aztro_core::SwissEph::calculate::h09e93bd0b8ce7ddc) in archive /opt/rustwide/target/debug/deps/libaztro_core-4c7b94daf739b55c.rlib
[INFO] [stdout]           >>> referenced by lib.rs:337 (src/lib.rs:337)
[INFO] [stdout]           >>>               aztro_core-4c7b94daf739b55c.aztro_core.54b3f5dde624dcd-cgu.0.rcgu.o:(aztro_core::SwissEph::calculate::h09e93bd0b8ce7ddc) in archive /opt/rustwide/target/debug/deps/libaztro_core-4c7b94daf739b55c.rlib
[INFO] [stdout]           
[INFO] [stdout]           rust-lld: error: undefined symbol: swe_close
[INFO] [stdout]           >>> referenced by lib.rs:473 (src/lib.rs:473)
[INFO] [stdout]           >>>               aztro_core-4c7b94daf739b55c.aztro_core.54b3f5dde624dcd-cgu.0.rcgu.o:(_$LT$aztro_core..SwissEph$u20$as$u20$core..ops..drop..Drop$GT$::drop::h2797f97a2c1ecbc3) in archive /opt/rustwide/target/debug/deps/libaztro_core-4c7b94daf739b55c.rlib
[INFO] [stdout]           collect2: error: ld returned 1 exit status
[INFO] [stdout]           
[INFO] [stdout] 
[INFO] [stdout] 
[INFO] [stderr] error: could not compile `aztro_core` (bin "aztro_core") due to 1 previous error
[INFO] running `Command { std: "docker" "inspect" "68939ce8dcda50acefa2e9f5440019df1a8957c024cb06aada4c31f7c6efba7c", kill_on_drop: false }`
[INFO] running `Command { std: "docker" "rm" "-f" "68939ce8dcda50acefa2e9f5440019df1a8957c024cb06aada4c31f7c6efba7c", kill_on_drop: false }`
[INFO] [stdout] 68939ce8dcda50acefa2e9f5440019df1a8957c024cb06aada4c31f7c6efba7c
